(5598,203,0,'Hotel Booking Approved, You can pay now.','Hotel Booking CP-HB2303248457Approved, You can pay now.','2023-03-24','CP-HB2303248457','Hotel Booking','2023-03-24 09:49:03','2023-03-24 09:49:03',NULL),(5599,203,0,'Mobile Grooming Approved, You can pay now.','Mobile Grooming CP-MG2303244775Approved, You can pay now.','2023-03-24','CP-MG2303244775','Mobile Grooming','2023-03-24 09:49:18','2023-03-24 09:49:18',NULL),(5600,203,0,'Hotel Room Booking Placed','Hotel Room Booking CP-HB2303249712 Placed','2023-03-24','CP-HB2303249712','Hotel Room Booking','2023-03-24 09:58:47','2023-03-24 09:58:47',NULL),(5601,203,0,'Mobile Grooming Completed','Mobile Grooming CP-MG2303244775Completed','2023-03-24','CP-MG2303244775','Mobile Grooming','2023-03-24 10:01:02','2023-03-24 10:01:02',NULL),(5602,203,0,'Hotel Booking Completed','Hotel Booking CP-HB2303248457Completed','2023-03-24','CP-HB2303248457','Hotel Booking','2023-03-24 10:01:29','2023-03-24 10:01:29',NULL),(5603,203,0,'Invoice Approved','Invoice CP-IN2303242174 Approved','2023-03-24','CP-IN2303242174','Invoice','2023-03-24 10:04:55','2023-03-24 10:04:55',NULL),(5604,203,0,'Hotel Room Booking Placed','Hotel Room Booking CP-HB2303245786 Placed','2023-03-24','CP-HB2303245786','Hotel Room Booking','2023-03-24 10:05:28','2023-03-24 10:05:28',NULL),(5605,203,0,'Hotel Room Booking Placed','Hotel Room Booking CP-HB2303245786 Placed','2023-03-24','CP-HB2303245786','Hotel Room Booking','2023-03-24 10:05:54','2023-03-24 10:05:54',NULL),(5606,203,0,'Hotel Room Booking Placed','Hotel Room Booking CP-HB2303245786 Placed','2023-03-24','CP-HB2303245786','Hotel Room Booking','2023-03-24 10:06:36','2023-03-24 10:06:36',NULL),(5607,203,0,'Subscription request placed','Subscription forPremium placed','2023-03-24','10','Subscription','2023-03-24 10:07:57','2023-03-24 10:07:57',NULL),(5608,205,0,'Hotel Room Booking Placed','Hotel Room Booking CP-HB2303247655 Placed','2023-03-24','CP-HB2303247655','Hotel Room Booking','2023-03-24 11:01:38','2023-03-24 11:01:38',NULL),(5609,206,0,'Appointment Placed','Appointment CP-AP2303242543 Placed','2023-03-24','CP-AP2303242543','Booking','2023-03-24 11:06:48','2023-03-24 11:06:48',NULL),(5610,206,0,'Booking Placed','Booking CP-BK2303246849 Placed','2023-03-24','CP-BK2303246849','Booking','2023-03-24 11:07:31','2023-03-24 11:07:31',NULL),(5611,206,0,'Hotel Room Booking Placed','Hotel Room Booking CP-HB2303246675 Placed','2023-03-24','CP-HB2303246675','Hotel Room Booking','2023-03-24 11:07:57','2023-03-24 11:07:57',NULL),(5612,206,0,'Hotel Room Booking Placed','Hotel Room Booking CP-HB2303243677 Placed','2023-03-24','CP-HB2303243677','Hotel Room Booking','2023-03-24 11:08:40','2023-03-24 11:08:40',NULL),(5613,181,0,'Hotel Booking Approved, You can pay now.','Hotel Booking CP-HB2303243640Approved, You can pay now.','2023-03-24','CP-HB2303243640','Hotel Booking','2023-03-24 11:34:06','2023-03-24 11:34:06',NULL),(5614,203,0,'Hotel Booking Approved, You can pay now.','Hotel Booking CP-HB2303249712Approved, You can pay now.','2023-03-24','CP-HB2303249712','Hotel Booking','2023-03-24 11:36:38','2023-03-24 11:36:38',NULL),(5615,12,0,'Hotel Room Booking Placed','Hotel Room Booking CP-HB2303244343 Placed','2023-03-24','CP-HB2303244343','Hotel Room Booking','2023-03-24 13:25:46','2023-03-24 13:25:46',NULL),(5616,12,0,'Hotel Room Booking Placed','Hotel Room Booking CP-HB2303244343 Placed','2023-03-24','CP-HB2303244343','Hotel Room Booking','2023-03-24 13:37:22','2023-03-24 13:37:22',NULL),(5617,12,0,'Hotel Room Booking Placed','Hotel Room Booking CP-HB2303248664 Placed','2023-03-24','CP-HB2303248664','Hotel Room Booking','2023-03-24 13:52:39','2023-03-24 13:52:39',NULL),(5618,12,0,'Hotel Room Booking Placed','Hotel Room Booking CP-HB2303247169 Placed','2023-03-24','CP-HB2303247169','Hotel Room Booking','2023-03-24 14:18:25','2023-03-24 14:18:25',NULL),(5619,12,0,'Hotel Room Booking Placed','Hotel Room Booking CP-HB2303247169 Placed','2023-03-24','CP-HB2303247169','Hotel Room Booking','2023-03-24 14:20:03','2023-03-24 14:20:03',NULL),(5620,201,0,'Mobile Grooming Booking Placed','Mobile Grooming Booking CP-MG2303275131 Placed','2023-03-27','CP-MG2303275131','Mobile Grooming Book','2023-03-27 11:09:19','2023-03-27 11:09:19',NULL),(5621,201,0,'Mobile Grooming Booking Placed','Mobile Grooming Booking CP-MG2303278192 Placed','2023-03-27','CP-MG2303278192','Mobile Grooming Book','2023-03-27 11:09:42','2023-03-27 11:09:42',NULL),(5622,201,0,'Mobile Grooming Booking Placed','Mobile Grooming Booking CP-MG2303277225 Placed','2023-03-27','CP-MG2303277225','Mobile Grooming Book','2023-03-27 11:10:20','2023-03-27 11:10:20',NULL),(5623,201,0,'Hotel Room Booking Placed','Hotel Room Booking CP-HB2303271386 Placed','2023-03-27','CP-HB2303271386','Hotel Room Booking','2023-03-27 13:10:25','2023-03-27 13:10:25',NULL),(5624,201,0,'Hotel Room Booking Placed','Hotel Room Booking CP-HB2303271386 Placed','2023-03-27','CP-HB2303271386','Hotel Room Booking','2023-03-27 13:13:28','2023-03-27 13:13:28',NULL),(5625,201,0,'Hotel Booking Approved, You can pay now.','Hotel Booking CP-HB2303271386Approved, You can pay now.','2023-03-27','CP-HB2303271386','Hotel Booking','2023-03-27 13:13:56','2023-03-27 13:13:56',NULL),(5626,201,0,'Hotel Room Booking Placed','Hotel Room Booking CP-HB2303271386 Placed','2023-03-27','CP-HB2303271386','Hotel Room Booking','2023-03-27 13:14:58','2023-03-27 13:14:58',NULL),(5627,201,0,'Hotel Room Booking Placed','Hotel Room Booking CP-HB2303279307 Placed','2023-03-27','CP-HB2303279307','Hotel Room Booking','2023-03-27 13:22:32','2023-03-27 13:22:32',NULL),(5628,201,0,'Hotel Booking Approved, You can pay now.','Hotel Booking CP-HB2303279307Approved, You can pay now.','2023-03-27','CP-HB2303279307','Hotel Booking','2023-03-27 13:23:02','2023-03-27 13:23:02',NULL),(5629,201,0,'Hotel Room Booking Placed','Hotel Room Booking CP-HB2303279307 Placed','2023-03-27','CP-HB2303279307','Hotel Room Booking','2023-03-27 13:24:03','2023-03-27 13:24:03',NULL),(5630,201,0,'Mobile Grooming Booking Placed','Mobile Grooming Booking CP-MG2303275193 Placed','2023-03-27','CP-MG2303275193','Mobile Grooming Book','2023-03-27 15:10:34','2023-03-27 15:10:34',NULL),(5631,201,0,'Hotel Room Booking Placed','Hotel Room Booking CP-HB2303289758 Placed','2023-03-28','CP-HB2303289758','Hotel Room Booking','2023-03-28 09:24:07','2023-03-28 09:24:07',NULL),(5632,201,0,'Hotel Room Booking Placed','Hotel Room Booking CP-HB2303288426 Placed','2023-03-28','CP-HB2303288426','Hotel Room Booking','2023-03-28 10:00:34','2023-03-28 10:00:34',NULL),(5633,201,0,'Booking Placed','Booking CP-BK2303295488 Placed','2023-03-29','CP-BK2303295488','Booking','2023-03-29 08:34:52','2023-03-29 08:34:52',NULL),(5634,201,0,'Hotel Room Booking Placed','Hotel Room Booking CP-HB2303294997 Placed','2023-03-29','CP-HB2303294997','Hotel Room Booking','2023-03-29 09:03:35','2023-03-29 09:03:35',NULL),(5635,201,0,'Hotel Booking Approved, You can pay now.','Hotel Booking CP-HB2303294997Approved, You can pay now.','2023-03-29','CP-HB2303294997','Hotel Booking','2023-03-29 09:05:17','2023-03-29 09:05:17',NULL),(5636,201,0,'Hotel Room Booking Placed','Hotel Room Booking CP-HB2303294997 Placed','2023-03-29','CP-HB2303294997','Hotel Room Booking','2023-03-29 09:07:08','2023-03-29 09:07:08',NULL),(5637,201,0,'Hotel Room Booking Placed','Hotel Room Booking CP-HB2303299744 Placed','2023-03-29','CP-HB2303299744','Hotel Room Booking','2023-03-29 09:55:44','2023-03-29 09:55:44',NULL),(5638,201,0,'Hotel Room Booking Placed','Hotel Room Booking CP-HB2303299744 Placed','2023-03-29','CP-HB2303299744','Hotel Room Booking','2023-03-29 10:00:05','2023-03-29 10:00:05',NULL),(5639,201,0,'Hotel Room Booking Placed','Hotel Room Booking CP-HB2303299744 Placed','2023-03-29','CP-HB2303299744','Hotel Room Booking','2023-03-29 10:21:33','2023-03-29 10:21:33',NULL),(5640,201,0,'Hotel Room Booking Placed','Hotel Room Booking CP-HB2303299744 Placed','2023-03-29','CP-HB2303299744','Hotel Room Booking','2023-03-29 14:26:24','2023-03-29 14:26:24',NULL),(5641,201,0,'Hotel Room Booking Placed','Hotel Room Booking CP-HB2303294547 Placed','2023-03-29','CP-HB2303294547','Hotel Room Booking','2023-03-29 14:45:16','2023-03-29 14:45:16',NULL),(5642,201,0,'Hotel Room Booking Placed','Hotel Room Booking CP-HB2303294547 Placed','2023-03-29','CP-HB2303294547','Hotel Room Booking','2023-03-29 14:46:45','2023-03-29 14:46:45',NULL),(5643,201,0,'Subscription request placed','Subscription forBronze placed','2023-03-30','11','Subscription','2023-03-30 14:14:33','2023-03-30 14:14:33',NULL),(5644,203,0,'Subscription request placed','Subscription forBronze placed','2023-03-31','11','Subscription','2023-03-31 08:10:36','2023-03-31 08:10:36',NULL),(5645,203,0,'Appointment Placed','Appointment CP-AP2303313983 Placed','2023-03-31','CP-AP2303313983','Booking','2023-03-31 08:15:03','2023-03-31 08:15:03',NULL),(5646,203,0,'Booking Placed','Booking CP-BK2303316854 Placed','2023-03-31','CP-BK2303316854','Booking','2023-03-31 08:15:34','2023-03-31 08:15:34',NULL),(5647,203,0,'Hotel Room Booking Placed','Hotel Room Booking CP-HB2303311081 Placed','2023-03-31','CP-HB2303311081','Hotel Room Booking','2023-03-31 08:16:19','2023-03-31 08:16:19',NULL),(5648,203,0,'Hotel Room Booking Placed','Hotel Room Booking CP-HB2303245786 Placed','2023-03-31','CP-HB2303245786','Hotel Room Booking','2023-03-31 08:19:07','2023-03-31 08:19:07',NULL),(5649,203,0,'Hotel Room Booking Placed','Hotel Room Booking CP-HB2303312420 Placed','2023-03-31','CP-HB2303312420','Hotel Room Booking','2023-03-31 08:25:02','2023-03-31 08:25:02',NULL),(5650,203,0,'Appointment Approved, You can pay now.','Appointment CP-AP2303313983 Approved, You can pay now.','2023-03-31','CP-AP2303313983','Booking','2023-03-31 08:33:47','2023-03-31 08:33:47',NULL),(5651,203,0,'Booking Approved, You can pay now.','Booking CP-BK2303316854 Approved, You can pay now.','2023-03-31','CP-BK2303316854','Booking','2023-03-31 08:34:19','2023-03-31 08:34:19',NULL),(5652,203,0,'Hotel Room Booking Placed','Hotel Room Booking CP-HB2303314789 Placed','2023-03-31','CP-HB2303314789','Hotel Room Booking','2023-03-31 08:42:01','2023-03-31 08:42:01',NULL),(5653,203,0,'Hotel Room Booking Placed','Hotel Room Booking CP-HB2303314789 Placed','2023-03-31','CP-HB2303314789','Hotel Room Booking','2023-03-31 08:42:35','2023-03-31 08:42:35',NULL),(5654,203,0,'Hotel Room Booking Placed','Hotel Room Booking CP-HB2303249712 Placed','2023-03-31','CP-HB2303249712','Hotel Room Booking','2023-03-31 08:52:57','2023-03-31 08:52:57',NULL),(5655,203,0,'Hotel Room Booking Placed','Hotel Room Booking CP-HB2303314789 Placed','2023-03-31','CP-HB2303314789','Hotel Room Booking','2023-03-31 09:17:21','2023-03-31 09:17:21',NULL),(5656,203,0,'Hotel Room Booking Placed','Hotel Room Booking CP-HB2303311081 Placed','2023-03-31','CP-HB2303311081','Hotel Room Booking','2023-03-31 09:27:06','2023-03-31 09:27:06',NULL),(5657,203,0,'Hotel Room Booking Placed','Hotel Room Booking CP-HB2303315345 Placed','2023-03-31','CP-HB2303315345','Hotel Room Booking','2023-03-31 09:50:06','2023-03-31 09:50:06',NULL),(5658,203,0,'Hotel Room Booking Placed','Hotel Room Booking CP-HB2303315345 Placed','2023-03-31','CP-HB2303315345','Hotel Room Booking','2023-03-31 09:50:35','2023-03-31 09:50:35',NULL),(5659,203,0,'Hotel Room Booking Placed','Hotel Room Booking CP-HB2303314161 Placed','2023-03-31','CP-HB2303314161','Hotel Room Booking','2023-03-31 09:51:13','2023-03-31 09:51:13',NULL),(5660,203,0,'Hotel Room Booking Placed','Hotel Room Booking CP-HB2303314161 Placed','2023-03-31','CP-HB2303314161','Hotel Room Booking','2023-03-31 09:55:15','2023-03-31 09:55:15',NULL),(5661,203,0,'Hotel Room Booking Placed','Hotel Room Booking CP-HB2303314161 Placed','2023-03-31','CP-HB2303314161','Hotel Room Booking','2023-03-31 09:58:34','2023-03-31 09:58:34',NULL),(5662,203,0,'Hotel Room Booking Placed','Hotel Room Booking CP-HB2303314161 Placed','2023-03-31','CP-HB2303314161','Hotel Room Booking','2023-03-31 10:01:45','2023-03-31 10:01:45',NULL),(5663,203,0,'Hotel Room Booking Placed','Hotel Room Booking CP-HB2303315345 Placed','2023-03-31','CP-HB2303315345','Hotel Room Booking','2023-03-31 12:44:20','2023-03-31 12:44:20',NULL),(5664,203,0,'Hotel Room Booking Placed','Hotel Room Booking CP-HB2303315345 Placed','2023-03-31','CP-HB2303315345','Hotel Room Booking','2023-03-31 12:47:03','2023-03-31 12:47:03',NULL),(5665,203,0,'Hotel Room Booking Placed','Hotel Room Booking CP-HB2303315345 Placed','2023-03-31','CP-HB2303315345','Hotel Room Booking','2023-03-31 12:58:12','2023-03-31 12:58:12',NULL),(5666,203,0,'Hotel Room Booking Placed','Hotel Room Booking CP-HB2303315345 Placed','2023-03-31','CP-HB2303315345','Hotel Room Booking','2023-03-31 13:01:54','2023-03-31 13:01:54',NULL),(5667,203,0,'Hotel Room Booking Placed','Hotel Room Booking CP-HB2303315345 Placed','2023-03-31','CP-HB2303315345','Hotel Room Booking','2023-03-31 19:25:11','2023-03-31 19:25:11',NULL),(5668,203,0,'Hotel Room Booking Placed','Hotel Room Booking CP-HB2303315345 Placed','2023-03-31','CP-HB2303315345','Hotel Room Booking','2023-03-31 19:27:06','2023-03-31 19:27:06',NULL),(5669,203,0,'Hotel Room Booking Placed','Hotel Room Booking CP-HB2303315345 Placed','2023-03-31','CP-HB2303315345','Hotel Room Booking','2023-03-31 19:33:03','2023-03-31 19:33:03',NULL),(5670,203,0,'Hotel Room Booking Placed','Hotel Room Booking CP-HB2303315345 Placed','2023-03-31','CP-HB2303315345','Hotel Room Booking','2023-03-31 19:41:55','2023-03-31 19:41:55',NULL),(5671,203,0,'Hotel Room Booking Placed','Hotel Room Booking CP-HB2303315345 Placed','2023-03-31','CP-HB2303315345','Hotel Room Booking','2023-03-31 19:44:31','2023-03-31 19:44:31',NULL),(5672,203,0,'Hotel Room Booking Placed','Hotel Room Booking CP-HB2303315345 Placed','2023-03-31','CP-HB2303315345','Hotel Room Booking','2023-03-31 19:46:08','2023-03-31 19:46:08',NULL),(5673,203,0,'Hotel Room Booking Placed','Hotel Room Booking CP-HB2303315345 Placed','2023-03-31','CP-HB2303315345','Hotel Room Booking','2023-03-31 20:04:55','2023-03-31 20:04:55',NULL),(5674,203,0,'Hotel Room Booking Placed','Hotel Room Booking CP-HB2303315345 Placed','2023-03-31','CP-HB2303315345','Hotel Room Booking','2023-03-31 20:29:40','2023-03-31 20:29:40',NULL),(5675,203,0,'Hotel Room Booking Placed','Hotel Room Booking CP-HB2303315345 Placed','2023-03-31','CP-HB2303315345','Hotel Room Booking','2023-03-31 20:29:57','2023-03-31 20:29:57',NULL),(5676,203,0,'Hotel Room Booking Placed','Hotel Room Booking CP-HB2303315345 Placed','2023-04-03','CP-HB2303315345','Hotel Room Booking','2023-04-03 13:10:43','2023-04-03 13:10:43',NULL),(5677,203,0,'Hotel Room Booking Placed','Hotel Room Booking CP-HB2303315345 Placed','2023-04-03','CP-HB2303315345','Hotel Room Booking','2023-04-03 13:11:01','2023-04-03 13:11:01',NULL),(5678,203,0,'Hotel Room Booking Placed','Hotel Room Booking CP-HB2303315345 Placed','2023-04-03','CP-HB2303315345','Hotel Room Booking','2023-04-03 13:12:23','2023-04-03 13:12:23',NULL),(5679,203,0,'Hotel Room Booking Placed','Hotel Room Booking CP-HB2303315345 Placed','2023-04-03','CP-HB2303315345','Hotel Room Booking','2023-04-03 13:12:48','2023-04-03 13:12:48',NULL),(5680,201,0,'Hotel Room Booking Placed','Hotel Room Booking CP-HB2303288426 Placed','2023-04-03','CP-HB2303288426','Hotel Room Booking','2023-04-03 13:53:21','2023-04-03 13:53:21',NULL),(5681,201,0,'Hotel Room Booking Placed','Hotel Room Booking CP-HB2303288426 Placed','2023-04-03','CP-HB2303288426','Hotel Room Booking','2023-04-03 13:54:49','2023-04-03 13:54:49',NULL),(5682,201,0,'Hotel Room Booking Placed','Hotel Room Booking CP-HB2303294997 Placed','2023-04-03','CP-HB2303294997','Hotel Room Booking','2023-04-03 13:56:37','2023-04-03 13:56:37',NULL),(5683,203,0,'Hotel Room Booking Placed','Hotel Room Booking CP-HB2303314161 Placed','2023-04-03','CP-HB2303314161','Hotel Room Booking','2023-04-03 15:56:31','2023-04-03 15:56:31',NULL),(5684,201,0,'Hotel Room Booking Placed','Hotel Room Booking CP-HB2304033243 Placed','2023-04-03','CP-HB2304033243','Hotel Room Booking','2023-04-03 16:17:00','2023-04-03 16:17:00',NULL),(5685,201,0,'Hotel Room Booking Placed','Hotel Room Booking CP-HB2304033243 Placed','2023-04-03','CP-HB2304033243','Hotel Room Booking','2023-04-03 16:20:14','2023-04-03 16:20:14',NULL),(5686,201,0,'Hotel Room Booking Placed','Hotel Room Booking CP-HB2304033243 Placed','2023-04-03','CP-HB2304033243','Hotel Room Booking','2023-04-03 16:23:17','2023-04-03 16:23:17',NULL),(5687,203,0,'Subscription request placed','Subscription forPremium placed','2023-04-17','10','Subscription','2023-04-17 14:04:06','2023-04-17 14:04:06',NULL),(5688,120,0,'Subscription request placed','Subscription forSilver placed','2023-05-23','12','Subscription','2023-05-23 12:41:27','2023-05-23 12:41:27',NULL),(5689,201,0,'Booking Placed','Booking CP-BK2305297773 Placed','2023-05-29','CP-BK2305297773','Booking','2023-05-29 15:15:37','2023-05-29 15:15:37',NULL);

--
-- Table structure for table `oauth_access_tokens`
--

CREATE TABLE `oauth_access_tokens` (
  `id` varchar(100) COLLATE utf8mb4_unicode_ci NOT NULL,
  `user_id` bigint unsigned DEFAULT NULL,
  `client_id` bigint unsigned NOT NULL,
  `name` varchar(191) COLLATE utf8mb4_unicode_ci DEFAULT NULL,
  `scopes` text COLLATE utf8mb4_unicode_ci,
  `revoked` tinyint(1) NOT NULL,
  `created_at` timestamp NULL DEFAULT NULL,
  `updated_at` timestamp NULL DEFAULT NULL,
  `expires_at` datetime DEFAULT NULL,
  PRIMARY KEY (`id`),
  KEY `oauth_access_tokens_user_id_index` (`user_id`)
) ENGINE=InnoDB DEFAULT CHARSET=utf8mb4 COLLATE=utf8mb4_unicode_ci;

--
-- Dumping data for table `oauth_access_tokens`
--

INSERT INTO `oauth_access_tokens` VALUES ('0027bdd3f4107d721824234562ed252596679b93a0f4d13f01b0b34965f965822ee1813481411002',169,1,'Laravel Password Grant Client','[]',0,'2022-12-19 13:05:33','2022-12-19 13:05:33','2023-12-19 13:05:33'),('0064142672b3dafa65923bcc0eaafad2ead5568bf6211b4a8974ff47ac0e2848a4ff321deb08e1cd',120,1,'Laravel Password Grant Client','[]',0,'2022-08-11 09:59:41','2022-08-11 09:59:41','2023-08-11 09:59:41'),('00fdd175a95edefde4f6f4e7e86e5917a57b4267ffa17e200d761f375e92292aab75662b1578607c',120,1,'Laravel Password Grant Client','[]',0,'2022-07-05 08:42:00','2022-07-05 08:42:00','2023-07-05 08:42:00'),('0131349ad0b09ffd2b8a2b3e4ac4069a174987762346429bee6fb44e713492a5db0b53982231bcce',120,1,'Laravel Password Grant Client','[]',0,'2023-03-17 19:00:23','2023-03-17 19:00:23','2024-03-17 19:00:23'),('0148cc147dfca2efc0340ab51ff613edaa99ff32b27e5e6c7c79fae337fc55a537b9ee1db5be57d5',190,1,'Laravel Password Grant Client','[]',0,'2023-02-17 09:32:06','2023-02-17 09:32:06','2024-02-17 09:32:06'),('01c4c089425eda262c807774be31a4ef061d6b1c82bb5c56143a8c45d5ac3293ada2e46177cce031',181,1,'Laravel Password Grant Client','[]',0,'2023-01-16 21:05:34','2023-01-16 21:05:34','2024-01-16 21:05:34'),('01c6661516b810ac05bddf6a1e76ecc0e52c9b2e71d575aff2fda61d98a5e43bb4630addd1adc33a',61,1,'Laravel Password Grant Client','[]',0,'2022-04-06 16:30:01','2022-04-06 16:30:01','2023-04-06 16:30:01'),('02f8274c5b4da8e8547aa2bd7dfb29bd8cd651867c6f661935adc6dfa07a29e078ef54b44959d94d',5,1,'Laravel Password Grant Client','[]',0,'2022-03-24 08:51:39','2022-03-24 08:51:39','2023-03-24 08:51:39'),('0402901fc179d4594c7c6c6f9014848ebeed60243bb756a5598ce2e42ab06f8cc18db122b5f5eab1',153,1,'Laravel Password Grant Client','[]',0,'2022-10-17 17:43:16','2022-10-17 17:43:16','2023-10-17 17:43:16'),('0409dd57d29c523c0c47318fa4c62609eb2206b3bb12c8a18440e230f750bead4102123176f8f50d',181,1,'Laravel Password Grant Client','[]',0,'2023-01-24 10:19:57','2023-01-24 10:19:57','2024-01-24 10:19:57'),('0471cc851749141a2df681f0f352c794c095e6b1d45b2c5d170f65bee5ad518e7804c7fd9cfe12e1',180,1,'Laravel Password Grant Client','[]',0,'2023-01-16 17:29:18','2023-01-16 17:29:18','2024-01-16 17:29:18'),('04f4264740705d2dc0c67d6dcaa4211333f6e41b3ccfcc27a81b8ecdb2b7deb13f5ea001e2320ba8',181,1,'Laravel Password Grant Client','[]',0,'2023-02-08 13:49:47','2023-02-08 13:49:47','2024-02-08 13:49:47'),('05a374641c3fd3b5c0ec67ae1fe93b25eee4af7f0e8a5df64b5f49a6d7b9fccff9517abb4a347cc0',179,1,'Laravel Password Grant Client','[]',0,'2023-01-16 15:06:58','2023-01-16 15:06:58','2024-01-16 15:06:58'),('062e8228df5d341d7aad3aef2a188c2ff00c62896b3ad2d71e9f5e637973c2dde53d623b50820d56',181,1,'Laravel Password Grant Client','[]',0,'2023-03-21 13:48:32','2023-03-21 13:48:32','2024-03-21 13:48:32'),('078b59b64f57086794555511c7175ba12c8724b0c53d9bfe859d5dc046a324f77c659033e09813c5',5,1,'Laravel Password Grant Client','[]',0,'2022-03-30 09:12:10','2022-03-30 09:12:10','2023-03-30 09:12:10'),('07c4de63fa105201ebc80214bcf8b8b80269a95702fa1e0140b5daa2fb51522c7746c327ad032d85',181,1,'Laravel Password Grant Client','[]',0,'2023-03-01 13:29:30','2023-03-01 13:29:30','2024-03-01 13:29:30'),('07c7b3dbc68bb567efeb7c79aa8ca566fd851b03eda90f72f75a354f0a31076ba8af1b703f02f135',120,1,'Laravel Password Grant Client','[]',0,'2022-07-07 09:42:29','2022-07-07 09:42:29','2023-07-07 09:42:29'),('0808e29963d59548d41a3c9ac880912399adc2ceca10898ef9670db9257c4d8f60a62baf87edd0ec',85,1,'Laravel Password Grant Client','[]',0,'2022-04-11 05:31:54','2022-04-11 05:31:54','2023-04-11 09:31:54'),('0815fe339dab3e5cc42ef53bdf33dbc2fc1c258f44ee7e12ce57f65a2b64ef68cac16fee4ed1adb4',165,1,'Laravel Password Grant Client','[]',0,'2022-10-19 16:07:42','2022-10-19 16:07:42','2023-10-19 16:07:42'),('081c97e0d1dcf9315e92a7671fe4c1e138a81e58b036a6e26a0e793ede11ad914c69c5b1bf107525',181,1,'Laravel Password Grant Client','[]',0,'2023-03-14 09:36:01','2023-03-14 09:36:01','2024-03-14 09:36:01'),('08f1304bb68ee657b597228ccf2b72f7a6a974c089b5607b6806f3a0a1a9b17fec14ff71efb22c27',169,1,'Laravel Password Grant Client','[]',0,'2022-12-14 12:41:35','2022-12-14 12:41:35','2023-12-14 12:41:35'),('091d74148e76c7cfbcc7b693a71d53bb2c6e04e67c5eb8182726f607d3e96bb71af15fadad54d5c6',195,1,'Laravel Password Grant Client','[]',0,'2023-03-02 08:55:17','2023-03-02 08:55:17','2024-03-02 08:55:17'),('0963272ab2dbe4e3a3036458fa35fa0fb060543d085194facd5061f3a422946d06e94b56c87271d5',191,1,'Laravel Password Grant Client','[]',0,'2023-03-01 22:49:41','2023-03-01 22:49:41','2024-03-01 22:49:41'),('09d0773a190131789982d37a3b4bfd7ba1bced226d9c80ad0ec52a4f2f56d20bdb342f82e082561a',120,1,'Laravel Password Grant Client','[]',0,'2022-06-23 11:38:12','2022-06-23 11:38:12','2023-06-23 11:38:12'),('0a49a4695445eb69c3a3ad469b6fe1ff8c95ecc0b739d856d2baef64fe3103e221371bb40b720f76',171,1,'Laravel Password Grant Client','[]',0,'2023-01-10 10:50:18','2023-01-10 10:50:18','2024-01-10 10:50:18'),('0a929df204627e289c0e5a0365ca8f572a9789a352f4ea0081cb4e86e9cd0b88e4cd947e82d52d4a',155,1,'Laravel Password Grant Client','[]',0,'2022-10-18 10:04:15','2022-10-18 10:04:15','2023-10-18 10:04:15'),('0bf2f113199a034e764993dc6f8c59db4dfa7e5cb07a52635766d3590f549e1d46b4e199684eeaa2',120,1,'Laravel Password Grant Client','[]',0,'2022-07-01 14:46:58','2022-07-01 14:46:58','2023-07-01 14:46:58'),('0c192da05168c2e122d075dab51a5d81226dae583c30c33baf2b814a5db97b7b61533a5c8b88c9fb',190,1,'Laravel Password Grant Client','[]',0,'2023-02-09 17:21:39','2023-02-09 17:21:39','2024-02-09 17:21:39'),('0c966a0bc4f19437d4ec75c45424ec9f10d6e77e65af79e094ac53f7aa93ea3797b445dcc0887b47',180,1,'Laravel Password Grant Client','[]',0,'2023-02-01 16:33:23','2023-02-01 16:33:23','2024-02-01 16:33:23'),('0ca458b89b667541b84938234819602d8474da77b40ab038b4292d00ac9f7fca40adc700c812fd01',120,1,'Laravel Password Grant Client','[]',0,'2022-04-28 06:36:27','2022-04-28 06:36:27','2023-04-28 10:36:27'),('0d03de55a2b424d00fd017c9bc56a4779f0fa1af754a63820713a5d6eafee789093e565e0d8d66ac',185,1,'Laravel Password Grant Client','[]',0,'2023-01-27 10:29:52','2023-01-27 10:29:52','2024-01-27 10:29:52'),('0d129050273836a22629345bc4712bfcd3bd9363aafe74483b85393889999f9a537bfa466933cce2',181,1,'Laravel Password Grant Client','[]',0,'2023-02-14 15:41:59','2023-02-14 15:41:59','2024-02-14 15:41:59'),('0d35c4278da365a2ff4402166edbf2ab80c97a7706ccbab7f9b724a1602dccbc5b9fa561d0d6de48',190,1,'Laravel Password Grant Client','[]',0,'2023-02-23 15:36:40','2023-02-23 15:36:40','2024-02-23 15:36:40'),('0d5c14ff6a66529eebb284e538c57b7e9b0078cf33db72b21ed5257f23c5239183943af12122436e',181,1,'Laravel Password Grant Client','[]',0,'2023-03-01 22:17:46','2023-03-01 22:17:46','2024-03-01 22:17:46'),('0da38161cd5d2cb41f9911ff36ebf27b2e6c1acdb85db6745d2228b62c36f2ed6259a1aed5d03c38',161,1,'Laravel Password Grant Client','[]',0,'2022-10-19 15:44:33','2022-10-19 15:44:33','2023-10-19 15:44:33'),('0ddc905d774c9c17614c811cb6bc62af238083a23782730a625927f0ec5f321cc84179273aaf22b2',39,1,'Laravel Password Grant Client','[]',0,'2022-03-29 11:44:36','2022-03-29 11:44:36','2023-03-29 11:44:36'),('0f1bbd0f2296dc4b39b1ca099184aa52e07c90fa0c0f7902552027ccef095a6d66024e8f0519b4df',4,1,'Laravel Password Grant Client','[]',0,'2022-02-28 12:47:09','2022-02-28 12:47:09','2023-02-28 12:47:09'),('0fa2615a54a12e4edc1b704a6cde993572e09d8d44ac216ce4bebbca745894185325ec3f9c6b069e',181,1,'Laravel Password Grant Client','[]',0,'2023-02-22 10:51:43','2023-02-22 10:51:43','2024-02-22 10:51:43'),('0fe5cfe8444edcf62e25cb4e3d96e34b744849a768c61db0fa1226a3244b0baee24fd324488f8360',181,1,'Laravel Password Grant Client','[]',0,'2023-01-31 10:36:14','2023-01-31 10:36:14','2024-01-31 10:36:14'),('10ca7f51a7031dfbd9b4bd0a9bfa396cad9d4665b91e761d6ce8a8c3ba6ec7c716260b42fce153ba',120,1,'Laravel Password Grant Client','[]',0,'2022-10-06 11:00:14','2022-10-06 11:00:14','2023-10-06 11:00:14'),('11446efc1619243bc313b4b80777a86a5b94e0256657de14e4837a32c3eb72be27ab1c2cf69b15f5',194,1,'Laravel Password Grant Client','[]',0,'2023-03-22 09:47:53','2023-03-22 09:47:53','2024-03-22 09:47:53'),('114547e2c3879ab5a76e45dc42f27fe59c51c0ed99a940c285041bf8fdefd56dacd2d8e8b9c0b1ff',29,1,'Laravel Password Grant Client','[]',0,'2022-03-03 17:46:49','2022-03-03 17:46:49','2023-03-03 17:46:49'),('11c3336b14073a6ea0fbd0920118e0f25adf77398846c5e1609f27d110a21d5ffa8cf75103593ced',195,1,'Laravel Password Grant Client','[]',0,'2023-03-18 21:37:02','2023-03-18 21:37:02','2024-03-18 21:37:02'),('1284be8a7d5522424c2e8410c0a115b51e73e033282310d23afc5056655a8bb9447ded03289d7525',142,1,'Laravel Password Grant Client','[]',0,'2022-10-17 11:39:30','2022-10-17 11:39:30','2023-10-17 11:39:30'),('128b27528c85fbe21f94b303989b8300ace9efeeb3488231e8b1f7822e1c5b0447e6daa761f7b57e',120,1,'Laravel Password Grant Client','[]',0,'2022-08-11 16:33:02','2022-08-11 16:33:02','2023-08-11 16:33:02'),('12ccf306ae7a7a649a24859226b919a0119ea98ad1fb0e3ee64bd626ac3633276c64b6561abc24b1',166,1,'Laravel Password Grant Client','[]',0,'2022-10-19 16:09:26','2022-10-19 16:09:26','2023-10-19 16:09:26'),('12ee17f4295f16b24a289c05aeea1e171f8c5e5b732e909df833506a02fc3b539d83097437991409',35,1,'Laravel Password Grant Client','[]',0,'2022-03-17 14:55:38','2022-03-17 14:55:38','2023-03-17 14:55:38'),('130815a204c31f545ea324a3baeb3e2cf79fca7351abbe4f074f530c1066d47a853f9fd7c891b75a',45,1,'Laravel Password Grant Client','[]',0,'2022-03-29 11:45:40','2022-03-29 11:45:40','2023-03-29 11:45:40'),('130a69619a5fb7fe39df81df80cead6cc1062cda985d5e8dc752336abce903d3505787be413f4ee9',181,1,'Laravel Password Grant Client','[]',0,'2023-01-19 12:57:26','2023-01-19 12:57:26','2024-01-19 12:57:26'),('138e1ed26aa380bdd235b797c2d768316bce058214a59313b37c999f4a8137605f7e636d172ed2d3',188,1,'Laravel Password Grant Client','[]',0,'2023-02-05 22:29:56','2023-02-05 22:29:56','2024-02-05 22:29:56'),('13b0273ac6b3c73d191434a25be9a7736364a6f573fc9dd32ec54353c663ca30821ce7eca8efe42a',65,1,'Laravel Password Grant Client','[]',0,'2022-04-20 09:30:29','2022-04-20 09:30:29','2023-04-20 13:30:29'),('14377cf641885e32e75616eb8df5d6ee2546da80807ad03fa386c6465df7a873fc76dd0fbd775ef4',120,1,'Laravel Password Grant Client','[]',0,'2022-12-14 16:31:07','2022-12-14 16:31:07','2023-12-14 16:31:07'),('14eb0279439092f7201890d597e1d27306e0b6559f0c2a23e1809b44342edb3cb8412eda95148a70',86,1,'Laravel Password Grant Client','[]',0,'2022-04-14 13:01:44','2022-04-14 13:01:44','2023-04-14 17:01:44'),('14ef3c7a1ba5b864e9edb5278e17ede4ac00e54fd18bff0a3d343dd1ffa53b902f8cace05d5efaa7',120,1,'Laravel Password Grant Client','[]',0,'2022-09-28 09:42:14','2022-09-28 09:42:14','2023-09-28 09:42:14'),('14f95215fa6fddd14aa17a14a261449d171329caf16d45737ee9261403bc1104e3341ea0dca4aea4',98,1,'Laravel Password Grant Client','[]',0,'2022-04-14 05:51:25','2022-04-14 05:51:25','2023-04-14 09:51:25'),('151bcb4faafd021d2515e4fa417272749dc65b7c4bc34f6ad980f8ca088cb10a2c60497b15ab4388',181,1,'Laravel Password Grant Client','[]',0,'2023-03-21 10:59:46','2023-03-21 10:59:46','2024-03-21 10:59:46'),('15253517b1778014e49232830c30335073fb61fba88464d1352dbd4929105f009cd3e73a76abcc9b',181,1,'Laravel Password Grant Client','[]',0,'2023-02-14 10:56:01','2023-02-14 10:56:01','2024-02-14 10:56:01'),('1540b46b294a14fc1e72617ffdc0f959dbc2720a9057430d43c20f682dfae567d7c6dc42ab06d94b',181,1,'Laravel Password Grant Client','[]',0,'2023-03-01 16:55:48','2023-03-01 16:55:48','2024-03-01 16:55:48'),('154c7949e9b5c4ddc6dca4ee492f1a8233b911eb4725f6aa94bddecc1cefdd5a1b7923882aee8e75',181,1,'Laravel Password Grant Client','[]',0,'2023-02-16 16:29:31','2023-02-16 16:29:31','2024-02-16 16:29:31'),('158f0ac18b22bd73d6693566f8a4f7fa385688463c90e351975eed76ee4dde53115c4dd16365435a',181,1,'Laravel Password Grant Client','[]',0,'2023-03-21 11:55:03','2023-03-21 11:55:03','2024-03-21 11:55:03'),('15fecbdb40b7b3e70234c8acc2f6481ce4816d90169d92e75e1eb62fe704028cad55ef39188ab377',189,1,'Laravel Password Grant Client','[]',0,'2023-02-05 22:32:44','2023-02-05 22:32:44','2024-02-05 22:32:44'),('1636bec573fcd83e85a23b10fa5d29bd2ad1e64b3e1d799355907c1710805faa476d5c089c914f06',191,1,'Laravel Password Grant Client','[]',0,'2023-03-01 22:34:05','2023-03-01 22:34:05','2024-03-01 22:34:05'),('169186aa19b7a62dacdcea8069a774c97cc6be9649a6df38d70a70559b9dee847a7977ceefeebbd2',182,1,'Laravel Password Grant Client','[]',0,'2023-01-20 10:17:35','2023-01-20 10:17:35','2024-01-20 10:17:35'),('16af471327dd7f652f34f28be4f6988ec2bbc5d2184f410c82dda1a27b49d8e1e13f31442e9ba38f',120,1,'Laravel Password Grant Client','[]',0,'2022-10-03 10:14:21','2022-10-03 10:14:21','2023-10-03 10:14:21'),('173e7ea204a2ee82b718df2e3bc25f63e2e922fdbcb7dd73be4b4e23fecd90b1caf4b05cfe1ca32a',48,1,'Laravel Password Grant Client','[]',0,'2022-03-30 16:13:47','2022-03-30 16:13:47','2023-03-30 16:13:47'),('1762c1ccbe36b3497e139e81e39ea4ba63e886db0d0459cdbf6a40952872118f192d8b493bce59c9',181,1,'Laravel Password Grant Client','[]',0,'2023-03-17 18:49:49','2023-03-17 18:49:49','2024-03-17 18:49:49'),('17795577eb53378a627a0356e8742d7f4d4b80764254cc9c0af7d6496a6d14b108c91b2ea4e6a2e0',181,1,'Laravel Password Grant Client','[]',0,'2023-02-17 13:06:29','2023-02-17 13:06:29','2024-02-17 13:06:29'),('19869a206b4d2b73fa77dc13a1b1e28f82828d3568ed712e14e48586b3153efa49273f8404db2f56',180,1,'Laravel Password Grant Client','[]',0,'2023-01-17 11:02:37','2023-01-17 11:02:37','2024-01-17 11:02:37'),('1ab0053fa30de63f303dc82405de8ab52e82b3c8bee4c9b526d6c7ad8da9cd1c5f08122eb1ffe128',142,1,'Laravel Password Grant Client','[]',0,'2022-10-17 11:08:32','2022-10-17 11:08:32','2023-10-17 11:08:32'),('1bedabd6b357afa751fbfcc4a5b69fdf9ce2bd2a4b5fbc51b97c38822bb853da9f444209ab269b85',120,1,'Laravel Password Grant Client','[]',0,'2022-10-17 11:56:35','2022-10-17 11:56:35','2023-10-17 11:56:35'),('1d1d09e1fc495d40790008263c30e397423c7d8152c57e229e739189c7d53ddff174aba30a1756cc',191,1,'Laravel Password Grant Client','[]',0,'2023-03-01 18:46:39','2023-03-01 18:46:39','2024-03-01 18:46:39'),('1d2ecb5c012bd2aede843c34aa64a20b0c931cbd999f53c4ea860a6c1168e1664181a9fe86e9c8da',5,1,'Laravel Password Grant Client','[]',0,'2022-03-24 11:43:26','2022-03-24 11:43:26','2023-03-24 11:43:26'),('1e3a39b7c68f208c7c89eeedce50cc27776db650d889556d2ebbe844479ae2dbf0bb8a06f7c5c078',45,1,'Laravel Password Grant Client','[]',0,'2022-04-04 11:45:36','2022-04-04 11:45:36','2023-04-04 11:45:36'),('1ed896fd04a61287a8b0ad5c24ad410fba2a2479557f0406f535be9efdc3e379cd3878401369b9a8',195,1,'Laravel Password Grant Client','[]',0,'2023-03-02 11:24:22','2023-03-02 11:24:22','2024-03-02 11:24:22'),('1efd63d7f4520a8277a21e98c86ee6a40a98dc5d252baac45487d5e061a03004bfb1c465458b2fd1',182,1,'Laravel Password Grant Client','[]',0,'2023-02-09 14:10:56','2023-02-09 14:10:56','2024-02-09 14:10:56'),('204612f5ec7bc6a05fedfde3e18a610debda74536e5a0876c319ec7e3dbc3ccda80176e602b5d02c',181,1,'Laravel Password Grant Client','[]',0,'2023-03-15 13:44:00','2023-03-15 13:44:00','2024-03-15 13:44:00'),('20f98a0d3e9a0e79209a825231fb83757448d45f4780e6c35b65d82876e5b4efcd096218fce8cb71',181,1,'Laravel Password Grant Client','[]',0,'2023-02-05 22:33:48','2023-02-05 22:33:48','2024-02-05 22:33:48'),('21281818db92538641629de0680ccec6a62c7b887d63063a77aab9b96d8e4e4d23d1be83d65c2ed7',181,1,'Laravel Password Grant Client','[]',0,'2023-03-01 22:21:36','2023-03-01 22:21:36','2024-03-01 22:21:36'),('2139ae1bfc09ab98d4d1b75b7824cdbfc716cd78a320bf162191de7de86bc6ebe3598bb840b287f8',181,1,'Laravel Password Grant Client','[]',0,'2023-03-24 11:06:45','2023-03-24 11:06:45','2024-03-24 11:06:45'),('2141c28b9fb5f9b7c8d0c3ed58e9bd09e3077c00eee10d3d4541a6e427b18890ac71a92c46d9c543',120,1,'Laravel Password Grant Client','[]',0,'2022-07-01 15:55:40','2022-07-01 15:55:40','2023-07-01 15:55:40'),('21976a351bbf11cfc267f7f9b50287ba2e9baa44e49c19f4f82ccda1e78f5fecc8021f120822600d',191,1,'Laravel Password Grant Client','[]',0,'2023-03-17 14:41:52','2023-03-17 14:41:52','2024-03-17 14:41:52'),('21a47c5639e58f68d59f1be60f5860c659c637b68fbb31b726f3b65fded0b69bc658699ed8669c82',183,1,'Laravel Password Grant Client','[]',0,'2023-01-16 18:11:30','2023-01-16 18:11:30','2024-01-16 18:11:30'),('21f9179593d2b1e8cf8d62dbef1b34587fc393a6fb546d27b88f8a49e3704394da495c77db8207b4',181,1,'Laravel Password Grant Client','[]',0,'2023-02-13 16:45:24','2023-02-13 16:45:24','2024-02-13 16:45:24'),('22593f957f19f803a6f8ee14340c196b97f88bc301dce53d7ec52e7d994f6195a4ec3e128a42b829',195,1,'Laravel Password Grant Client','[]',0,'2023-03-17 18:21:44','2023-03-17 18:21:44','2024-03-17 18:21:44'),('22834e4c6c08b2e2a7479eff66b263c3baa2b83f6c36a71858d2142dab2d4944467af2d12010f78a',194,1,'Laravel Password Grant Client','[]',0,'2023-03-01 15:23:31','2023-03-01 15:23:31','2024-03-01 15:23:31'),('23084a99b36a231f7d60df14c9b21253f90a22d7b8202ac452971df37f40813bbc3a208deeeab8f5',181,1,'Laravel Password Grant Client','[]',0,'2023-02-20 14:47:09','2023-02-20 14:47:09','2024-02-20 14:47:09'),('237b019b55facd6138fd2666172d0d3a0ac427b12467ed7e2290f5232277dc1f5b2ff5f91a0b4899',33,1,'Laravel Password Grant Client','[]',0,'2022-03-17 14:23:09','2022-03-17 14:23:09','2023-03-17 14:23:09'),('240616121948fa04b26a7326136b067bc4923cb7e20c8bb236aa7dda695477e36a131715c9a3f4a8',171,1,'Laravel Password Grant Client','[]',0,'2023-01-10 10:26:29','2023-01-10 10:26:29','2024-01-10 10:26:29'),('2411b55dae94611a742db641875eeda3b3ba06347bd10a121094bf5c7bbba5dc7e1fdee2a76ec313',181,1,'Laravel Password Grant Client','[]',0,'2023-03-17 11:59:15','2023-03-17 11:59:15','2024-03-17 11:59:15'),('245baf7157648853e93ae9306d80e235655c25ff976392c38e9f02e3f0bbfbc08c2ec151e6f40f50',171,1,'Laravel Password Grant Client','[]',0,'2023-01-13 08:36:45','2023-01-13 08:36:45','2024-01-13 08:36:45'),('25929e7dc99f559c880d0c46bbe1a1b4eed0d5bd19cbd7938631b82a0ac795191c31009684b60c2d',191,1,'Laravel Password Grant Client','[]',0,'2023-03-01 08:46:34','2023-03-01 08:46:34','2024-03-01 08:46:34'),('25fa3ffd958672c37eabe9f9f0096b3895521873bf46fac11aae72a84b396bc4bf645fb16f693cf1',120,1,'Laravel Password Grant Client','[]',0,'2022-07-12 18:04:17','2022-07-12 18:04:17','2023-07-12 18:04:17'),('26623abd121675f19b85861f57ef05fcf41b17587fc45683f863370294b01e4f9246c195683b0e93',181,1,'Laravel Password Grant Client','[]',0,'2023-02-13 17:21:27','2023-02-13 17:21:27','2024-02-13 17:21:27'),('26b051f0be13baa64ef3525e5b90d73e5a827dc71fd0b493d9ffef37da8200ba30ce05592efde64d',190,1,'Laravel Password Grant Client','[]',0,'2023-02-20 15:44:06','2023-02-20 15:44:06','2024-02-20 15:44:06'),('2736e4be1b2ecd1f61ef12bb8fb7776342a2aef399f057711d25fe265a8cf6f5131129a472768e52',154,1,'Laravel Password Grant Client','[]',0,'2022-10-18 09:35:30','2022-10-18 09:35:30','2023-10-18 09:35:30'),('281adda8e53fe1a4245eee6c9de6d3d5b89e0c83374506949722b37c94345934b992270282e5e4dd',181,1,'Laravel Password Grant Client','[]',0,'2023-01-23 16:49:33','2023-01-23 16:49:33','2024-01-23 16:49:33'),('2866d774e19152b4f9c5dfb7a3c4bd981ef16ccaf110c7145b2796e97f3e5ffcdcdd1d41ece7a37d',181,1,'Laravel Password Grant Client','[]',0,'2023-02-07 12:08:13','2023-02-07 12:08:13','2024-02-07 12:08:13'),('288e20f3c1d0bc655abe0d24baa2c32afa1c88bf5e354ac89de7e68c684050c5f9a1bbcf7f1ed233',194,1,'Laravel Password Grant Client','[]',0,'2023-03-01 22:22:27','2023-03-01 22:22:27','2024-03-01 22:22:27'),('28c603039a71cc11873571be07ec1408ae42bbb6c8fb10224387315ae9dce421d06f0f6a38c26945',195,1,'Laravel Password Grant Client','[]',0,'2023-03-02 09:49:35','2023-03-02 09:49:35','2024-03-02 09:49:35'),('290655ad78d740662ed6ad43431cc8093afeecb098ed96f960b107825886de97cdcd1fa7526e6da2',47,1,'Laravel Password Grant Client','[]',0,'2022-03-29 21:21:40','2022-03-29 21:21:40','2023-03-29 21:21:40'),('294d6b2a7e85640237bdc05c24b82299284e7f8f7b7b95094bdec2f481ae68a2deeb29b6e9df603f',52,1,'Laravel Password Grant Client','[]',0,'2022-04-03 08:16:42','2022-04-03 08:16:42','2023-04-03 08:16:42'),('2aa146e6b2893165b492a5405da52a69028541c18940c3a64da1970ccab58bf22c6dad9347fcf84e',190,1,'Laravel Password Grant Client','[]',0,'2023-02-09 17:32:02','2023-02-09 17:32:02','2024-02-09 17:32:02'),('2c4c5a67df0189f767ef068b0223d7096ae7a1ba1f99cdaeb782801b4ae2d7d6d7098f8ce95ba581',108,1,'Laravel Password Grant Client','[]',0,'2022-04-20 06:34:56','2022-04-20 06:34:56','2023-04-20 10:34:56'),('2c5ae7aa02cd35844edd912da967f3aeff848287fe4e4d7b02e7a99a76814d5c5b67efaa57ebfe68',182,1,'Laravel Password Grant Client','[]',0,'2023-03-17 14:25:36','2023-03-17 14:25:36','2024-03-17 14:25:36'),('2c89c7abe3f868f65fda6ab990eba3ac3272a54309eef82e01687d86212e4e5dbbb160f831370c1b',86,1,'Laravel Password Grant Client','[]',0,'2022-04-14 05:27:08','2022-04-14 05:27:08','2023-04-14 09:27:08'),('2c9996796348e2eedbfa9d06da1177057d4b42802a956991e838f0817ca12ae6820029800c6e0032',120,1,'Laravel Password Grant Client','[]',0,'2022-09-30 15:36:08','2022-09-30 15:36:08','2023-09-30 15:36:08'),('2d4a96c715f498092a21bb869e6516aef1eb676154bfd1b7bc77e8b6ca1d297bd7684153b8a6ed56',120,1,'Laravel Password Grant Client','[]',0,'2022-10-03 09:24:35','2022-10-03 09:24:35','2023-10-03 09:24:35'),('2d6e0024840a9d6ca09b651396005d11c1f8f7f5470cf00014c5e3ffd6642599db79a19d630e9afb',182,1,'Laravel Password Grant Client','[]',0,'2023-01-30 09:36:18','2023-01-30 09:36:18','2024-01-30 09:36:18'),('2e7297d99e438a413875a0ad06a817c521764883142e0d5e6ff04fb19df910c44191614280468185',171,1,'Laravel Password Grant Client','[]',0,'2023-01-10 10:05:56','2023-01-10 10:05:56','2024-01-10 10:05:56'),('2ebcb7c0c802e3c648b95ad7a2517159063962a3b34c16ff43c9a6842af3db119eec7e6ffa6294d1',169,1,'Laravel Password Grant Client','[]',0,'2023-01-11 13:24:05','2023-01-11 13:24:05','2024-01-11 13:24:05'),('2ec4f61b78640336056fcf1ddd91177c95f120925d1c4dd63eecf1ceb17d0fe8e61c7178fdbea85a',148,1,'Laravel Password Grant Client','[]',0,'2022-10-17 16:35:18','2022-10-17 16:35:18','2023-10-17 16:35:18'),('2f5f39d1e15b1b8888a5592945d1be109cc9091dc35d406b5c844ac88b2e8c0f6501e40a78bea382',168,1,'Laravel Password Grant Client','[]',0,'2022-12-13 09:29:19','2022-12-13 09:29:19','2023-12-13 09:29:19'),('2fc054c87e4a6ed7c8fbcab019c1ef9ad89254d1947df2f9928008350e77236be1a54f620cf8275b',195,1,'Laravel Password Grant Client','[]',0,'2023-03-18 13:54:38','2023-03-18 13:54:38','2024-03-18 13:54:38'),('304c8864ac0774d5c675677f9876d2278ba42b281e658212cdfbeabe25cde13a2f28657615885ec8',191,1,'Laravel Password Grant Client','[]',0,'2023-03-01 18:59:17','2023-03-01 18:59:17','2024-03-01 18:59:17'),('309f35aef55c059deea14bef396391780890d6c7eaed48ca1039bd089156b6deac53d25174a190d4',120,1,'Laravel Password Grant Client','[]',0,'2022-07-20 16:24:32','2022-07-20 16:24:32','2023-07-20 16:24:32'),('317a818581f89198270a6d84bc40c215aca6d2e71dec6e85f89720a2ddfe98a3956652058bd57428',120,1,'Laravel Password Grant Client','[]',0,'2022-07-16 10:12:12','2022-07-16 10:12:12','2023-07-16 10:12:12'),('31c1aa37f8fd8f14f6eee0c39595f0b1c9a580150f883c85fdc7f4257022660165a00d8b8372670d',86,1,'Laravel Password Grant Client','[]',0,'2022-04-11 10:47:01','2022-04-11 10:47:01','2023-04-11 14:47:01'),('326fb0053431ad9dc920a035053bfd0481e9ffd1aca25eb823593b36a97443ac7e10b330e57e3a33',181,1,'Laravel Password Grant Client','[]',0,'2023-02-21 12:58:34','2023-02-21 12:58:34','2024-02-21 12:58:34'),('33042ec87c4e510bc7db2164a729d2248d64f59f7803d716860a1128d4edbdf775810bcd1a81d151',57,1,'Laravel Password Grant Client','[]',0,'2022-04-04 15:48:09','2022-04-04 15:48:09','2023-04-04 15:48:09'),('336b3d865391b5a79115e2d5f89cb809ab5157e9be189b371f59750dbaaefcf2498a56d2cf2c3811',120,1,'Laravel Password Grant Client','[]',0,'2022-04-21 10:46:41','2022-04-21 10:46:41','2023-04-21 14:46:41'),('3435dc0bad95fcf49045e9e3e9efc660563e9a475b7ce9fa7af522e76714415f7ce59bf81a8b27d6',186,1,'Laravel Password Grant Client','[]',0,'2023-01-31 13:34:38','2023-01-31 13:34:38','2024-01-31 13:34:38'),('3459566c30fca2823ffd29ce1dade023d62f8789edc34e62e60e7c34e413e10059dd28aa879913c9',190,1,'Laravel Password Grant Client','[]',0,'2023-02-09 11:08:40','2023-02-09 11:08:40','2024-02-09 11:08:40'),('347f470e58a943005095c77b96f9e7e22a10a5b93ee3eeb88bf55bfa8794561dc95222112e5a05a5',182,1,'Laravel Password Grant Client','[]',0,'2023-01-16 16:54:57','2023-01-16 16:54:57','2024-01-16 16:54:57'),('34a388cda23b5d72635e4e9fa774598190a4d0bb52763bedd8fff93f5cd6f19284f52f254d551bdc',181,1,'Laravel Password Grant Client','[]',0,'2023-02-08 17:39:55','2023-02-08 17:39:55','2024-02-08 17:39:55'),('3549a8e9ddc3d2d402e0be83ccb088d90b815a7b923360dcd6ecc218f7200e0881213158be0711b9',190,1,'Laravel Password Grant Client','[]',0,'2023-02-10 16:26:34','2023-02-10 16:26:34','2024-02-10 16:26:34'),('3597c64f9349dcd141cb5682367b0eb7f772e8b43f8ec4637ba9cca331716a5d9e16fe0737d0b140',201,1,'Laravel Password Grant Client','[]',0,'2023-03-22 10:07:28','2023-03-22 10:07:28','2024-03-22 10:07:28'),('35eaf5e629ec3ab70875969b4944aa2eadb0bb211e40e9641239bf041ea5eceaef2f192f76631fd3',181,1,'Laravel Password Grant Client','[]',0,'2023-02-23 15:34:03','2023-02-23 15:34:03','2024-02-23 15:34:03'),('35efef5380aef8e92db7bbfb35ff45feeda9198a218fbc2980cf8de0f12ccbac30d32dc7dcd5daa7',120,1,'Laravel Password Grant Client','[]',0,'2022-06-23 09:26:56','2022-06-23 09:26:56','2023-06-23 09:26:56'),('363a1cbb0bc10d7870066862caa1738eda39939e5a1f1bb8beab050b0a3605d6495e3e7d2255aba1',120,1,'Laravel Password Grant Client','[]',0,'2022-08-16 07:53:34','2022-08-16 07:53:34','2023-08-16 07:53:34'),('367f19dcfee9428cb24c2a8d8de4b90941e85d29f6dd96b7a8700a30916d71fd820faced93873478',120,1,'Laravel Password Grant Client','[]',0,'2022-09-28 10:38:53','2022-09-28 10:38:53','2023-09-28 10:38:53'),('3693254508b6b65679baafb11dccd2c6020290ed6537dd21bed8a0ac95e21e2974f803168d92bbca',17,1,'Laravel Password Grant Client','[]',0,'2022-03-03 12:22:23','2022-03-03 12:22:23','2023-03-03 12:22:23'),('36c518a7b1786d140a144cfc4766e293bf8b994747a7dde1c2de81f1fc8a48120e234810a74577b6',13,1,'Laravel Password Grant Client','[]',0,'2022-03-02 18:15:43','2022-03-02 18:15:43','2023-03-02 18:15:43'),('36d521ccc1c669d7e18cff1e5e1f6e0f400d8f86cd6587a1d39a3f32fa0ed5a3b1d9a03402930453',181,1,'Laravel Password Grant Client','[]',0,'2023-01-16 14:34:56','2023-01-16 14:34:56','2024-01-16 14:34:56'),('36d76335e25a3809eb7d1ed1f3c7c6e75d8d23917759732fceea6b1fa5f898c89405541fc7714623',169,1,'Laravel Password Grant Client','[]',0,'2022-12-20 14:14:36','2022-12-20 14:14:36','2023-12-20 14:14:36'),('37d31db3ab587d35658c4977bd22a5df348ea3f7b834b0163a723b0bc419c4b7b56d0f9202405076',134,1,'Laravel Password Grant Client','[]',0,'2022-06-22 20:20:35','2022-06-22 20:20:35','2023-06-22 20:20:35'),('37e7152659a6deb2ae3d12f3560ed2b27d064d8572f46eb94cd2801f814ecdccc80e0c0ba5d3168f',169,1,'Laravel Password Grant Client','[]',0,'2022-12-19 16:31:58','2022-12-19 16:31:58','2023-12-19 16:31:58'),('384724310f82c8341e57f566d654f4f03e9d85677799a615d5f64fcb375ca1bc11a2f266d5e9df80',190,1,'Laravel Password Grant Client','[]',0,'2023-02-09 16:55:49','2023-02-09 16:55:49','2024-02-09 16:55:49'),('39135208bb99fe4e6989ec6a084f53c72cbc9ecaae85082df776a4f6aa52dddc97a4e06121dcf6b0',181,1,'Laravel Password Grant Client','[]',0,'2023-01-24 09:01:29','2023-01-24 09:01:29','2024-01-24 09:01:29'),('3a7ff27ad64d2d6fbe2fc4d94bf415e56cfc3596fef9ef48c8b8bf547f80ec05eda2def92f23ce14',120,1,'Laravel Password Grant Client','[]',0,'2022-09-30 15:23:01','2022-09-30 15:23:01','2023-09-30 15:23:01'),('3a870986a51a7a0f6dfd22f93d6eede4ceedc430198f48f80260b22692d70b5f0a265c67d901cc45',154,1,'Laravel Password Grant Client','[]',0,'2022-10-18 09:52:42','2022-10-18 09:52:42','2023-10-18 09:52:42'),('3c011153715343912c3b13400310143de820283c96a3869033f1abcb8493f7a723a4d606c43842aa',181,1,'Laravel Password Grant Client','[]',0,'2023-03-08 09:49:56','2023-03-08 09:49:56','2024-03-08 09:49:56'),('3cacffc97aae2a83ff53adab60d26c5a7207c13235b5d41e6b7584dbfef621ebcdefbec26e3104d8',169,1,'Laravel Password Grant Client','[]',0,'2022-12-15 10:22:21','2022-12-15 10:22:21','2023-12-15 10:22:21'),('3d53c70b9d9ebb2e5464a51274197784b58a02f4eca2e6e70f535223d159fadae14bc6998a127cd0',131,1,'Laravel Password Grant Client','[]',0,'2022-04-29 15:55:07','2022-04-29 15:55:07','2023-04-29 19:55:07'),('3e36f66220ec3e55b1ec760a9565d94513de6a9fa775f92040e6c32e397df5d539dbacbd4a81a63f',5,1,'Laravel Password Grant Client','[]',0,'2022-03-19 13:15:54','2022-03-19 13:15:54','2023-03-19 13:15:54'),('3e680956eebe1568393ccaf4211dfde8ac45d16ee3c5a1c60a3e6bc079139cb9493ff32ba202165b',142,1,'Laravel Password Grant Client','[]',0,'2022-10-17 11:45:05','2022-10-17 11:45:05','2023-10-17 11:45:05'),('3eca16face60c0c63293b5e80f7c59af6552eed645909a307d35768bce6acaa58f0a048c94e1d494',120,1,'Laravel Password Grant Client','[]',0,'2022-07-12 17:06:48','2022-07-12 17:06:48','2023-07-12 17:06:48'),('3f15c8d2a511561996675445bd39b83f5de284503dbb8d3156701d535337a29ad0f2923a4d1f06ef',5,1,'Laravel Password Grant Client','[]',0,'2022-02-28 17:13:25','2022-02-28 17:13:25','2023-02-28 17:13:25'),('3fc413292f4271ba6278c245c8d03fd1dba1343b18042e1ac9f98f71abe77282ce5f627c9f6fadb5',5,1,'Laravel Password Grant Client','[]',0,'2022-03-16 09:36:07','2022-03-16 09:36:07','2023-03-16 09:36:07'),('40084f8357e90eb4b517322acc757abd2c16ae2ab6717891c06c46b01f4848dda925a49ce6e5723f',120,1,'Laravel Password Grant Client','[]',0,'2022-09-30 14:19:26','2022-09-30 14:19:26','2023-09-30 14:19:26'),('412331094c269b29b70ae0598a0ff51283ba6b06e2557cbd1736628ac7b22cf94b87ede5ca220b97',182,1,'Laravel Password Grant Client','[]',0,'2023-01-30 13:35:01','2023-01-30 13:35:01','2024-01-30 13:35:01'),('417848990a3cd4713291cde9c7bf208c51dc713e06b300973673660c09fca3fc176f5edd6f74cc8d',65,1,'Laravel Password Grant Client','[]',0,'2022-04-11 07:06:40','2022-04-11 07:06:40','2023-04-11 11:06:40'),('4179d487e3d68a7f7d2df8f9a5c391cdbc2e014b9c80ddce63aa5b5c5116a3fd43a59d6b52e37984',169,1,'Laravel Password Grant Client','[]',0,'2023-01-05 16:20:02','2023-01-05 16:20:02','2024-01-05 16:20:02'),('41c68cd031206164e5a942ee4a87c4b291c6bf839d73a8e85229d395c7988ddcfdb7b123ca73fe6b',150,1,'Laravel Password Grant Client','[]',0,'2022-10-17 17:20:32','2022-10-17 17:20:32','2023-10-17 17:20:32'),('42a854ccd082a9de1e9a732bb91da2ba4f12026453104a403779f3e1d6b0b6a925010b1b5d0a5518',181,1,'Laravel Password Grant Client','[]',0,'2023-02-09 11:17:12','2023-02-09 11:17:12','2024-02-09 11:17:12'),('42af07a4f158aa8f003a588267a5009d1c8c93e82d9fc255a4b967ea72b81c011a5451f87ca452a1',190,1,'Laravel Password Grant Client','[]',0,'2023-02-16 10:05:07','2023-02-16 10:05:07','2024-02-16 10:05:07'),('434e40c7a7b3bf4939454fef6b8c833905a80c5b18661b8d6b4e69b0cc3554eb66524c0207300895',181,1,'Laravel Password Grant Client','[]',0,'2023-03-21 14:31:51','2023-03-21 14:31:51','2024-03-21 14:31:51'),('4561a1ae343eabdb40375b1cda7d466ac2adaedbe047273f236b27d940350f3e61dbefe5c97455fe',65,1,'Laravel Password Grant Client','[]',0,'2022-04-14 05:33:37','2022-04-14 05:33:37','2023-04-14 09:33:37'),('45b46e8631d73ec9a6a77d8eeef667d788814017fd227aeaa0003f952a76b77ba3890d83abd9429c',147,1,'Laravel Password Grant Client','[]',0,'2022-10-17 16:23:03','2022-10-17 16:23:03','2023-10-17 16:23:03'),('45c3ca44e1a1daf22d85b3d6accefcc2ac6353ec34e6c3ed8940fef14e2ae8d3ee081e495d9cc1b0',195,1,'Laravel Password Grant Client','[]',0,'2023-03-01 22:40:46','2023-03-01 22:40:46','2024-03-01 22:40:46'),('46148c98639448bc992c990107562159716aef89f46773965137710b000828982d5b3e7f98fa60ac',198,1,'Laravel Password Grant Client','[]',0,'2023-03-15 08:51:07','2023-03-15 08:51:07','2024-03-15 08:51:07'),('468608e817b15d47e132f51e8739e4ef865c2140dd1c767b435ea2a3a8441c2c09266f15b30b3d4c',5,1,'Laravel Password Grant Client','[]',0,'2022-03-04 13:42:18','2022-03-04 13:42:18','2023-03-04 13:42:18'),('46b4b7d8792658723030ce617adc039836ca9d8823e3f0748ce1681ecfc799b6d32c6f2a8199ff01',181,1,'Laravel Password Grant Client','[]',0,'2023-03-01 16:50:23','2023-03-01 16:50:23','2024-03-01 16:50:23'),('46fb1af9c32f2545c9d86cd26bc413fb7e6c785a535a9df6f33052d3ca312f99a21e8fae451f0944',195,1,'Laravel Password Grant Client','[]',0,'2023-03-17 18:21:44','2023-03-17 18:21:44','2024-03-17 18:21:44'),('46fd80b5037a723fee9d9a05ed554f3695987d46640886ea9802bf0ffe0c67ad5055ad02c94deb06',120,1,'Laravel Password Grant Client','[]',0,'2022-07-01 10:08:37','2022-07-01 10:08:37','2023-07-01 10:08:37'),('47cce966099fa6762da7ead1fad4bf4ba582f66173ba40f98a55bee7b7efa46c86c6ffda9ea8fd2a',181,1,'Laravel Password Grant Client','[]',0,'2023-02-01 09:37:55','2023-02-01 09:37:55','2024-02-01 09:37:55'),('47f1f59778d9bc28a4280714fdee7e243864ffa456da2eb36cb927ccfa42b780d122eb8920a3778c',198,1,'Laravel Password Grant Client','[]',0,'2023-03-15 08:50:08','2023-03-15 08:50:08','2024-03-15 08:50:08'),('487c496bad36a2bd95c6c6df909854aae2a9826fd071b25f8363ef964cebf1ab9efb5c2048a9f20c',181,1,'Laravel Password Grant Client','[]',0,'2023-02-14 09:47:25','2023-02-14 09:47:25','2024-02-14 09:47:25'),('4930096a5f5a3fddfb938b91ae5758b4fcca34bcc8d5ef8be840f62757b424976ed9fb9dd56b3ce2',169,1,'Laravel Password Grant Client','[]',0,'2023-01-03 08:50:12','2023-01-03 08:50:12','2024-01-03 08:50:12'),('493e5c06ed2879355bfa8e15d54f19692f93f9a86d49e60820dffc8ce3ec3b8bc3376776f2c6000c',195,1,'Laravel Password Grant Client','[]',0,'2023-03-21 12:03:05','2023-03-21 12:03:05','2024-03-21 12:03:05'),('4ae6b11be8bec0dd9d33d3ac8bf4dcdc81268cf999461ad1b7af9c6a5c5414ea10d337e83579acc0',181,1,'Laravel Password Grant Client','[]',0,'2023-02-03 10:37:55','2023-02-03 10:37:55','2024-02-03 10:37:55'),('4c731182a432bf241f6e011fa6ae9bbb93e3a9f2c0dec9b54ec5e88eb592e77e75318a3d2b0bfaf2',35,1,'Laravel Password Grant Client','[]',0,'2022-03-17 14:55:42','2022-03-17 14:55:42','2023-03-17 14:55:42'),('4c778f45d2bfa9ce8c04a89aba297b9926a4f7726d01c28167e7bb67d3a6207b0e16cf3fd0411f57',191,1,'Laravel Password Grant Client','[]',0,'2023-02-28 08:52:51','2023-02-28 08:52:51','2024-02-28 08:52:51'),('4c95a0547c1c18598346f075a2347dc67b33b8158dbeba6d36b2d641488a87a2bd220b387f9b08be',90,1,'Laravel Password Grant Client','[]',0,'2022-04-12 10:02:11','2022-04-12 10:02:11','2023-04-12 14:02:11'),('4c9b8c78f05961c38fd2a0cccd1ae7c990a5b6aac944fb9bdf6eea48ae736ec3117f360614138574',140,1,'Laravel Password Grant Client','[]',0,'2022-10-17 10:02:35','2022-10-17 10:02:35','2023-10-17 10:02:35'),('4d63cf997cb014ca4602899843eda96c563ef33064f9b0b7198eac27a3ea691a6eab06c43529e8b5',195,1,'Laravel Password Grant Client','[]',0,'2023-03-17 17:50:05','2023-03-17 17:50:05','2024-03-17 17:50:05'),('4daadc126f01311a7c1f51bd89c0a00a5acedae028121b045886799b0d5a7ec83e111a7c17a79821',43,1,'Laravel Password Grant Client','[]',0,'2022-03-27 10:14:17','2022-03-27 10:14:17','2023-03-27 10:14:17'),('4dab5b0c08d73ea0b04ef87150466d03c95a38eb72f898c8e4613bdd512a9b02cde9ca5b5e8e69f2',175,1,'Laravel Password Grant Client','[]',0,'2023-01-11 14:27:09','2023-01-11 14:27:09','2024-01-11 14:27:09'),('4e3d484b4233483d8a3189fb68aa987e0be771cef6669bf10adc07e40ad430d86025b5f162a8fce5',191,1,'Laravel Password Grant Client','[]',0,'2023-02-28 22:11:28','2023-02-28 22:11:28','2024-02-28 22:11:28'),('4e9719378b22f4695ed31f384cfdeb0927d256a222de598c25dde276fec6aba6dab446a69eb109a7',180,1,'Laravel Password Grant Client','[]',0,'2023-01-18 11:40:42','2023-01-18 11:40:42','2024-01-18 11:40:42'),('4e9d3f0c7fb84772bdaffe379f9f9c52cca6a60361e39338684412c5d8bf3e40ffd771da3cbdd7ed',199,1,'Laravel Password Grant Client','[]',0,'2023-03-21 11:54:35','2023-03-21 11:54:35','2024-03-21 11:54:35'),('4ecbeb5e2b1378e290a66e3b016e05eff6f0a16690e32d41b5eaf0775c82ad3ee6a598d0663d91b5',181,1,'Laravel Password Grant Client','[]',0,'2023-02-02 14:31:31','2023-02-02 14:31:31','2024-02-02 14:31:31'),('4eeac8e6b7caddf5969b40dd1cd2fe4c0e0f1cd7783c708da5dbba560113aeb186a09e0f8e47bff0',120,1,'Laravel Password Grant Client','[]',0,'2022-09-28 10:36:07','2022-09-28 10:36:07','2023-09-28 10:36:07'),('4f25192b0f7f522bb05e9ab115ad5b71d74f5685c36109f3da118f89987def57641554a1385f2917',194,1,'Laravel Password Grant Client','[]',0,'2023-03-01 22:18:40','2023-03-01 22:18:40','2024-03-01 22:18:40'),('4f433e04a0d658c46d66677ad410740428289b3988a99aff72274b7dafdd567fd788f44094531172',180,1,'Laravel Password Grant Client','[]',0,'2023-01-31 10:02:22','2023-01-31 10:02:22','2024-01-31 10:02:22'),('4f8274fe4843865537d2a979f8f5315afcda19abbc8924ea9c489bd7164345cfe2beaa10987d7bf3',169,1,'Laravel Password Grant Client','[]',0,'2023-01-10 15:49:59','2023-01-10 15:49:59','2024-01-10 15:49:59'),('4fcf6226869b37d2f9037391c78d61b1c3de63c2d45c0cd8772c2035b4b81a9b4226b3f604ee9a5c',193,1,'Laravel Password Grant Client','[]',0,'2023-03-01 08:44:54','2023-03-01 08:44:54','2024-03-01 08:44:54'),('5097679d68b924866ad2e64aed2d32462678d20d8b21230679bbaf4602879c41038d7915339ec02d',120,1,'Laravel Password Grant Client','[]',0,'2022-07-06 08:56:49','2022-07-06 08:56:49','2023-07-06 08:56:49'),('5147e03d742043c5f85cff52332e2f647211a2a4d24032aec7c6ab05dd6356c0cafee85b138e3325',169,1,'Laravel Password Grant Client','[]',0,'2023-01-11 13:17:02','2023-01-11 13:17:02','2024-01-11 13:17:02'),('5152945921ef7e30ef1bc449f1c2d1634e6ea23eb11299fff1129bd333f028c73eec6e51f1e9b89a',169,1,'Laravel Password Grant Client','[]',0,'2023-01-19 17:05:18','2023-01-19 17:05:18','2024-01-19 17:05:18'),('51cf1b44882eb644a003739c3167d6e085fcefd7cd270ea5de7afa93e847eb7b7b5fb1de8f935caa',120,1,'Laravel Password Grant Client','[]',0,'2023-03-19 15:03:29','2023-03-19 15:03:29','2024-03-19 15:03:29'),('51e7e710b3bfb04b934855cb5efa5e1391290459d9f3fa7e69dc01ca20136fb2e4042cfe27e2e638',17,1,'Laravel Password Grant Client','[]',0,'2022-03-03 09:01:15','2022-03-03 09:01:15','2023-03-03 09:01:15'),('520e255672c9ab1aadd7c59101082bc99b196e94f3dec3385afe5ff79085cfe1f797dfa77a683296',180,1,'Laravel Password Grant Client','[]',0,'2023-01-24 15:22:14','2023-01-24 15:22:14','2024-01-24 15:22:14'),('5289084a9831418c1ad295ebe95111a97e2ad72538540e196d9af971fb38bf65989bf2cc99dd8ffd',182,1,'Laravel Password Grant Client','[]',0,'2023-01-30 09:13:44','2023-01-30 09:13:44','2024-01-30 09:13:44'),('52a17992b2e37ba5d672834e2f4a711917a0bc1ef1281261dc63281670c9fe0fe4e28bd0675e1ed5',181,1,'Laravel Password Grant Client','[]',0,'2023-01-30 09:35:07','2023-01-30 09:35:07','2024-01-30 09:35:07'),('52ef6463e167a95fce446492b33cef482f201f54d3f7ac981e62ddb752aa57c7a60c1bad10e7331f',190,1,'Laravel Password Grant Client','[]',0,'2023-02-10 10:46:37','2023-02-10 10:46:37','2024-02-10 10:46:37'),('5387fee488c67aecc5cd2a89421baaa35b4c0652efa571bb46a688db84f0b79a9ddce2549e81540d',181,1,'Laravel Password Grant Client','[]',0,'2023-03-01 22:29:52','2023-03-01 22:29:52','2024-03-01 22:29:52'),('5474e9b76bc9a28097310856a52dca6e44682b81e3ad52a6cc698e4308e73901d8a4d686b1b7758d',120,1,'Laravel Password Grant Client','[]',0,'2022-06-30 13:44:13','2022-06-30 13:44:13','2023-06-30 13:44:13'),('550d220fbeacbb216b166d0e92c5779b1a4a70b536dc168872687379659bea3ac5f2f9951a602e5b',6,1,'Laravel Password Grant Client','[]',0,'2022-04-26 05:17:00','2022-04-26 05:17:00','2023-04-26 09:17:00'),('5523b11b27893dba4eb2c21231fcd9b3eb27e5145170847740d888d56b0c0082e3543cfa2545e683',36,1,'Laravel Password Grant Client','[]',0,'2022-03-17 12:41:29','2022-03-17 12:41:29','2023-03-17 12:41:29'),('5526d18b8b6384639b0140c74d55721df6adf03b53071c2c6b4f1d52049719ad7a998cdd3c658389',181,1,'Laravel Password Grant Client','[]',0,'2023-03-31 08:08:45','2023-03-31 08:08:45','2024-03-31 08:08:45'),('552c0940d590d0820b6cf8a6fec415c885bf36c6beb533222f01be34f7530eea1c15415e8fa850c5',181,1,'Laravel Password Grant Client','[]',0,'2023-02-20 16:42:19','2023-02-20 16:42:19','2024-02-20 16:42:19'),('5531964e25b185ac0f745612274da0e11b2dc11569ecb4e21f3538d1d1e1887aaa61e7ca8aeb33db',146,1,'Laravel Password Grant Client','[]',0,'2022-10-17 16:19:13','2022-10-17 16:19:13','2023-10-17 16:19:13'),('55e05040b23a6fe8bcb4f70db9934e8c2b1b7354c3057955d82207ef375c20edb111045749288ea8',67,1,'Laravel Password Grant Client','[]',0,'2022-04-07 13:06:45','2022-04-07 13:06:45','2023-04-07 13:06:45'),('55f5ac1292ef16436df0226faedfe987751c76c2d9ce0a591e3e727c9ff1e4c8959526bed3d5f74e',185,1,'Laravel Password Grant Client','[]',0,'2023-01-30 14:13:50','2023-01-30 14:13:50','2024-01-30 14:13:50'),('562a0509292870441daaab3150ee66fee33bb165a112166e9f2be5e7d11354002e1e7557a7c4f265',201,1,'Laravel Password Grant Client','[]',0,'2023-03-28 10:55:07','2023-03-28 10:55:07','2024-03-28 10:55:07'),('5630c5401923edeb960f617ff5b72354e313a3f90391e5688c2612d04939f61f464145f0c1b03833',181,1,'Laravel Password Grant Client','[]',0,'2023-02-14 11:22:22','2023-02-14 11:22:22','2024-02-14 11:22:22'),('56a9b7fa4672e5ae0cfec46dad1f167f91d35947233833b4315a775865f58be8c662942e8e66b4ee',174,1,'Laravel Password Grant Client','[]',0,'2023-01-11 14:21:53','2023-01-11 14:21:53','2024-01-11 14:21:53'),('56d4ad8b699052401bcc42e73a5a42ce862ac0042f1adb9c55d8fcd0de5a6fe6fc6c2e19a9677add',203,1,'Laravel Password Grant Client','[]',0,'2023-03-24 11:35:11','2023-03-24 11:35:11','2024-03-24 11:35:11'),('571f54a42e5a8acecac32c37736f61391118d0499586b3e4648e0c7e1e4d4a0b6d1f88f835d04976',65,1,'Laravel Password Grant Client','[]',0,'2022-04-07 10:13:38','2022-04-07 10:13:38','2023-04-07 10:13:38'),('57cbf8b05aa44043cd3d009193d9e592c97fec475989609863a483a1b2b44f61352ecbe9741569ea',181,1,'Laravel Password Grant Client','[]',0,'2023-01-17 11:25:33','2023-01-17 11:25:33','2024-01-17 11:25:33'),('57dc60d7337c5ac7aea84f718b9f87859f16b8508eda7ebb7ed5f23e0fe5133fb9275a03a3f71e07',172,1,'Laravel Password Grant Client','[]',0,'2023-01-10 14:29:28','2023-01-10 14:29:28','2024-01-10 14:29:28'),('5826d0d8f03f7bc2f9d7f13e43976085a1b7ca530c3b8a3e60fc13c754f6da34fa684e1e6cb7945e',120,1,'Laravel Password Grant Client','[]',0,'2022-08-16 08:17:48','2022-08-16 08:17:48','2023-08-16 08:17:48'),('58757e15f674a9f7a5ad5b630245d5c2677e733ddc29d9612b26e0dae5e4b63f72d49cebcc2ccc32',187,1,'Laravel Password Grant Client','[]',0,'2023-02-02 17:56:40','2023-02-02 17:56:40','2024-02-02 17:56:40'),('5891d3be377c71ff234c648a8a1eb6bc56919a3538971f46006bc52e21f7943898ceea503953df37',135,1,'Laravel Password Grant Client','[]',0,'2022-06-23 13:15:29','2022-06-23 13:15:29','2023-06-23 13:15:29'),('58bc05662447e6791051c019f459d5712a87a9d2bf6919434d32c8e030c63d7069da7b3b266971b8',181,1,'Laravel Password Grant Client','[]',0,'2023-01-30 10:22:13','2023-01-30 10:22:13','2024-01-30 10:22:13'),('59b8a1ebbd3b84d3aa9689a44f91cf7f0dc8404ca912a3879f73ad91080a99542361e7bc54a9007a',181,1,'Laravel Password Grant Client','[]',0,'2023-01-19 10:08:44','2023-01-19 10:08:44','2024-01-19 10:08:44'),('59c0a7fc43c31705c54bc29c2a931a258d6af68326da2aebd8494d1f838d5abe94d1744e192c8ab0',169,1,'Laravel Password Grant Client','[]',0,'2022-12-13 13:55:31','2022-12-13 13:55:31','2023-12-13 13:55:31'),('59fa56c5f821756be3e6e4ca18d8bc4242dc29b7ba4c6534c6e1dbe156a0e9028ce73c15e58ac806',44,1,'Laravel Password Grant Client','[]',0,'2022-03-27 22:41:03','2022-03-27 22:41:03','2023-03-27 22:41:03'),('5a5e9ae69ae26dfef8d6807171359473cd10aaf1a9b350294f1e76596d0734ced758a6c72e702cc6',120,1,'Laravel Password Grant Client','[]',0,'2023-05-29 14:27:16','2023-05-29 14:27:16','2024-05-29 14:27:16'),('5adbcfc9ba18f93535910d2a0e5c4f09dfc903864231d34ac0c0f8c72181d054a12354445e061b6c',181,1,'Laravel Password Grant Client','[]',0,'2023-03-14 14:22:42','2023-03-14 14:22:42','2024-03-14 14:22:42'),('5bea1f834c6dca65250f5e91da74d3420ea06ee4a6855a8fd4830e236d99a601c04d371241c1cfa0',141,1,'Laravel Password Grant Client','[]',0,'2022-10-17 16:17:12','2022-10-17 16:17:12','2023-10-17 16:17:12'),('5c02f8c4f060b27cac001820dfb2e19c8c2326c42771c3d6840262614a9db99a03853fda6e55a419',181,1,'Laravel Password Grant Client','[]',0,'2023-01-19 16:53:28','2023-01-19 16:53:28','2024-01-19 16:53:28'),('5ce294aabc4f7526a0957265a9a32734a06b90a01a4742890f4cd3a154b4be9377d0d878f1ca62c8',181,1,'Laravel Password Grant Client','[]',0,'2023-01-23 13:57:29','2023-01-23 13:57:29','2024-01-23 13:57:29'),('5d2b26bc1bc751b4208c7fa55cd500054acbae7df7c0cec154cb88533fb714ccff82c1425edb3471',182,1,'Laravel Password Grant Client','[]',0,'2023-01-17 19:44:39','2023-01-17 19:44:39','2024-01-17 19:44:39'),('5ddd2e8909812af619bcdae61e86c0262646d940c13f367247032442567b5be23722108fcd108e7c',120,1,'Laravel Password Grant Client','[]',0,'2023-03-02 08:10:05','2023-03-02 08:10:05','2024-03-02 08:10:05'),('5e5c45bcc40a0ee38c8ad8841cf81b7064be05e6a5bcf3b2143f2dfce09a7de4613aea30995d5e9f',120,1,'Laravel Password Grant Client','[]',0,'2022-06-14 10:09:11','2022-06-14 10:09:11','2023-06-14 10:09:11'),('604193ab5aa95551423161c969c41e907bb22eeac8cec721d7f66f3e559b730a301264f95952a0bd',196,1,'Laravel Password Grant Client','[]',0,'2023-03-02 09:32:34','2023-03-02 09:32:34','2024-03-02 09:32:34'),('6071e1cba8d183aaa52b05735a0c562b4323d6e292868a10aa7e1bcba909c0a06991efa31771798c',181,1,'Laravel Password Grant Client','[]',0,'2023-03-24 11:13:38','2023-03-24 11:13:38','2024-03-24 11:13:38'),('60a7be0aaa1ce1b8bb3fd8bffdac06225269e6bb3bef6d5b489059aa90b03fd5b432f64aae71e19d',169,1,'Laravel Password Grant Client','[]',0,'2023-01-06 12:43:49','2023-01-06 12:43:49','2024-01-06 12:43:49'),('617bb4eac0ba5bf751becdc39a4da6ca6c4e2116687f5444bb21e26178a0fb4998ece81ee683b3da',181,1,'Laravel Password Grant Client','[]',0,'2023-03-27 09:28:59','2023-03-27 09:28:59','2024-03-27 09:28:59'),('61ad1775916f94fa6d40c3ae6a4ad78c35b93b2d975504d030736eb25a652fcdf2b6882dcc20947e',194,1,'Laravel Password Grant Client','[]',0,'2023-03-01 16:27:35','2023-03-01 16:27:35','2024-03-01 16:27:35'),('629c1a6317d57c6e351430c649533d430ac5bdeb154c38d2ca045fa0240422f604a6a79a192ab584',171,1,'Laravel Password Grant Client','[]',0,'2023-01-10 10:15:47','2023-01-10 10:15:47','2024-01-10 10:15:47'),('63d48be481e793cfa271ea3a1619a03021d36c759aef41677dd37e5fd3a3c51955c2592c487a0333',5,1,'Laravel Password Grant Client','[]',0,'2022-03-25 16:59:43','2022-03-25 16:59:43','2023-03-25 16:59:43'),('649182523b83f7a7d8317863a0505ed97f8a115bd9ed10359a39d0aca8f47df81157f031858bedf5',181,1,'Laravel Password Grant Client','[]',0,'2023-01-23 14:01:29','2023-01-23 14:01:29','2024-01-23 14:01:29'),('64a0c959a05473b21f21492875d66df8c002c5803b82f82807840f76c47ef3595d75b6005c130936',181,1,'Laravel Password Grant Client','[]',0,'2023-03-07 09:34:28','2023-03-07 09:34:28','2024-03-07 09:34:28'),('6528735025906637fd9630906992a1f59424f965fe47cdf2dc94705fd1b9eadd37f02452b3442481',5,1,'Laravel Password Grant Client','[]',0,'2022-03-15 17:14:46','2022-03-15 17:14:46','2023-03-15 17:14:46'),('65bbefaa79eff76a165f31d63d97fd2416caf7211cde3ec291acd322c0127a19e1cfc4e94c114bee',46,1,'Laravel Password Grant Client','[]',0,'2022-03-29 13:02:24','2022-03-29 13:02:24','2023-03-29 13:02:24'),('663fbb88d0777853114ad3fe5640fd44a7f85b87f8443ff06be2aaef06bff5037a84851f20d85f89',181,1,'Laravel Password Grant Client','[]',0,'2023-02-14 13:42:16','2023-02-14 13:42:16','2024-02-14 13:42:16'),('66cc7859c5f4edcdf9d71bb0728631e13bdeceb6b5277d74ab17cb7e826dd56a9b8547654447e373',90,1,'Laravel Password Grant Client','[]',0,'2022-04-12 09:31:12','2022-04-12 09:31:12','2023-04-12 13:31:12'),('6888c74b7288cd6f08cd5b59c184accba021f9c126aca3d5e8d5705d4ef70e355ed852c7388894a6',120,1,'Laravel Password Grant Client','[]',0,'2022-10-17 13:14:31','2022-10-17 13:14:31','2023-10-17 13:14:31'),('691610397d3bcd78bf84b6bb11fdf9450fdf39dc5b03fbd1321e30dadd675ad2b55c8e6861b8b93a',197,1,'Laravel Password Grant Client','[]',0,'2023-03-09 16:27:56','2023-03-09 16:27:56','2024-03-09 16:27:56'),('6a1caf8e05631d797a679b9674677003ad7e7c964cbd0f4538f140602c50d0e91764d170a2ff6801',13,1,'Laravel Password Grant Client','[]',0,'2022-03-03 11:51:19','2022-03-03 11:51:19','2023-03-03 11:51:19'),('6c5e61cfeb3046c95d51a4c57da2b6003da12735ef98729c8f127fdd4f3f5fc6d82c031e3fcdd55f',181,1,'Laravel Password Grant Client','[]',0,'2023-01-23 14:09:51','2023-01-23 14:09:51','2024-01-23 14:09:51'),('6cbfadc87eb977ba9552b30f949502b9369915cf86deebcbd263ed2f3028a6a0051977b9179c3f23',168,1,'Laravel Password Grant Client','[]',0,'2022-12-23 11:08:47','2022-12-23 11:08:47','2023-12-23 11:08:47'),('6d0483b0e1cc7f7d8c265315dad11eb781ddc917aa130614b549b9c9e31f1685622602132b589582',200,1,'Laravel Password Grant Client','[]',0,'2023-03-21 16:24:18','2023-03-21 16:24:18','2024-03-21 16:24:18'),('6e6b01954cae87f5b999949b52cfe8a9fea35cfb170ab66129e56d582b0365f22195dc3354e28456',120,1,'Laravel Password Grant Client','[]',0,'2022-06-21 08:52:22','2022-06-21 08:52:22','2023-06-21 08:52:22'),('6e9bd4c0ba048f7ba6ac1d9dc29ce21bede2a6987008a7379b3a98d08bf149e8a1301a7efc3b9ea6',173,1,'Laravel Password Grant Client','[]',0,'2023-01-10 16:10:24','2023-01-10 16:10:24','2024-01-10 16:10:24'),('6ec57738527ecce6e5c25e84eb67d504ea08d96bc17a91f817868efbb3d23a3221c650b47b7ad1ca',86,1,'Laravel Password Grant Client','[]',0,'2022-04-11 13:29:51','2022-04-11 13:29:51','2023-04-11 17:29:51'),('6f6a40c06512a80bca3afd45d5b706b2f4eb699985cb1b46427b04d2c7902637f24ba3e80c68c15b',5,1,'Laravel Password Grant Client','[]',0,'2022-03-24 08:51:39','2022-03-24 08:51:39','2023-03-24 08:51:39'),('700bec12ee45ee3d4bd0db13d14da08938e6be914e03252cab0aad8a2f58400548adf0f5aaf83524',181,1,'Laravel Password Grant Client','[]',0,'2023-02-22 12:40:04','2023-02-22 12:40:04','2024-02-22 12:40:04'),('7014ace388959f461397d1cc83c052f239b82f6ee3224ae29407745e83a43833b9703ec1034630e9',169,1,'Laravel Password Grant Client','[]',0,'2022-12-20 12:29:10','2022-12-20 12:29:10','2023-12-20 12:29:10'),('7095d12aebe048dfb1c7e9063d1f153412752c130df26d314a399056913e5adbfebdf346d9649004',204,1,'Laravel Password Grant Client','[]',0,'2023-03-24 09:23:47','2023-03-24 09:23:47','2024-03-24 09:23:47'),('70c26858467705438bebad455b8cfd70edafa5f873972547dc6573402e17e0b2a3459b404c2b9d91',195,1,'Laravel Password Grant Client','[]',0,'2023-03-01 22:37:38','2023-03-01 22:37:38','2024-03-01 22:37:38'),('71132678a6072f0238354dcf2852edce39b4c3dad9b4712909bb8d9b75f45aa06df0e6ec5d4fbd43',5,1,'Laravel Password Grant Client','[]',0,'2022-03-25 09:19:56','2022-03-25 09:19:56','2023-03-25 09:19:56'),('7183b21072dbd7e1686ddec039ffa3119181a4aac698a5055047e33a6c9d774a567722dfe523327a',120,1,'Laravel Password Grant Client','[]',0,'2022-07-16 11:24:45','2022-07-16 11:24:45','2023-07-16 11:24:45'),('71ed6d0c9b9ec59a4cbbd3bb773a4ae0efbe81068975daf7e1d233309e65ec456b693c2b87e25cf8',120,1,'Laravel Password Grant Client','[]',0,'2022-07-19 10:08:28','2022-07-19 10:08:28','2023-07-19 10:08:28'),('7215f17e9e9c5bc1181a4c011a9c7611fd43950ccb4c6b02f6060971a0a9a116738a3a34816cc590',169,1,'Laravel Password Grant Client','[]',0,'2022-12-23 09:03:53','2022-12-23 09:03:53','2023-12-23 09:03:53'),('72df40194a95c504275c3f90e20ccf32148869e67c30e47bdd13508e694ddf36842490f3b615688e',169,1,'Laravel Password Grant Client','[]',0,'2022-12-19 15:21:12','2022-12-19 15:21:12','2023-12-19 15:21:12'),('734da196f98a6d736298862533590d91a2d4936e52f9c20171081ab5cc5a8dd49c8aa26389fac886',181,1,'Laravel Password Grant Client','[]',0,'2023-03-18 20:28:01','2023-03-18 20:28:01','2024-03-18 20:28:01'),('73e5cded0dd6f125776a47930ccc9111877fcd48f7ef9a181c335403de0225a2e8a215dbd2218860',181,1,'Laravel Password Grant Client','[]',0,'2023-02-21 16:31:40','2023-02-21 16:31:40','2024-02-21 16:31:40'),('741f330d280fe391cfd784076aaef5badbd13bd80475b9a7070994765c6174163cf7a10b80235aee',181,1,'Laravel Password Grant Client','[]',0,'2023-02-08 14:19:07','2023-02-08 14:19:07','2024-02-08 14:19:07'),('7472850585c82888b1ae6b88abdf19f954d1d0dd45df5206542f91ccd3f4dce4b98abd18af63f616',115,1,'Laravel Password Grant Client','[]',0,'2022-04-21 07:18:46','2022-04-21 07:18:46','2023-04-21 11:18:46'),('74daf8fc3b1eda4b566c7bf2fac4f57dfc603ca0c7b4ec35e9c60ed5bd50d5cd12f3ca68d634cdc5',180,1,'Laravel Password Grant Client','[]',0,'2023-01-19 13:43:51','2023-01-19 13:43:51','2024-01-19 13:43:51'),('7576271b8fb69744fcd1766485ccb8bfd540727368711bc31cecdeeda0434de33460d4e8c6beeef0',143,1,'Laravel Password Grant Client','[]',0,'2022-10-17 13:10:21','2022-10-17 13:10:21','2023-10-17 13:10:21'),('7593eddffbc91139295c3167c9716b05febc0ce1854c6b0dc29ef3c22dc4eef3e8f92d237506d831',181,1,'Laravel Password Grant Client','[]',0,'2023-03-17 16:44:46','2023-03-17 16:44:46','2024-03-17 16:44:46'),('75aea86da96be9ff7805f600a90275dc4377bac8f939989b69442b1a9ac624dc913ad9affc3f536d',5,1,'Laravel Password Grant Client','[]',0,'2022-04-06 09:33:00','2022-04-06 09:33:00','2023-04-06 09:33:00'),('75dddeeee9f9686c0598916cf305a17be3d2ff8c2375b7cb8f9ed081bdf5fd4afbdc2ccc5b54d2ba',138,1,'Laravel Password Grant Client','[]',0,'2022-10-03 10:08:05','2022-10-03 10:08:05','2023-10-03 10:08:05'),('7613d561bf32db8e8b89bd01839204356883cd4d50145311d9fffa3352855d9aef155a391633594c',181,1,'Laravel Password Grant Client','[]',0,'2023-02-13 12:57:54','2023-02-13 12:57:54','2024-02-13 12:57:54'),('764f5607175410eae8fe411d1fd6ab66396888c4df3b8d45a4f0e04ef6265897d56bbf26bd92b9ea',24,1,'Laravel Password Grant Client','[]',0,'2022-03-03 11:16:54','2022-03-03 11:16:54','2023-03-03 11:16:54'),('7654590b79574b32b547df392bd4dac978f8c8f7b980f5f848ae5fc8f1950b0daaf36593e6333fc9',181,1,'Laravel Password Grant Client','[]',0,'2023-03-01 14:19:33','2023-03-01 14:19:33','2024-03-01 14:19:33'),('765594bdc51c69450433f42f0be89559ee9d9a603bfc88f30060157e982cd15711c0d832ed95b082',191,1,'Laravel Password Grant Client','[]',0,'2023-03-01 22:31:41','2023-03-01 22:31:41','2024-03-01 22:31:41'),('76880dc86050e91c78601aa3137c611abd78bb2df1ea4b5b9ac38146826227a3f2d59a7a497fed00',33,1,'Laravel Password Grant Client','[]',0,'2022-03-04 13:37:21','2022-03-04 13:37:21','2023-03-04 13:37:21'),('769fcfad9acfa3574a4e039ba05bcb64cae4250441c425fa534e9ea6bdc77c42f7e2d2b30f40ce57',169,1,'Laravel Password Grant Client','[]',0,'2023-01-16 13:14:25','2023-01-16 13:14:25','2024-01-16 13:14:25'),('76a78e63c90b6b31b94bc36802b431e4db5b744c686b5fe3fdaa5f95f8fefd2f8abd1a4523590c9a',5,1,'Laravel Password Grant Client','[]',0,'2022-04-07 12:58:21','2022-04-07 12:58:21','2023-04-07 12:58:21'),('76b1ece1fa01ebe48374fcc31341bb26a5aee57b6c1034aa18d7d38abe0dc78a376c68f42beb701a',191,1,'Laravel Password Grant Client','[]',0,'2023-03-02 08:42:27','2023-03-02 08:42:27','2024-03-02 08:42:27'),('7716876d786dc6d5594ef979bafe2253b7e6e8bcf9c5ee0888ba17e1c9651886aecee3760ac7f07c',192,1,'Laravel Password Grant Client','[]',0,'2023-03-01 15:22:15','2023-03-01 15:22:15','2024-03-01 15:22:15'),('78149aae01ae3b4587aa39fd69a90f3c0b69e7c70aceafdfd809685d15612a6f3753ed279164835c',171,1,'Laravel Password Grant Client','[]',0,'2023-01-10 14:09:36','2023-01-10 14:09:36','2024-01-10 14:09:36'),('78394fc4944e96140c667b2434b5885f9f916af145aa866e70eef3c4e7e716ee1aaacaa6fcb26a92',181,1,'Laravel Password Grant Client','[]',0,'2023-03-06 20:02:56','2023-03-06 20:02:56','2024-03-06 20:02:56'),('785d0f04bcffa905ddff2e2ca37e743762c914e1a04646d018d05f76b991293659f0e951b59588ab',7,1,'Laravel Password Grant Client','[]',0,'2022-03-02 12:05:28','2022-03-02 12:05:28','2023-03-02 12:05:28'),('78753f676998abe7fd84b26ae335b5ae406eb4611f6bd6d8df4fb348196f256ae863016646b56e63',171,1,'Laravel Password Grant Client','[]',0,'2023-01-10 10:11:23','2023-01-10 10:11:23','2024-01-10 10:11:23'),('79b40e1b0a714843e385c44a12f152702709142807c2d42dcdbdeaf76c5840f32716300f98a3db4d',181,1,'Laravel Password Grant Client','[]',0,'2023-03-17 17:42:30','2023-03-17 17:42:30','2024-03-17 17:42:30'),('79e12a024f520e51a76ee0903a28548da9088f78a5e3c29994b510b4a563eeed1eb99e9868628497',120,1,'Laravel Password Grant Client','[]',0,'2022-07-08 12:13:38','2022-07-08 12:13:38','2023-07-08 12:13:38'),('7a00a97ce5ba261a62c60822750c389850ddc532ab00acbda29b102ddbba71afc0ee4df58a8c6ab0',187,1,'Laravel Password Grant Client','[]',0,'2023-02-02 13:55:31','2023-02-02 13:55:31','2024-02-02 13:55:31'),('7af6100e977ecd7158b692542105fab6d40e805c5cfda755e05413cb4751e6afdb392538f0de9b56',149,1,'Laravel Password Grant Client','[]',0,'2022-10-17 17:12:34','2022-10-17 17:12:34','2023-10-17 17:12:34'),('7b24e8593ae86cefe8f270bb6136e57ed69efc333b8045f0eead7f772c59443d818b2966f9a18ea8',179,1,'Laravel Password Grant Client','[]',0,'2023-01-13 08:46:47','2023-01-13 08:46:47','2024-01-13 08:46:47'),('7bb4371c38e08a31801573da150e2f3ba54b521d1081619a663a2686548406d0a3c321b27f46d875',120,1,'Laravel Password Grant Client','[]',0,'2022-06-30 13:57:13','2022-06-30 13:57:13','2023-06-30 13:57:13'),('7bf7836db90431601e5356e100985a2712af8b8b912d46babcc2c4f6c87173eb3dc6bf34d76a69f1',120,1,'Laravel Password Grant Client','[]',0,'2022-06-23 10:35:36','2022-06-23 10:35:36','2023-06-23 10:35:36'),('7bfbdef53b54b60f668682ce45516873c48325cf5f796360696cd023efb81d67024a06b802cebba3',120,1,'Laravel Password Grant Client','[]',0,'2022-06-30 14:14:02','2022-06-30 14:14:02','2023-06-30 14:14:02'),('7c2b505cf98f00c712cd762d6aa2b7b5ed608c2b41ab448da86bbe5e7fcc27bbd61843cb4d4e66a4',181,1,'Laravel Password Grant Client','[]',0,'2023-03-06 16:13:16','2023-03-06 16:13:16','2024-03-06 16:13:16'),('7c7b5a163a82d604b6ab34b191ffb6610d6c7aa400eec354833621c92a9838a1b1a14faa145439a1',181,1,'Laravel Password Grant Client','[]',0,'2023-03-17 18:43:12','2023-03-17 18:43:12','2024-03-17 18:43:12'),('7c82d197e4bec545c5481bd3513a2f10733dc19d98fd199c472825051218212324c2ead7232f60db',194,1,'Laravel Password Grant Client','[]',0,'2023-03-18 14:15:15','2023-03-18 14:15:15','2024-03-18 14:15:15'),('7c9c496862d1d06f6a82b2000b34c375c74b085f1d09d993602476fdcf333a506f70b470bea28a0a',41,1,'Laravel Password Grant Client','[]',0,'2022-03-24 10:57:28','2022-03-24 10:57:28','2023-03-24 10:57:28'),('7e7ce98ec992424fc2eeb5704d2cd45891921443057842e9ff2e7063d06213e3492e071c91c35fd3',169,1,'Laravel Password Grant Client','[]',0,'2022-12-23 11:10:23','2022-12-23 11:10:23','2023-12-23 11:10:23'),('7eceb6e49bd62e8c54b283b4b48e84f83ad6a78bbdb8a85776c5e4ca396bdaae172c777ac8638f4a',86,1,'Laravel Password Grant Client','[]',0,'2022-04-14 05:40:37','2022-04-14 05:40:37','2023-04-14 09:40:37'),('7ef8905a2b444071cf8b9df6a10bc512108b1502847cd8261df9f4a3006b1da957536b01cb9c57b6',181,1,'Laravel Password Grant Client','[]',0,'2023-01-19 09:24:46','2023-01-19 09:24:46','2024-01-19 09:24:46'),('7fad8366f4b4cccd46579d551eb52cea2770d3c90ee3e4c47efcfad11afd1437d66eb2cc2de679df',181,1,'Laravel Password Grant Client','[]',0,'2023-02-02 13:15:56','2023-02-02 13:15:56','2024-02-02 13:15:56'),('7fb366b15538162bb5c9e684fc1fae285a53537ea0a464d0fdae1aa7a6fb621710aff0d5ee1522f9',46,1,'Laravel Password Grant Client','[]',0,'2022-03-29 15:56:51','2022-03-29 15:56:51','2023-03-29 15:56:51'),('80d1bf575aadd36aedbd17b29b246fe52ff53f31a7cf6d81d216087660475ed24468beba07739ca5',191,1,'Laravel Password Grant Client','[]',0,'2023-03-01 15:36:24','2023-03-01 15:36:24','2024-03-01 15:36:24'),('80da9d9a4c7c8b4a08d48db39ea88a2e012b2f94144d51c8e9f26099992bb5daf2355aff01fa1d2b',120,1,'Laravel Password Grant Client','[]',0,'2023-03-24 08:43:23','2023-03-24 08:43:23','2024-03-24 08:43:23'),('8129491ba3fe68de4b64d812f7592be4fee93a3dc6d2fa40d572f7bb4a5549c9f7edeea7b472da89',180,1,'Laravel Password Grant Client','[]',0,'2023-01-20 09:31:16','2023-01-20 09:31:16','2024-01-20 09:31:16'),('8188ffe3926b2f292317cc27a47ade56dfae09b4699a0add5310279a22e777fef4d9d2bdcb905034',206,1,'Laravel Password Grant Client','[]',0,'2023-03-24 11:06:00','2023-03-24 11:06:00','2024-03-24 11:06:00'),('829a904c2d21a5196cec438d8d3c39f22e37b5d83e9e1a37c437b49ea0bf754075bba7d39e6e6ba9',37,1,'Laravel Password Grant Client','[]',0,'2022-03-21 16:08:12','2022-03-21 16:08:12','2023-03-21 16:08:12'),('82ba1d6bcd2c3c9be100c0f5edf6b95de36f09d23e32cc8ec0f2b1a918929fa7aedba1906a68ed7a',139,1,'Laravel Password Grant Client','[]',0,'2022-10-13 10:14:41','2022-10-13 10:14:41','2023-10-13 10:14:41'),('830fe6ab685f358d9e28b6b759f6207c1563a91d1abcd9ef2a503ce04aefa3b63e98ecb406b77b15',61,1,'Laravel Password Grant Client','[]',0,'2022-04-11 10:42:44','2022-04-11 10:42:44','2023-04-11 14:42:44'),('8349dbd7879d0577f55ed3f73f511a7ad86a8b00c41b5da44475f00125b97440d906787b9ab2a109',181,1,'Laravel Password Grant Client','[]',0,'2023-03-13 12:52:55','2023-03-13 12:52:55','2024-03-13 12:52:55'),('83a53b60afd272f50c1d5293441407ef60195f30edde6f8a23fdd339461d292ef01be8f08babb4d7',6,1,'Laravel Password Grant Client','[]',0,'2022-02-28 17:16:47','2022-02-28 17:16:47','2023-02-28 17:16:47'),('85407821ab0bfdb0150dc669bb24e156189e201f83ab30fe0497ccd87d80755391629c70e84d6278',5,1,'Laravel Password Grant Client','[]',0,'2022-03-24 15:32:40','2022-03-24 15:32:40','2023-03-24 15:32:40'),('8592133cfee4d94cff54e46a9d6f03895630431b1c1c575f809f9d06d0f5bc68c8e6d0cc2b20da85',29,1,'Laravel Password Grant Client','[]',0,'2022-03-03 13:43:27','2022-03-03 13:43:27','2023-03-03 13:43:27'),('85c70ecc554d966d665697a08146aabb310be7fe586680a32a28b93891fe17fc8330b3b9bfc96da8',181,1,'Laravel Password Grant Client','[]',0,'2023-02-20 13:36:10','2023-02-20 13:36:10','2024-02-20 13:36:10'),('86159565252407fcf0e5cafa65e0702d9e8c67b7a3505058a26d71fb72aed33d70b8f81046d7f978',181,1,'Laravel Password Grant Client','[]',0,'2023-03-17 12:50:37','2023-03-17 12:50:37','2024-03-17 12:50:37'),('86b1bc78d8dd0bbc1b92667ea2e1e9d6a3b18b2a3635b46ecc55a7fefd2b3466127a3d3b42316b9b',120,1,'Laravel Password Grant Client','[]',0,'2022-07-13 09:32:55','2022-07-13 09:32:55','2023-07-13 09:32:55'),('87797b767b89a3a820b2d96d85b5bfd628fa2f476dc87c5153c4074d559456469bed4fcf8b48c470',5,1,'Laravel Password Grant Client','[]',0,'2022-03-17 09:46:24','2022-03-17 09:46:24','2023-03-17 09:46:24'),('87c795be1e154567ebeac27741419fa39bab1c7c6b7bb8d8653731b9da4cc2f2182474e08671029c',170,1,'Laravel Password Grant Client','[]',0,'2023-01-06 09:56:13','2023-01-06 09:56:13','2024-01-06 09:56:13'),('8828302c4ca32c404212ddf6b18b3911d738ef5ad951aed10961e3302722b2a561d62e7051678657',159,1,'Laravel Password Grant Client','[]',0,'2022-10-19 15:36:51','2022-10-19 15:36:51','2023-10-19 15:36:51'),('882a9990fc350c0327d058a3f7c9b3705615b826df5fbab479e881e4c517529e358dcbccdd732665',181,1,'Laravel Password Grant Client','[]',0,'2023-02-08 17:08:33','2023-02-08 17:08:33','2024-02-08 17:08:33'),('8839c3ec3c16a06f1645fc0ba7561561ea42175da6e90c3a4617c8f5f5b765d980b6ee320368c9fc',182,1,'Laravel Password Grant Client','[]',0,'2023-02-02 14:29:11','2023-02-02 14:29:11','2024-02-02 14:29:11'),('8a2dc5c9754884c048d257d9d89dcb415ac559d04482547e908beebda095c49f980edbdce13aa5f0',181,1,'Laravel Password Grant Client','[]',0,'2023-01-30 11:40:04','2023-01-30 11:40:04','2024-01-30 11:40:04'),('8aad682611d9f319273eb03f9540af2e449277406378434fba127e5956e756603977a95d0ee47df4',202,1,'Laravel Password Grant Client','[]',0,'2023-03-22 10:18:56','2023-03-22 10:18:56','2024-03-22 10:18:56'),('8ae87dbc71aab19898a1359e8b96740f1feb8c6ae49efcd549e4575a64c331e90cc72f83be516da0',169,1,'Laravel Password Grant Client','[]',0,'2023-01-13 10:24:39','2023-01-13 10:24:39','2024-01-13 10:24:39'),('8caa011d061ae46711780591fd6813c19c2a8180b66725a88b4faffcc71a9eeed1e3bb641ad9003e',167,1,'Laravel Password Grant Client','[]',0,'2022-11-03 16:05:08','2022-11-03 16:05:08','2023-11-03 16:05:08'),('8d6e61f367ad74a154f8285c6a462ac4f912a57d29cfd5eb9a8bf0a3d6455eae0069e9afdb9ae816',169,1,'Laravel Password Grant Client','[]',0,'2022-12-19 13:44:19','2022-12-19 13:44:19','2023-12-19 13:44:19'),('8eb87c43ba3bd0f257219382aad198378469b084e1e7dba0e25fab56c305b865bbddae7bb6d2d0f5',120,1,'Laravel Password Grant Client','[]',0,'2022-12-23 11:10:10','2022-12-23 11:10:10','2023-12-23 11:10:10'),('90047efcb431dc6121069824a1081a1bbe2573d82c16df359d5cb418661eed7ff611ed4286a9caa7',120,1,'Laravel Password Grant Client','[]',0,'2022-07-16 11:00:13','2022-07-16 11:00:13','2023-07-16 11:00:13'),('900abb968d4efc61586da6de7c7f19d980e8639dd96dd2d79ea8cdfbf702f166e85989e6e669e3ec',156,1,'Laravel Password Grant Client','[]',0,'2022-10-18 10:12:49','2022-10-18 10:12:49','2023-10-18 10:12:49'),('901273c46f3953df546a786e5491e2e406f0b65bd9ee7eb758cfd1bb78a7904cb42335b9d76926de',143,1,'Laravel Password Grant Client','[]',0,'2022-10-17 13:09:37','2022-10-17 13:09:37','2023-10-17 13:09:37'),('903c71322eeec7c7b9fb2d495e7a5cdfafd47721423963cd58403f9a47b4045c320e143c4e14fab9',181,1,'Laravel Password Grant Client','[]',0,'2023-03-15 18:07:41','2023-03-15 18:07:41','2024-03-15 18:07:41'),('90c3e081c299799cdb5cc41f2a6c937e44a98c690dcc0b6e9653d014ed59c07722571a0cb782ae94',120,1,'Laravel Password Grant Client','[]',0,'2022-10-06 12:05:11','2022-10-06 12:05:11','2023-10-06 12:05:11'),('90c4a5321bbebeadf27609ccda5682c949e506ca7383f9e2f227945a7f61a62d1dc087fdcea34dcf',181,1,'Laravel Password Grant Client','[]',0,'2023-02-22 12:45:03','2023-02-22 12:45:03','2024-02-22 12:45:03'),('90d0103bd6e1405aa6a8765ecd1cff929c141d673869f1317a7ebf787aeaa6adede8ed6a4174545f',120,1,'Laravel Password Grant Client','[]',0,'2022-07-19 10:13:00','2022-07-19 10:13:00','2023-07-19 10:13:00'),('90e04748cebddae362eb056b7cbfb4ae81dc3a7eb7ab53a45af6bdbb85c00abecf286916df3cafc1',163,1,'Laravel Password Grant Client','[]',0,'2022-10-19 15:53:12','2022-10-19 15:53:12','2023-10-19 15:53:12'),('91152f50d17bef1f60710752fc9f962f606820cb2b7d9e8718d2d0d5733c3abdb22a90a56503c65b',120,1,'Laravel Password Grant Client','[]',0,'2022-07-05 08:28:23','2022-07-05 08:28:23','2023-07-05 08:28:23'),('918fe04035004f23c9f54f0f038c0eafe1cc9f16441f5e4f433e9d32d80e4de927294e45e5be9b1d',195,1,'Laravel Password Grant Client','[]',0,'2023-03-18 13:45:48','2023-03-18 13:45:48','2024-03-18 13:45:48'),('91ed0a39770bc554e3539a7c918cb9858f19132cf77cc6cf789774a7ea21455ae8cb645c5e8bc1ba',17,1,'Laravel Password Grant Client','[]',0,'2022-03-03 12:11:12','2022-03-03 12:11:12','2023-03-03 12:11:12'),('9244e2ac7236919c82e559f7f7d7052a19aaa95913fcb4710c77d36ee8705f1b72f8ac01a675184a',35,1,'Laravel Password Grant Client','[]',0,'2022-03-17 14:55:42','2022-03-17 14:55:42','2023-03-17 14:55:42'),('92c0238053af9f1dfb8d922eb882678cd0165359639c2eda2cd00fe064a70aa302b669715539f0cc',120,1,'Laravel Password Grant Client','[]',0,'2022-09-30 14:34:09','2022-09-30 14:34:09','2023-09-30 14:34:09'),('933162cf487bcdb8796aed926c69a46dd5be00fb91972065f43b00ec75b0dac4bcc00767d2294d59',158,1,'Laravel Password Grant Client','[]',0,'2022-10-19 15:29:00','2022-10-19 15:29:00','2023-10-19 15:29:00'),('93630c16ef1b7de3c6b75ea6ee2711884b94ede827f531e14595abca959f697ff4cbd8726915ea32',182,1,'Laravel Password Grant Client','[]',0,'2023-02-02 12:56:34','2023-02-02 12:56:34','2024-02-02 12:56:34'),('94242dcb0a086f5c2f4d7773a7301a13ef2cfd55ac49e23e94a21b8eb0877f7bfd6cf8223867f848',168,1,'Laravel Password Grant Client','[]',0,'2022-11-29 13:24:19','2022-11-29 13:24:19','2023-11-29 13:24:19'),('954dfb58a7386a6f2c22dd9a69957ac98464b1aa9fda72fecaa3405c7301c6775b413c42cbf02f54',54,1,'Laravel Password Grant Client','[]',0,'2022-04-04 10:13:04','2022-04-04 10:13:04','2023-04-04 10:13:04'),('96395a751a279a0fdf4bb889f03f18b2b48d2464528a3e3f36ddb3002127e5742d711f3f85c7fe06',195,1,'Laravel Password Grant Client','[]',0,'2023-03-02 11:30:19','2023-03-02 11:30:19','2024-03-02 11:30:19'),('9762928e9c67e64efb493b36da8ae52fd4ca7d94cc149818c7aeec5aece65c848c13272feef16f50',5,1,'Laravel Password Grant Client','[]',0,'2022-03-19 12:51:47','2022-03-19 12:51:47','2023-03-19 12:51:47'),('9871d65035b5c4d3e3bce22603430fc80978e5a11dbf3c5f1f2ef9257fa59a9bc3bdddc93924e666',193,1,'Laravel Password Grant Client','[]',0,'2023-03-01 15:05:53','2023-03-01 15:05:53','2024-03-01 15:05:53'),('98c090f30845189931c188e5b016f9fb919ad4b2b86743a9c8c1cb54dbd2e469ef1c7aa5ddfb5417',162,1,'Laravel Password Grant Client','[]',0,'2022-10-19 15:47:43','2022-10-19 15:47:43','2023-10-19 15:47:43'),('98ffbc97a27b6a787dbea91406be80f28a22d0e8ad4fdb28b3e802f8f8adf7630be13d7f4e1663cc',45,1,'Laravel Password Grant Client','[]',0,'2022-03-28 08:55:49','2022-03-28 08:55:49','2023-03-28 08:55:49'),('992f6137f9107d533a9c42d4bc2b01ae99a34f904367f58dc3bf2931e9fd3db51879373ccd366664',65,1,'Laravel Password Grant Client','[]',0,'2022-04-19 12:26:27','2022-04-19 12:26:27','2023-04-19 16:26:27'),('997b87b2eeace4cca3e0f860cc63389ef6928ac3b2d332927238b806dd5170c07df95d0f931e2f61',181,1,'Laravel Password Grant Client','[]',0,'2023-01-23 11:13:48','2023-01-23 11:13:48','2024-01-23 11:13:48'),('998a5b98bbf5567e54367af6b25d1644795fd5423afc6180ce983bd6cf81986acf8ffa93ab2d1416',181,1,'Laravel Password Grant Client','[]',0,'2023-02-20 09:13:52','2023-02-20 09:13:52','2024-02-20 09:13:52'),('9b0c9cb35ff33334191fffc285d17852ad80daaf5aa2a06d485f0a12c649e16dc1a82b5b6ed2934f',181,1,'Laravel Password Grant Client','[]',0,'2023-02-13 10:07:04','2023-02-13 10:07:04','2024-02-13 10:07:04'),('9b3384d3c715e8621e2c07c3964778ed1a1d35c6f994130b07adbd89d89f13ffbec199f3b6184b44',181,1,'Laravel Password Grant Client','[]',0,'2023-02-27 10:57:28','2023-02-27 10:57:28','2024-02-27 10:57:28'),('9b56819efea552c86500dd308c1822220dff1b0fe1344951d152b323c4051cec8ab94235cc2d99a9',181,1,'Laravel Password Grant Client','[]',0,'2023-01-18 11:14:19','2023-01-18 11:14:19','2024-01-18 11:14:19'),('9d4c968264a54fd42d3d8ed6ccd75944ca4e55df5db2f0684567d22ac9d2733a9c02a2bcd48e4820',172,1,'Laravel Password Grant Client','[]',0,'2023-01-10 14:18:41','2023-01-10 14:18:41','2024-01-10 14:18:41'),('9d5584bcc1de344f45872e3d000c399287e0da417d4a7b3bdf6acdaf7f6eee4fa8d163d0e976ef3a',181,1,'Laravel Password Grant Client','[]',0,'2023-02-13 10:27:21','2023-02-13 10:27:21','2024-02-13 10:27:21'),('9d7a39018a8464435bde3954e58e600e92e85eb93b6bf2677a0a6f0f7940314eb47fda93da7afd8e',164,1,'Laravel Password Grant Client','[]',0,'2022-10-19 15:57:09','2022-10-19 15:57:09','2023-10-19 15:57:09'),('9e95ebe55efba226551bf890f837e02a072545d026bc7a1e2b78f0d8b37bef6913f11809c805a254',180,1,'Laravel Password Grant Client','[]',0,'2023-02-01 09:46:44','2023-02-01 09:46:44','2024-02-01 09:46:44'),('9f5ce503b7acc322f4e45bfc3b64915f19d957cd13d169982421daf30792dbe0d2b8d88711e821c0',181,1,'Laravel Password Grant Client','[]',0,'2023-03-13 09:50:11','2023-03-13 09:50:11','2024-03-13 09:50:11'),('9f66b8b0ca92f4ab66b66f3c9f13fa22caf20cfdc73a0970adb317572aadfa50eb5fdc20a877c7bb',181,1,'Laravel Password Grant Client','[]',0,'2023-01-30 14:12:53','2023-01-30 14:12:53','2024-01-30 14:12:53'),('a0989e99b8cf77a4c812fdd43d96b5d802b1efaf10fd298ee5b9965082a629fc435012acd7a4e2ad',182,1,'Laravel Password Grant Client','[]',0,'2023-01-19 17:28:18','2023-01-19 17:28:18','2024-01-19 17:28:18'),('a15749d4e059ed5775f92f0844b5626fbca400956a5955cb56cb22a671804f000699b630b50c13df',33,1,'Laravel Password Grant Client','[]',0,'2022-03-17 15:49:48','2022-03-17 15:49:48','2023-03-17 15:49:48'),('a16e44ceeb5a09127e2340e0959b12241bc8f02500bd1521822863410ec774d20bb94f6a78fd78b4',190,1,'Laravel Password Grant Client','[]',0,'2023-02-16 16:51:53','2023-02-16 16:51:53','2024-02-16 16:51:53'),('a18a23cb9a7bb033f9d3dafb09417206aebeb6cec5a92f96eb4cdfd8c87062ae3642d136ae1511c6',168,1,'Laravel Password Grant Client','[]',0,'2022-12-13 09:32:41','2022-12-13 09:32:41','2023-12-13 09:32:41'),('a1b737481681b6a7afd89fab76f604f9871958c076b7f9db9fe990a1962b2edb165e66343c0a0acc',169,1,'Laravel Password Grant Client','[]',0,'2022-12-19 16:03:38','2022-12-19 16:03:38','2023-12-19 16:03:38'),('a2033fc86ba73bf2667e247acdcf82a79a759ebed1f0c3ee57dda77e6d3a89623312cc252d0ca3bd',35,1,'Laravel Password Grant Client','[]',0,'2022-03-04 13:32:49','2022-03-04 13:32:49','2023-03-04 13:32:49'),('a2c5f42735ae6db425f822abddc8099f6792c6548f50cee177cfafb2dbb9b66417a0188f81d1f20e',191,1,'Laravel Password Grant Client','[]',0,'2023-03-01 22:31:45','2023-03-01 22:31:45','2024-03-01 22:31:45'),('a32c22a058bf8eb2300c24ea7dc2eb7b0bb37e9ca36663888a2959c779c305590ceb473abc0a0972',181,1,'Laravel Password Grant Client','[]',0,'2023-03-21 13:10:12','2023-03-21 13:10:12','2024-03-21 13:10:12'),('a3926d618e2b7432222b61588839f5ee85fc0b84b78f440a28daf67ceff23dc95debca366fdb392d',181,1,'Laravel Password Grant Client','[]',0,'2023-03-14 13:03:33','2023-03-14 13:03:33','2024-03-14 13:03:33'),('a394fe5030b9caa1921c4b537967e646045cba68bcbb8a6d8c5985f38b99459f45c019925714375f',181,1,'Laravel Password Grant Client','[]',0,'2023-03-18 18:04:04','2023-03-18 18:04:04','2024-03-18 18:04:04'),('a4c809c01d4cd9e5a0638181ad885895dda21d89c32ed19a5b7371d16d1b1548361896e817d73f65',181,1,'Laravel Password Grant Client','[]',0,'2023-03-13 14:01:59','2023-03-13 14:01:59','2024-03-13 14:01:59'),('a585bc84c3e044532bc821f1129050778b9d12b108fcd9ba5bd16b8c9a5e13caa948726332f79adc',53,1,'Laravel Password Grant Client','[]',0,'2022-04-04 11:10:06','2022-04-04 11:10:06','2023-04-04 11:10:06'),('a6d9966d333c808cc390831154bf89fb9f5e0c6d01fbe7c7e3b405584078dc6ae6a79c5268ae7aa1',181,1,'Laravel Password Grant Client','[]',0,'2023-02-03 11:09:58','2023-02-03 11:09:58','2024-02-03 11:09:58'),('a75c5a6d494cfc07692cb41bb0079b950669b1f29db1db27bfea5bd5527c1e17617cbab0aaa98f0a',120,1,'Laravel Password Grant Client','[]',0,'2022-10-06 11:18:53','2022-10-06 11:18:53','2023-10-06 11:18:53'),('a845a8963a969421c39b0e0106ae5957e7aebea4406d5b3db2ad279b664b52b792099dbec555112a',154,1,'Laravel Password Grant Client','[]',0,'2022-10-18 09:56:27','2022-10-18 09:56:27','2023-10-18 09:56:27'),('a85faed55d14caba223ffaabe7266211dd0adb1f80feb40c6615b203d0594ac2f6b70b655fe54706',192,1,'Laravel Password Grant Client','[]',0,'2023-02-28 22:30:35','2023-02-28 22:30:35','2024-02-28 22:30:35'),('a9a225aca6ca3b0ab572dfe69aefa10bf52602573d593290a65d22c2979cb1ca56c9de242f94832b',181,1,'Laravel Password Grant Client','[]',0,'2023-02-24 12:33:51','2023-02-24 12:33:51','2024-02-24 12:33:51'),('a9b6ea7e2e9b3f7d90f5a907c261ec2142cbccebe7628e6b6bde653d257e0dc74a06943ed2789f17',181,1,'Laravel Password Grant Client','[]',0,'2023-03-17 19:11:20','2023-03-17 19:11:20','2024-03-17 19:11:20'),('aa95395c4fe8bbe760fe0ee350f8ab2ecc8c70747d8ef84bd9e3951ec9bd07c5cd8e65d79601ab8b',180,1,'Laravel Password Grant Client','[]',0,'2023-02-10 11:07:38','2023-02-10 11:07:38','2024-02-10 11:07:38'),('aaf1fb2407889950e4be0bbc63c7517c1588ad6aee3d9c591f4982c867baeb6bf0394af2d7a3ccdb',180,1,'Laravel Password Grant Client','[]',0,'2023-01-30 09:41:24','2023-01-30 09:41:24','2024-01-30 09:41:24'),('ab06666e1bedae9aa25f9500f1d8a88e9ee7cd5e1d0bef27def5b6636eb6328a14c6174e889e809a',160,1,'Laravel Password Grant Client','[]',0,'2022-10-19 15:39:21','2022-10-19 15:39:21','2023-10-19 15:39:21'),('ad33169b88384cb23a1711517435d6a649b9cda4c8c985f54466728da3dfc8c92e4a592ada836a4b',181,1,'Laravel Password Grant Client','[]',0,'2023-03-01 15:17:08','2023-03-01 15:17:08','2024-03-01 15:17:08'),('adbd2cdba18b714e9dd37da96b1139a4e297077c36139dafb2b3d2967f60538b1d32cce249be1638',61,1,'Laravel Password Grant Client','[]',0,'2022-04-11 11:02:51','2022-04-11 11:02:51','2023-04-11 15:02:51'),('ae01b6dda89568c656f16bba00a49ce21d773a2caa09f7f34d1bb5e9613e2fa56d1c9adadac41104',190,1,'Laravel Password Grant Client','[]',0,'2023-02-08 15:31:55','2023-02-08 15:31:55','2024-02-08 15:31:55'),('aeb4adcde0183d67ee8581a765b7a9ad9e28feb53e1215fae3c6d84049e34b4db23869cc1d07feba',120,1,'Laravel Password Grant Client','[]',0,'2022-07-05 07:53:32','2022-07-05 07:53:32','2023-07-05 07:53:32'),('aed05698000b57920ea967a92a3d35579997470def45815215c680a1dc8ea03da4638ef083a91a5a',181,1,'Laravel Password Grant Client','[]',0,'2023-03-02 10:51:53','2023-03-02 10:51:53','2024-03-02 10:51:53'),('aed203032d07d8a38ca4f8dfa32ee88f1f6d1615362662b5bf1ee161fb259851a251336cdbe89aa3',180,1,'Laravel Password Grant Client','[]',0,'2023-02-09 14:11:46','2023-02-09 14:11:46','2024-02-09 14:11:46'),('b0637016ec6766da31884c4a1809a0b30c916e202d68bf4d29cc21b1c3647f5916c3aec63ec5ed78',169,1,'Laravel Password Grant Client','[]',0,'2023-01-02 17:52:09','2023-01-02 17:52:09','2024-01-02 17:52:09'),('b071b05bf9d91b784452228e7a6b9934d448ce8572de680d75e63479d13fcbca1dc2ed9280de3021',120,1,'Laravel Password Grant Client','[]',0,'2022-11-09 15:33:34','2022-11-09 15:33:34','2023-11-09 15:33:34'),('b084d2d37e98c89e40ac8fb97e6f06644f5e8e4faaaeac43d9ad24e92496e04df2cc422256199613',181,1,'Laravel Password Grant Client','[]',0,'2023-03-21 17:50:51','2023-03-21 17:50:51','2024-03-21 17:50:51'),('b0c5b8f5faa07ea9730453ff34501266639f85623f425f83f3593bb3c6a5c4b94b721233729cee26',181,1,'Laravel Password Grant Client','[]',0,'2023-02-17 15:27:47','2023-02-17 15:27:47','2024-02-17 15:27:47'),('b0dd0973ef2e2cfef9a2d31b34bba4579e961c3f484c50e1be51c633b9fc3cbd3924997cff4f2295',181,1,'Laravel Password Grant Client','[]',0,'2023-02-22 19:43:22','2023-02-22 19:43:22','2024-02-22 19:43:22'),('b19e64c89a8ab5521ea85866bb01ac78477483a3a533585faf0e4dfed86c5e2910fe5eb828deab95',182,1,'Laravel Password Grant Client','[]',0,'2023-01-18 11:24:58','2023-01-18 11:24:58','2024-01-18 11:24:58'),('b1ba6811f6693464db0cb450e20caf99c273423c807302ad3c7ef8803b9db3ed5f561c137be2ee78',180,1,'Laravel Password Grant Client','[]',0,'2023-01-13 10:03:17','2023-01-13 10:03:17','2024-01-13 10:03:17'),('b316eed83aae1d4b4c4e9d59554336f951c95271c40e6d804da960a47bff817c2786dd7e72519dd0',120,1,'Laravel Password Grant Client','[]',0,'2022-07-09 18:56:19','2022-07-09 18:56:19','2023-07-09 18:56:19'),('b338b6035913c292cf97b82ed1bd71b338e9d2fb604e03cdc5b8af3e82607ed9ff746d8ccf922260',120,1,'Laravel Password Grant Client','[]',0,'2022-08-05 14:34:13','2022-08-05 14:34:13','2023-08-05 14:34:13'),('b3c830521f3b0bd0be11839d5e18850e758c0d68e4d8b742a4f510fbc3619e0e46962a4b36805c98',181,1,'Laravel Password Grant Client','[]',0,'2023-03-18 23:29:58','2023-03-18 23:29:58','2024-03-18 23:29:58'),('b3fe52d95f1dfeb9eaa5f80e5e5c186beb369817f13420105f576c66a187002e138dadcc40dd4a8f',181,1,'Laravel Password Grant Client','[]',0,'2023-02-02 17:58:30','2023-02-02 17:58:30','2024-02-02 17:58:30'),('b48bfb1c3d712a033c4814cb7bacbe611c742b4cf01345ab7759a4c816993d177b7964b4c848fb4d',86,1,'Laravel Password Grant Client','[]',0,'2022-04-21 07:07:15','2022-04-21 07:07:15','2023-04-21 11:07:15'),('b490192b0648a8ceb74d6f451aab80e9c6ee15fdfc9e1abce9f02a1b3e8e4566b9a3f32c886d10f5',145,1,'Laravel Password Grant Client','[]',0,'2022-10-17 14:02:02','2022-10-17 14:02:02','2023-10-17 14:02:02'),('b514ef90dd868ae87a62e8fb5a256655a1c603b97edc3f43cc95a59222277eefe41ed0031fa46dd7',182,1,'Laravel Password Grant Client','[]',0,'2023-02-09 11:04:34','2023-02-09 11:04:34','2024-02-09 11:04:34'),('b5151a8d30e83935bef6944b6544725c30c3844a7063d4eeca7a2d38fa210656998526d265612afc',182,1,'Laravel Password Grant Client','[]',0,'2023-03-01 15:35:44','2023-03-01 15:35:44','2024-03-01 15:35:44'),('b58bc639578f0482ac12a1e33dadeb0bc5b296acae7a9630f8ae86821fb455469712e397722bd9d8',154,1,'Laravel Password Grant Client','[]',0,'2022-10-18 09:47:26','2022-10-18 09:47:26','2023-10-18 09:47:26'),('b6581d8b1c2ac68efd109e73d22b2200e192e81b1c1ac721fe6a500f09dcfbf6f4074b27136823be',24,1,'Laravel Password Grant Client','[]',0,'2022-03-03 11:54:45','2022-03-03 11:54:45','2023-03-03 11:54:45'),('b6885bfaa0f15976f489191804e3a1d51056f9b133019957b2dabce786bf2f8a36d3cc555eed1f32',5,1,'Laravel Password Grant Client','[]',0,'2022-03-25 17:16:50','2022-03-25 17:16:50','2023-03-25 17:16:50'),('b8bbcca37d79c32e8d6eb88e4a61dbbf4d36c89322bbfe2390da177208a7713b05fab033dae6c8a3',181,1,'Laravel Password Grant Client','[]',0,'2023-02-20 10:20:38','2023-02-20 10:20:38','2024-02-20 10:20:38'),('b9ae95f8aee3b31d7dff7d5926d133cf1185dd9a9a78b43f59a158d0805a3286f56620ebb94d6126',192,1,'Laravel Password Grant Client','[]',0,'2023-03-01 19:02:28','2023-03-01 19:02:28','2024-03-01 19:02:28'),('ba6ad234c07b8c49d1dccdc61a03ecbf6b670b3f33d73bbaaaa9aec624ea960f9509ffe3954190fb',65,1,'Laravel Password Grant Client','[]',0,'2022-04-14 05:33:40','2022-04-14 05:33:40','2023-04-14 09:33:40'),('ba6ed77615c19120f2c9ff7ea5d6b596ea68bc271653478dec9478dc50f802927d4a961fe7feebd1',180,1,'Laravel Password Grant Client','[]',0,'2023-01-27 21:46:38','2023-01-27 21:46:38','2024-01-27 21:46:38'),('ba8041bfd49bd2716ff2e3e1277df84935420489b60d513f8bc74841d85f3ba3792357f26dfc8bc4',185,1,'Laravel Password Grant Client','[]',0,'2023-01-27 12:37:13','2023-01-27 12:37:13','2024-01-27 12:37:13'),('bad04b3a20a6bab155169275cd041b8f1a12f621f555266bfb6a34faf95a9ba6e617bd5a0adea371',182,1,'Laravel Password Grant Client','[]',0,'2023-03-15 09:45:37','2023-03-15 09:45:37','2024-03-15 09:45:37'),('bbe741346ff8e6d8463aaf4db107c4092163b16d6e56eadaf4e3b19cc8b843a3a2a562deb794e9a8',152,1,'Laravel Password Grant Client','[]',0,'2022-10-17 17:29:56','2022-10-17 17:29:56','2023-10-17 17:29:56'),('bc987edc14c6443935cd95c419a25fd0742688a38c138fe6e8c9f4008d2ea32bd6b901dfbff185d1',190,1,'Laravel Password Grant Client','[]',0,'2023-02-28 09:30:18','2023-02-28 09:30:18','2024-02-28 09:30:18'),('bda8040c31d865162839f524893eb4c2259dcf08cc9622a5aea65bc4c8bc726fa6e4dd5141bab3df',181,1,'Laravel Password Grant Client','[]',0,'2023-03-01 15:45:33','2023-03-01 15:45:33','2024-03-01 15:45:33'),('befeeb1679e52f5193887ce5fd070fd7d159bb69d05a6b5dbf9f3135177b29105fd8e52b3d53aa36',35,1,'Laravel Password Grant Client','[]',0,'2022-03-17 14:18:08','2022-03-17 14:18:08','2023-03-17 14:18:08'),('bf092da58c9746c0165d407293347282ecb071ad2b129cde3fe8e75ebda7f57c871a1ef8ce4ad047',181,1,'Laravel Password Grant Client','[]',0,'2023-02-09 14:08:27','2023-02-09 14:08:27','2024-02-09 14:08:27'),('c0b12711b6dab18fa1bb47cc49d0b780c5ca3be16a137644ef165186961c5cee0c5138d7c27c39d9',120,1,'Laravel Password Grant Client','[]',0,'2022-07-20 16:24:17','2022-07-20 16:24:17','2023-07-20 16:24:17'),('c0fe2291e26a75af401eb9d404a82449c209c089eb44090718f296b813669d42343737133004a932',180,1,'Laravel Password Grant Client','[]',0,'2023-01-31 09:44:15','2023-01-31 09:44:15','2024-01-31 09:44:15'),('c105c95ae7b59008839fe22f0bcbf88c18d94a2d5c2d4dd5dbfe55963d8cb17568ed576b7256c2f7',181,1,'Laravel Password Grant Client','[]',0,'2023-02-21 18:14:16','2023-02-21 18:14:16','2024-02-21 18:14:16'),('c173fb450a64064eb5e3dd02bc94d018445b46867851f7eb71534fa0653fbe76478fee4282a8dd1c',201,1,'Laravel Password Grant Client','[]',0,'2023-03-27 15:35:57','2023-03-27 15:35:57','2024-03-27 15:35:57'),('c18234509ee8d3f4d174041a60266704d573aa10126ad0eb74ce3dcff422b65271e58287913da048',195,1,'Laravel Password Grant Client','[]',0,'2023-03-02 08:57:30','2023-03-02 08:57:30','2024-03-02 08:57:30'),('c186b59dd989062b39fbb820a9f5e73215eac430793df2297b3b50221199eacdfae159b55dab11bd',181,1,'Laravel Password Grant Client','[]',0,'2023-02-07 07:53:55','2023-02-07 07:53:55','2024-02-07 07:53:55'),('c1fcdf421177ece1fe7aad3d0d33e6e4985298f15b33da395328ccd0ecab2ede28ab90a4889ad6a0',181,1,'Laravel Password Grant Client','[]',0,'2023-03-24 09:17:10','2023-03-24 09:17:10','2024-03-24 09:17:10'),('c25d8e6c01d3d472d046553b944d9e3562a2353601891ec098359175e4a10d4e2c7dec2210632c15',181,1,'Laravel Password Grant Client','[]',0,'2023-03-21 15:22:35','2023-03-21 15:22:35','2024-03-21 15:22:35'),('c275de1f61311407b6a6edb5b53fe481ed561f6faa53ca6f174c696524bb114e099dfc7c60a3bb19',181,1,'Laravel Password Grant Client','[]',0,'2023-02-22 09:57:04','2023-02-22 09:57:04','2024-02-22 09:57:04'),('c2b19cc7e34e509aa2eba6402a76028cbb83a7f9ac3e103b3cd097979bc30337c881e25319b82de9',176,1,'Laravel Password Grant Client','[]',0,'2023-01-11 14:31:49','2023-01-11 14:31:49','2024-01-11 14:31:49'),('c305cb70f88703dab3a19292c264169640402fe0452153261fe45bbeb49e8b7690593562771d842c',120,1,'Laravel Password Grant Client','[]',0,'2022-10-17 12:53:36','2022-10-17 12:53:36','2023-10-17 12:53:36'),('c38fb9539aaea92c9c514a080fcedb13077c56defe6ad6d8f3cc78464f97dbcc17b0926b2759b703',181,1,'Laravel Password Grant Client','[]',0,'2023-03-17 18:11:48','2023-03-17 18:11:48','2024-03-17 18:11:48'),('c3b1ba7802463a201a2fdef030982a1fc0736c6df05e27cd27fb311560d29234fd7b9dfa634856f1',151,1,'Laravel Password Grant Client','[]',0,'2022-10-17 17:23:37','2022-10-17 17:23:37','2023-10-17 17:23:37'),('c4194c7911b810fe5a124a5989c826dc91c8e361b9e03bb02279e569d68b6cce0dc53dbf73cec381',47,1,'Laravel Password Grant Client','[]',0,'2022-04-07 12:49:00','2022-04-07 12:49:00','2023-04-07 12:49:00'),('c459da37452459e728364a022761dfdefbd6e2bb6deebaf0dd6127e80b46bd4d922a3da76996c2ea',181,1,'Laravel Password Grant Client','[]',0,'2023-03-07 09:09:14','2023-03-07 09:09:14','2024-03-07 09:09:14'),('c4aaec86b29c0156d4d2be1fb4255e01ae995d009dd447d79cf3cdabcf7395340bd002f63a0b645e',184,1,'Laravel Password Grant Client','[]',0,'2023-01-20 13:27:40','2023-01-20 13:27:40','2024-01-20 13:27:40'),('c50464784f1b729bafd54c79584fbb8d277f8d204456dfe6073d5e48dc0264c1a90d7420f76cfcbf',120,1,'Laravel Password Grant Client','[]',0,'2022-07-05 11:50:11','2022-07-05 11:50:11','2023-07-05 11:50:11'),('c5992656307cc43713f7dd965a513076cac000bdb8f0634adc060b02581dece7dfa7bb0fefcad32f',169,1,'Laravel Password Grant Client','[]',0,'2023-01-19 17:29:09','2023-01-19 17:29:09','2024-01-19 17:29:09'),('c5c7011a624e7b0999c6d942c563501faa2f4dadb1a2ac6fc00f0296f5cb210365843e63881547e2',132,1,'Laravel Password Grant Client','[]',0,'2022-05-03 12:05:16','2022-05-03 12:05:16','2023-05-03 16:05:16'),('c690b3d687f4865eb7960e133cc4b4b6c5eb1abd14d17714fa00aba626025070c2f494a88eee2112',181,1,'Laravel Password Grant Client','[]',0,'2023-03-17 13:03:57','2023-03-17 13:03:57','2024-03-17 13:03:57'),('c6accd8cf0697a848d1a64cbfbecbd0c52e2d3ebf7250d39d2223d3e0b9d34fe9b0542baff27bb86',203,1,'Laravel Password Grant Client','[]',0,'2023-03-31 09:09:16','2023-03-31 09:09:16','2024-03-31 09:09:16'),('c6db9b6a3903079aeba1afdb58f47d13ca27701fe9bebe34591970eba7a28ad31b946de4a46d014c',181,1,'Laravel Password Grant Client','[]',0,'2023-01-20 10:10:25','2023-01-20 10:10:25','2024-01-20 10:10:25'),('c732b2044547f27e06aaad4701c9eb82d10014863ae95eaafb69df319d4bfa8f6e6b667b0ea0ccaa',179,1,'Laravel Password Grant Client','[]',0,'2023-01-16 14:38:29','2023-01-16 14:38:29','2024-01-16 14:38:29'),('c7e1f7a2a9f2150014ce9875f5f8e04023f020cb8724e9b63669631b03eea04832399ac4d262347f',190,1,'Laravel Password Grant Client','[]',0,'2023-02-20 13:41:53','2023-02-20 13:41:53','2024-02-20 13:41:53'),('c820658bf06d6371d2e5f7bb15d311d3c492468e316c4b36011eadf50d2e90784f10c6bfeff4d083',120,1,'Laravel Password Grant Client','[]',0,'2022-08-16 07:50:28','2022-08-16 07:50:28','2023-08-16 07:50:28'),('c89607e1e4e537272c13610d71a95b0f14646fced4fd8fad9cfa71b475e695a176ffd1cf34649824',120,1,'Laravel Password Grant Client','[]',0,'2022-10-20 10:58:25','2022-10-20 10:58:25','2023-10-20 10:58:25'),('c97b82d43f629ad3e31d979809b8b37bc013d41fdffe88be52b7739600ee78e41389a276790665e6',196,1,'Laravel Password Grant Client','[]',0,'2023-03-02 09:30:47','2023-03-02 09:30:47','2024-03-02 09:30:47'),('c995b5167386f3e2cd1faaf8b56f706509d8c524cbdcc3e89375a6f60436b6bd8e72202f3a6a2e5f',181,1,'Laravel Password Grant Client','[]',0,'2023-03-01 22:23:43','2023-03-01 22:23:43','2024-03-01 22:23:43'),('c9af8067dd1329c67d361d6ad518a5a53c16028ec1188fcab8cd4c81eca8068003ca6ee580661e1e',169,1,'Laravel Password Grant Client','[]',0,'2023-01-06 17:00:37','2023-01-06 17:00:37','2024-01-06 17:00:37'),('c9b1dd14078f3bf15a231472f3ab39cf0fb7ddb2ab88d474ef26563cd973e0b3c94a2fe38d22b97b',205,1,'Laravel Password Grant Client','[]',0,'2023-03-24 11:00:21','2023-03-24 11:00:21','2024-03-24 11:00:21'),('ca464adc439bb5e2e7170aa211d3c6c62b1fdf808ecdf4085b902bd72702d8943d9ec3b5944432c7',5,1,'Laravel Password Grant Client','[]',0,'2022-03-17 15:49:15','2022-03-17 15:49:15','2023-03-17 15:49:15'),('ca9b30b94f6b7c81b34ae7b81590abcbb3f07137d7abca9c78e096da6e50db6a384d7b10fc900810',171,1,'Laravel Password Grant Client','[]',0,'2023-01-10 14:09:10','2023-01-10 14:09:10','2024-01-10 14:09:10'),('cb431f5cf9de7588867deec5d7320756d2aa8a701636f11665fe61312ba01c75c81783b7d622928e',180,1,'Laravel Password Grant Client','[]',0,'2023-01-16 09:30:18','2023-01-16 09:30:18','2024-01-16 09:30:18'),('cb9e300c98bd748fb5687d0463db873746d08741be7be5a58503ab092b0b745929c6e0c3dd4d4ece',181,1,'Laravel Password Grant Client','[]',0,'2023-02-21 17:53:34','2023-02-21 17:53:34','2024-02-21 17:53:34'),('cbf694b00372de7b59c8b4b0b0e11acca99b1a405077dc1de0236d598a6c68f1dbc365c8e7c084d3',169,1,'Laravel Password Grant Client','[]',0,'2023-01-11 13:32:19','2023-01-11 13:32:19','2024-01-11 13:32:19'),('cc07b49dd0caec88d4dba1a682646a67c922a3105dfbc0335977ae73082d6cffc8f0f88afeef6094',181,1,'Laravel Password Grant Client','[]',0,'2023-01-19 09:28:52','2023-01-19 09:28:52','2024-01-19 09:28:52'),('cc1de981e6f44847dbcb7bdfd04c90a392d6e4604fa93d137d876e7d86c3333e42a570602c9bce56',35,1,'Laravel Password Grant Client','[]',0,'2022-03-17 14:30:23','2022-03-17 14:30:23','2023-03-17 14:30:23'),('cc3091a64f9ab0a07a3a728ba455d233835c347051fa8db98212363983cbf9d34c2da5a5bd47dac0',17,1,'Laravel Password Grant Client','[]',0,'2022-03-03 13:13:47','2022-03-03 13:13:47','2023-03-03 13:13:47'),('cc3e5d2382141c5802ad589e79a74e49cc8bb8aec5b740c3dd4324c3e398cd80ed35813f3033b93b',190,1,'Laravel Password Grant Client','[]',0,'2023-02-17 08:46:18','2023-02-17 08:46:18','2024-02-17 08:46:18'),('cc4e05896e7325a2d4578b3de6a557db5cb06da16e8f63749a75faf45ddf1e23bb1dca35147378c3',181,1,'Laravel Password Grant Client','[]',0,'2023-03-22 14:24:32','2023-03-22 14:24:32','2024-03-22 14:24:32'),('cc5a22a3ef6732cac174056b3eab85c6b8b65ba7c04b5eba545e6c32b0f797b65b4a2854c4aab3fa',161,1,'Laravel Password Grant Client','[]',0,'2022-10-19 15:43:25','2022-10-19 15:43:25','2023-10-19 15:43:25'),('cc5b64f8bbd767f773259d5cd7a833f037d622099deeb1a0ea80bc035dad294caef32c6ac90e7589',103,1,'Laravel Password Grant Client','[]',0,'2022-04-19 04:39:22','2022-04-19 04:39:22','2023-04-19 08:39:22'),('cc8996adb0586933bcc986b2cb56026f5fa94da6c598b766e3b1a20e53f2ed73d82641e075433012',180,1,'Laravel Password Grant Client','[]',0,'2023-01-24 15:04:33','2023-01-24 15:04:33','2024-01-24 15:04:33'),('ccb342e6ae39d3feca028aa786362fb189cf4f25c9312208ee36e40fef6c5c7cfb14359a1abf3e7d',196,1,'Laravel Password Grant Client','[]',0,'2023-03-02 16:28:05','2023-03-02 16:28:05','2024-03-02 16:28:05'),('ccee1040ef219a9dac794c142e4080dc80fce3af35aa09f8120e94373d9859c5490fce0e316dae0c',182,1,'Laravel Password Grant Client','[]',0,'2023-02-16 16:28:53','2023-02-16 16:28:53','2024-02-16 16:28:53'),('cd2f36fff26f4820eb37543119546892f57476f01ad4ad7742b8c0218159528e4567b757e6a6eff3',17,1,'Laravel Password Grant Client','[]',0,'2022-03-03 11:42:50','2022-03-03 11:42:50','2023-03-03 11:42:50'),('cd8b9909e707370dc3f60c579bd89d9648261f96dc37df310967f03d60ac217b68fa1e3048c776b5',120,1,'Laravel Password Grant Client','[]',0,'2022-06-21 17:09:51','2022-06-21 17:09:51','2023-06-21 17:09:51'),('cda8627c7ab83ac4123e80ccaddd3e0114b7a31755d717a8be456ad5301f9cd2935065d252f8b5a7',98,1,'Laravel Password Grant Client','[]',0,'2022-04-14 05:12:27','2022-04-14 05:12:27','2023-04-14 09:12:27'),('cdf517cddc13b94aab47efdd831a2c2582434bb8570d4ecf7b2acf50b79ec5e352ae241b27c6e3fd',38,1,'Laravel Password Grant Client','[]',0,'2022-03-23 08:39:36','2022-03-23 08:39:36','2023-03-23 08:39:36'),('ce935da5e7fb0e5a4df99f362cd141973fa843fca8182de83fca3b639a1adf17cab81d605c2e23a3',181,1,'Laravel Password Grant Client','[]',0,'2023-01-20 15:36:38','2023-01-20 15:36:38','2024-01-20 15:36:38'),('cef4a66ff5ef37583470abdaa49e4cf9d428c4d89850524359523da49ea29cd0dd18594227950308',173,1,'Laravel Password Grant Client','[]',0,'2023-01-10 16:18:22','2023-01-10 16:18:22','2024-01-10 16:18:22'),('cf05d777ee38a18d35d8c2c655e4b1647ce603823bcc3a60358f39817a31c76d2f815853c298d435',5,1,'Laravel Password Grant Client','[]',0,'2022-03-17 13:04:00','2022-03-17 13:04:00','2023-03-17 13:04:00'),('cf1bb95e941bdee21c213d57477063a37638e7bc250751cf36163d2b13bb62981ef160c2365e5c8f',58,1,'Laravel Password Grant Client','[]',0,'2022-04-04 19:00:13','2022-04-04 19:00:13','2023-04-04 19:00:13'),('cf2ff317ef10887988383917a22d2e3efbd5635ec677af5caa77f45b5f694524ca2668bd90c22f94',120,1,'Laravel Password Grant Client','[]',0,'2023-03-20 16:19:40','2023-03-20 16:19:40','2024-03-20 16:19:40'),('cf73bc716827a45ff82a7853dd7a610964d0e281e1f452c23f6ae52bc2c1742411fc6f8936434828',181,1,'Laravel Password Grant Client','[]',0,'2023-02-05 21:32:51','2023-02-05 21:32:51','2024-02-05 21:32:51'),('d044febf8c688acacc819c6c43b450a1cd20d492bf51ab58b9cf4a8675ff5880b4f7277c1dd4ed93',190,1,'Laravel Password Grant Client','[]',0,'2023-02-17 09:43:33','2023-02-17 09:43:33','2024-02-17 09:43:33'),('d07cd276f08387c4af337d34934aaa8b9a4dbe7819db9a06f019935a2e099d175cf7826a5af64d10',169,1,'Laravel Password Grant Client','[]',0,'2022-12-26 07:52:07','2022-12-26 07:52:07','2023-12-26 07:52:07'),('d07ce32a02b059c5e45c2a5b633e995dbedc15dc10406211a2ad6466ebe5a79faa366e78d66263ff',201,1,'Laravel Password Grant Client','[]',0,'2023-05-29 15:12:27','2023-05-29 15:12:27','2024-05-29 15:12:27'),('d0f4c7780134fb3a9f379d790a5c9e10a67e03413ff4d8ac21b44150cad0183ad29236a91093439d',120,1,'Laravel Password Grant Client','[]',0,'2022-07-19 10:18:23','2022-07-19 10:18:23','2023-07-19 10:18:23'),('d13d5493f6d37d7183d20864984f5126487352dc37e2c065814e6d099b9b26569e87177ede45e957',192,1,'Laravel Password Grant Client','[]',0,'2023-03-02 16:22:32','2023-03-02 16:22:32','2024-03-02 16:22:32'),('d18468503ec1b74441d25c31a906f828e5b9617904a701f7c292f73a6580d28a24c023ded2bdfeb8',190,1,'Laravel Password Grant Client','[]',0,'2023-02-23 15:32:33','2023-02-23 15:32:33','2024-02-23 15:32:33'),('d1be4011bf8f16d5ccaa1c32fa9f270661c44c20cd2f7213be6700610b04bf397b14e9b4913ccc5a',169,1,'Laravel Password Grant Client','[]',0,'2022-12-29 19:33:12','2022-12-29 19:33:12','2023-12-29 19:33:12'),('d1e60f36c5cdfaa9f7e3f59d57f8a454a400d969beb61aa00be7a06f4a1b5cc275a5298599053d17',181,1,'Laravel Password Grant Client','[]',0,'2023-01-30 11:44:02','2023-01-30 11:44:02','2024-01-30 11:44:02'),('d22d5cc36e7ef47b12ab54cec403ec3331916f50478316fdd2268f976a32438306dcfdb3581d1908',148,1,'Laravel Password Grant Client','[]',0,'2022-10-17 17:06:58','2022-10-17 17:06:58','2023-10-17 17:06:58'),('d2fa0d3b2465e4fe7f4aebdcab61e6e5ffda8ee110fef6ad50873ca9a4ff293b479dac6ca9b10ed9',180,1,'Laravel Password Grant Client','[]',0,'2023-02-09 17:45:43','2023-02-09 17:45:43','2024-02-09 17:45:43'),('d32cd956e1c2b3c548a5a61b5c143a1b1d85aa1f8489a852728d5bb632a2b05d74555e0179ba3d64',180,1,'Laravel Password Grant Client','[]',0,'2023-02-02 10:59:06','2023-02-02 10:59:06','2024-02-02 10:59:06'),('d338ea7ad212dac5330c790508efa4b83598eaf2c4627f6ddadd8ad98d02e144d9953663dd8722dc',201,1,'Laravel Password Grant Client','[]',0,'2023-05-31 16:51:37','2023-05-31 16:51:37','2024-05-31 16:51:37'),('d3513d1984e3432b4fd9d593047066926655e5e9718349ae603a04b685b9b1c0a351dae21d40be8f',120,1,'Laravel Password Grant Client','[]',0,'2023-03-02 09:44:59','2023-03-02 09:44:59','2024-03-02 09:44:59'),('d3d34b4059f537d2ef2e1830d92e94f62fa012fcb621edb2895fd7e54c0a0ba654c2a2ba4d768683',121,1,'Laravel Password Grant Client','[]',0,'2022-04-21 13:53:16','2022-04-21 13:53:16','2023-04-21 17:53:16'),('d448a7af30445d2652ece0a9ab7b62b7cfba0c7805413235f767891be4cf64766c924c881fa6c166',180,1,'Laravel Password Grant Client','[]',0,'2023-01-24 15:22:19','2023-01-24 15:22:19','2024-01-24 15:22:19'),('d46a1f290ca91af983789fb8d451bb69ef99aeac3d0d3a803b86d19523d052f8f44cb97959386292',120,1,'Laravel Password Grant Client','[]',0,'2022-08-05 12:14:20','2022-08-05 12:14:20','2023-08-05 12:14:20'),('d47a7c42b96bb516d473cd44086e2f971bd432e70bf8c41c075467d765c501bd529abed44ea0b35a',169,1,'Laravel Password Grant Client','[]',0,'2022-12-22 11:09:10','2022-12-22 11:09:10','2023-12-22 11:09:10'),('d4f9f7ab08d112658246b9940e31618611fa206341e0c2007e42dfd27f192b41c869117138148979',181,1,'Laravel Password Grant Client','[]',0,'2023-02-21 12:47:30','2023-02-21 12:47:30','2024-02-21 12:47:30'),('d5076ff3f359d5338b790735fc5eeeabeffe11693b532a4daa989b736f0e58cd7dd0501a45ae7a7b',33,1,'Laravel Password Grant Client','[]',0,'2022-03-03 19:58:46','2022-03-03 19:58:46','2023-03-03 19:58:46'),('d5c373fd762c21c4f027bf681241a92fa3c75c6747c9836d8fddc1c3a5ae869641a925405206b783',144,1,'Laravel Password Grant Client','[]',0,'2022-10-17 13:54:36','2022-10-17 13:54:36','2023-10-17 13:54:36'),('d5ddddc8421218f3fc0fb73794620013c81e5a5dc5b712f014011f5a38718e528ffdb88d8ba9b4cd',180,1,'Laravel Password Grant Client','[]',0,'2023-01-24 14:10:53','2023-01-24 14:10:53','2024-01-24 14:10:53'),('d5e2d105e556051059e4e94b99c04e7f94401c0d8694db5e9efb7e57c55f9c8c952f4a92ffc8bd2f',144,1,'Laravel Password Grant Client','[]',0,'2022-10-17 13:53:09','2022-10-17 13:53:09','2023-10-17 13:53:09'),('d6961332afef8b2c6861574ee22d8fc1f92a87b8e999d0db0591087293624c43f26456a16dccf2cc',169,1,'Laravel Password Grant Client','[]',0,'2023-01-05 06:46:41','2023-01-05 06:46:41','2024-01-05 06:46:41'),('d741a6338b3d9d2d06484652ddf80b29253459ba52f92be671b022c6ace0d37f1ff32df8a1b38016',5,1,'Laravel Password Grant Client','[]',0,'2022-03-17 16:06:22','2022-03-17 16:06:22','2023-03-17 16:06:22'),('da1c271940f07df18f7b6442deca8f8bbcc0a6762f2bbfff5be5251fdade6113abc759d350017a46',180,1,'Laravel Password Grant Client','[]',0,'2023-02-02 13:17:23','2023-02-02 13:17:23','2024-02-02 13:17:23'),('da21206f2213b5b90127e5142bbc24550c38a8338a9a9b1bd5d2f256fc4b5139e4e4c952b1ceb7e1',190,1,'Laravel Password Grant Client','[]',0,'2023-02-09 13:59:28','2023-02-09 13:59:28','2024-02-09 13:59:28'),('da571a1209b0a941dabbd11cb0bb443fe2f0b3535211eacf553c45b18d1c1d0b776e850e0a64a4ae',181,1,'Laravel Password Grant Client','[]',0,'2023-03-13 16:59:21','2023-03-13 16:59:21','2024-03-13 16:59:21'),('da6e63254ea8eba61efc9e968288e468c8181af85fba3e1e952fe77c86992dc524cf2586e411d7ae',183,1,'Laravel Password Grant Client','[]',0,'2023-01-16 18:09:10','2023-01-16 18:09:10','2024-01-16 18:09:10'),('da7fbb80e4b418f292bffc4326ff8b4b8a0106a9b67dba1096b8fe5cdf071a9dfbd2e9d1d3c7fbd4',182,1,'Laravel Password Grant Client','[]',0,'2023-01-24 08:51:53','2023-01-24 08:51:53','2024-01-24 08:51:53'),('dab500b0f378a657e51b1c7dd269874be85862a89ac6521d2792f993d5ff24afa7efbed9e158490e',190,1,'Laravel Password Grant Client','[]',0,'2023-02-23 15:39:49','2023-02-23 15:39:49','2024-02-23 15:39:49'),('db3c24c5e50d3a30b9ed7eb1f973cba6a5fde79ebfea34107b10ff59edf18612011455ca99866514',181,1,'Laravel Password Grant Client','[]',0,'2023-03-02 16:42:34','2023-03-02 16:42:34','2024-03-02 16:42:34'),('db6545f975c1cbacb6f12554e1bf60efdc4ff89f31a256c71d13742a70b478ee2e1f266800d42c95',169,1,'Laravel Password Grant Client','[]',0,'2022-12-15 17:15:24','2022-12-15 17:15:24','2023-12-15 17:15:24'),('db77bc881ea72b5899f6f6fd38bd963cbed913f897ceedb30784049ddb9d67efb3c2adabce711b13',181,1,'Laravel Password Grant Client','[]',0,'2023-02-22 11:51:12','2023-02-22 11:51:12','2024-02-22 11:51:12'),('dbcf3c89a9519afb4b8cdd8f0dde23dbf6bacb2f30dcf157416c404a06efed38fefc6a910fa93b29',120,1,'Laravel Password Grant Client','[]',0,'2022-04-26 05:24:26','2022-04-26 05:24:26','2023-04-26 09:24:26'),('dbd7f3fefb7c878d42aa2a0a45f922b5ce19c5492135898f0265a08aa53928f430135d570745c57a',182,1,'Laravel Password Grant Client','[]',0,'2023-01-25 14:52:30','2023-01-25 14:52:30','2024-01-25 14:52:30'),('dc50ae694a26e2c1e3a095428e8d37bb7e45ec4a0fc7efdb4fe2410a2324e331ea03728d9b73d7b5',180,1,'Laravel Password Grant Client','[]',0,'2023-01-31 15:36:24','2023-01-31 15:36:24','2024-01-31 15:36:24'),('dca56d13c5d9fc1ff4fe7e9008824235c82f4b78ded549be378f6812f3179a2a26e243c737a00dbf',194,1,'Laravel Password Grant Client','[]',0,'2023-03-01 15:54:11','2023-03-01 15:54:11','2024-03-01 15:54:11'),('dcbd5056851c799acb2f1fb49acd9dc7a93cffc12a12dac82a718429aed5052b4e1d9d5f620cc776',60,1,'Laravel Password Grant Client','[]',0,'2022-04-06 15:39:21','2022-04-06 15:39:21','2023-04-06 15:39:21'),('dcd2a34585afc32eaa192958cbde2af3d185098d9003081d223636475938e98a4536222fd47d6351',161,1,'Laravel Password Grant Client','[]',0,'2022-10-19 15:45:14','2022-10-19 15:45:14','2023-10-19 15:45:14'),('dce6c8c800fafc4e49bd4107b556739151bb9945124cce38f697e514f6dc2ae2b2c3b2da87963fa3',5,1,'Laravel Password Grant Client','[]',0,'2022-03-14 13:50:48','2022-03-14 13:50:48','2023-03-14 13:50:48'),('dd0e3d42052475fef3fd5c68410ce8d3216db9936792ff6bbdf760605b52cc6212dde5994c8d9320',120,1,'Laravel Password Grant Client','[]',0,'2023-05-22 18:21:44','2023-05-22 18:21:44','2024-05-22 18:21:44'),('dd9d560fb809f498556807f613037bd1555813254f392a544619a10758f9999877ecfa2da5226fe7',180,1,'Laravel Password Grant Client','[]',0,'2023-01-13 16:26:54','2023-01-13 16:26:54','2024-01-13 16:26:54'),('dee3532608e50105e95fe256e4710f46c9af49b1927c7d0adacf715362c2a3f49afab652920032d3',181,1,'Laravel Password Grant Client','[]',0,'2023-03-01 21:51:02','2023-03-01 21:51:02','2024-03-01 21:51:02'),('dff11478817d6202a33d05ef5862862f858a3900eb55532901f0b7c01332740843af2a5746cf88e2',120,1,'Laravel Password Grant Client','[]',0,'2022-10-13 10:13:11','2022-10-13 10:13:11','2023-10-13 10:13:11'),('dff7086abaca97c30c0ff3b6b22668b909b8ec6d57d7133852290abb98576a983af475c0d246b6fe',181,1,'Laravel Password Grant Client','[]',0,'2023-03-23 13:07:37','2023-03-23 13:07:37','2024-03-23 13:07:37'),('e07c83495f5128235deedf7a698330591229007033a4196f44c07658749fab6dcc3be45ec371fac1',120,1,'Laravel Password Grant Client','[]',0,'2022-07-13 10:05:35','2022-07-13 10:05:35','2023-07-13 10:05:35'),('e0891020110a7b3697fcf5ab227d8f22fe1de8f3acbc5d41c057a253667fb95312c446f3e1861137',181,1,'Laravel Password Grant Client','[]',0,'2023-01-25 18:12:15','2023-01-25 18:12:15','2024-01-25 18:12:15'),('e0f6ce42552510a7c4d2ab284b93b7da858bc1063433d492121af802a7205de36b91363eee4c4e57',5,1,'Laravel Password Grant Client','[]',0,'2022-03-17 14:32:10','2022-03-17 14:32:10','2023-03-17 14:32:10'),('e11ab4e3a5a03b97b360047cd3dc6817dbf7d16fbfb0932ca8cd6ff9dfea426d84ce62d5660b8925',5,1,'Laravel Password Grant Client','[]',0,'2022-03-17 10:52:38','2022-03-17 10:52:38','2023-03-17 10:52:38'),('e12911bc574d9974d77693e5d992a118f649ce75501935b98c208be7d3d1e350f624ea0fc7007d5a',182,1,'Laravel Password Grant Client','[]',0,'2023-01-30 09:26:31','2023-01-30 09:26:31','2024-01-30 09:26:31'),('e1a99974b6cb2ebf4563f6f915d81511db254cb88777108812e3a105541fe82551b6709a3e59e9e6',201,1,'Laravel Password Grant Client','[]',0,'2023-03-27 11:08:55','2023-03-27 11:08:55','2024-03-27 11:08:55'),('e27703a2303083dad5322b39f6c80805b9ae2cc50dc8bea3718ef2895c79f83e80a5c1662a64adf6',120,1,'Laravel Password Grant Client','[]',0,'2022-06-21 16:37:44','2022-06-21 16:37:44','2023-06-21 16:37:44'),('e3ba783d9335407f543bdb37bd8795df54e08c57f3aa3d42933c75edbbf34a323e3662b84e88b6dd',171,1,'Laravel Password Grant Client','[]',0,'2023-01-10 10:22:46','2023-01-10 10:22:46','2024-01-10 10:22:46'),('e3c5367a8912bd6546865e8e95f357c4bff729639d81f83d92e32dfc905c471343e2d98ca31334fe',143,1,'Laravel Password Grant Client','[]',0,'2022-10-17 13:05:57','2022-10-17 13:05:57','2023-10-17 13:05:57'),('e3de19b8a6cad59e999fe795ae136daa52b7050d4605e3923158d13b0a58281848f2d77a45f2ddee',141,1,'Laravel Password Grant Client','[]',0,'2022-10-17 10:21:55','2022-10-17 10:21:55','2023-10-17 10:21:55'),('e4251f02266f219c1a21a75b993e96315a7525f73a7cd906632d0afdbdb2deebc016668d70eb859e',17,1,'Laravel Password Grant Client','[]',0,'2022-03-03 12:13:18','2022-03-03 12:13:18','2023-03-03 12:13:18'),('e463e045671afae47c39b9aea64a2b491aae46939885fc2ae3d8266c52fb4b144988cf45530ba10e',180,1,'Laravel Password Grant Client','[]',0,'2023-01-18 09:27:23','2023-01-18 09:27:23','2024-01-18 09:27:23'),('e48be6072fe13e3ec35b98d4f4bb36eb6e2d9e80549d6534b433486b410822024b971c5c1f368059',120,1,'Laravel Password Grant Client','[]',0,'2022-04-29 15:21:52','2022-04-29 15:21:52','2023-04-29 19:21:52'),('e51633bcd32b6a683a9ae6d6b4af86796b339b034dfa1ebdb210e93eaa77e7943880b66bfb3fa3c2',65,1,'Laravel Password Grant Client','[]',0,'2022-04-11 11:03:45','2022-04-11 11:03:45','2023-04-11 15:03:45'),('e52544165402e891de5d8f1762e645dbdb3b28e367a674c61540ff0d237e34213076fe048b96a9d8',120,1,'Laravel Password Grant Client','[]',0,'2022-12-13 10:48:34','2022-12-13 10:48:34','2023-12-13 10:48:34'),('e58ec9d9df7373bdc9aae05df74a584b5e472ae4121ba2dc4746c83dd6303a09b426daa1275fc79f',190,1,'Laravel Password Grant Client','[]',0,'2023-02-20 13:24:52','2023-02-20 13:24:52','2024-02-20 13:24:52'),('e5d5e26d6aacb99d7cad535c9727e75018c4042260b474be31e160e91812af37d27667f152798893',169,1,'Laravel Password Grant Client','[]',0,'2023-01-10 12:49:13','2023-01-10 12:49:13','2024-01-10 12:49:13'),('e5f75b3d54c3fc61499663717e7c16e58b3236266f53d09f9797b693c35f9645c66bd5a1304976de',53,1,'Laravel Password Grant Client','[]',0,'2022-04-04 11:46:52','2022-04-04 11:46:52','2023-04-04 11:46:52'),('e672ff1cb953f950959955f78c7720fbed1f29aea62f84d8380dcc5a45012ebf06cb243dd6f8a695',177,1,'Laravel Password Grant Client','[]',0,'2023-01-11 14:40:30','2023-01-11 14:40:30','2024-01-11 14:40:30'),('e67a2f5bfb477871d756af8dd135a7c24b3d30cb82863a1d05252784ba8c99bc93998e1f1b3926e0',191,1,'Laravel Password Grant Client','[]',0,'2023-02-28 16:18:16','2023-02-28 16:18:16','2024-02-28 16:18:16'),('e7b0f4d88faefa130076934129effdd49ee5bd12e02a95834063510e8d80b0cafee267d8c6b34e6d',51,1,'Laravel Password Grant Client','[]',0,'2022-04-01 10:53:35','2022-04-01 10:53:35','2023-04-01 10:53:35'),('e81d29037a2bd7efab30bf77600b6c04c760d78c228f968b6879a6799a93a93e1bb48ae314312834',181,1,'Laravel Password Grant Client','[]',0,'2023-03-23 13:58:55','2023-03-23 13:58:55','2024-03-23 13:58:55'),('e8c09d09d04b0460f39ff1a46d481cfbd3111919a338394a2174a1c064b918ac4210cdee8d02fe60',120,1,'Laravel Password Grant Client','[]',0,'2022-10-06 11:50:54','2022-10-06 11:50:54','2023-10-06 11:50:54'),('e8e4181859e4b19b82c9169ce619326034bcb50457201b84e84954ab0effdf6c07a477cfdc3a2473',181,1,'Laravel Password Grant Client','[]',0,'2023-03-07 08:51:34','2023-03-07 08:51:34','2024-03-07 08:51:34'),('e90a95c976dbf5bbf72dc014247e3697668407cec451dd1118d31b4701878396ee0d9be2f2de2ac6',185,1,'Laravel Password Grant Client','[]',0,'2023-01-30 14:45:07','2023-01-30 14:45:07','2024-01-30 14:45:07'),('e9263845e9f42529c345885d10bdf0bb3a3ff3a572f0e475a6997884e47e6b0bd901a02946c63e3d',5,1,'Laravel Password Grant Client','[]',0,'2022-04-06 11:41:29','2022-04-06 11:41:29','2023-04-06 11:41:29'),('ec58042991ec177e6185aaedfac9446d4f3a852f07bad46fc0e488490af68c4074efff732df8241f',40,1,'Laravel Password Grant Client','[]',0,'2022-03-24 10:15:10','2022-03-24 10:15:10','2023-03-24 10:15:10'),('ecb68b4a9cd7c39d66883c833645ccc22c2f5959f864fec0e40d81f7c70618783fcec499a61d54ce',42,1,'Laravel Password Grant Client','[]',0,'2022-03-25 13:30:41','2022-03-25 13:30:41','2023-03-25 13:30:41'),('ed05064075e1db13b51d70c2f3a8d5d1b15f3b7f82d226a0fb064e199288096c51f20f5269794440',86,1,'Laravel Password Grant Client','[]',0,'2022-04-13 09:29:33','2022-04-13 09:29:33','2023-04-13 13:29:33'),('ed3bb67ec4b305dc35ced0958c8080f2c067dc3b8e61b6c0dd4adc4526d5682a7b6ba4cb0fe7e864',144,1,'Laravel Password Grant Client','[]',0,'2022-10-17 13:51:49','2022-10-17 13:51:49','2023-10-17 13:51:49'),('ed4bc5d56f608d3347af34c263760225fc827dfdd50572f97e9e1838aab6a37ea1e5a66f36e42a98',203,1,'Laravel Password Grant Client','[]',0,'2023-03-24 09:09:56','2023-03-24 09:09:56','2024-03-24 09:09:56'),('ed65d2923bfc493393f7549945f06f57992d1343e25bfe0eab6d7d22cc8ddbefde1638c494a8224a',65,1,'Laravel Password Grant Client','[]',0,'2022-04-14 11:01:31','2022-04-14 11:01:31','2023-04-14 15:01:31'),('eeb5bce8a83e29bba123d3fc11d2148f023bc9ddf1463126cf09b2bfeac56da7e0bb899029826a29',194,1,'Laravel Password Grant Client','[]',0,'2023-03-01 21:40:04','2023-03-01 21:40:04','2024-03-01 21:40:04'),('eed67b7df02f2cb21befcb88a01b5a7d7c534e46366713bf7c7c94093ff6b99f4c2ea4a64bbbcd3f',181,1,'Laravel Password Grant Client','[]',0,'2023-03-17 19:23:28','2023-03-17 19:23:28','2024-03-17 19:23:28'),('efa05819faa7daafeed783291f199ac607d5b7bd9015afbd8e87cfd3a0ecdd309b97b307104486e4',35,1,'Laravel Password Grant Client','[]',0,'2022-03-17 12:22:38','2022-03-17 12:22:38','2023-03-17 12:22:38'),('efa31fc6611b71e20ebd4bb7585d9583a33750fa3dc7384fcc01dafd2df073be2c47c58774f50421',181,1,'Laravel Password Grant Client','[]',0,'2023-02-09 17:17:56','2023-02-09 17:17:56','2024-02-09 17:17:56'),('f021728441c16c3d2df9d73b781862314b9ae55fa835ddb8c5644613001b7d8e6962e86aad6f88b6',169,1,'Laravel Password Grant Client','[]',0,'2023-01-06 16:39:13','2023-01-06 16:39:13','2024-01-06 16:39:13'),('f04241bfacb5338a4e8e8c5658be968c764bb1fd92dc340ad60de948f901e8213cb0047a96c413ac',39,1,'Laravel Password Grant Client','[]',0,'2022-03-24 10:12:50','2022-03-24 10:12:50','2023-03-24 10:12:50'),('f08f8702ce37b53801d451f3833d0deb948cb88fee6870d9a7ae8c081263c6c1ad8e89a937001cf0',203,1,'Laravel Password Grant Client','[]',0,'2023-03-31 08:10:20','2023-03-31 08:10:20','2024-03-31 08:10:20'),('f095ea401e7714a19c2a114d52ea84019bf852876c4cf942bd2d71c799713800ec5c909235cf027d',183,1,'Laravel Password Grant Client','[]',0,'2023-01-16 17:45:22','2023-01-16 17:45:22','2024-01-16 17:45:22'),('f1156ad3c4d65db9d8bf76712a81ea2dab675081473190f8d7ae1a3dacabd29cd0ccee8c9683da7a',120,1,'Laravel Password Grant Client','[]',0,'2022-07-07 10:34:07','2022-07-07 10:34:07','2023-07-07 10:34:07'),('f1646f8843c61f04936fabde0ffb84c7779e2df59c07cf3c8bc2d6567621744006f1c84dd5c8506e',65,1,'Laravel Password Grant Client','[]',0,'2022-04-19 04:45:26','2022-04-19 04:45:26','2023-04-19 08:45:26'),('f1aa698c3be50fa7d138a586d09701adbcb46f13201631e6e30f6573832fbd54ea691fc4f0881b6b',36,1,'Laravel Password Grant Client','[]',0,'2022-03-29 11:56:14','2022-03-29 11:56:14','2023-03-29 11:56:14'),('f1c21d747201d7610867f436b88b3befc522cea293ae455f855115857425c23f7e5c174525ef5d0f',191,1,'Laravel Password Grant Client','[]',0,'2023-03-01 08:46:31','2023-03-01 08:46:31','2024-03-01 08:46:31'),('f20a60afda0b8fd1fb594707ffefde8172ec9fdfefc9fe284dab45e30e9eb49bbf43818e60710e86',33,1,'Laravel Password Grant Client','[]',0,'2022-03-17 12:42:49','2022-03-17 12:42:49','2023-03-17 12:42:49'),('f241ff9ab2c51dfa51b9449da02afe4858287317f6a2a3c1a423703e4c413e79d8da00303ae9e90c',120,1,'Laravel Password Grant Client','[]',0,'2023-05-29 14:37:43','2023-05-29 14:37:43','2024-05-29 14:37:43'),('f26e7de816fe2a7891fbdbb392013b49333c9e42ac4afc6ed7b8c59170cabd9b52d07d86faf1c91a',120,1,'Laravel Password Grant Client','[]',0,'2022-10-17 13:30:38','2022-10-17 13:30:38','2023-10-17 13:30:38'),('f271dc7e313913e267e09f782ad6c7cfa290297daad3d9e70cb33d17063bd9df116108aef895c2ab',201,1,'Laravel Password Grant Client','[]',0,'2023-05-26 15:18:53','2023-05-26 15:18:53','2024-05-26 15:18:53'),('f27f12cc4af2aaeaeabeb7bb79f7ecc08789777d3119f7e39045fa976fee553b60414ceb1c25d013',53,1,'Laravel Password Grant Client','[]',0,'2022-04-03 21:52:04','2022-04-03 21:52:04','2023-04-03 21:52:04'),('f36478d635d37ed3a39d666cace13aa9cb08fa5e6d78b4c2a2e7a09f27ee632fcc5296f8a97494cd',194,1,'Laravel Password Grant Client','[]',0,'2023-03-01 17:47:20','2023-03-01 17:47:20','2024-03-01 17:47:20'),('f39aa10edfd212fe493fa211e5b2455a43ff3bd9b00bd5c4003dd207fc131d3122d615b0dd080b8e',181,1,'Laravel Password Grant Client','[]',0,'2023-02-28 09:42:46','2023-02-28 09:42:46','2024-02-28 09:42:46'),('f3b91bc51bd0bf1da3ff0b7aec5ac649efcd8a078f3f46a8e6086280564021c4e75274db5549cc30',181,1,'Laravel Password Grant Client','[]',0,'2023-03-24 13:25:21','2023-03-24 13:25:21','2024-03-24 13:25:21'),('f3e906fdbf1154aef49352b4f0c71ef899d3f13b924fffa5b7eaf8759a9ae54fd188eb030f8abd75',157,1,'Laravel Password Grant Client','[]',0,'2022-10-18 10:13:49','2022-10-18 10:13:49','2023-10-18 10:13:49'),('f5010e4a6779d4a128ab544173e201ad2935a19d9eaa114596214fb8113c56a4726b0166ba75dd16',13,1,'Laravel Password Grant Client','[]',0,'2022-03-03 07:49:16','2022-03-03 07:49:16','2023-03-03 07:49:16'),('f5cb3b6f5d3e11ccfa62aaeafa35789cd1767f6ba5ea4a0a2985871138d6fc03589f89336f7fc0c2',195,1,'Laravel Password Grant Client','[]',0,'2023-03-01 22:01:28','2023-03-01 22:01:28','2024-03-01 22:01:28'),('f620e24cb01ad18b5d9991a34582d00013518fdd38a5fbf0c0d1a3614726869a4ad67960768fcf07',182,1,'Laravel Password Grant Client','[]',0,'2023-01-19 15:33:45','2023-01-19 15:33:45','2024-01-19 15:33:45'),('f63f6f37decf8d41039ce2a954e38d921d6fd3de1f3c62d1dbfc367853a40e994898783fb6eb21e0',191,1,'Laravel Password Grant Client','[]',0,'2023-02-28 18:32:04','2023-02-28 18:32:04','2024-02-28 18:32:04'),('f6973624f9b34ad2cda728efb85c9ce9f2365be7ebf14d7de0aaf153a26bc30fbc7b12bb17e70c95',190,1,'Laravel Password Grant Client','[]',0,'2023-02-28 08:53:43','2023-02-28 08:53:43','2024-02-28 08:53:43'),('f6f1d592794b1d1f8aeff75611f7f4901624ae889b00e2508ba3d29e3fcdc53d79164d10b441f95b',5,1,'Laravel Password Grant Client','[]',0,'2022-03-29 16:29:40','2022-03-29 16:29:40','2023-03-29 16:29:40'),('f81042c8b173bfb3c3a0d32e0d5d4482eec6b398bba4a8df89c2e3eeccebffa3119056208a63f190',5,1,'Laravel Password Grant Client','[]',0,'2022-03-29 14:14:25','2022-03-29 14:14:25','2023-03-29 14:14:25'),('f829c12285704c5d3cb4387a6ebd2aee72514fddc22130e7a9f5eaf5c0169351afa60475a1a42470',120,1,'Laravel Password Grant Client','[]',0,'2022-09-28 11:00:33','2022-09-28 11:00:33','2023-09-28 11:00:33'),('f8dedd96383a86e4cd7f7a94b5985504503bb9fee5312f00fc54656b0efbd0183f3079ce12e7355d',178,1,'Laravel Password Grant Client','[]',0,'2023-01-12 10:30:36','2023-01-12 10:30:36','2024-01-12 10:30:36'),('f8f20264405b10ab6b73a872b8c1ce19288033c956705ec4c06c7115b6011ebe8166089873ffcfc2',65,1,'Laravel Password Grant Client','[]',0,'2022-04-14 13:04:33','2022-04-14 13:04:33','2023-04-14 17:04:33'),('fa4d2f1108e0beccee74b9475a78f457d114d29bbc68e437e78c27247b4abfab09441d5331d45978',65,1,'Laravel Password Grant Client','[]',0,'2022-04-12 04:47:45','2022-04-12 04:47:45','2023-04-12 08:47:45'),('fc07175f0323c21fe0c042c13c349989cdfaa02fe375ead950e31fae0def3bfb387526f26681d556',181,1,'Laravel Password Grant Client','[]',0,'2023-02-01 15:49:30','2023-02-01 15:49:30','2024-02-01 15:49:30'),('fc5bacaefd50f66ee84655827e202e5e88018432823228a4ba55fb22918258801e1b585185db7076',194,1,'Laravel Password Grant Client','[]',0,'2023-03-18 21:39:37','2023-03-18 21:39:37','2024-03-18 21:39:37'),('fcdb6dcb882e80a3a7285698e9bb58d6a15c76be602cf86b76494109183fd43c654c9a4076d9fe4b',181,1,'Laravel Password Grant Client','[]',0,'2023-03-13 15:45:54','2023-03-13 15:45:54','2024-03-13 15:45:54'),('fce20dd1a065a8e351c6617e35b725fbc5c734167ea46e381b6a7c3a733d3c1508734ea3869c4107',120,1,'Laravel Password Grant Client','[]',0,'2022-07-20 17:01:22','2022-07-20 17:01:22','2023-07-20 17:01:22'),('fd326cb7cae78fcc877d5dbccd8350f1c2ab9f3fef288ec8b2cd625bc05acde1569060e2a6dad3ea',190,1,'Laravel Password Grant Client','[]',0,'2023-02-08 12:54:07','2023-02-08 12:54:07','2024-02-08 12:54:07'),('ff11d1496c3a98cc00865685731a5ccaf81f833d9c0f8eb1c3f93816edaa45d3d2a39e44f89f9a7d',180,1,'Laravel Password Grant Client','[]',0,'2023-01-27 12:27:54','2023-01-27 12:27:54','2024-01-27 12:27:54'),('ff260765b8855b59dc9dee0b14a9c2f221c16ab36c80a595e23f0d839255c6da8f767822fbfdea5f',5,1,'Laravel Password Grant Client','[]',0,'2022-03-24 15:40:40','2022-03-24 15:40:40','2023-03-24 15:40:40'),('ff82d95dc588b9a6fd45ffc81fc02bee5de776b27edbd3b1ada552cac835a6de4b3e6c2f6ab62d75',181,1,'Laravel Password Grant Client','[]',0,'2023-02-22 12:47:14','2023-02-22 12:47:14','2024-02-22 12:47:14'),('ffc33b041e887857988c4bb441bb8b84a0626cb392d95b1493acacadf9c3072beedbe7908755af67',120,1,'Laravel Password Grant Client','[]',0,'2022-09-28 13:14:41','2022-09-28 13:14:41','2023-09-28 13:14:41');

--
-- Table structure for table `oauth_auth_codes`
--

CREATE TABLE `oauth_auth_codes` (
  `id` varchar(100) COLLATE utf8mb4_unicode_ci NOT NULL,
  `user_id` bigint unsigned NOT NULL,
  `client_id` bigint unsigned NOT NULL,
  `scopes` text COLLATE utf8mb4_unicode_ci,
  `revoked` tinyint(1) NOT NULL,
  `expires_at` datetime DEFAULT NULL,
  PRIMARY KEY (`id`),
  KEY `oauth_auth_codes_user_id_index` (`user_id`)
) ENGINE=InnoDB DEFAULT CHARSET=utf8mb4 COLLATE=utf8mb4_unicode_ci;

--
-- Dumping data for table `oauth_auth_codes`
--


--
-- Table structure for table `oauth_clients`
--

CREATE TABLE `oauth_clients` (
  `id` bigint unsigned NOT NULL AUTO_INCREMENT,
  `user_id` bigint unsigned DEFAULT NULL,
  `name` varchar(191) COLLATE utf8mb4_unicode_ci NOT NULL,
  `secret` varchar(100) COLLATE utf8mb4_unicode_ci DEFAULT NULL,
  `provider` varchar(191) COLLATE utf8mb4_unicode_ci DEFAULT NULL,
  `redirect` text COLLATE utf8mb4_unicode_ci NOT NULL,
  `personal_access_client` tinyint(1) NOT NULL,
  `password_client` tinyint(1) NOT NULL,
  `revoked` tinyint(1) NOT NULL,
  `created_at` timestamp NULL DEFAULT NULL,
  `updated_at` timestamp NULL DEFAULT NULL,
  PRIMARY KEY (`id`),
  KEY `oauth_clients_user_id_index` (`user_id`)
) ENGINE=InnoDB AUTO_INCREMENT=3 DEFAULT CHARSET=utf8mb4 COLLATE=utf8mb4_unicode_ci;

--
-- Dumping data for table `oauth_clients`
--

INSERT INTO `oauth_clients` VALUES (1,NULL,'Laravel Personal Access Client','PMdIeIPvOiZi4t54h8h9mBtSHART9CY7PZmWtqw5',NULL,'http://localhost',1,0,0,'2021-10-13 05:07:40','2021-10-13 05:07:40'),(2,NULL,'Laravel Password Grant Client','8ELveYgNYfKt7CBp2xvvt5AXJwz1w8Fdbh0wfjRA','users','http://localhost',0,1,0,'2021-10-13 05:07:40','2021-10-13 05:07:40');

--
-- Table structure for table `oauth_personal_access_clients`
--

CREATE TABLE `oauth_personal_access_clients` (
  `id` bigint unsigned NOT NULL AUTO_INCREMENT,
  `client_id` bigint unsigned NOT NULL,
  `created_at` timestamp NULL DEFAULT NULL,
  `updated_at` timestamp NULL DEFAULT NULL,
  PRIMARY KEY (`id`)
) ENGINE=InnoDB AUTO_INCREMENT=2 DEFAULT CHARSET=utf8mb4 COLLATE=utf8mb4_unicode_ci;

--
-- Dumping data for table `oauth_personal_access_clients`
--

INSERT INTO `oauth_personal_access_clients` VALUES (1,1,'2021-10-13 05:07:40','2021-10-13 05:07:40');

--
-- Table structure for table `oauth_refresh_tokens`
--

CREATE TABLE `oauth_refresh_tokens` (
  `id` varchar(100) COLLATE utf8mb4_unicode_ci NOT NULL,
  `access_token_id` varchar(100) COLLATE utf8mb4_unicode_ci NOT NULL,
  `revoked` tinyint(1) NOT NULL,
  `expires_at` datetime DEFAULT NULL,
  PRIMARY KEY (`id`),
  KEY `oauth_refresh_tokens_access_token_id_index` (`access_token_id`)
) ENGINE=InnoDB DEFAULT CHARSET=utf8mb4 COLLATE=utf8mb4_unicode_ci;

--
-- Dumping data for table `oauth_refresh_tokens`
--


--
-- Table structure for table `offer_services`
--

CREATE TABLE `offer_services` (
  `id` bigint unsigned NOT NULL AUTO_INCREMENT,
  `offer_id` bigint unsigned NOT NULL,
  `service_id` bigint unsigned NOT NULL,
  `created_at` timestamp NULL DEFAULT NULL,
  `updated_at` timestamp NULL DEFAULT NULL,
  `deleted_at` timestamp NULL DEFAULT NULL,
  PRIMARY KEY (`id`),
  KEY `offer_services_offer_id_foreign` (`offer_id`),
  KEY `offer_services_service_id_foreign` (`service_id`)
) ENGINE=MyISAM AUTO_INCREMENT=66 DEFAULT CHARSET=utf8mb4 COLLATE=utf8mb4_unicode_ci;

--
-- Dumping data for table `offer_services`
--

INSERT INTO `offer_services` VALUES (1,1,2,'2022-02-28 23:32:35','2022-02-28 23:32:35',NULL),(2,1,3,'2022-02-28 23:32:35','2022-02-28 23:32:35',NULL),(3,1,4,'2022-02-28 23:32:35','2022-02-28 23:32:35',NULL),(4,2,6,'2022-03-02 15:08:44','2022-03-02 15:08:44',NULL),(5,3,6,'2022-03-02 15:09:29','2022-03-02 15:09:29',NULL),(6,4,5,'2022-03-02 15:12:10','2022-03-02 15:12:10',NULL),(7,5,2,'2022-03-02 16:32:00','2022-03-02 16:32:00',NULL),(8,6,6,'2022-04-04 16:49:14','2022-04-04 16:49:14',NULL),(9,7,19,'2022-04-04 17:31:59','2022-04-04 17:31:59',NULL),(10,8,2,'2022-04-05 13:20:54','2022-04-05 13:20:54',NULL),(11,8,3,'2022-04-05 13:20:54','2022-04-05 13:20:54',NULL),(12,8,4,'2022-04-05 13:20:54','2022-04-05 13:20:54',NULL),(13,9,2,'2022-04-05 14:39:58','2022-04-05 14:39:58',NULL),(14,10,7,'2022-04-05 14:40:51','2022-04-05 14:40:51',NULL),(15,11,3,'2022-04-05 14:42:39','2022-04-05 14:42:39',NULL),(16,12,3,'2022-04-05 14:42:57','2022-04-05 14:42:57',NULL),(17,13,3,'2022-04-05 14:47:34','2022-04-05 14:47:34',NULL),(18,14,6,'2022-04-05 14:53:15','2022-04-05 14:53:15',NULL),(19,15,2,'2022-04-05 15:01:09','2022-04-05 15:01:09',NULL),(20,16,20,'2022-04-05 16:25:07','2022-04-05 16:25:07',NULL),(21,17,14,'2022-04-05 17:35:49','2022-04-05 17:35:49',NULL),(22,18,19,'2022-04-05 17:48:52','2022-04-05 17:48:52',NULL),(23,19,19,'2022-04-05 18:05:59','2022-04-05 18:05:59',NULL),(24,20,19,'2022-04-05 18:06:50','2022-04-05 18:06:50',NULL),(25,21,20,'2022-04-06 08:25:11','2022-04-06 08:25:11',NULL),(26,21,19,'2022-04-06 09:30:41','2022-04-06 09:30:41',NULL),(27,21,3,'2022-04-06 10:44:18','2022-04-06 10:44:18',NULL),(28,22,3,'2022-04-06 11:07:14','2022-04-06 11:07:14',NULL),(29,22,21,'2022-04-06 11:21:31','2022-04-06 11:21:31',NULL),(30,22,23,'2022-04-06 12:51:09','2022-04-06 12:51:09',NULL),(31,23,24,'2022-04-06 16:37:48','2022-04-06 16:37:48',NULL),(32,23,18,'2022-04-06 16:39:32','2022-04-06 16:39:32',NULL),(33,23,19,'2022-04-06 16:39:32','2022-04-06 16:39:32',NULL),(34,23,20,'2022-04-06 16:39:32','2022-04-06 16:39:32',NULL),(35,23,21,'2022-04-06 16:39:32','2022-04-06 16:39:32',NULL),(36,24,19,'2022-04-06 16:54:53','2022-04-06 16:54:53',NULL),(37,24,20,'2022-04-06 16:54:53','2022-04-06 16:54:53',NULL),(38,24,24,'2022-04-06 16:54:53','2022-04-06 16:54:53',NULL),(39,25,25,'2022-04-06 17:52:24','2022-04-06 17:52:24',NULL),(40,26,26,'2022-04-06 18:10:34','2022-04-06 18:10:34',NULL),(41,27,15,'2022-04-07 08:01:05','2022-04-07 08:01:05',NULL),(42,27,17,'2022-04-07 08:01:05','2022-04-07 08:01:05',NULL),(43,27,19,'2022-04-07 08:01:05','2022-04-07 08:01:05',NULL),(44,27,20,'2022-04-07 08:01:05','2022-04-07 08:01:05',NULL),(45,27,23,'2022-04-07 08:01:05','2022-04-07 08:01:05',NULL),(46,27,25,'2022-04-07 08:01:05','2022-04-07 08:01:05',NULL),(47,27,26,'2022-04-07 08:01:05','2022-04-07 08:01:05',NULL),(48,28,2,'2022-04-07 11:12:39','2022-04-07 11:12:39',NULL),(49,29,26,'2022-04-07 11:34:32','2022-04-07 11:34:32',NULL),(50,30,14,'2022-04-07 12:22:39','2022-04-07 12:22:39',NULL),(51,31,6,'2022-04-12 10:49:12','2022-04-12 10:49:12',NULL),(52,32,6,'2022-04-18 12:29:27','2022-04-18 12:29:27',NULL),(53,33,2,'2022-04-22 06:09:52','2022-04-22 06:09:52',NULL),(54,34,2,'2022-04-22 06:10:50','2022-04-22 06:10:50',NULL),(55,35,2,'2022-04-22 06:11:25','2022-04-22 06:11:25',NULL),(56,36,5,'2022-09-28 10:40:12','2022-09-28 10:40:12',NULL),(57,37,2,'2022-09-30 16:01:09','2022-10-05 16:07:36','2022-10-05 16:07:36'),(58,37,12,'2022-10-05 14:35:15','2022-10-05 15:54:45','2022-10-05 15:54:45'),(59,37,12,'2022-10-05 16:07:36','2022-10-05 16:19:06','2022-10-05 16:19:06'),(60,37,46,'2022-10-05 16:07:36','2022-10-05 16:19:06','2022-10-05 16:19:06'),(61,37,4,'2022-10-05 16:16:06','2022-10-05 16:16:06',NULL),(62,38,4,'2022-10-05 16:21:55','2022-10-05 16:21:55',NULL),(63,39,21,'2022-10-06 10:48:54','2022-10-06 11:05:58','2022-10-06 11:05:58'),(64,39,6,'2022-10-06 11:05:58','2022-10-06 11:05:58',NULL),(65,40,7,'2022-11-14 10:16:10','2022-11-14 10:16:10',NULL);

--
-- Table structure for table `offers`
--

CREATE TABLE `offers` (
  `id` bigint unsigned NOT NULL AUTO_INCREMENT,
  `title` varchar(191) CHARACTER SET utf8mb4 COLLATE utf8mb4_unicode_ci DEFAULT NULL,
  `description` varchar(191) CHARACTER SET utf8mb4 COLLATE utf8mb4_unicode_ci DEFAULT NULL,
  `discount_type` varchar(11) CHARACTER SET utf8mb4 COLLATE utf8mb4_unicode_ci DEFAULT NULL COMMENT '1 percentage 2 amount 3 free',
  `discount` double DEFAULT NULL,
  `min_bill_discount` double DEFAULT NULL,
  `max_bill_discount` double DEFAULT NULL,
  `number_free_time` int DEFAULT NULL,
  `service_id` varchar(191) CHARACTER SET utf8mb4 COLLATE utf8mb4_unicode_ci DEFAULT NULL,
  `status` tinyint(1) NOT NULL DEFAULT '1' COMMENT '0 inactive 1 active',
  `created_at` timestamp NULL DEFAULT NULL,
  `updated_at` timestamp NULL DEFAULT NULL,
  `deleted_at` timestamp NULL DEFAULT NULL,
  PRIMARY KEY (`id`)
) ENGINE=MyISAM AUTO_INCREMENT=41 DEFAULT CHARSET=utf8mb4 COLLATE=utf8mb4_unicode_ci;

--
-- Dumping data for table `offers`
--

INSERT INTO `offers` VALUES (1,'Golden Offer','Golden Offer','percentage',10,5,10,1,'2,3,4',1,'2022-02-28 23:32:35','2022-04-04 19:11:12',NULL),(2,'Silver Offer','Discount in the services for regular customers','percentage',30,4,6,1,'6',1,'2022-03-02 15:08:44','2022-04-04 19:11:56',NULL),(3,'123456789009876543','Good care','percentage',50,10,20,4,'6',1,'2022-03-02 15:09:29','2022-03-02 15:09:29',NULL),(4,'///****///****///***','Dcwrefdvdcsghddbd','amount',100,50,100,5,'5',1,'2022-03-02 15:12:10','2022-03-02 15:12:10',NULL),(5,'Platinum','VIP customers','percentage',4,2,4,2,'2',1,'2022-03-02 16:32:00','2022-03-02 16:32:00',NULL),(6,'Testing','Testing','percentage',10,10,10,NULL,'6',1,'2022-04-04 16:49:14','2022-04-04 16:49:14',NULL),(7,'Abcd','A','percentage',25,100,100,NULL,'19',1,'2022-04-04 17:31:59','2022-04-04 17:31:59',NULL),(8,'Test','Test','percentage',1,1,1,1,'2,3,4',1,'2022-04-05 13:20:54','2022-04-05 13:24:58',NULL),(9,'Gram','Gram','percentage',100,1,1,-1,'2',1,'2022-04-05 14:39:58','2022-04-05 14:39:58',NULL),(10,'Copper','Copper','percentage',1,1,1,0,'7',1,'2022-04-05 14:40:51','2022-04-05 14:49:41','2022-04-05 14:49:41'),(11,'Aluminum','Testing','percentage',1,1,1,0,'3',1,'2022-04-05 14:42:39','2022-04-05 14:42:39',NULL),(12,'Alum','Rgfdgffg','percentage',5,1,1,-1,'3',1,'2022-04-05 14:42:57','2022-04-05 17:09:07','2022-04-05 17:09:07'),(13,'Silver-golden','Vip','percentage',1,1,1,1,'3',1,'2022-04-05 14:47:34','2022-04-05 14:56:43','2022-04-05 14:56:43'),(14,'Yak2','Vip','percentage',1,1,1,1,'6',1,'2022-04-05 14:53:15','2022-04-05 14:56:06','2022-04-05 14:56:06'),(15,'Tintoo','Tintoo','percentage',1,1,1,1,'2',1,'2022-04-05 15:01:09','2022-04-05 15:02:05','2022-04-05 15:02:05'),(16,'SB Offer','SB Offer Test','percentage',10,50,100,3,'20',1,'2022-04-05 16:25:07','2022-04-05 16:27:02',NULL),(17,'Ji plan','Test','percentage',1,1,100,2,'14',1,'2022-04-05 17:35:49','2022-04-05 19:15:09',NULL),(18,'Sample offer','Sample offer','percentage',15,15,15,5,'19',1,'2022-04-05 17:48:52','2022-04-05 17:53:14','2022-04-05 17:53:14'),(19,'Sample offer','Sample offer','percentage',15,15,15,5,'19',1,'2022-04-05 18:05:59','2022-04-05 18:06:25','2022-04-05 18:06:25'),(20,'Sample offer','Sample offer','percentage',15,15,15,5,'19',1,'2022-04-05 18:06:50','2022-04-05 19:12:51',NULL),(21,'Special offer','Offer','percentage',10,1,100,1,'3,19,20',1,'2022-04-06 08:25:11','2022-04-06 10:44:18',NULL),(22,'Good friday offer','Test','percentage',10,1,100,1,'3,21,23',1,'2022-04-06 11:07:14','2022-04-06 12:51:09',NULL),(23,'Black friday offer','Test','percentage',5,1,100,1,'18,19,20,21,24',1,'2022-04-06 16:37:48','2022-04-06 16:39:32',NULL),(24,'Black day offer','Sample offer','percentage',2,1,100,1,'19,20,24',1,'2022-04-06 16:54:53','2022-09-30 15:54:36',NULL),(25,'Dolphinoffer','Dolphin','percentage',2,1,10,1,'25',1,'2022-04-06 17:52:24','2022-04-06 17:52:24',NULL),(26,'Dolpoff','1','percentage',1,1,1,1,'26',1,'2022-04-06 18:10:34','2022-04-06 18:10:34',NULL),(27,'Ironoffer','Test','percentage',12,1,100,1,'15,17,19,20,23,25,26',1,'2022-04-07 08:01:05','2022-04-12 10:48:01',NULL),(28,'Tttt','Tt','percentage',10,1,12,0,'2',1,'2022-04-07 11:12:39','2022-04-07 11:12:44','2022-04-07 11:12:44'),(29,'Mobilegroom','Mobile groomm','percentage',2,1,2,1,'26',1,'2022-04-07 11:34:32','2022-09-30 15:58:18',NULL),(30,'Serviceoffer','Fgfg','percentage',2,1,1,1,'14',1,'2022-04-07 12:22:39','2022-04-12 10:45:57','2022-04-12 10:45:57'),(31,'Unooffer','Test','percentage',1,1,12,1,'6',1,'2022-04-12 10:49:12','2022-04-12 10:49:40','2022-04-12 10:49:40'),(32,'Rubberoffer','Tt','percentage',1,1,1,1,'6',1,'2022-04-18 12:29:27','2022-04-18 12:29:45','2022-04-18 12:29:45'),(33,'Yooffer','Tt1','percentage',1,1,100,1,'2',1,'2022-04-22 06:09:52','2022-04-22 06:10:05',NULL),(34,'Ttyo','Tt','percentage',12,1,1,1,'2',1,'2022-04-22 06:10:50','2022-04-22 06:11:37','2022-04-22 06:11:37'),(35,'Ttttt','Tt','percentage',1,1,1,1,'2',1,'2022-04-22 06:11:25','2022-04-22 06:11:34','2022-04-22 06:11:34'),(36,'Big billion days','Big billion days','percentage',1,1,NULL,NULL,'5',1,'2022-09-28 10:40:12','2022-09-28 10:41:33',NULL),(37,'Canary Test offer','Canary Test Plan\r\ntest plan','amount',10,2,5,1,'4',1,'2022-09-30 16:01:09','2022-10-05 16:19:06',NULL),(38,'Mega Offer','Canary mega offer','amount',20,1,10,2,'4',1,'2022-10-05 16:21:55','2022-10-05 16:21:55',NULL),(39,'October offer','Free checkup','percentage',10,1,NULL,0,'6',1,'2022-10-06 10:48:54','2022-10-06 11:05:58',NULL),(40,'Free check up','Test free checkup','percentage',3,100,NULL,1,'7',1,'2022-11-14 10:16:10','2022-11-14 10:16:10',NULL);

--
-- Table structure for table `password_resets`
--

CREATE TABLE `password_resets` (
  `email` varchar(191) COLLATE utf8mb4_unicode_ci NOT NULL,
  `token` varchar(191) COLLATE utf8mb4_unicode_ci NOT NULL,
  `created_at` timestamp NULL DEFAULT NULL,
  KEY `password_resets_email_index` (`email`)
) ENGINE=InnoDB DEFAULT CHARSET=utf8mb4 COLLATE=utf8mb4_unicode_ci;

--
-- Dumping data for table `password_resets`
--

INSERT INTO `password_resets` VALUES ('vishnu123seeroo@gmail.com','$2y$10$fq/Dc5.DuXD53I4rcMdJduYjclspc7Gq8X7GyDrNAZQZLuj2jtpuK','2022-02-18 11:18:35'),('vishnuedachali123@gmail.com','$2y$10$2Mk4E3MljpI3ZDhI5r3qOuWo8Y9mMbxJ8gYNHuDXCohm1yV1zhEwy','2022-09-01 09:18:17');

--
-- Table structure for table `payment_types`
--

CREATE TABLE `payment_types` (
  `id` int NOT NULL AUTO_INCREMENT,
  `status` tinyint NOT NULL DEFAULT '1',
  `code` varchar(20) NOT NULL,
  `type` varchar(50) NOT NULL,
  `created_at` timestamp NOT NULL,
  `updated_at` timestamp NOT NULL,
  `deleted_at` timestamp NULL DEFAULT NULL,
  PRIMARY KEY (`id`)
) ENGINE=MyISAM AUTO_INCREMENT=4 DEFAULT CHARSET=latin1;

--
-- Dumping data for table `payment_types`
--

INSERT INTO `payment_types` VALUES (1,1,'ONLINE','Pay Online','2021-10-21 09:32:55','2021-10-21 09:32:55',NULL),(2,1,'POV','Pay on Vehicle','2021-10-21 09:32:55','2021-10-21 09:32:55',NULL),(3,1,'POB','Pay on Location','2021-10-21 09:33:15','2021-10-21 09:33:15',NULL);

--
-- Table structure for table `permission_role`
--

CREATE TABLE `permission_role` (
  `permission_id` bigint unsigned NOT NULL,
  `role_id` bigint unsigned NOT NULL,
  PRIMARY KEY (`permission_id`,`role_id`),
  KEY `permission_role_role_id_foreign` (`role_id`),
  CONSTRAINT `permission_role_permission_id_foreign` FOREIGN KEY (`permission_id`) REFERENCES `permissions` (`id`) ON DELETE CASCADE ON UPDATE CASCADE,
  CONSTRAINT `permission_role_role_id_foreign` FOREIGN KEY (`role_id`) REFERENCES `roles` (`id`) ON DELETE CASCADE ON UPDATE CASCADE
) ENGINE=InnoDB DEFAULT CHARSET=utf8mb4 COLLATE=utf8mb4_unicode_ci;

--
-- Dumping data for table `permission_role`
--

INSERT INTO `permission_role` VALUES (1,1),(2,1),(3,1),(4,1),(5,1),(6,1),(7,1),(8,1),(9,1),(10,1),(9,2),(10,2),(9,3),(10,3),(9,4),(10,4);

--
-- Table structure for table `permission_user`
--

CREATE TABLE `permission_user` (
  `permission_id` bigint unsigned NOT NULL,
  `user_id` bigint unsigned NOT NULL,
  `user_type` varchar(191) COLLATE utf8mb4_unicode_ci NOT NULL,
  `deleted_at` timestamp NULL DEFAULT NULL,
  PRIMARY KEY (`user_id`,`permission_id`,`user_type`),
  KEY `permission_user_permission_id_foreign` (`permission_id`),
  CONSTRAINT `permission_user_permission_id_foreign` FOREIGN KEY (`permission_id`) REFERENCES `permissions` (`id`) ON DELETE CASCADE ON UPDATE CASCADE
) ENGINE=InnoDB DEFAULT CHARSET=utf8mb4 COLLATE=utf8mb4_unicode_ci;

--
-- Dumping data for table `permission_user`
--


--
-- Table structure for table `permissions`
--

CREATE TABLE `permissions` (
  `id` bigint unsigned NOT NULL AUTO_INCREMENT,
  `name` varchar(191) COLLATE utf8mb4_unicode_ci NOT NULL,
  `display_name` varchar(191) COLLATE utf8mb4_unicode_ci DEFAULT NULL,
  `description` varchar(191) COLLATE utf8mb4_unicode_ci DEFAULT NULL,
  `created_at` timestamp NULL DEFAULT NULL,
  `updated_at` timestamp NULL DEFAULT NULL,
  PRIMARY KEY (`id`),
  UNIQUE KEY `permissions_name_unique` (`name`)
) ENGINE=InnoDB AUTO_INCREMENT=11 DEFAULT CHARSET=utf8mb4 COLLATE=utf8mb4_unicode_ci;

--
-- Dumping data for table `permissions`
--

INSERT INTO `permissions` VALUES (1,'users-create','Create Users','Create Users','2021-10-12 07:20:26','2021-10-12 07:20:26'),(2,'users-read','Read Users','Read Users','2021-10-12 07:20:26','2021-10-12 07:20:26'),(3,'users-update','Update Users','Update Users','2021-10-12 07:20:26','2021-10-12 07:20:26'),(4,'users-delete','Delete Users','Delete Users','2021-10-12 07:20:26','2021-10-12 07:20:26'),(5,'payments-create','Create Payments','Create Payments','2021-10-12 07:20:26','2021-10-12 07:20:26'),(6,'payments-read','Read Payments','Read Payments','2021-10-12 07:20:26','2021-10-12 07:20:26'),(7,'payments-update','Update Payments','Update Payments','2021-10-12 07:20:26','2021-10-12 07:20:26'),(8,'payments-delete','Delete Payments','Delete Payments','2021-10-12 07:20:26','2021-10-12 07:20:26'),(9,'profile-read','Read Profile','Read Profile','2021-10-12 07:20:26','2021-10-12 07:20:26'),(10,'profile-update','Update Profile','Update Profile','2021-10-12 07:20:26','2021-10-12 07:20:26');

--
-- Table structure for table `pet_type_management`
--

CREATE TABLE `pet_type_management` (
  `id` bigint unsigned NOT NULL AUTO_INCREMENT,
  `pet_name` varchar(191) COLLATE utf8mb4_unicode_ci DEFAULT NULL,
  `image` longtext COLLATE utf8mb4_unicode_ci,
  `status` tinyint NOT NULL DEFAULT '1' COMMENT '1=active ,0=inactive',
  `created_at` timestamp NULL DEFAULT NULL,
  `updated_at` timestamp NULL DEFAULT NULL,
  `deleted_at` timestamp NULL DEFAULT NULL,
  PRIMARY KEY (`id`)
) ENGINE=InnoDB AUTO_INCREMENT=14 DEFAULT CHARSET=utf8mb4 COLLATE=utf8mb4_unicode_ci;

--
-- Dumping data for table `pet_type_management`
--

INSERT INTO `pet_type_management` VALUES (1,'Bird','20211209115824-pet_type_management.jpg',1,'2021-10-12 07:20:26','2022-02-10 17:35:27',NULL),(2,'Cat','20211209115808-pet_type_management.jpg',0,'2021-10-12 07:20:26','2022-04-26 03:40:16',NULL),(3,'Parrot','20211013014426-pet_type_management.jpg',1,'2021-10-12 07:20:26','2021-12-06 16:58:04','2021-12-06 16:58:04'),(4,'Test Pet','20211112045444-pet_type_management.png',1,'2021-11-12 04:54:44','2021-11-12 04:55:34','2021-11-12 04:55:34'),(5,'Test Pet2','20211112045507-pet_type_management.jfif',1,'2021-11-12 04:55:07','2021-11-12 04:55:28','2021-11-12 04:55:28'),(6,'Rabbit','20211123015548-pet_type_management.jpg',1,'2021-11-23 13:55:48','2021-11-23 13:56:21','2021-11-23 13:56:21'),(7,'Rabbit','20211209115754-pet_type_management.png',1,'2021-11-23 13:56:38','2022-02-10 17:35:23',NULL),(8,'Fish','20211123015823-pet_type_management.jpg',1,'2021-11-23 13:58:23','2021-12-03 07:22:19','2021-12-03 07:22:19'),(9,'ABCD','20211130081239-pet_type_management.png',1,'2021-11-30 08:12:39','2021-12-03 07:22:13','2021-12-03 07:22:13'),(10,'DOG12','20211130100518-pet_type_management.png',1,'2021-11-30 10:05:18','2021-12-03 07:22:09','2021-12-03 07:22:09'),(11,'Dog','20211209115719-pet_type_management.jpg',1,'2021-12-03 07:22:52','2022-02-16 09:32:16',NULL),(12,'Elephant','20220304095529-pet_type_management.jpg',1,'2022-03-04 09:55:29','2022-04-14 03:51:57',NULL),(13,'snake',NULL,0,'2022-04-25 09:15:14','2022-04-25 09:19:51',NULL);

--
-- Table structure for table `pickup_details`
--

CREATE TABLE `pickup_details` (
  `id` int NOT NULL AUTO_INCREMENT,
  `booking_type` int NOT NULL COMMENT '1 booking, 2 appointments, 3 mobile grooming, 4 hotel booking',
  `booking_id` varchar(50) NOT NULL,
  `pickup_latitude` varchar(50) NOT NULL,
  `pickup_longitude` varchar(50) NOT NULL,
  `pickup_address` text NOT NULL,
  `created_at` timestamp NOT NULL DEFAULT CURRENT_TIMESTAMP,
  `updated_at` timestamp NOT NULL DEFAULT CURRENT_TIMESTAMP,
  `deleted_at` timestamp NULL DEFAULT NULL,
  PRIMARY KEY (`id`)
) ENGINE=InnoDB AUTO_INCREMENT=34 DEFAULT CHARSET=utf8mb4 COLLATE=utf8mb4_0900_ai_ci;

--
-- Dumping data for table `pickup_details`
--

INSERT INTO `pickup_details` VALUES (1,2,'CP-AP2208058305','10.850516','76.271080','test location','2022-11-25 12:40:27','2022-11-25 12:40:27',NULL),(2,1,'CP-BK2202289953','10.850516','76.271080','test location','2022-11-29 09:51:07','2022-11-29 09:51:07',NULL),(3,1,'CP-BK2208162109','10.850516','76.271080','test location','2022-11-29 10:29:17','2022-11-29 10:29:17',NULL),(4,1,'CP-BK2208166612','10.850516','76.271080','test location','2022-11-29 10:56:48','2022-11-29 10:56:48',NULL),(5,105,'CP-HB2208125671','10.850516','76.271080','test location','2022-11-29 11:40:49','2022-11-29 11:40:49',NULL),(6,2,'CP-AP2301103984','10.055881749149','76.350970566273','My Home','2023-01-10 07:33:23','2023-01-10 07:33:23',NULL),(7,1,'CP-BK2301108179','10.084681941141','76.280498877168','Yfyf','2023-01-10 08:40:42','2023-01-10 08:40:42',NULL),(8,1,'CP-BK2301136299','10.0645899','76.3512402','Rest','2023-01-13 13:06:30','2023-01-13 13:06:30',NULL),(9,1,'CP-BK2301136235','10.0645899','76.3512402','Rest','2023-01-13 13:09:50','2023-01-13 13:09:50',NULL),(10,1,'CP-BK2301162686','-0.00020820647477358','0.00064708292484283','Address','2023-01-16 05:34:08','2023-01-16 05:34:08',NULL),(11,1,'CP-BK2301165339','37.405026876043','-121.98900874704','Abc','2023-01-16 05:43:53','2023-01-16 05:43:53',NULL),(12,1,'CP-BK2301164731','37.405026876043','-121.98900874704','Abc','2023-01-16 05:56:29','2023-01-16 05:56:29',NULL),(13,1,'CP-BK2301164665','-0.00020820647477358','0.00064708292484283','Address','2023-01-16 06:38:43','2023-01-16 06:38:43',NULL),(14,1,'CP-BK2301165249','37.405026876043','-121.98900874704','Abc','2023-01-16 06:44:43','2023-01-16 06:44:43',NULL),(15,1,'CP-BK2301164490','37.405026876043','-121.98900874704','Abc','2023-01-16 07:00:58','2023-01-16 07:00:58',NULL),(16,1,'CP-BK2301162845','-0.00020820647477358','0.00064708292484283','Address','2023-01-16 07:09:15','2023-01-16 07:09:15',NULL),(17,1,'CP-BK2301165984','-0.00020820647477358','0.00064708292484283','Address','2023-01-16 07:17:19','2023-01-16 07:17:19',NULL),(18,1,'CP-BK2301169553','-0.00020820647477358','0.00064708292484283','Address','2023-01-16 07:18:16','2023-01-16 07:18:16',NULL),(19,2,'CP-AP2301163558','25.4052165','55.5136433','Test','2023-01-16 13:00:17','2023-01-16 13:00:17',NULL),(20,2,'CP-AP2301176543','10.054498519971','76.350913234055','Test','2023-01-17 12:15:18','2023-01-17 12:15:18',NULL),(21,1,'CP-BK2301187304','43.7780055','-79.3441593','Abc','2023-01-18 07:08:23','2023-01-18 07:08:23',NULL),(22,1,'CP-BK2301189404','25.2048493','55.2707828','Abc','2023-01-18 07:40:14','2023-01-18 07:40:14',NULL),(23,1,'CP-BK2301182246','43.7780055','-79.3441593','Abc','2023-01-18 09:47:05','2023-01-18 09:47:05',NULL),(24,1,'CP-BK2301188659','43.7780055','-79.3441593','Abc','2023-01-18 11:34:18','2023-01-18 11:34:18',NULL),(25,1,'CP-BK2301183967','43.7780055','-79.3441593','Abc','2023-01-18 12:02:04','2023-01-18 12:02:04',NULL),(26,1,'CP-BK2301184063','43.7780055','-79.3441593','Abc','2023-01-18 12:06:15','2023-01-18 12:06:15',NULL),(27,1,'CP-BK2301197255','10.054498519971','76.350913234055','Test','2023-01-19 05:42:56','2023-01-19 05:42:56',NULL),(28,2,'CP-AP2301208788','43.7780055','-79.3441593','Abc','2023-01-20 05:32:51','2023-01-20 05:32:51',NULL),(29,2,'CP-AP2301203145','43.7780055','-79.3441593','Abc','2023-01-20 05:34:04','2023-01-20 05:34:04',NULL),(30,1,'CP-BK2301206232','43.7780055','-79.3441593','Abc','2023-01-20 05:35:06','2023-01-20 05:35:06',NULL),(31,1,'CP-BK2301203027','43.7780055','-79.3441593','Abc','2023-01-20 05:35:48','2023-01-20 05:35:48',NULL),(32,2,'CP-AP2301274159','10.064583','76.3512381','Tee','2023-01-27 06:58:38','2023-01-27 06:58:38',NULL),(33,2,'CP-AP2301274827','10.064583','76.3512381','Tee','2023-01-27 07:10:48','2023-01-27 07:10:48',NULL);

--
-- Table structure for table `plans`
--

CREATE TABLE `plans` (
  `id` bigint unsigned NOT NULL AUTO_INCREMENT,
  `title` varchar(191) CHARACTER SET utf8mb4 COLLATE utf8mb4_unicode_ci DEFAULT NULL,
  `price` double DEFAULT NULL,
  `min_visit` int DEFAULT '0',
  `min_spend` int DEFAULT '0',
  `days` int DEFAULT '0',
  `eligible_loyalty` smallint DEFAULT NULL,
  `upgrade_amount` double DEFAULT NULL,
  `status` tinyint(1) NOT NULL DEFAULT '1' COMMENT '0 inactive1 active',
  `created_at` timestamp NULL DEFAULT NULL,
  `updated_at` timestamp NULL DEFAULT NULL,
  `deleted_at` timestamp NULL DEFAULT NULL,
  PRIMARY KEY (`id`)
) ENGINE=MyISAM AUTO_INCREMENT=44 DEFAULT CHARSET=utf8mb4 COLLATE=utf8mb4_unicode_ci;

--
-- Dumping data for table `plans`
--

INSERT INTO `plans` VALUES (1,'GOLDEN',300,2,50,1,1,400,0,'2022-02-28 12:45:33','2022-03-01 00:10:57','2022-03-01 00:10:57'),(2,'PET LIFE INSURANCE',10,1,20,99999,NULL,50,0,'2022-03-01 00:26:31','2022-04-03 21:50:54',NULL),(3,'Vaccination Plan',40,1,30,3,1,60,0,'2022-03-02 14:33:03','2022-04-03 21:43:29',NULL),(4,'/////////******',50,2,30,NULL,NULL,NULL,0,'2022-03-02 14:35:13','2022-03-03 17:25:39','2022-03-03 17:25:39'),(5,'1234567890-09876543',50,4,40,NULL,NULL,55,0,'2022-03-02 14:41:39','2022-03-02 14:48:02','2022-03-02 14:48:02'),(6,'Health care',20,1,20,590,NULL,100,0,'2022-03-02 14:47:52','2022-04-03 21:43:28',NULL),(7,'Golden',886,1,50,30,1,100,0,'2022-03-03 16:58:38','2022-03-03 17:25:14','2022-03-03 17:25:14'),(8,'A',12,1,1,NULL,1,1,0,'2022-03-03 17:14:36','2022-04-03 21:43:27',NULL),(9,'Golden',100,1,100,5,1,100,0,'2022-04-01 12:22:36','2022-04-03 21:46:26','2022-04-03 21:46:26'),(10,'Premium',300,1,300,1,NULL,10000,1,'2022-04-03 21:52:38','2023-02-15 17:16:55',NULL),(11,'Bronze',150,1,500,5,NULL,50,1,'2022-04-03 21:56:46','2023-02-15 17:16:51',NULL),(12,'Silver',250,1,2000,50,NULL,50,1,'2022-04-03 21:57:49','2023-02-15 17:16:48',NULL),(13,'OPD Cover',12,0,0,NULL,NULL,NULL,0,'2022-04-04 13:28:23','2022-04-04 13:28:39','2022-04-04 13:28:39'),(14,'Opd cover',12,8,0,NULL,NULL,NULL,0,'2022-04-04 13:38:53','2022-04-04 13:39:02','2022-04-04 13:39:02'),(15,'OpD cover',1,NULL,0,NULL,NULL,NULL,0,'2022-04-04 13:43:16','2022-04-04 13:43:28','2022-04-04 13:43:28'),(16,'Opd',1,NULL,1233,NULL,NULL,0,0,'2022-04-04 13:50:07','2022-04-04 13:50:15','2022-04-04 13:50:15'),(17,'Opd',1,NULL,1,0,NULL,2,0,'2022-04-04 13:54:44','2022-04-04 13:54:54','2022-04-04 13:54:54'),(18,'OPD cover',1,1,1,1,1,1,0,'2022-04-04 14:05:40','2023-02-14 15:41:41',NULL),(19,'Tt',1,1,1,9,NULL,2,0,'2022-04-04 14:40:04','2023-02-14 15:41:30',NULL),(20,'Copperplan',1,1,1,1,NULL,1,0,'2022-04-05 14:44:20','2023-02-14 15:41:33',NULL),(21,'SB Plan',100,1,120,1,NULL,90,0,'2022-04-05 16:21:02','2023-02-14 15:41:44',NULL),(22,'Tx Plan',10,0,10,12,NULL,1,0,'2022-04-05 17:27:00','2023-02-14 15:41:48',NULL),(23,'Newplan',120,1,10,2,NULL,12,0,'2022-04-06 08:24:33','2023-02-14 15:41:50',NULL),(24,'Good plan',100,1,10,1,NULL,1,0,'2022-04-06 11:07:38','2022-04-06 14:45:29','2022-04-06 14:45:29'),(25,'Oppoplan',120,1,12,1,NULL,1,0,'2022-04-06 16:38:57','2023-02-14 15:41:23',NULL),(26,'Vivoplan',1200,1,1,1,NULL,1,0,'2022-04-06 16:55:15','2023-02-14 15:41:26',NULL),(27,'Dollplan',1,1,1,1,NULL,1,0,'2022-04-06 17:52:42','2023-02-14 15:41:17',NULL),(28,'Dolplan',12,1,1,1,NULL,1,0,'2022-04-06 18:10:51','2023-02-14 15:41:00',NULL),(29,'Ironplan',1500,1,1,1,NULL,1,0,'2022-04-07 07:59:03','2023-02-14 15:40:51',NULL),(30,'12',1,1,1,1,NULL,1,0,'2022-04-07 11:09:37','2022-04-07 11:09:44','2022-04-07 11:09:44'),(31,'@#$',1,1,1,1,NULL,1,0,'2022-04-07 11:26:00','2023-02-14 15:41:10',NULL),(32,'Mobileplan',1200,1,1,1,NULL,1,0,'2022-04-07 11:35:35','2023-02-14 15:41:10',NULL),(33,'Serviceplan',2,1,1,1,NULL,1,0,'2022-04-07 12:20:33','2022-04-12 07:08:12','2022-04-12 07:08:12'),(34,'Mobile plan',1289,1,1,1,NULL,1,0,'2022-04-11 04:14:21','2023-02-14 15:41:09',NULL),(35,'Serviceplan',123,1,1,1,NULL,1,0,'2022-04-12 07:08:31','2022-04-12 07:09:29','2022-04-12 07:09:29'),(36,'Serviceplan',1,1,1,1,NULL,1,0,'2022-04-12 07:09:42','2022-04-12 11:12:41','2022-04-12 11:12:41'),(37,'Coinoffer',12,1,123,1,NULL,1,0,'2022-04-14 05:50:44','2023-02-14 15:41:09',NULL),(38,'Rubberplan',1,1,1,1,NULL,1,0,'2022-04-18 12:29:08','2023-02-14 15:41:08',NULL),(39,'Ttplan',1,2,1,1,NULL,1,0,'2022-04-22 06:08:29','2023-02-14 15:41:07',NULL),(40,'Zero plan',0,NULL,1,NULL,NULL,NULL,0,'2022-09-28 11:18:01','2023-02-14 15:41:19',NULL),(41,'Canary Test Plan',10,3,2,4,NULL,1,0,'2022-10-05 15:52:58','2023-02-14 15:41:06',NULL),(42,'Gold card',1000,2,3,365,NULL,1,0,'2022-10-05 16:20:44','2023-02-14 15:41:04',NULL),(43,'November offer',100,1,2,NULL,1,NULL,0,'2022-11-14 10:14:30','2023-02-14 15:41:03',NULL);

--
-- Table structure for table `plans_features`
--

CREATE TABLE `plans_features` (
  `id` bigint unsigned NOT NULL AUTO_INCREMENT,
  `plan_id` bigint unsigned NOT NULL,
  `offer_id` bigint unsigned NOT NULL,
  `status` tinyint(1) NOT NULL DEFAULT '1' COMMENT '0 inactive 1 active',
  `created_at` timestamp NOT NULL DEFAULT CURRENT_TIMESTAMP,
  `updated_at` timestamp NULL DEFAULT NULL,
  `deleted_at` timestamp NULL DEFAULT NULL,
  PRIMARY KEY (`id`),
  KEY `plans_features_plan_id_foreign` (`plan_id`),
  KEY `plans_features_offer_id_foreign` (`offer_id`)
) ENGINE=MyISAM AUTO_INCREMENT=49 DEFAULT CHARSET=utf8mb4 COLLATE=utf8mb4_unicode_ci;

--
-- Dumping data for table `plans_features`
--

INSERT INTO `plans_features` VALUES (1,1,1,1,'2022-02-28 19:33:21',NULL,NULL),(2,6,2,1,'2022-03-02 11:20:37',NULL,NULL),(3,3,2,1,'2022-03-02 11:33:47',NULL,NULL),(4,6,5,1,'2022-03-02 13:08:09',NULL,NULL),(5,8,2,1,'2022-03-29 12:01:45','2022-03-29 16:05:09','2022-03-29 16:05:09'),(6,8,2,1,'2022-03-29 13:53:54',NULL,NULL),(7,12,1,1,'2022-04-04 05:42:39','2022-04-05 17:44:03','2022-04-05 17:44:03'),(8,11,2,1,'2022-04-04 05:43:38',NULL,NULL),(9,10,5,1,'2022-04-04 05:43:55',NULL,NULL),(10,19,5,1,'2022-04-04 11:41:53',NULL,NULL),(11,19,1,1,'2022-04-04 12:51:11',NULL,NULL),(12,19,2,1,'2022-04-04 12:51:11',NULL,NULL),(13,12,7,1,'2022-04-04 13:32:12',NULL,NULL),(14,18,1,1,'2022-04-04 15:05:28','2022-04-04 19:09:59',NULL),(15,20,10,1,'2022-04-05 10:49:24','2022-04-05 14:56:33','2022-04-05 14:56:33'),(16,20,13,1,'2022-04-05 10:56:29','2022-04-05 17:27:22','2022-04-05 17:27:22'),(17,20,7,1,'2022-04-05 12:18:43','2022-04-05 17:46:53',NULL),(18,21,16,1,'2022-04-05 12:25:28',NULL,NULL),(19,22,1,1,'2022-04-05 13:27:07',NULL,NULL),(20,20,2,1,'2022-04-05 13:27:32','2022-04-05 17:27:39','2022-04-05 17:27:39'),(21,22,17,1,'2022-04-05 13:36:03',NULL,NULL),(22,21,17,1,'2022-04-05 13:36:38',NULL,NULL),(23,20,18,1,'2022-04-05 13:49:19','2022-04-05 17:53:03',NULL),(24,20,19,1,'2022-04-05 14:06:14',NULL,NULL),(25,20,20,1,'2022-04-05 14:07:07',NULL,NULL),(26,23,21,1,'2022-04-06 04:25:26',NULL,NULL),(27,24,22,1,'2022-04-06 07:07:44',NULL,NULL),(28,25,23,1,'2022-04-06 12:39:04',NULL,NULL),(29,26,24,1,'2022-04-06 12:55:22',NULL,NULL),(30,27,25,1,'2022-04-06 13:52:49',NULL,NULL),(31,28,26,1,'2022-04-06 14:10:59',NULL,NULL),(32,29,27,1,'2022-04-07 04:01:16',NULL,NULL),(33,32,29,1,'2022-04-07 07:35:47',NULL,NULL),(34,33,30,1,'2022-04-07 12:22:56',NULL,NULL),(35,34,24,1,'2022-04-11 04:14:30',NULL,NULL),(36,34,21,1,'2022-04-11 05:00:09',NULL,NULL),(37,36,30,1,'2022-04-12 10:45:49',NULL,NULL),(38,36,25,1,'2022-04-12 10:47:13',NULL,NULL),(39,36,27,1,'2022-04-12 10:48:16',NULL,NULL),(40,36,31,1,'2022-04-12 10:49:23',NULL,NULL),(41,38,32,1,'2022-04-18 12:29:41',NULL,NULL),(42,12,37,1,'2022-09-30 12:03:43',NULL,NULL),(43,41,37,1,'2022-10-05 11:54:02',NULL,NULL),(44,42,38,1,'2022-10-05 12:22:28',NULL,NULL),(45,43,36,1,'2022-12-06 10:34:40',NULL,NULL),(46,43,24,1,'2022-12-06 10:34:40',NULL,NULL),(47,43,23,1,'2022-12-06 10:34:40',NULL,NULL),(48,43,37,1,'2022-12-06 10:34:40',NULL,NULL);

--
-- Table structure for table `role_user`
--

CREATE TABLE `role_user` (
  `role_id` bigint unsigned NOT NULL,
  `user_id` bigint unsigned NOT NULL,
  `user_type` varchar(191) COLLATE utf8mb4_unicode_ci NOT NULL,
  `created_at` timestamp NULL DEFAULT NULL,
  `updated_at` timestamp NULL DEFAULT NULL,
  `deleted_at` timestamp NULL DEFAULT NULL,
  PRIMARY KEY (`user_id`,`role_id`,`user_type`),
  KEY `role_user_role_id_foreign` (`role_id`),
  CONSTRAINT `role_user_role_id_foreign` FOREIGN KEY (`role_id`) REFERENCES `roles` (`id`) ON DELETE CASCADE ON UPDATE CASCADE
) ENGINE=InnoDB DEFAULT CHARSET=utf8mb4 COLLATE=utf8mb4_unicode_ci;

--
-- Dumping data for table `role_user`
--

INSERT INTO `role_user` VALUES (1,1,'App\\Models\\User',NULL,NULL,NULL),(2,2,'App\\Models\\User',NULL,NULL,NULL),(4,3,'App\\Models\\User',NULL,NULL,NULL),(3,4,'App\\Models\\User',NULL,'2022-02-28 12:50:06','2022-02-28 12:50:06'),(3,5,'App\\Models\\User',NULL,NULL,NULL),(3,6,'App\\Models\\User',NULL,NULL,NULL),(3,7,'App\\Models\\User',NULL,NULL,NULL),(2,8,'App\\Models\\User',NULL,NULL,NULL),(4,9,'App\\Models\\User',NULL,NULL,NULL),(2,10,'App\\Models\\User',NULL,NULL,NULL),(4,11,'App\\Models\\User',NULL,'2022-03-03 11:44:50','2022-03-03 11:44:50'),(4,12,'App\\Models\\User',NULL,NULL,NULL),(3,13,'App\\Models\\User',NULL,NULL,NULL),(2,14,'App\\Models\\User',NULL,NULL,NULL),(2,15,'App\\Models\\User',NULL,'2022-03-02 18:38:41','2022-03-02 18:38:41'),(2,16,'App\\Models\\User',NULL,NULL,NULL),(3,17,'App\\Models\\User',NULL,NULL,NULL),(2,18,'App\\Models\\User',NULL,NULL,NULL),(4,19,'App\\Models\\User',NULL,NULL,NULL),(2,20,'App\\Models\\User',NULL,NULL,NULL),(2,21,'App\\Models\\User',NULL,NULL,NULL),(2,22,'App\\Models\\User',NULL,NULL,NULL),(2,23,'App\\Models\\User',NULL,NULL,NULL),(3,24,'App\\Models\\User',NULL,NULL,NULL),(2,25,'App\\Models\\User',NULL,NULL,NULL),(2,26,'App\\Models\\User',NULL,NULL,NULL),(4,27,'App\\Models\\User',NULL,NULL,NULL),(4,28,'App\\Models\\User',NULL,NULL,NULL),(3,29,'App\\Models\\User',NULL,NULL,NULL),(2,30,'App\\Models\\User',NULL,NULL,NULL),(4,31,'App\\Models\\User',NULL,NULL,NULL),(4,32,'App\\Models\\User',NULL,NULL,NULL),(3,33,'App\\Models\\User',NULL,NULL,NULL),(4,34,'App\\Models\\User',NULL,NULL,NULL),(3,35,'App\\Models\\User',NULL,NULL,NULL),(3,36,'App\\Models\\User',NULL,NULL,NULL),(3,37,'App\\Models\\User',NULL,NULL,NULL),(3,38,'App\\Models\\User',NULL,NULL,NULL),(3,39,'App\\Models\\User',NULL,NULL,NULL),(3,40,'App\\Models\\User',NULL,NULL,NULL),(3,41,'App\\Models\\User',NULL,NULL,NULL),(3,42,'App\\Models\\User',NULL,NULL,NULL),(3,43,'App\\Models\\User',NULL,NULL,NULL),(3,44,'App\\Models\\User',NULL,NULL,NULL),(3,45,'App\\Models\\User',NULL,NULL,NULL),(3,46,'App\\Models\\User',NULL,NULL,NULL),(3,47,'App\\Models\\User',NULL,NULL,NULL),(3,48,'App\\Models\\User',NULL,NULL,NULL),(2,49,'App\\Models\\User',NULL,NULL,NULL),(4,50,'App\\Models\\User',NULL,NULL,NULL),(3,51,'App\\Models\\User',NULL,NULL,NULL),(3,52,'App\\Models\\User',NULL,NULL,NULL),(3,53,'App\\Models\\User',NULL,NULL,NULL),(3,54,'App\\Models\\User',NULL,'2022-04-11 06:33:18','2022-04-11 06:33:18'),(2,55,'App\\Models\\User',NULL,NULL,NULL),(4,56,'App\\Models\\User',NULL,NULL,NULL),(3,57,'App\\Models\\User',NULL,NULL,NULL),(3,58,'App\\Models\\User',NULL,NULL,NULL),(4,59,'App\\Models\\User',NULL,NULL,NULL),(3,60,'App\\Models\\User',NULL,NULL,NULL),(3,61,'App\\Models\\User',NULL,NULL,NULL),(2,62,'App\\Models\\User',NULL,NULL,NULL),(2,63,'App\\Models\\User',NULL,NULL,NULL),(4,64,'App\\Models\\User',NULL,NULL,NULL),(3,65,'App\\Models\\User',NULL,NULL,NULL),(4,66,'App\\Models\\User',NULL,NULL,NULL),(3,67,'App\\Models\\User',NULL,NULL,NULL),(4,68,'App\\Models\\User',NULL,NULL,NULL),(2,69,'App\\Models\\User',NULL,NULL,NULL),(2,70,'App\\Models\\User',NULL,NULL,NULL),(2,71,'App\\Models\\User',NULL,NULL,NULL),(4,72,'App\\Models\\User',NULL,NULL,NULL),(4,73,'App\\Models\\User',NULL,NULL,NULL),(4,74,'App\\Models\\User',NULL,NULL,NULL),(2,75,'App\\Models\\User',NULL,NULL,NULL),(2,76,'App\\Models\\User',NULL,NULL,NULL),(4,77,'App\\Models\\User',NULL,NULL,NULL),(4,78,'App\\Models\\User',NULL,NULL,NULL),(4,79,'App\\Models\\User',NULL,NULL,NULL),(4,81,'App\\Models\\User',NULL,NULL,NULL),(4,82,'App\\Models\\User',NULL,NULL,NULL),(4,83,'App\\Models\\User',NULL,NULL,NULL),(4,84,'App\\Models\\User',NULL,NULL,NULL),(3,85,'App\\Models\\User',NULL,'2022-04-11 06:25:39','2022-04-11 06:25:39'),(3,86,'App\\Models\\User',NULL,NULL,NULL),(2,87,'App\\Models\\User',NULL,NULL,NULL),(4,88,'App\\Models\\User',NULL,NULL,NULL),(4,89,'App\\Models\\User',NULL,NULL,NULL),(3,90,'App\\Models\\User',NULL,NULL,NULL),(4,91,'App\\Models\\User',NULL,NULL,NULL),(4,92,'App\\Models\\User',NULL,NULL,NULL),(4,93,'App\\Models\\User',NULL,NULL,NULL),(4,94,'App\\Models\\User',NULL,NULL,NULL),(4,95,'App\\Models\\User',NULL,NULL,NULL),(3,98,'App\\Models\\User',NULL,NULL,NULL),(4,99,'App\\Models\\User',NULL,NULL,NULL),(2,100,'App\\Models\\User',NULL,'2022-04-25 04:18:57','2022-04-25 04:18:57'),(4,101,'App\\Models\\User',NULL,NULL,NULL),(4,102,'App\\Models\\User',NULL,NULL,NULL),(3,103,'App\\Models\\User',NULL,NULL,NULL),(4,104,'App\\Models\\User',NULL,NULL,NULL),(4,105,'App\\Models\\User',NULL,NULL,NULL),(4,106,'App\\Models\\User',NULL,NULL,NULL),(4,107,'App\\Models\\User',NULL,NULL,NULL),(3,108,'App\\Models\\User',NULL,NULL,NULL),(4,109,'App\\Models\\User',NULL,NULL,NULL),(4,110,'App\\Models\\User',NULL,NULL,NULL),(4,111,'App\\Models\\User',NULL,NULL,NULL),(4,112,'App\\Models\\User',NULL,NULL,NULL),(2,113,'App\\Models\\User',NULL,'2022-04-25 04:18:51','2022-04-25 04:18:51'),(4,114,'App\\Models\\User',NULL,NULL,NULL),(3,115,'App\\Models\\User',NULL,NULL,NULL),(2,116,'App\\Models\\User',NULL,NULL,NULL),(4,117,'App\\Models\\User',NULL,NULL,NULL),(2,118,'App\\Models\\User',NULL,'2022-04-25 04:18:47','2022-04-25 04:18:47'),(4,119,'App\\Models\\User',NULL,NULL,NULL),(3,120,'App\\Models\\User',NULL,NULL,NULL),(3,121,'App\\Models\\User',NULL,NULL,NULL),(4,122,'App\\Models\\User',NULL,'2022-04-22 05:21:48','2022-04-22 05:21:48'),(4,123,'App\\Models\\User',NULL,NULL,NULL),(4,124,'App\\Models\\User',NULL,NULL,NULL),(4,125,'App\\Models\\User',NULL,'2022-12-13 19:16:10','2022-12-13 19:16:10'),(4,126,'App\\Models\\User',NULL,NULL,NULL),(4,127,'App\\Models\\User',NULL,NULL,NULL),(4,128,'App\\Models\\User',NULL,NULL,NULL),(2,129,'App\\Models\\User',NULL,NULL,NULL),(4,130,'App\\Models\\User',NULL,NULL,NULL),(3,131,'App\\Models\\User',NULL,NULL,NULL),(3,132,'App\\Models\\User',NULL,NULL,NULL),(4,133,'App\\Models\\User',NULL,NULL,NULL),(3,134,'App\\Models\\User',NULL,NULL,NULL),(3,135,'App\\Models\\User',NULL,NULL,NULL),(4,136,'App\\Models\\User',NULL,NULL,NULL),(4,137,'App\\Models\\User',NULL,NULL,NULL),(3,138,'App\\Models\\User',NULL,NULL,NULL),(3,139,'App\\Models\\User',NULL,NULL,NULL),(3,140,'App\\Models\\User',NULL,NULL,NULL),(3,141,'App\\Models\\User',NULL,NULL,NULL),(3,142,'App\\Models\\User',NULL,NULL,NULL),(3,143,'App\\Models\\User',NULL,NULL,NULL),(3,144,'App\\Models\\User',NULL,NULL,NULL),(3,145,'App\\Models\\User',NULL,NULL,NULL),(3,146,'App\\Models\\User',NULL,NULL,NULL),(3,147,'App\\Models\\User',NULL,NULL,NULL),(3,148,'App\\Models\\User',NULL,NULL,NULL),(3,149,'App\\Models\\User',NULL,NULL,NULL),(3,150,'App\\Models\\User',NULL,NULL,NULL),(3,151,'App\\Models\\User',NULL,NULL,NULL),(3,152,'App\\Models\\User',NULL,NULL,NULL),(3,153,'App\\Models\\User',NULL,NULL,NULL),(3,154,'App\\Models\\User',NULL,NULL,NULL),(3,155,'App\\Models\\User',NULL,NULL,NULL),(3,156,'App\\Models\\User',NULL,NULL,NULL),(3,157,'App\\Models\\User',NULL,NULL,NULL),(3,158,'App\\Models\\User',NULL,NULL,NULL),(3,159,'App\\Models\\User',NULL,NULL,NULL),(3,160,'App\\Models\\User',NULL,NULL,NULL),(3,161,'App\\Models\\User',NULL,NULL,NULL),(3,162,'App\\Models\\User',NULL,NULL,NULL),(3,163,'App\\Models\\User',NULL,NULL,NULL),(3,164,'App\\Models\\User',NULL,NULL,NULL),(3,165,'App\\Models\\User',NULL,NULL,NULL),(3,166,'App\\Models\\User',NULL,NULL,NULL),(3,167,'App\\Models\\User',NULL,NULL,NULL),(3,168,'App\\Models\\User',NULL,'2023-03-15 18:51:37','2023-03-15 18:51:37'),(3,169,'App\\Models\\User',NULL,NULL,NULL),(3,170,'App\\Models\\User',NULL,NULL,NULL),(3,171,'App\\Models\\User',NULL,NULL,NULL),(3,172,'App\\Models\\User',NULL,NULL,NULL),(3,173,'App\\Models\\User',NULL,NULL,NULL),(3,174,'App\\Models\\User',NULL,NULL,NULL),(3,175,'App\\Models\\User',NULL,NULL,NULL),(3,176,'App\\Models\\User',NULL,NULL,NULL),(3,177,'App\\Models\\User',NULL,NULL,NULL),(3,178,'App\\Models\\User',NULL,NULL,NULL),(3,179,'App\\Models\\User',NULL,NULL,NULL),(3,180,'App\\Models\\User',NULL,NULL,NULL),(3,181,'App\\Models\\User',NULL,NULL,NULL),(3,182,'App\\Models\\User',NULL,NULL,NULL),(3,183,'App\\Models\\User',NULL,NULL,NULL),(3,184,'App\\Models\\User',NULL,NULL,NULL),(3,185,'App\\Models\\User',NULL,NULL,NULL),(3,186,'App\\Models\\User',NULL,NULL,NULL),(3,187,'App\\Models\\User',NULL,NULL,NULL),(3,188,'App\\Models\\User',NULL,NULL,NULL),(3,189,'App\\Models\\User',NULL,NULL,NULL),(3,190,'App\\Models\\User',NULL,NULL,NULL),(3,191,'App\\Models\\User',NULL,NULL,NULL),(3,192,'App\\Models\\User',NULL,NULL,NULL),(3,193,'App\\Models\\User',NULL,NULL,NULL),(3,194,'App\\Models\\User',NULL,NULL,NULL),(3,195,'App\\Models\\User',NULL,NULL,NULL),(3,196,'App\\Models\\User',NULL,NULL,NULL),(3,197,'App\\Models\\User',NULL,NULL,NULL),(3,198,'App\\Models\\User',NULL,NULL,NULL),(3,199,'App\\Models\\User',NULL,NULL,NULL),(3,200,'App\\Models\\User',NULL,NULL,NULL),(3,201,'App\\Models\\User',NULL,NULL,NULL),(3,202,'App\\Models\\User',NULL,NULL,NULL),(3,203,'App\\Models\\User',NULL,NULL,NULL),(3,204,'App\\Models\\User',NULL,NULL,NULL),(3,205,'App\\Models\\User',NULL,NULL,NULL),(3,206,'App\\Models\\User',NULL,NULL,NULL);

--
-- Table structure for table `roles`
--

CREATE TABLE `roles` (
  `id` bigint unsigned NOT NULL AUTO_INCREMENT,
  `name` varchar(191) COLLATE utf8mb4_unicode_ci NOT NULL,
  `display_name` varchar(191) COLLATE utf8mb4_unicode_ci DEFAULT NULL,
  `description` varchar(191) COLLATE utf8mb4_unicode_ci DEFAULT NULL,
  `created_at` timestamp NULL DEFAULT NULL,
  `updated_at` timestamp NULL DEFAULT NULL,
  PRIMARY KEY (`id`),
  UNIQUE KEY `roles_name_unique` (`name`)
) ENGINE=InnoDB AUTO_INCREMENT=5 DEFAULT CHARSET=utf8mb4 COLLATE=utf8mb4_unicode_ci;

--
-- Dumping data for table `roles`
--

INSERT INTO `roles` VALUES (1,'super_admin','Super Admin','Super Admin','2021-10-12 07:20:26','2021-10-12 07:20:26'),(2,'branch_user','Branch User','Branch User','2021-10-12 07:20:26','2021-10-12 07:20:26'),(3,'user','User','User','2021-10-12 07:20:26','2021-10-12 07:20:26'),(4,'doctor','Doctor','Doctor','2021-10-12 07:20:26','2021-10-12 07:20:26');

--
-- Table structure for table `room_reviews`
--

CREATE TABLE `room_reviews` (
  `id` int NOT NULL AUTO_INCREMENT,
  `order_id` varchar(20) NOT NULL,
  `room_id` int NOT NULL,
  `branch_id` int NOT NULL,
  `rating` int DEFAULT NULL,
  `comment` varchar(255) NOT NULL,
  `status` tinyint NOT NULL DEFAULT '1',
  `created_by` int NOT NULL,
  `deleted_at` timestamp NULL DEFAULT NULL,
  `created_at` timestamp NOT NULL DEFAULT CURRENT_TIMESTAMP,
  `updated_at` timestamp NULL DEFAULT CURRENT_TIMESTAMP,
  PRIMARY KEY (`id`)
) ENGINE=MyISAM AUTO_INCREMENT=32 DEFAULT CHARSET=latin1;

--
-- Dumping data for table `room_reviews`
--

INSERT INTO `room_reviews` VALUES (2,'CP-HB2203043916',3,8,8,'good room',1,6,NULL,'2022-03-07 14:46:40','2022-03-08 12:01:39'),(3,'CP-HB2203043916',3,8,8,'good room',1,6,NULL,'2022-03-16 09:11:46','2022-03-16 09:11:46'),(4,'CP-HB2203181391',1,1,3,'good room',1,5,NULL,'2022-03-21 11:03:40','2022-03-21 11:03:40'),(5,'CP-HB2203181391',1,1,3,'\"\"',1,5,NULL,'2022-03-21 11:04:11','2022-03-21 11:04:11'),(6,'CP-HB2203181391',1,1,3,'ab',1,5,NULL,'2022-03-21 11:05:00','2022-03-21 11:05:00'),(7,'CP-HB2203181391',1,1,2,'testing',1,5,NULL,'2022-03-21 13:09:40','2022-03-21 13:09:40'),(8,'CP-HB2203215702',1,1,9,'testing',1,5,NULL,'2022-03-21 13:24:56','2022-03-21 13:24:56'),(9,'CP-HB2203215702',1,1,5,'hello',1,5,NULL,'2022-03-21 14:03:40','2022-03-21 14:03:40'),(10,'CP-HB2203215702',1,1,5,'hello',1,5,NULL,'2022-03-21 14:03:40','2022-03-21 14:03:40'),(11,'CP-HB2203215702',1,1,4,'test',1,5,NULL,'2022-03-21 14:14:24','2022-03-21 14:14:24'),(12,'CP-HB2203181391',1,1,8,'test',1,5,NULL,'2022-03-21 14:30:03','2022-03-21 14:30:03'),(13,'CP-HB2203181391',1,1,9,'test',1,5,NULL,'2022-03-21 14:30:23','2022-03-21 14:30:23'),(14,'CP-HB2203181391',1,1,5,'test',1,5,NULL,'2022-03-21 14:30:29','2022-03-21 14:30:29'),(15,'CP-HB2203181391',1,1,10,'test',1,5,NULL,'2022-03-21 14:30:45','2022-03-21 14:30:45'),(16,'CP-HB2203181391',1,1,3,'avg room',0,5,NULL,'2022-03-21 18:08:34','2022-03-23 16:15:13'),(17,'CP-HB2203215702',1,1,4,'testt',1,5,NULL,'2022-03-22 09:30:17','2022-03-22 09:30:17'),(18,'CP-HB2203215702',1,1,4,'test',1,5,NULL,'2022-03-22 09:30:44','2022-03-22 09:30:44'),(19,'CP-HB2203215702',1,1,5,'test',1,5,NULL,'2022-03-22 10:03:52','2022-03-22 10:03:52'),(20,'CP-HB2203215702',1,1,6,'test',1,5,NULL,'2022-03-22 10:13:27','2022-03-22 10:13:27'),(21,'CP-HB2203215702',1,1,5,'testt',1,5,NULL,'2022-03-22 10:13:34','2022-03-22 10:13:34'),(22,'CP-HB2203215702',1,1,8,'testt',1,5,NULL,'2022-03-22 10:20:43','2022-03-22 10:20:43'),(23,'CP-HB2203215702',1,1,4,'test',1,5,NULL,'2022-03-22 10:21:01','2022-03-22 10:21:01'),(24,'CP-HB2203181391',1,1,3,'avg rooms',1,5,NULL,'2022-03-22 10:34:43','2022-03-22 10:34:43'),(25,'CP-HB2203215702',1,1,4,'testt',1,5,NULL,'2022-03-22 11:04:37','2022-03-22 11:04:37'),(26,'CP-HB2301166724',6,9,10,'dhurudd',1,181,NULL,'2023-01-16 21:57:07','2023-01-16 21:57:07'),(27,'CP-HB2301192545',6,9,0,'asdasd',1,181,NULL,'2023-02-15 11:30:17','2023-02-15 11:30:17'),(28,'CP-HB2302096815',12,20,6,'test t',1,190,NULL,'2023-02-16 13:23:40','2023-02-16 13:23:40'),(29,'CP-HB2302137508',16,25,6,'yuyy',1,190,NULL,'2023-02-16 13:26:14','2023-02-16 13:26:14'),(30,'CP-HB2302163398',12,20,10,'test user',1,190,NULL,'2023-02-16 13:30:10','2023-02-16 13:30:10'),(31,'CP-HB2302168548',10,19,4,'you',1,190,NULL,'2023-02-17 12:41:09','2023-02-17 12:41:09');

--
-- Table structure for table `service_images`
--

CREATE TABLE `service_images` (
  `id` bigint unsigned NOT NULL AUTO_INCREMENT,
  `service_prices_id` int NOT NULL,
  `image` longtext COLLATE utf8mb4_unicode_ci NOT NULL,
  `created_at` timestamp NULL DEFAULT NULL,
  `updated_at` timestamp NULL DEFAULT NULL,
  PRIMARY KEY (`id`)
) ENGINE=InnoDB DEFAULT CHARSET=utf8mb4 COLLATE=utf8mb4_unicode_ci;

--
-- Dumping data for table `service_images`
--


--
-- Table structure for table `service_prices`
--

CREATE TABLE `service_prices` (
  `id` bigint unsigned NOT NULL AUTO_INCREMENT,
  `branch_id` int DEFAULT NULL,
  `service_id` int NOT NULL,
  `price` double NOT NULL,
  `duration` varchar(191) COLLATE utf8mb4_unicode_ci NOT NULL,
  `points_required` int NOT NULL,
  `slot_availability` int DEFAULT '1',
  `show_app` smallint DEFAULT NULL,
  `description` text COLLATE utf8mb4_unicode_ci NOT NULL,
  `created_by` int NOT NULL,
  `status` tinyint(1) NOT NULL DEFAULT '1' COMMENT '1 = active, 0 = Inactive',
  `deleted_at` timestamp NULL DEFAULT NULL,
  `created_at` timestamp NULL DEFAULT NULL,
  `updated_at` timestamp NULL DEFAULT NULL,
  PRIMARY KEY (`id`)
) ENGINE=InnoDB AUTO_INCREMENT=78 DEFAULT CHARSET=utf8mb4 COLLATE=utf8mb4_unicode_ci;

--
-- Dumping data for table `service_prices`
--

INSERT INTO `service_prices` VALUES (1,1,2,10,'30',50,3,NULL,'Description',1,1,NULL,'2022-02-28 12:41:02','2022-12-29 09:49:14'),(2,1,3,10,'10',50,1,0,'Desc',1,1,NULL,'2022-02-28 17:29:11','2022-02-28 17:29:11'),(3,NULL,4,50,'100',50,1,0,'desc',2,1,NULL,'2022-02-28 20:28:35','2022-02-28 20:28:35'),(4,2,5,3000,'5',50,1,0,'Provides a good care for the pets',1,1,NULL,'2022-03-02 12:58:11','2022-03-02 14:10:10'),(5,2,6,10,'10',50,1,0,'desc',1,1,NULL,'2022-03-02 13:43:08','2022-03-02 13:43:08'),(6,3,7,50,'10',50,1,0,'Free service for platinum subscribers',1,1,NULL,'2022-03-02 17:04:17','2022-03-02 17:04:17'),(7,4,9,20,'30',50,1,0,'traning',1,1,NULL,'2022-03-03 09:39:23','2022-03-03 09:39:23'),(8,NULL,11,20,'40',50,1,0,'Best service',1,1,NULL,'2022-03-03 10:16:11','2022-03-03 10:16:43'),(9,5,12,30,'35',50,2,0,'good care',1,1,NULL,'2022-03-03 11:50:33','2022-03-04 09:42:15'),(10,6,12,78,'60',50,1,0,'Quality services is provided',1,1,NULL,'2022-03-03 14:40:27','2022-03-03 14:40:27'),(11,6,13,20,'20',50,1,0,'better care',1,1,NULL,'2022-03-03 17:32:22','2022-03-03 17:32:22'),(12,7,13,30,'30',50,1,0,'good care for pets',1,1,NULL,'2022-03-03 17:48:14','2022-03-03 17:48:14'),(13,6,8,20,'40',50,1,0,'hugscuhciwc',1,1,NULL,'2022-03-03 17:52:50','2022-03-03 17:54:38'),(14,3,6,10,'40',50,1,0,'hsdciscvbsdivnhghm',1,1,NULL,'2022-03-03 17:56:45','2022-03-03 18:33:22'),(15,4,12,20,'40',50,3,0,'rdcgvhbjjdjdjymy,iu,njdirero',1,1,NULL,'2022-03-03 18:02:18','2022-03-08 08:10:24'),(16,1,14,100,'10',50,1,0,'de',1,1,NULL,'2022-03-03 18:49:36','2022-03-03 20:05:43'),(17,1,6,555,'5',50,3,1,'parrot sitting',1,1,NULL,'2022-03-04 08:07:02','2022-03-08 18:34:21'),(18,1,8,10,'10',50,10,NULL,'des',1,1,NULL,'2022-03-04 08:12:59','2022-12-19 18:16:10'),(19,8,15,80,'5',50,2,1,'Cat Jumping',1,1,NULL,'2022-03-04 09:47:48','2022-03-08 18:17:20'),(20,8,17,1000,'100',50,3,1,'Elephant feed',1,1,NULL,'2022-03-04 10:08:59','2022-03-08 18:02:50'),(21,8,16,500,'1',50,4,NULL,'Elephant bath',1,1,NULL,'2022-03-04 10:09:35','2022-05-13 11:22:06'),(22,NULL,18,999,'10',50,NULL,0,'elephant',16,1,NULL,'2022-03-04 14:16:19','2022-03-04 14:16:19'),(23,9,19,1200,'10',50,1,1,'desc',1,1,NULL,'2022-04-01 11:38:52','2022-04-01 11:49:48'),(24,10,20,120,'10',50,1,NULL,'testing',1,1,NULL,'2022-04-04 10:43:18','2022-04-04 10:43:18'),(25,11,20,10,'1',50,9,NULL,'test',1,1,NULL,'2022-04-06 10:23:43','2022-04-06 10:23:43'),(26,11,14,10,'1',50,1,NULL,'test',1,1,NULL,'2022-04-06 10:38:14','2022-04-06 10:38:14'),(27,11,21,10,'1',50,9,NULL,'test',1,1,NULL,'2022-04-06 11:17:19','2022-04-06 11:17:19'),(28,11,23,10,'1',50,NULL,NULL,'test',1,1,NULL,'2022-04-06 12:42:26','2022-04-06 12:42:26'),(29,12,24,400,'10',50,7,NULL,'test',1,1,NULL,'2022-04-06 16:36:59','2022-04-06 16:36:59'),(30,11,25,12,'1',50,7,NULL,'tt',1,1,NULL,'2022-04-06 17:51:34','2022-04-06 17:51:34'),(31,NULL,26,1000,'1',50,NULL,NULL,'rt',1,1,NULL,'2022-04-06 18:09:58','2022-04-07 11:35:01'),(32,13,27,1200,'1',50,8,NULL,'12',1,1,NULL,'2022-04-07 10:26:30','2023-03-02 12:39:18'),(33,14,19,1800,'2',50,10,NULL,'test',1,1,NULL,'2022-04-07 10:58:47','2022-04-07 10:58:47'),(34,NULL,10,1230,'1',50,NULL,NULL,'test',1,1,NULL,'2022-04-07 11:02:55','2022-04-07 11:02:55'),(35,NULL,29,1800,'1',50,NULL,NULL,'1',1,1,NULL,'2022-04-07 11:04:11','2022-04-07 11:04:11'),(36,NULL,33,1000,'1',50,NULL,NULL,'1',1,1,NULL,'2022-04-07 11:07:07','2022-04-21 07:14:41'),(37,14,31,1,'1',50,2,NULL,'gfg',1,1,NULL,'2022-04-07 13:13:05','2022-04-07 13:13:05'),(38,3,34,4000,'100',50,10,NULL,'Free Parking hotel',1,1,NULL,'2022-04-07 14:27:52','2023-02-28 19:36:14'),(39,16,35,10,'8',50,1,1,'test',1,1,NULL,'2022-04-08 04:33:55','2022-04-08 06:24:50'),(40,NULL,38,1200,'1',50,NULL,NULL,'test',1,1,NULL,'2022-04-08 09:40:46','2022-04-08 09:40:46'),(41,16,27,1,'1',50,1,1,'test',1,1,NULL,'2022-04-08 09:43:33','2022-04-08 09:43:33'),(42,17,24,12,'1',50,10,1,'11',1,1,NULL,'2022-04-08 10:07:00','2022-04-08 10:07:00'),(43,19,31,140,'1',50,1,1,'test',1,1,NULL,'2022-04-08 10:10:35','2022-04-08 10:10:35'),(44,20,13,123,'1',50,1,NULL,'tet',1,1,NULL,'2022-04-08 11:17:30','2022-04-08 11:17:30'),(45,20,8,12,'1',50,1,NULL,'test',1,1,NULL,'2022-04-08 11:21:00','2022-04-08 11:21:00'),(46,20,40,12,'1',50,1,1,'test',1,1,NULL,'2022-04-08 11:27:53','2022-04-08 11:27:53'),(47,20,41,109,'1',50,1,1,'test',1,1,NULL,'2022-04-08 11:28:55','2022-04-08 11:28:55'),(48,22,40,50,'1',50,1,1,'test',1,1,NULL,'2022-04-08 11:36:29','2022-04-08 11:36:29'),(49,22,41,13,'1',50,6,1,'test',1,1,NULL,'2022-04-08 11:36:57','2022-04-08 11:36:57'),(50,22,39,13,'1',50,1,1,'test',1,1,NULL,'2022-04-08 11:37:28','2022-04-08 11:37:28'),(51,10,31,1,'1',50,10,NULL,'de',1,1,NULL,'2022-04-11 10:49:16','2022-04-11 10:49:16'),(52,10,30,1,'12',50,10,NULL,'test',1,1,NULL,'2022-04-11 10:50:12','2022-04-11 10:50:12'),(53,23,31,1347,'1',50,2,1,'test',1,1,NULL,'2022-04-12 04:46:38','2022-04-12 04:46:38'),(54,24,15,1345,'1',50,8,1,'test',1,1,NULL,'2022-04-12 12:38:39','2022-04-12 12:38:39'),(55,NULL,43,12,'1',50,NULL,NULL,'ttt',1,1,NULL,'2022-04-18 08:59:58','2022-04-18 08:59:58'),(56,29,19,12,'1',50,9,NULL,'tt',1,1,NULL,'2022-04-18 10:30:50','2022-04-18 10:30:50'),(57,30,19,12,'1',50,2,1,'Talking about how someone looks is complicated for a couple of reasons.',1,1,NULL,'2022-04-18 10:38:14','2022-04-18 10:38:14'),(58,30,44,12,'1',50,9,1,'tt',1,1,'2022-04-18 12:00:33','2022-04-18 11:58:47','2022-04-18 12:00:33'),(59,30,31,1,'1',50,2,NULL,'tt',1,1,NULL,'2022-04-18 12:02:36','2022-04-18 12:02:36'),(60,13,45,12,'1',50,1,1,'Talking about how someone looks is complicated for a couple of reasons.',1,1,NULL,'2022-04-19 05:24:00','2022-04-19 05:24:00'),(61,NULL,46,34,'1',50,NULL,NULL,'test',87,1,NULL,'2022-04-19 06:55:53','2022-04-19 06:55:53'),(62,35,34,12,'1',50,6,1,'1',1,1,NULL,'2022-04-20 10:31:31','2022-04-20 11:03:47'),(63,24,34,12,'1',50,4,1,'tt',1,1,NULL,'2022-04-20 11:04:35','2022-04-20 11:04:35'),(64,9,34,2,'1',50,2,1,'tt',1,1,NULL,'2022-04-20 11:07:03','2022-04-20 11:07:03'),(65,36,19,1,'1',50,3,1,'ttt',1,1,NULL,'2022-04-21 09:49:22','2022-04-21 09:49:22'),(66,37,19,23,'1',50,1,1,'tt',1,1,NULL,'2022-04-22 05:29:29','2022-04-22 05:29:29'),(67,3,15,12,'1',50,1,1,'tt',1,1,NULL,'2022-04-22 07:01:48','2022-04-22 07:01:48'),(68,38,15,12,'1',50,1,1,'tt',1,1,NULL,'2022-04-25 04:43:56','2022-04-25 04:43:56'),(69,13,52,12,'1',50,1,1,'tt',1,1,NULL,'2022-04-25 09:18:19','2022-04-25 09:18:19'),(70,40,51,230,'1',50,1,1,'tt',1,1,NULL,'2022-04-25 09:34:26','2022-04-25 14:52:16'),(71,42,19,100,'5',50,2,1,'helloooo',1,1,NULL,'2022-09-29 13:48:55','2022-09-29 13:48:55'),(72,43,19,433,'2',50,3,NULL,'rererer',1,1,NULL,'2022-09-29 15:04:28','2022-12-15 16:33:44'),(73,1,53,100,'1',50,7,NULL,'Pet vaccination',1,1,NULL,'2023-01-17 12:11:43','2023-01-17 12:11:43'),(74,25,30,55,'2',50,2,NULL,'fdfdfdfdfdf',1,1,NULL,'2023-01-17 16:57:44','2023-01-17 16:57:44'),(75,25,54,500,'500',50,1,NULL,'dog swim',1,1,NULL,'2023-01-17 17:00:55','2023-02-28 08:59:57'),(76,26,31,622,'622',50,10,NULL,'dog sleep',1,1,NULL,'2023-01-17 17:02:42','2023-02-28 09:03:12'),(77,25,55,50,'50',50,3,NULL,'pigeon fly',1,1,NULL,'2023-01-18 10:49:21','2023-01-18 10:49:21');

--
-- Table structure for table `services`
--

CREATE TABLE `services` (
  `id` bigint unsigned NOT NULL AUTO_INCREMENT,
  `service_name` varchar(191) COLLATE utf8mb4_unicode_ci DEFAULT NULL,
  `service_description` text COLLATE utf8mb4_unicode_ci,
  `pet_id` varchar(191) COLLATE utf8mb4_unicode_ci DEFAULT NULL,
  `type` int NOT NULL DEFAULT '1' COMMENT '1 branch 2 hotel',
  `service_category` int NOT NULL DEFAULT '1' COMMENT '1 normal 2 mobile grooming',
  `payment_method` int DEFAULT NULL,
  `status` tinyint(1) NOT NULL DEFAULT '1' COMMENT '1 = active, 0 = Inactive',
  `image` longtext COLLATE utf8mb4_unicode_ci,
  `created_at` timestamp NULL DEFAULT NULL,
  `updated_at` timestamp NULL DEFAULT NULL,
  `deleted_at` timestamp NULL DEFAULT NULL,
  PRIMARY KEY (`id`)
) ENGINE=InnoDB AUTO_INCREMENT=56 DEFAULT CHARSET=utf8mb4 COLLATE=utf8mb4_unicode_ci;

--
-- Dumping data for table `services`
--

INSERT INTO `services` VALUES (1,'Pet Sitting','Pet Sitting Service','11',1,1,NULL,1,'20220228122703-service_management.jfif','2022-02-28 12:27:03','2022-02-28 12:27:24','2022-02-28 12:27:24'),(2,'Pet Sitting','Pet Sitting','2,11',1,1,NULL,1,'20220228122754-service_management.jpg','2022-02-28 12:27:54','2022-02-28 12:27:54',NULL),(3,'Pet Hotel 1','Pet Hotel 1','1,2,7,11',2,1,NULL,1,'20220228124154-service_management.jpg','2022-02-28 12:41:54','2022-02-28 12:41:54',NULL),(4,'Mobile Grooming Service 1','Mobile Grooming Service','2,11',1,2,NULL,1,'20220228124240-service_management.jpg','2022-02-28 12:42:40','2022-02-28 12:42:40',NULL),(5,'Pet Sitting2','Training, Veterinarian assistance','1',1,1,NULL,1,'20220302012519-service_management.jpeg','2022-03-02 13:25:19','2022-03-02 13:44:24',NULL),(6,'Parrot Sitting','Parrot sitting','1',1,1,NULL,1,'20220302014235-service_management.jpg','2022-03-02 13:42:35','2022-03-02 13:42:35',NULL),(7,'Pet Grooming','Cleaning,Training and Veterinary doctor guidence','1,2,11',1,1,NULL,1,'20220302044507-service_management.jpg','2022-03-02 16:45:07','2022-03-02 16:45:07',NULL),(8,'Pet Caring','Cleaning,Training,vaccine','2,11',1,1,NULL,1,'20220302062019-service_management.jpg','2022-03-02 18:20:19','2022-03-02 18:20:19',NULL),(9,'Pet Training','Train all the pets and provide doctor support','1,2,11',1,1,NULL,1,'20220303090210-service_management.jpg','2022-03-03 09:02:10','2022-03-03 09:02:10',NULL),(10,'Healthy Pet','Provides healthy fud and care','2,7,11',1,2,NULL,1,'20220303093346-service_management.jpg','2022-03-03 09:33:46','2022-03-03 09:33:46',NULL),(11,'Mobile Grooming Center','Gives a best service and pet cleaning','1,2,11',1,2,NULL,1,'20220303101431-service_management.jpg','2022-03-03 10:14:31','2022-03-03 10:14:31',NULL),(12,'Pet Care','Pet bathing,training','2,11',1,1,NULL,1,'20220303114229-service_management.jpeg','2022-03-03 11:42:29','2022-03-03 11:42:29',NULL),(13,'Pet Home','Pet cleaning,vaccine','1,2,7,11',1,1,NULL,1,'20220303053057-service_management.jpg','2022-03-03 17:30:57','2022-03-03 17:30:57',NULL),(14,'Happy Service','Happy service description','1,2,7',1,1,NULL,1,'20220303064726-service_management.jpg','2022-03-03 18:47:26','2022-03-03 18:47:26',NULL),(15,'Cat Jumping','Cat Jumping','2',1,1,NULL,1,'20220304094712-service_management.jpg','2022-03-04 09:47:12','2022-03-04 09:47:12',NULL),(16,'Elephant Shower','Elephant shower','12',1,1,NULL,1,'20220304100459-service_management.jpg','2022-03-04 10:04:59','2022-03-04 10:04:59',NULL),(17,'Elephant Feeding','Elephant feed','12',1,1,NULL,1,'20220304100759-service_management.jpg','2022-03-04 10:07:59','2022-03-04 10:07:59',NULL),(18,'Elephant Grooming','Elephant Grooming','12',1,2,NULL,1,'20220304021459-service_management.jpg','2022-03-04 14:14:59','2022-03-04 14:14:59',NULL),(19,'Bird Sitting','Bird Sitting Service Description','1',1,1,NULL,1,'20220401113740-service_management.jpg','2022-04-01 11:37:40','2022-04-01 11:37:40',NULL),(20,'Rabbit Sitting','Home stay for rabbit','7',1,1,NULL,1,NULL,'2022-04-04 10:33:13','2022-04-04 10:33:13',NULL),(21,'Tintootest','test','1,2,7',2,1,NULL,1,NULL,'2022-04-06 11:16:45','2022-04-06 11:16:45',NULL),(22,'Tintoo1','test','1,2,7,11',1,1,NULL,1,NULL,'2022-04-06 11:30:08','2022-04-07 10:33:53','2022-04-07 10:33:53'),(23,'Bird Sitting1','test','1,2,7,11',1,2,NULL,1,NULL,'2022-04-06 12:40:52','2022-04-06 12:40:52',NULL),(24,'Dolphin Drive','dolphine drive','1,2,7,11,12',1,1,NULL,1,NULL,'2022-04-06 16:34:02','2022-04-06 16:34:02',NULL),(25,'DolphineDriveHotel','hotel','1,2,7,11,12',2,1,NULL,1,NULL,'2022-04-06 17:51:05','2022-04-06 17:51:05',NULL),(26,'DolphindriveMobileGroom','mobile Groom','1,2,7,11,12',1,2,NULL,1,NULL,'2022-04-06 18:08:43','2022-04-06 18:08:43',NULL),(27,'Rabbit Jumping','testing','1,2,7,11,12',1,1,NULL,1,NULL,'2022-04-07 10:16:14','2022-04-07 10:16:14',NULL),(28,'Dog Sitting','sitting for dog','1,2,7,11,12',1,1,NULL,1,NULL,'2022-04-07 10:42:26','2022-04-07 10:42:26',NULL),(29,'Dog Park','park for dog','1,2,7,11,12',1,2,NULL,1,NULL,'2022-04-07 10:43:05','2022-04-07 10:43:05',NULL),(30,'Dog Bark','home','11',1,1,NULL,1,NULL,'2022-04-07 10:48:05','2022-04-07 10:48:05',NULL),(31,'Dog Home','home','1,2,7,11',2,1,NULL,1,NULL,'2022-04-07 10:48:34','2022-04-07 10:55:53',NULL),(32,'Tttt','tt','1,2',1,1,NULL,1,NULL,'2022-04-07 10:55:32','2022-04-07 10:55:36','2022-04-07 10:55:36'),(33,'Elephant Bath','th','1,2,11',1,2,NULL,1,NULL,'2022-04-07 11:06:48','2022-04-07 11:06:48',NULL),(34,'Free Parking Hotel','Free Parking hotel','1,11',2,1,NULL,1,'20220407062658-service_management.jpg','2022-04-07 14:26:58','2022-04-25 06:49:57',NULL),(35,'Sweet Home','home','1,2,7,11,12',2,1,NULL,1,NULL,'2022-04-08 04:30:16','2022-04-08 04:30:16',NULL),(36,'Testing','tt','1',1,1,NULL,1,'20220408012947-service_management.jpg','2022-04-08 09:29:47','2022-04-08 09:29:55','2022-04-08 09:29:55'),(37,'Test','If there is a better word than stunning then I would use that here. Crime thillers and horror genre have been ruling the Malayalam film industry. The trend was interesting and good to watch but somewhere somehow I missed a good laugh and tension free movie. And this movie just filled my appetite! What a wonderful movie. Simple and good humour. Relatable af!😂 Hats off to the director! Brilliant performance','2',1,1,NULL,1,NULL,'2022-04-08 09:32:36','2022-04-08 09:32:40','2022-04-08 09:32:40'),(38,'Elephant Jump','jump','1,2,7,11,12',1,2,NULL,1,NULL,'2022-04-08 09:40:25','2022-04-08 09:40:25',NULL),(39,'Rabbit Jump','jump','1,2,7,11,12',2,1,NULL,1,NULL,'2022-04-08 09:42:48','2022-04-08 09:42:48',NULL),(40,'Dog Sleep','tt','1,2,7',2,1,NULL,1,NULL,'2022-04-08 10:31:35','2022-04-08 10:31:35',NULL),(41,'New Service','service','7',2,1,NULL,1,'20220408025556-service_management.png','2022-04-08 10:55:56','2022-04-08 10:55:56',NULL),(42,'Rabbit Clean','cleaning','1,2,7,11',1,1,NULL,1,NULL,'2022-04-14 06:22:42','2022-04-14 06:22:42',NULL),(43,'Rabbit Full','full','7,11,12',1,2,NULL,1,NULL,'2022-04-14 06:24:07','2022-04-14 06:24:07',NULL),(44,'Dog Jump','tt','1,2,7',1,1,NULL,1,NULL,'2022-04-18 11:58:17','2022-04-18 12:03:26','2022-04-18 12:03:26'),(45,'Overnight Pet Care','Talking about how someone looks is complicated for a couple of reasons. First of all, describing someone’s appearance can seem a little rude, even if you’re trying to say something nice. People don’t like to feel objectified (made to feel like an object instead of a person), so it’s important to always keep physical descriptions very positive.','1,2,7',1,1,NULL,1,NULL,'2022-04-19 05:23:20','2022-04-19 05:23:20',NULL),(46,'Test','test','1,2,7',1,2,NULL,1,NULL,'2022-04-19 06:55:16','2022-04-20 14:02:02',NULL),(47,'Dog Jump','Dog jump','11',1,1,NULL,1,NULL,'2022-04-20 13:34:53','2022-04-20 13:35:32','2022-04-20 13:35:32'),(48,'Dog Jump','Dog jump','11',1,1,NULL,1,'20220420053549-service_management.jpg','2022-04-20 13:35:49','2022-04-20 13:39:38','2022-04-20 13:39:38'),(49,'Dog Jump','Dog jumpingss test','11',1,1,NULL,1,'20220420063121-service_management.jpg','2022-04-20 13:40:20','2022-04-21 05:12:44','2022-04-21 05:12:44'),(50,'Dog Jump','tt','11',1,1,NULL,1,NULL,'2022-04-21 05:12:54','2022-04-21 05:13:02','2022-04-21 05:13:02'),(51,'Dog Jump','tt','11',1,1,NULL,1,NULL,'2022-04-21 05:13:12','2022-04-21 05:13:12',NULL),(52,'Snake Jump','tt','13',1,1,NULL,1,NULL,'2022-04-25 09:17:34','2022-04-25 09:17:34',NULL),(53,'Pet Vaccination','Pet vaccination','11',2,1,NULL,1,'20230117121033-service_management.jpg','2023-01-17 12:10:33','2023-01-17 12:10:33',NULL),(54,'Dog Swim','dog sleep','11',2,1,NULL,1,NULL,'2023-01-17 17:00:03','2023-01-17 17:00:03',NULL),(55,'Pigeon Fly','pigeon fly','1',2,1,NULL,1,NULL,'2023-01-18 10:47:42','2023-01-18 10:47:42',NULL);

--
-- Table structure for table `sevice_reviews`
--

CREATE TABLE `sevice_reviews` (
  `id` int NOT NULL AUTO_INCREMENT,
  `order_id` varchar(20) NOT NULL,
  `booking_item_id` int NOT NULL,
  `service_id` int NOT NULL,
  `branch_id` int DEFAULT NULL,
  `service_type` tinyint NOT NULL,
  `rating` int DEFAULT NULL,
  `comment` varchar(255) NOT NULL,
  `status` tinyint NOT NULL DEFAULT '1',
  `created_by` int NOT NULL,
  `deleted_at` timestamp NULL DEFAULT NULL,
  `created_at` timestamp NOT NULL DEFAULT CURRENT_TIMESTAMP,
  `updated_at` timestamp NULL DEFAULT CURRENT_TIMESTAMP,
  PRIMARY KEY (`id`)
) ENGINE=MyISAM AUTO_INCREMENT=133 DEFAULT CHARSET=latin1;

--
-- Dumping data for table `sevice_reviews`
--

INSERT INTO `sevice_reviews` VALUES (1,'CP-BK2203041815',89,17,8,1,9,'very good',1,6,NULL,'2022-03-07 14:04:15','2022-03-08 13:39:29'),(2,'CP-BK2203041815',89,16,8,1,8,'very good1',1,6,NULL,'2022-03-07 14:05:50','2022-03-08 13:39:19'),(3,'CP-BK2203041815',1,16,8,1,1,'very good2',1,6,NULL,'2022-03-16 09:12:25','2022-03-16 09:12:25'),(4,'CP-BK2203041815',1,16,8,1,8,'very good',1,6,NULL,'2022-03-17 08:07:54','2022-03-17 08:07:54'),(5,'CP-BK2203167273',1,7,4,7,2,'very good',1,5,NULL,'2022-03-17 09:57:47','2022-03-17 09:57:47'),(6,'CP-BK2203167273',1,7,4,7,2,'very good',1,5,NULL,'2022-03-17 10:50:34','2022-03-17 10:50:34'),(7,'CP-BK2203167273',1,7,4,7,8,'very good',1,7,NULL,'2022-03-18 09:10:30','2022-03-18 09:10:30'),(8,'CP-BK2203167273',1,7,4,7,2,'very good',1,5,NULL,'2022-03-18 09:11:51','2022-03-18 09:11:51'),(9,'CP-BK2203167273',1,7,NULL,7,8,'very good',1,7,NULL,'2022-03-18 10:46:11','2022-03-18 10:46:11'),(10,'CP-MG2203181187',21,4,NULL,2,2,'very good',1,5,NULL,'2022-03-18 10:46:32','2022-03-18 10:46:32'),(11,'CP-MG2203181187',21,4,NULL,2,3,'very good',1,5,NULL,'2022-03-18 10:53:40','2022-03-18 10:53:40'),(12,'CP-MG2203181187',21,4,NULL,2,3,'very good',1,5,NULL,'2022-03-18 10:54:03','2022-03-18 10:54:03'),(13,'CP-MG2203181187',21,4,NULL,2,4,'very good',1,5,NULL,'2022-03-18 10:54:11','2022-03-18 10:54:11'),(14,'CP-BK2203167273',1,7,NULL,7,8,'good service',1,7,NULL,'2022-03-21 09:22:40','2022-03-21 09:22:40'),(15,'CP-BK2203184825',126,16,1,1,4,'good service',1,5,NULL,'2022-03-21 09:26:26','2022-03-21 09:26:26'),(16,'CP-BK2203184825',126,16,1,1,3,'abc',1,5,NULL,'2022-03-21 09:28:48','2022-03-21 09:28:48'),(17,'CP-BK2203184825',126,16,1,1,3,'abc',1,5,NULL,'2022-03-21 09:28:55','2022-03-21 09:28:55'),(18,'CP-BK2203184825',126,16,1,1,8,'abc',1,5,NULL,'2022-03-21 09:29:03','2022-03-21 09:29:03'),(19,'CP-BK2203184825',126,16,1,1,8,'abc',1,5,NULL,'2022-03-21 09:29:03','2022-03-21 09:29:03'),(20,'CP-BK2203184825',126,16,1,1,8,'abc',1,5,NULL,'2022-03-21 09:29:14','2022-03-21 09:29:14'),(21,'CP-BK2203041815',1,2,8,1,8,'good service',1,5,NULL,'2022-03-21 13:32:24','2022-03-21 13:32:24'),(22,'CP-BK2203184825',126,16,1,1,8,'yes',1,5,NULL,'2022-03-21 14:06:13','2022-03-21 14:06:13'),(23,'CP-BK2203184825',126,1,1,1,0,'add',1,5,NULL,'2022-03-21 14:28:25','2022-03-21 14:28:25'),(24,'CP-BK2203184825',126,1,1,1,6,'add',1,5,NULL,'2022-03-21 14:28:48','2022-03-21 14:28:48'),(25,'CP-BK2203184825',126,16,1,1,4,'abc',1,5,NULL,'2022-03-21 17:05:10','2022-03-21 17:05:10'),(26,'CP-BK2203184825',126,16,1,1,2,'abc',1,5,NULL,'2022-03-21 17:05:27','2022-03-21 17:05:27'),(27,'CP-BK2203184825',126,16,1,1,2,'abc',1,5,NULL,'2022-03-21 17:06:04','2022-03-21 17:06:04'),(28,'CP-BK2203184825',126,16,1,1,2,'abc',1,5,NULL,'2022-03-21 17:06:04','2022-03-21 17:06:04'),(29,'CP-BK2203184825',126,16,1,1,1,'good service',1,5,NULL,'2022-03-21 17:10:52','2022-03-21 17:10:52'),(30,'CP-BK2203184825',126,16,1,1,1,'good service',1,5,NULL,'2022-03-21 17:27:11','2022-03-21 17:27:11'),(31,'CP-BK2203184825',126,16,1,1,1,'good services',1,5,NULL,'2022-03-21 17:27:16','2022-03-21 17:27:16'),(32,'CP-BK2203041815',1,16,8,1,8,'good service good',1,5,NULL,'2022-03-21 17:27:38','2022-03-21 17:27:38'),(33,'CP-BK2203041815',1,1,8,1,8,'good service and good quality',1,5,NULL,'2022-03-21 17:28:55','2022-03-21 17:28:55'),(34,'CP-BK2203041815',1,1,8,1,8,'superb',1,5,NULL,'2022-03-21 17:31:32','2022-03-21 17:31:32'),(35,'CP-BK2203041815',1,21,8,1,8,'superbs',1,5,NULL,'2022-03-21 17:46:24','2022-03-21 17:46:24'),(36,'CP-MG2203181187',1,4,8,1,10,'good mobile grooming service',1,5,NULL,'2022-03-21 18:03:14','2022-03-21 18:03:14'),(37,'CP-MG2203181187',1,16,8,1,9,'good service and grooming service',1,5,NULL,'2022-03-21 18:04:15','2022-03-21 18:04:15'),(38,'CP-BK2203184825',1,16,8,1,9,'good service and grooming service',1,5,NULL,'2022-03-21 18:04:58','2022-03-21 18:04:58'),(39,'CP-HB2203181391',1,2,8,1,1,'bad service',1,5,NULL,'2022-03-21 18:06:11','2022-03-21 18:06:11'),(40,'CP-BK2203184825',126,16,1,1,9,'good service and grooming services',1,5,NULL,'2022-03-22 09:26:18','2022-03-22 09:26:18'),(41,'CP-BK2203184825',126,16,1,1,6,'good service and grooming services',1,5,NULL,'2022-03-22 09:26:34','2022-03-22 09:26:34'),(42,'CP-BK2203184825',126,1,1,1,8,'addd',1,5,NULL,'2022-03-22 09:26:57','2022-03-22 09:26:57'),(43,'CP-MG2203181187',21,4,NULL,2,10,'abc',1,5,NULL,'2022-03-22 10:35:05','2022-03-22 10:35:05'),(44,'CP-MG2203181187',21,4,NULL,2,8,'abc',1,5,NULL,'2022-03-22 10:35:15','2022-03-22 10:35:15'),(45,'CP-MG2203146951',20,8,NULL,2,2,'test comments',1,5,NULL,'2022-03-22 13:04:06','2022-03-22 13:04:06'),(46,'CP-MG2203146951',20,8,NULL,2,2,'test comments',1,5,NULL,'2022-03-22 13:04:06','2022-03-22 13:04:06'),(47,'CP-MG2203146951',20,8,NULL,2,2,'test comments',1,5,NULL,'2022-03-22 13:04:33','2022-03-22 13:04:33'),(48,'CP-MG2203181187',21,4,NULL,2,6,'test comments',1,5,NULL,'2022-03-22 13:11:45','2022-03-22 13:11:45'),(49,'CP-MG2203181187',21,4,NULL,2,6,'test comments',1,5,NULL,'2022-03-22 13:11:52','2022-03-22 13:11:52'),(50,'CP-MG2203181187',21,4,NULL,2,6,'test comments',1,5,NULL,'2022-03-22 13:11:53','2022-03-22 13:11:53'),(51,'CP-MG2203181187',21,4,NULL,2,5,'service',1,5,NULL,'2022-03-22 13:33:56','2022-03-22 13:33:56'),(52,'CP-MG2203181187',21,4,NULL,2,5,'service',1,5,NULL,'2022-03-22 13:34:04','2022-03-22 13:34:04'),(53,'CP-MG2203181187',21,4,NULL,2,4,'service',1,5,NULL,'2022-03-22 13:34:36','2022-03-22 13:34:36'),(54,'CP-MG2203181187',21,4,NULL,2,4,'service',1,5,NULL,'2022-03-22 13:34:36','2022-03-22 13:34:36'),(55,'CP-MG2203181187',21,4,NULL,2,5,'service',1,5,NULL,'2022-03-22 13:34:49','2022-03-22 13:34:49'),(56,'CP-MG2203181187',21,4,NULL,2,5,'service',1,5,NULL,'2022-03-22 13:34:58','2022-03-22 13:34:58'),(57,'CP-MG2203181187',21,4,NULL,2,10,'service',1,5,NULL,'2022-03-22 13:35:12','2022-03-22 13:35:12'),(58,'CP-MG2203181187',21,4,NULL,2,9,'service',1,5,NULL,'2022-03-22 13:35:20','2022-03-22 13:35:20'),(59,'CP-MG2203181187',21,11,NULL,2,4,'service',1,5,NULL,'2022-03-22 13:37:29','2022-03-22 13:37:29'),(60,'CP-MG2203181187',21,11,NULL,2,4,'service',1,5,NULL,'2022-03-22 13:37:29','2022-03-22 13:37:29'),(61,'CP-MG2203181187',21,11,NULL,2,6,'service',1,5,NULL,'2022-03-22 13:37:37','2022-03-22 13:37:37'),(62,'CP-MG2203181187',21,11,NULL,2,3,'service',1,5,NULL,'2022-03-22 13:37:42','2022-03-22 13:37:42'),(63,'CP-MG2203181187',21,11,NULL,2,7,'service',1,5,NULL,'2022-03-22 13:37:55','2022-03-22 13:37:55'),(64,'CP-MG2203181187',21,11,NULL,2,9,'service',1,5,NULL,'2022-03-22 13:38:08','2022-03-22 13:38:08'),(65,'CP-MG2203181187',21,11,NULL,2,9,'service',1,5,NULL,'2022-03-22 13:38:08','2022-03-22 13:38:08'),(66,'CP-BK2203184825',126,16,1,1,6,'good service and grooming services',1,5,NULL,'2022-03-22 16:41:53','2022-03-22 16:41:53'),(67,'CP-BK2203184825',126,16,1,1,6,'good service and grooming services',1,5,NULL,'2022-03-22 16:41:53','2022-03-22 16:41:53'),(68,'CP-BK2203184825',126,16,1,1,7,'good service and grooming services',1,5,NULL,'2022-03-23 11:01:50','2022-03-23 11:01:50'),(69,'CP-BK2203184825',126,1,1,1,4,'addd',1,5,NULL,'2022-03-23 11:02:01','2022-03-23 11:02:01'),(70,'CP-MG2203146951',20,8,NULL,2,4,'test',1,5,NULL,'2022-03-23 11:03:13','2022-03-23 11:03:13'),(71,'CP-BK2203184825',126,16,1,1,1,'good services',1,5,NULL,'2022-03-23 13:41:37','2022-03-23 13:41:37'),(72,'CP-MG2203146951',20,8,NULL,2,4,'test',1,5,NULL,'2022-03-24 15:54:03','2022-03-24 15:54:03'),(73,'CP-MG2203146951',20,8,NULL,2,4,'testt',1,5,NULL,'2022-03-24 15:54:10','2022-03-24 15:54:10'),(74,'CP-MG2203146951',20,8,NULL,2,4,'testt',1,5,NULL,'2022-03-24 15:54:10','2022-03-24 15:54:10'),(75,'CP-MG2203245608',25,4,NULL,2,6,'nice experiance',1,5,NULL,'2022-03-24 16:45:21','2022-03-24 16:45:21'),(76,'CP-MG2203245608',25,4,NULL,2,6,'nice experiance',1,5,NULL,'2022-03-24 16:45:28','2022-03-24 16:45:28'),(77,'CP-MG2203245608',25,4,NULL,2,6,'testing',1,5,NULL,'2022-03-25 13:26:13','2022-03-25 13:26:13'),(78,'CP-MG2203245608',25,4,NULL,2,6,'test service',1,5,NULL,'2022-03-25 16:09:50','2022-03-25 16:09:50'),(79,'CP-AP2203252509',135,16,1,1,5,'ert',1,42,NULL,'2022-03-25 16:27:21','2022-03-25 16:27:21'),(80,'CP-BK2203254338',136,7,4,1,6,'good service by staffs',1,5,NULL,'2022-03-25 17:06:39','2022-03-25 17:06:39'),(81,'CP-MG2203253698',27,11,NULL,2,7,'testing',1,5,NULL,'2022-03-25 17:10:59','2022-03-25 17:10:59'),(82,'CP-BK2203306090',138,16,1,1,6,'test',1,5,NULL,'2022-04-01 09:08:10','2022-04-01 09:08:10'),(83,'CP-BK2203246619',131,16,1,1,10,'service',1,5,NULL,'2022-04-01 09:14:22','2022-04-01 09:14:22'),(84,'CP-BK2204046012',142,23,9,1,10,'A',1,57,NULL,'2022-04-07 13:45:24','2022-04-07 13:45:24'),(85,'CP-BK2204046012',142,23,9,1,10,'A',1,57,NULL,'2022-04-07 13:45:28','2022-04-07 13:45:28'),(86,'CP-AP2301063667',367,7,4,1,8,'hhjkkkkk',1,170,NULL,'2023-01-09 14:07:12','2023-01-09 14:07:12'),(87,'CP-AP2301063667',367,7,4,1,8,'hhjkkkkk',1,170,NULL,'2023-01-09 14:07:18','2023-01-09 14:07:18'),(88,'CP-AP2301063667',367,7,4,1,8,'hhjkkkkk',1,170,NULL,'2023-01-09 14:07:30','2023-01-09 14:07:30'),(89,'CP-AP2301063667',367,7,4,1,8,'hhjkkkkk',1,170,NULL,'2023-01-09 14:07:30','2023-01-09 14:07:30'),(90,'CP-AP2301063667',367,7,4,1,8,'hhjkkkkk',1,170,NULL,'2023-01-09 14:07:34','2023-01-09 14:07:34'),(91,'CP-BK2302087129',440,7,4,1,10,'tets',1,190,NULL,'2023-02-09 12:57:28','2023-02-09 12:57:28'),(92,'CP-BK2302087129',440,7,4,1,10,'tets',1,190,NULL,'2023-02-09 12:57:33','2023-02-09 12:57:33'),(93,'CP-BK2302087129',440,7,4,1,10,'tets',1,190,NULL,'2023-02-09 13:04:12','2023-02-09 13:04:12'),(94,'CP-BK2302087129',440,7,4,1,10,'tets',1,190,NULL,'2023-02-09 13:04:14','2023-02-09 13:04:14'),(95,'CP-BK2302083881',441,60,13,1,4,'abc',1,190,NULL,'2023-02-09 14:05:41','2023-02-09 14:05:41'),(96,'CP-BK2302087129',440,7,4,1,2,'a',1,190,NULL,'2023-02-09 17:01:01','2023-02-09 17:01:01'),(97,'CP-BK2302134459',443,7,4,1,10,'tets',1,190,NULL,'2023-02-13 09:50:22','2023-02-13 09:50:22'),(98,'CP-BK2302134459',443,7,4,1,10,'tets',1,190,NULL,'2023-02-13 09:50:26','2023-02-13 09:50:26'),(99,'CP-AP2301176543',391,11,6,1,4,'rating',1,181,NULL,'2023-02-14 15:56:47','2023-02-14 15:56:47'),(100,'CP-AP2301176543',391,11,6,1,4,'ar',1,181,NULL,'2023-02-14 15:58:06','2023-02-14 15:58:06'),(101,'CP-BK2302023567',437,23,9,1,3,'adc',1,181,NULL,'2023-02-14 16:22:14','2023-02-14 16:22:14'),(102,'CP-BK2302023567',437,23,9,1,3,'adc',1,181,NULL,'2023-02-14 16:37:12','2023-02-14 16:37:12'),(103,'CP-BK2302023567',437,23,9,1,6,'yu',1,181,NULL,'2023-02-14 16:49:30','2023-02-14 16:49:30'),(104,'CP-BK2302023567',437,23,9,1,6,'fggfgfg',1,181,NULL,'2023-02-14 17:03:27','2023-02-14 17:03:27'),(105,'CP-BK2301247920',414,7,4,1,3,'tav',1,181,NULL,'2023-02-14 17:12:11','2023-02-14 17:12:11'),(106,'CP-BK2302023567',437,23,9,1,5,'fggfgfg',1,181,NULL,'2023-02-15 09:49:32','2023-02-15 09:49:32'),(107,'CP-BK2302023567',437,23,9,1,5,'fggfgfg',1,181,NULL,'2023-02-15 09:49:34','2023-02-15 09:49:34'),(108,'CP-BK2302023567',437,23,9,1,5,'fggfgfg',1,181,NULL,'2023-02-15 09:49:36','2023-02-15 09:49:36'),(109,'CP-BK2302023567',437,23,9,1,5,'fggfgfg',1,181,NULL,'2023-02-15 09:49:41','2023-02-15 09:49:41'),(110,'CP-BK2302023567',437,23,9,1,5,'fggfgfg',1,181,NULL,'2023-02-15 09:51:31','2023-02-15 09:51:31'),(111,'CP-BK2302023567',437,23,9,1,5,'fggfgfg',1,181,NULL,'2023-02-15 09:53:28','2023-02-15 09:53:28'),(112,'CP-BK2302023567',437,23,9,1,5,'fggfgfg',1,181,NULL,'2023-02-15 09:55:42','2023-02-15 09:55:42'),(113,'CP-BK2302023567',437,23,9,1,5,'fggfgfg',1,181,NULL,'2023-02-15 09:55:47','2023-02-15 09:55:47'),(114,'CP-BK2302023567',437,23,9,1,5,'fggfgfg',1,181,NULL,'2023-02-15 10:02:57','2023-02-15 10:02:57'),(115,'CP-BK2302023567',437,23,9,1,5,'fggfgfg',1,181,NULL,'2023-02-15 10:04:02','2023-02-15 10:04:02'),(116,'CP-BK2302023567',437,23,9,1,5,'fggfgfg',1,181,NULL,'2023-02-15 10:04:15','2023-02-15 10:04:15'),(117,'CP-BK2302023567',437,23,9,1,5,'fggfgfg',1,181,NULL,'2023-02-15 10:05:48','2023-02-15 10:05:48'),(118,'CP-BK2301195728',405,32,13,1,4,'service',1,181,NULL,'2023-02-15 11:27:58','2023-02-15 11:27:58'),(119,'CP-MG2301196532',126,55,NULL,2,4,'food',1,181,NULL,'2023-02-15 11:48:21','2023-02-15 11:48:21'),(120,'CP-BK2302026831',435,7,4,1,4,'review',1,181,NULL,'2023-02-16 09:09:53','2023-02-16 09:09:53'),(121,'CP-BK2302132527',444,7,4,1,4,'yuy',1,190,NULL,'2023-02-17 12:51:38','2023-02-17 12:51:38'),(122,'CP-MG2302177517',135,35,NULL,2,4,'re',1,190,NULL,'2023-02-17 13:44:22','2023-02-17 13:44:22'),(123,'CP-BK2302176851',465,7,4,1,3,'rr',1,190,NULL,'2023-02-17 15:19:44','2023-02-17 15:19:44'),(124,'CP-BK2302176851',465,7,4,1,6,'rr',1,190,NULL,'2023-02-17 15:21:55','2023-02-17 15:21:55'),(125,'CP-BK2302176851',465,7,4,1,2,'rr',1,190,NULL,'2023-02-17 15:22:05','2023-02-17 15:22:05'),(126,'CP-BK2302177356',466,60,13,1,4,'ok',1,181,NULL,'2023-02-17 16:06:14','2023-02-17 16:06:14'),(127,'CP-BK2302177356',466,32,13,1,7,'rrt',1,181,NULL,'2023-02-17 16:06:34','2023-02-17 16:06:34'),(128,'CP-BK2302239716',467,7,4,1,5,'tezttzz',1,190,NULL,'2023-02-23 17:12:16','2023-02-23 17:12:16'),(129,'CP-AP2302286008',469,7,4,1,4,'test',1,191,NULL,'2023-02-28 16:24:27','2023-02-28 16:24:27'),(130,'CP-BK2303221965',523,7,4,1,10,'test comment',1,201,NULL,'2023-03-22 10:49:15','2023-03-22 10:49:15'),(131,'CP-AP2303225758',522,6,3,1,4,'test',1,201,NULL,'2023-03-22 10:52:14','2023-03-22 10:52:14'),(132,'CP-AP2303225758',522,6,3,1,4,'test',1,201,NULL,'2023-03-22 10:52:14','2023-03-22 10:52:14');

--
-- Table structure for table `subscribe_status_tracks`
--

CREATE TABLE `subscribe_status_tracks` (
  `id` bigint unsigned NOT NULL AUTO_INCREMENT,
  `user_subscribe_plan_id` int NOT NULL,
  `user_id` int NOT NULL,
  `status` varchar(191) CHARACTER SET utf8mb4 COLLATE utf8mb4_unicode_ci NOT NULL,
  `comment` varchar(200) CHARACTER SET utf8mb4 COLLATE utf8mb4_unicode_ci DEFAULT NULL,
  `created_at` timestamp NULL DEFAULT NULL,
  `updated_at` timestamp NULL DEFAULT NULL,
  PRIMARY KEY (`id`)
) ENGINE=MyISAM AUTO_INCREMENT=5 DEFAULT CHARSET=utf8mb4 COLLATE=utf8mb4_unicode_ci;

--
-- Dumping data for table `subscribe_status_tracks`
--

INSERT INTO `subscribe_status_tracks` VALUES (1,2,203,'Paid','Amount Paid','2023-03-31 08:11:17','2023-03-31 08:11:17'),(2,11,201,'Expired','Plan Expired','2023-04-04 06:00:02','2023-04-04 06:00:02'),(3,11,203,'Expired','Plan Expired','2023-04-05 06:00:01','2023-04-05 06:00:01'),(4,10,203,'Expired','Plan Expired','2023-04-18 06:00:01','2023-04-18 06:00:01');

--
-- Table structure for table `time_durations`
--

CREATE TABLE `time_durations` (
  `id` bigint unsigned NOT NULL AUTO_INCREMENT,
  `time` varchar(191) CHARACTER SET utf8mb4 COLLATE utf8mb4_unicode_ci NOT NULL,
  `created_at` timestamp NULL DEFAULT NULL,
  `updated_at` timestamp NULL DEFAULT NULL,
  PRIMARY KEY (`id`)
) ENGINE=MyISAM AUTO_INCREMENT=12 DEFAULT CHARSET=utf8mb4 COLLATE=utf8mb4_unicode_ci;

--
-- Dumping data for table `time_durations`
--

INSERT INTO `time_durations` VALUES (1,'10 Min','2021-10-14 08:19:48','2021-10-14 08:19:48'),(2,'15 Min','2021-10-14 08:19:48','2021-10-14 08:19:48'),(3,'20 Min','2021-10-14 08:19:48','2021-10-14 08:19:48'),(4,'25 Min','2021-10-14 08:19:48','2021-10-14 08:19:48'),(5,'30 Min','2021-10-14 08:19:48','2021-10-14 08:19:48'),(6,'35 Min','2021-10-14 08:19:48','2021-10-14 08:19:48'),(7,'40 Min','2021-10-14 08:19:48','2021-10-14 08:19:48'),(8,'45 Min','2021-10-14 08:19:48','2021-10-14 08:19:48'),(9,'50 Min','2021-10-14 08:19:48','2021-10-14 08:19:48'),(10,'55 Min','2021-10-14 08:19:48','2021-10-14 08:19:48'),(11,'60 Min','2021-10-14 08:19:48','2021-10-14 08:19:48');

--
-- Table structure for table `transaction`
--

CREATE TABLE `transaction` (
  `id` int NOT NULL AUTO_INCREMENT,
  `user_id` int NOT NULL,
  `order_id` varchar(20) NOT NULL,
  `state` varchar(20) DEFAULT NULL,
  `email` varchar(50) DEFAULT NULL,
  `first_name` varchar(20) DEFAULT NULL,
  `last_name` varchar(20) DEFAULT NULL,
  `address` varchar(255) DEFAULT NULL,
  `city` varchar(20) DEFAULT NULL,
  `currency_code` varchar(20) DEFAULT NULL,
  `value` double DEFAULT NULL,
  `reference` varchar(50) DEFAULT NULL,
  `orderReference` varchar(50) DEFAULT NULL,
  `cardholderName` varchar(20) DEFAULT NULL,
  `name` varchar(20) DEFAULT NULL,
  `pan` varchar(50) DEFAULT NULL,
  `expiry` varchar(10) DEFAULT NULL,
  `payment_status` tinyint(1) NOT NULL,
  `created_at` timestamp NOT NULL DEFAULT CURRENT_TIMESTAMP,
  `updated_at` timestamp NOT NULL DEFAULT CURRENT_TIMESTAMP,
  PRIMARY KEY (`id`)
) ENGINE=MyISAM AUTO_INCREMENT=321 DEFAULT CHARSET=latin1;

--
-- Dumping data for table `transaction`
--

INSERT INTO `transaction` VALUES (11,8,'CP-BK2203148314','STARTED','hcarecenter@gmail.com','H care centre',NULL,NULL,'','AED',84,'98e7d56d-2847-4e55-9c7f-9f193c1cd116',NULL,NULL,NULL,NULL,NULL,0,'2022-03-14 11:14:49','2022-03-14 11:14:50'),(10,8,'CP-MG2203044287','STARTED','cust@gmail.com','abcd','efgh','xyz','test','AED',99,'5abcef78-449b-47af-94e4-46934af03ff4',NULL,NULL,NULL,NULL,NULL,0,'2022-03-14 10:24:39','2022-03-14 10:24:40'),(9,8,'CP-MG2203049717','STARTED','cust@gmail.com','abcd','efgh','xyz','test','AED',99,'5ec8ecfd-c327-4796-a777-0ce29722b6a7',NULL,NULL,NULL,NULL,NULL,0,'2022-03-14 10:20:32','2022-03-14 10:20:34'),(8,8,'CP-MG2203045482','STARTED','cust@gmail.com','abcd','efgh','xyz','test','AED',99,'b814645c-05f6-4b82-b5c6-8a36b60846cf',NULL,NULL,NULL,NULL,NULL,0,'2022-03-14 10:11:36','2022-03-14 10:11:37'),(7,8,'CP-HB2203092919','PURCHASED','hcarecenter@gmail.com','H care centre',NULL,'xyz','','AED',89,'e9285bda-f81d-444b-9cda-5169c9094cd0',NULL,'sohan','VISA','401200******1112','2024-06',1,'2022-03-10 16:07:36','2023-02-07 15:05:55'),(12,8,'CP-BK2203149495','STARTED','hcarecenter@gmail.com','H care centre',NULL,NULL,'','AED',84,'7d7600a4-4cf7-4412-8222-74a22bbbd2e7',NULL,NULL,NULL,NULL,NULL,0,'2022-03-14 11:20:00','2022-03-14 11:20:02'),(13,8,'CP-BK2203149150','STARTED','hcarecenter@gmail.com','H care centre',NULL,NULL,'','AED',84,'2e92da8f-0206-4663-8d65-39026d97e50d',NULL,NULL,NULL,NULL,NULL,0,'2022-03-14 11:27:55','2022-03-14 12:05:18'),(14,5,'CP-BK2203146963','STARTED','maya@mailinator.com','Maya','M',NULL,'','AED',21,'a7803bf6-a22a-4acb-96b6-3c99b4d64bbf',NULL,NULL,NULL,NULL,NULL,0,'2022-03-14 13:10:37','2022-03-14 13:10:39'),(15,5,'CP-BK2203142266','STARTED','maya@mailinator.com','Maya','M',NULL,'','AED',21,'e1ba6911-e3e1-460b-9043-e0b8ac1ad5a4',NULL,NULL,NULL,NULL,NULL,0,'2022-03-14 13:18:24','2022-03-14 13:18:25'),(16,5,'CP-BK2203147087','STARTED','maya@mailinator.com','Maya','M',NULL,'','AED',21,'17f4592d-7d82-4549-ad60-2b4a9592f081',NULL,NULL,NULL,NULL,NULL,0,'2022-03-14 13:26:35','2022-03-14 13:26:37'),(17,5,'CP-BK2203143907',NULL,'maya@mailinator.com','Maya','M',NULL,'',NULL,81.9,NULL,NULL,NULL,NULL,NULL,NULL,0,'2022-03-14 13:51:31','2022-03-14 13:51:31'),(18,5,'CP-BK2203148727','STARTED','maya@mailinator.com','Maya','M',NULL,'','AED',21,'521994cc-5fc2-4122-82f4-88cb71722717',NULL,NULL,NULL,NULL,NULL,0,'2022-03-14 13:56:20','2022-03-14 13:56:21'),(19,5,'CP-BK2203145948','STARTED','maya@mailinator.com','Maya','M',NULL,'','AED',21,'2633b226-a9e7-4b96-a46c-aa5592ffaad8',NULL,NULL,NULL,NULL,NULL,0,'2022-03-14 14:07:11','2022-03-14 14:07:13'),(20,5,'CP-BK2203146278','STARTED','maya@mailinator.com','Maya','M',NULL,'','AED',21,'0312d9b3-841e-4442-8970-dd4575ad05ce',NULL,NULL,NULL,NULL,NULL,0,'2022-03-14 14:16:50','2022-03-14 14:16:52'),(21,5,'CP-BK2203142309','STARTED','maya@mailinator.com','Maya','M',NULL,'','AED',21,'2e66c3ff-7815-49a5-ab14-dcf5087a41b7',NULL,NULL,NULL,NULL,NULL,0,'2022-03-14 14:19:27','2022-03-14 14:19:28'),(22,5,'CP-BK2203142000','STARTED','maya@mailinator.com','Maya','M',NULL,'','AED',21,'d8773669-0d38-4bee-b7a3-425710e22f40',NULL,NULL,NULL,NULL,NULL,0,'2022-03-14 14:29:16','2022-03-14 14:29:17'),(23,5,'CP-BK2203141707','STARTED','maya@mailinator.com','Maya','M',NULL,'','AED',21,'e79236cd-4263-4407-819a-8b5aa0b73b97',NULL,NULL,NULL,NULL,NULL,0,'2022-03-14 14:35:28','2022-03-14 14:35:30'),(24,5,'CP-BK2203156001','STARTED','maya@mailinator.com','Maya','M',NULL,'','AED',21,'4e11ca01-38cf-4bd6-a363-a2bf270f081f',NULL,NULL,NULL,NULL,NULL,0,'2022-03-15 13:45:31','2022-03-15 13:45:32'),(25,5,'CP-BK2203157539','STARTED','maya@mailinator.com','Maya','M',NULL,'','AED',21,'bfac3ed5-4895-47aa-8282-c43c205b90b3',NULL,NULL,NULL,NULL,NULL,0,'2022-03-15 13:49:49','2022-03-15 13:49:50'),(26,5,'CP-BK2203153017','STARTED','maya@mailinator.com','Maya','M',NULL,'','AED',52.5,'7b4e7652-2684-40bd-9ce4-a846aabc68e8',NULL,NULL,NULL,NULL,NULL,0,'2022-03-15 14:42:23','2022-03-15 14:42:25'),(27,5,'CP-BK2203156531','STARTED','maya@mailinator.com','Maya','M',NULL,'','AED',21,'6cf05b69-5e76-4853-9730-7391540327db',NULL,NULL,NULL,NULL,NULL,0,'2022-03-15 15:21:25','2022-03-15 15:21:27'),(28,5,'CP-BK2203161307','STARTED','maya@mailinator.com','Maya','M',NULL,'','AED',21,'f7d01a95-8d28-4d73-a03d-826801571af1',NULL,NULL,NULL,NULL,NULL,0,'2022-03-16 08:10:40','2022-03-16 08:10:43'),(29,5,'CP-BK2203168697','STARTED','maya@mailinator.com','Maya','M',NULL,'','AED',21,'89ab3f8b-46a1-4123-a662-3f96d81969d0',NULL,NULL,NULL,NULL,NULL,0,'2022-03-16 08:49:15','2022-03-16 08:49:16'),(30,5,'CP-BK2203165542','STARTED','maya@mailinator.com','Maya','M',NULL,'','AED',21,'543361ec-4e94-4a6e-866f-7c37a62f9ec7',NULL,NULL,NULL,NULL,NULL,0,'2022-03-16 08:53:10','2022-03-16 08:53:17'),(31,5,'CP-BK2203165857','STARTED','maya@mailinator.com','Maya','M',NULL,'','AED',21,'84cbe9d0-2326-4aa9-8ca7-c0021eb065ae',NULL,NULL,NULL,NULL,NULL,0,'2022-03-16 09:23:36','2022-03-16 09:23:38'),(32,5,'CP-BK2203164737','STARTED','maya@mailinator.com','Maya','M',NULL,'','AED',21,'49f54479-984b-42c3-bd73-2941cfd3a2b4',NULL,NULL,NULL,NULL,NULL,0,'2022-03-16 09:26:38','2022-03-16 09:26:40'),(33,5,'CP-BK2203162930','STARTED','maya@mailinator.com','Maya','M',NULL,'','AED',21,'60cdfa11-5705-4433-ad45-04eb18fe9d99',NULL,NULL,NULL,NULL,NULL,0,'2022-03-16 09:37:21','2022-03-16 09:37:22'),(34,5,'CP-BK2203162886','STARTED','maya@mailinator.com','Maya','M',NULL,'','AED',21,'e2283cd7-b5c8-4d7b-b99d-ea92d157e3fd',NULL,NULL,NULL,NULL,NULL,0,'2022-03-16 09:42:07','2022-03-16 09:42:09'),(35,5,'CP-BK2203168557','STARTED','maya@mailinator.com','Maya','M',NULL,'','AED',21,'57ad0fec-c312-4ddd-92bf-e4ae8295138f',NULL,NULL,NULL,NULL,NULL,0,'2022-03-16 09:50:11','2022-03-16 09:50:13'),(36,5,'CP-HB2203181391','STARTED','maya@mailinator.com','Maya','M',NULL,'','AED',52.5,'5820eb21-f880-4ea3-8e40-b1a055e38f3c',NULL,NULL,NULL,NULL,NULL,0,'2022-03-18 09:12:24','2022-03-18 09:12:25'),(37,5,'CP-HB2203215702','STARTED','maya@mailinator.com','Maya','M',NULL,'','AED',52.5,'17e8a42f-fec4-4c29-9955-c89947f3353d',NULL,NULL,NULL,NULL,NULL,0,'2022-03-21 13:14:58','2022-03-21 13:14:59'),(38,5,'CP-HB2203236020','STARTED','maya@mailinator.com','Maya','M',NULL,'','AED',52.5,'9394db5f-48b0-4811-9f99-986d5429663b',NULL,NULL,NULL,NULL,NULL,0,'2022-03-23 10:56:15','2022-03-23 10:56:16'),(39,5,'CP-HB2203245899','STARTED','maya@mailinator.com','Maya','M',NULL,'','AED',8006.25,'5ea7906f-7984-4bf6-9441-c0f19e5898c6',NULL,NULL,NULL,NULL,NULL,0,'2022-03-24 15:43:20','2023-01-05 15:56:39'),(40,42,'CP-HB2203253425','STARTED','name@gmail.com','first','name',NULL,'','AED',73.5,'86a32e71-6ca4-4c9b-b031-d9ef64de7ef9',NULL,NULL,NULL,NULL,NULL,0,'2022-03-25 14:08:08','2022-03-25 14:08:10'),(41,54,'CP-HB2204054534','STARTED','tintoo.xavier@seeroo.com','tintoo','xavier',NULL,'','AED',52.5,'7b37e8c7-abff-4dd0-8ec5-46cb8d5aaa1f',NULL,NULL,NULL,NULL,NULL,0,'2022-04-05 17:41:02','2022-04-05 17:41:03'),(42,5,'CP-HB2204067181','STARTED','maya@mailinator.com','Maya','M',NULL,'','AED',52.5,'e459715b-a1be-46dc-99a1-f95cbf0399b7',NULL,NULL,NULL,NULL,NULL,0,'2022-04-06 09:39:26','2022-04-06 09:39:29'),(43,54,'CP-HB2204064990','STARTED','tintoo.xavier@seeroo.com','tintoo','xavier',NULL,'','AED',52.5,'ad12df52-e710-4d02-ba49-f6ca2ae88495',NULL,NULL,NULL,NULL,NULL,0,'2022-04-06 10:11:32','2022-04-06 10:11:33'),(44,54,'CP-HB2204069282','STARTED','tintoo.xavier@seeroo.com','tintoo','xavier',NULL,'','AED',21,'8c4c04c1-a2d4-40c4-8351-6e868ac1c72d',NULL,NULL,NULL,NULL,NULL,0,'2022-04-06 14:17:57','2022-04-06 14:17:59'),(45,65,'CP-HB2204076733','STARTED','lucajaison@gmail.com','luca','jaison',NULL,'','AED',23.1,'629530e5-a4a1-476b-a688-398819062bc7',NULL,NULL,NULL,NULL,NULL,0,'2022-04-07 10:28:57','2022-04-07 10:28:59'),(46,65,'CP-HB2204075991','STARTED','lucajaison@gmail.com','luca','jaison',NULL,'','AED',10.5,'517bed12-9029-4058-964f-5fb9bfdadd34',NULL,NULL,NULL,NULL,NULL,0,'2022-04-07 12:42:11','2022-04-07 12:42:13'),(47,6,'CP-HB2204077181','STARTED','vishnu123seeroo@gmail.com','vishnu','ej',NULL,'','AED',9450,'dec0db9e-7e7c-4318-8212-27983475d811',NULL,NULL,NULL,NULL,NULL,0,'2022-04-07 14:04:26','2022-04-07 14:04:28'),(48,6,'CP-HB2204076620',NULL,'vishnu123seeroo@gmail.com','vishnu','ej',NULL,'',NULL,17850,NULL,NULL,NULL,NULL,NULL,NULL,0,'2022-04-07 14:29:14','2022-04-07 14:29:14'),(49,65,'CP-HB2204086318','STARTED','lucajaison@gmail.com','luca','jaison',NULL,'','AED',1470,'4d5e84ab-25e8-49bd-87ad-865ca2b82b8e',NULL,NULL,NULL,NULL,NULL,0,'2022-04-08 12:43:12','2022-04-08 12:43:14'),(50,65,'CP-HB2204128206','STARTED','lucajaison@gmail.com','luca','jaison',NULL,'','AED',9450,'9deb0b83-979d-499c-857e-db5cebecc891',NULL,NULL,NULL,NULL,NULL,0,'2022-04-12 05:00:08','2022-04-12 05:00:09'),(51,65,'CP-HB2204122784','STARTED','lucajaison@gmail.com','luca','jaison',NULL,'','AED',141.75,'82a9f127-030c-4535-9793-55bd30657d4c',NULL,NULL,NULL,NULL,NULL,0,'2022-04-12 05:01:54','2022-04-12 05:01:55'),(52,86,'CP-HB2204131033','STARTED','johan.jaison@gmail.com','johan','jaison',NULL,'','AED',262.5,'d1661dfc-0f35-4086-9bcf-396d5aca5076',NULL,NULL,NULL,NULL,NULL,0,'2022-04-13 09:41:05','2022-04-13 09:41:07'),(53,98,'CP-HB2204148446','STARTED','peter123@gmail.com','peter','t',NULL,'','AED',9450,'ad85a0e5-fdb7-4342-bed5-9e1f8ebbaf20',NULL,NULL,NULL,NULL,NULL,0,'2022-04-14 09:07:30','2022-04-14 09:07:33'),(54,98,'CP-HB2204147936','STARTED','peter123@gmail.com','peter','t',NULL,'','AED',9450,'968c2aea-51bb-46ba-84a4-cd84c7561a6d',NULL,NULL,NULL,NULL,NULL,0,'2022-04-14 09:08:55','2022-04-14 09:08:57'),(55,65,'CP-HB2204189601','STARTED','lucajaison@gmail.com','luca','jaison',NULL,'','AED',9450,'8ddb21c7-2dd5-4e2a-b5a6-549f24ac0153',NULL,NULL,NULL,NULL,NULL,0,'2022-04-18 07:07:35','2022-04-18 07:07:37'),(56,65,'CP-HB2204206369','STARTED','lucajaison@gmail.com','luca','jaison',NULL,'','AED',9450,'1e26273a-b5ac-479d-9359-2d22eb722d5f',NULL,NULL,NULL,NULL,NULL,0,'2022-04-20 05:55:26','2022-04-20 05:55:28'),(57,108,'CP-HB2204208233','STARTED','tintooxavier@gmail.com','tintoo','xavier',NULL,'','AED',262.5,'bb6ed737-6fd7-4456-be87-fff6a05116df',NULL,NULL,NULL,NULL,NULL,0,'2022-04-20 06:54:27','2022-04-20 06:54:28'),(58,65,'CP-HB2204214801','STARTED','lucajaison@gmail.com','luca','jaison',NULL,'','AED',9450,'8272afc7-1c94-4d14-a676-6d243ead67c6',NULL,NULL,NULL,NULL,NULL,0,'2022-04-21 05:29:58','2022-04-21 05:29:59'),(59,65,'CP-HB2204211372','STARTED','lucajaison@gmail.com','luca','jaison',NULL,'','AED',9450,'abb28cc8-fb39-4931-9abd-e2e6f96357f6',NULL,NULL,NULL,NULL,NULL,0,'2022-04-21 05:36:01','2022-04-21 05:36:03'),(60,115,'CP-HB2204214159','STARTED','jaitt@gmail.com','jai','tt',NULL,'','AED',9450,'d0be6222-3abc-4d05-9414-6c1c25f71a5b',NULL,NULL,NULL,NULL,NULL,0,'2022-04-21 09:13:19','2022-04-21 09:13:20'),(61,120,'CP-BK2204214724','STARTED','kamala@mailinator.com','Kamala','H',NULL,'','AED',21,'e8a4ecf7-de29-4203-aedb-1ae635b58dc9',NULL,NULL,NULL,NULL,NULL,0,'2022-04-21 10:59:09','2022-04-21 10:59:11'),(62,120,'CP-BK2204212399','STARTED','kamala@mailinator.com','Kamala','H',NULL,'','AED',21,'76db421d-61e3-4bfe-ab72-d9f12928f8ed',NULL,NULL,NULL,NULL,NULL,0,'2022-04-21 11:41:09','2022-04-21 11:41:10'),(63,6,'CP-BK2204265128','STARTED','vishnu123seeroo@gmail.com','vishnu','ej',NULL,'','AED',89,'351af7ba-f49c-49e2-886a-85a92761c1d0',NULL,NULL,NULL,NULL,NULL,0,'2022-04-26 05:39:05','2023-01-30 17:11:09'),(64,120,'CP-BK2204265602','STARTED','kamala@mailinator.com','Kamala','H',NULL,'','AED',21,'b92a8e57-3ca5-485e-9164-eb1af23b1769',NULL,NULL,NULL,NULL,NULL,0,'2022-04-26 08:05:09','2022-04-26 08:05:10'),(65,6,'CP-BK2204266579','STARTED','vishnu123seeroo@gmail.com','vishnu','ej',NULL,'','AED',84,'0521424f-fc0e-4c16-a325-0cf5cd746714',NULL,NULL,NULL,NULL,NULL,0,'2022-04-26 08:09:50','2022-04-26 08:09:51'),(66,120,'CP-BK2204265286','STARTED','kamala@mailinator.com','Kamala','H',NULL,'','AED',21,'5a1008b0-1df2-4790-9c46-5bffc501a4d4',NULL,NULL,NULL,NULL,NULL,0,'2022-04-26 08:19:12','2022-04-26 08:19:14'),(67,120,'CP-BK2204277904','STARTED','kamala@mailinator.com','Kamala','H',NULL,'','AED',21,'bfe6b3d2-1e94-4cc0-b2af-1ed18c94205e',NULL,NULL,NULL,NULL,NULL,0,'2022-04-27 11:34:22','2022-04-27 11:34:24'),(68,6,'CP-BK2204279151','STARTED','vishnu123seeroo@gmail.com','vishnu','ej',NULL,'','AED',84,'dc2a7a20-2bac-47da-8c5b-f64113c98f21',NULL,NULL,NULL,NULL,NULL,0,'2022-04-27 11:54:15','2022-04-27 11:54:16'),(69,120,'CP-BK2204279750','STARTED','kamala@mailinator.com','Kamala','H',NULL,'','AED',21,'081545cc-1fe6-472c-a342-14c184752f54',NULL,NULL,NULL,NULL,NULL,0,'2022-04-27 11:54:57','2022-04-27 11:54:58'),(70,6,'CP-BK2204278105','STARTED','vishnu123seeroo@gmail.com','vishnu','ej',NULL,'','AED',84,'d99605b9-e97f-4e39-b0b1-c0e38bf48cbb',NULL,NULL,NULL,NULL,NULL,0,'2022-04-27 11:55:51','2022-04-27 11:55:52'),(71,6,'CP-BK2204271204','STARTED','vishnu123seeroo@gmail.com','vishnu','ej',NULL,'','AED',84,'3d5f5c89-f0b4-4044-a6ce-7c72d2818a0b',NULL,NULL,NULL,NULL,NULL,0,'2022-04-27 11:56:04','2022-04-27 11:56:05'),(72,6,'CP-BK2204272075','STARTED','vishnu123seeroo@gmail.com','vishnu','ej',NULL,'','AED',84,'f45168d4-cd49-42ca-b312-471e3a2b090a',NULL,NULL,NULL,NULL,NULL,0,'2022-04-27 12:06:22','2022-04-27 12:06:23'),(73,6,'CP-BK2204279753','STARTED','vishnu123seeroo@gmail.com','vishnu','ej',NULL,'','AED',84,'33b96bf3-1d1c-40e1-a3ac-9b00543d8d82',NULL,NULL,NULL,NULL,NULL,0,'2022-04-27 12:08:03','2022-04-27 12:08:04'),(74,6,'CP-BK2204283844','STARTED','vishnu123seeroo@gmail.com','vishnu','ej',NULL,'','AED',84,'70ce0766-df53-4656-9ce4-3bcad8b5aae1',NULL,NULL,NULL,NULL,NULL,0,'2022-04-28 05:33:28','2022-04-28 05:33:29'),(75,6,'CP-BK2204285366','STARTED','vishnu123seeroo@gmail.com','vishnu','ej',NULL,'','AED',84,'08987737-e61e-4f20-ab98-c074df6e1f45',NULL,NULL,NULL,NULL,NULL,0,'2022-04-28 05:34:48','2022-04-28 05:34:49'),(76,6,'CP-BK2204289938','STARTED','vishnu123seeroo@gmail.com','vishnu','ej',NULL,'','AED',84,'4b9486cd-544a-4577-95b8-561ed02c67ec',NULL,NULL,NULL,NULL,NULL,0,'2022-04-28 05:41:38','2022-04-28 05:41:39'),(77,6,'CP-BK2204286174','STARTED','vishnu123seeroo@gmail.com','vishnu','ej',NULL,'','AED',84,'12b3b49f-56ee-4d07-93ac-2c94bada562a',NULL,NULL,NULL,NULL,NULL,0,'2022-04-28 05:45:40','2022-04-28 05:45:41'),(78,6,'CP-BK2204285414','STARTED','vishnu123seeroo@gmail.com','vishnu','ej',NULL,'','AED',84,'293732cb-f0be-40b9-b0e8-44eb43ba3a1f',NULL,NULL,NULL,NULL,NULL,0,'2022-04-28 05:47:01','2022-04-28 05:47:02'),(79,6,'CP-BK2204287664','STARTED','vishnu123seeroo@gmail.com','vishnu','ej',NULL,'','AED',84,'6584fa2a-6ca9-416f-83b3-9bd123d24def',NULL,NULL,NULL,NULL,NULL,0,'2022-04-28 05:49:32','2022-04-28 05:49:33'),(80,6,'CP-BK2204281331','STARTED','vishnu123seeroo@gmail.com','vishnu','ej',NULL,'','AED',84,'f97c3fe3-d3ed-4d46-9db3-1eb42df5f85f',NULL,NULL,NULL,NULL,NULL,0,'2022-04-28 05:53:36','2022-04-28 05:53:37'),(81,120,'CP-BK2204285735','STARTED','kamala@mailinator.com','Kamala','H',NULL,'','AED',21,'5055346d-84df-4eeb-b7af-d92ce6be81e1',NULL,NULL,NULL,NULL,NULL,0,'2022-04-28 06:37:14','2022-04-28 06:37:15'),(82,6,'CP-BK2204289077','STARTED','vishnu123seeroo@gmail.com','vishnu','ej',NULL,'','AED',84,'04bcbaeb-2959-45aa-b054-abc47314a26c',NULL,NULL,NULL,NULL,NULL,0,'2022-04-28 06:52:45','2022-04-28 06:52:46'),(83,120,'CP-BK2204286602','STARTED','kamala@mailinator.com','Kamala','H',NULL,'','AED',21,'a3a0d7fb-6f62-4ac0-bb3d-3db8a20ed9a8',NULL,NULL,NULL,NULL,NULL,0,'2022-04-28 07:07:03','2022-04-28 07:07:04'),(84,120,'CP-BK2204287049','STARTED','kamala@mailinator.com','Kamala','H',NULL,'','AED',21,'4e5466e4-f803-42c3-a0b5-412d477df88d',NULL,NULL,NULL,NULL,NULL,0,'2022-04-28 07:17:46','2022-04-28 07:17:47'),(85,120,'CP-BK2204286646','STARTED','kamala@mailinator.com','Kamala','H',NULL,'','AED',21,'fe00aebf-a942-41db-9fdf-e692e1932814',NULL,NULL,NULL,NULL,NULL,0,'2022-04-28 07:39:18','2022-04-28 07:39:19'),(86,120,'CP-BK2204284322','STARTED','kamala@mailinator.com','Kamala','H',NULL,'','AED',21,'68d0fc22-1bae-4f61-95b1-0e2b7e7b7dc3',NULL,NULL,NULL,NULL,NULL,0,'2022-04-28 07:44:49','2022-04-28 07:44:50'),(87,120,'CP-BK2204289505','STARTED','kamala@mailinator.com','Kamala','H',NULL,'','AED',21,'83511486-5505-4202-8f04-24297ee2e0f7',NULL,NULL,NULL,NULL,NULL,0,'2022-04-28 07:54:02','2022-04-28 07:54:03'),(88,6,'CP-BK2204285626','STARTED','vishnu123seeroo@gmail.com','vishnu','ej',NULL,'','AED',84,'232d5796-fc51-4c5e-a657-45420ac62359',NULL,NULL,NULL,NULL,NULL,0,'2022-04-28 10:30:00','2022-04-28 10:30:01'),(89,120,'CP-BK2204284272','FAILED','kamala@mailinator.com','Kamala','H',NULL,'','AED',21,'72ba3dcc-3903-4142-b868-337e0804c51f',NULL,'TEST ','MASTERCARD','516844******0339','2024-12',0,'2022-04-28 10:42:28','2022-04-29 11:23:04'),(90,120,'CP-BK2204288108','STARTED','kamala@mailinator.com','Kamala','H',NULL,'','AED',21,'599532b9-b42d-46f5-a66b-ab5491e17142',NULL,NULL,NULL,NULL,NULL,0,'2022-04-28 10:51:11','2022-04-28 10:51:13'),(91,120,'CP-BK2204285955','STARTED','kamala@mailinator.com','Kamala','H',NULL,'','AED',21,'cd8d3527-a810-4b7c-8fbd-79e57ff62048',NULL,NULL,NULL,NULL,NULL,0,'2022-04-28 11:03:57','2022-04-28 11:03:58'),(92,120,'CP-BK2204287207','STARTED','kamala@mailinator.com','Kamala','H',NULL,'','AED',21,'f413bd58-070d-4ba4-a6da-caeea1da79bd',NULL,NULL,NULL,NULL,NULL,0,'2022-04-28 11:12:32','2022-04-28 11:12:33'),(93,120,'CP-BK2204287747','STARTED','kamala@mailinator.com','Kamala','H',NULL,'','AED',21,'182f85b1-4454-4e23-b999-083e8a98eda1',NULL,NULL,NULL,NULL,NULL,0,'2022-04-28 11:17:37','2022-04-28 11:17:39'),(94,120,'CP-BK2204286425','STARTED','kamala@mailinator.com','Kamala','H',NULL,'','AED',21,'febfdc14-ba51-4e69-8c6d-a446aca2ddcb',NULL,NULL,NULL,NULL,NULL,0,'2022-04-28 11:22:17','2022-04-28 11:22:19'),(95,120,'CP-BK2204282027','STARTED','kamala@mailinator.com','Kamala','H',NULL,'','AED',21,'75e814b5-b752-4632-af6c-4ff28cf04f6a',NULL,NULL,NULL,NULL,NULL,0,'2022-04-28 11:25:22','2022-04-28 11:25:23'),(96,120,'CP-BK2204296857','STARTED','kamala@mailinator.com','Kamala','H',NULL,'','AED',21,'d7e12441-3812-43bb-92a0-b164e15681e4',NULL,NULL,NULL,NULL,NULL,0,'2022-04-29 04:27:36','2022-04-29 04:27:38'),(97,120,'CP-BK2204295969','STARTED','kamala@mailinator.com','Kamala','H',NULL,'','AED',21,'ed004ecf-69d6-41ff-96a0-f8a28e77eb70',NULL,NULL,NULL,NULL,NULL,0,'2022-04-29 04:29:10','2022-04-29 04:29:11'),(98,120,'CP-BK2204298425','STARTED','kamala@mailinator.com','Kamala','H',NULL,'','AED',21,'631b3597-a99f-496d-b1ba-1cf5847cffd3',NULL,NULL,NULL,NULL,NULL,0,'2022-04-29 04:32:01','2022-04-29 04:32:02'),(99,120,'CP-MG2204293944','STARTED','kamala@mailinator.com','Kamala','H',NULL,'','AED',52.5,'4ba27c9b-e5db-4324-927f-1b888f951448',NULL,NULL,NULL,NULL,NULL,0,'2022-04-29 04:53:03','2022-04-29 04:53:05'),(100,120,'CP-MG2204292001','STARTED','kamala@mailinator.com','Kamala','H',NULL,'','AED',52.5,'43abc40d-2dd0-49b1-ab1e-9ce013842476',NULL,NULL,NULL,NULL,NULL,0,'2022-04-29 05:17:34','2022-04-29 05:17:36'),(101,120,'CP-MG2204295019','STARTED','kamala@mailinator.com','Kamala','H',NULL,'','AED',52.5,'28eb41b9-9c19-4ea5-99bf-3ccbe11c7846',NULL,NULL,NULL,NULL,NULL,0,'2022-04-29 05:29:18','2022-04-29 05:29:20'),(102,120,'CP-HB2204291030','STARTED','kamala@mailinator.com','Kamala','H',NULL,'','AED',262.5,'c1dadb94-28ed-4915-bb83-2b4401353bc4',NULL,NULL,NULL,NULL,NULL,0,'2022-04-29 05:58:25','2022-04-29 05:58:26'),(103,120,'CP-HB2204295180','STARTED','kamala@mailinator.com','Kamala','H',NULL,'','AED',262.5,'4c5ee962-3003-49a6-9f27-1704bc8c8eca',NULL,NULL,NULL,NULL,NULL,0,'2022-04-29 06:01:46','2022-04-29 06:01:47'),(104,120,'CP-BK2204297610','STARTED','kamala@mailinator.com','Kamala','H',NULL,'','AED',21,'790bc544-7bda-462b-b237-788ac95c5e6b',NULL,NULL,NULL,NULL,NULL,2,'2022-04-29 06:52:02','2022-04-29 06:52:54'),(105,120,'CP-BK2204298807','STARTED','kamala@mailinator.com','Kamala','H',NULL,'','AED',21,'b7216180-3247-458a-bec2-42ab407267ba',NULL,NULL,NULL,NULL,NULL,2,'2022-04-29 06:57:58','2022-04-29 06:58:54'),(106,120,'CP-BK2204293459','STARTED','kamala@mailinator.com','Kamala','H',NULL,'','AED',21,'2ec83b29-3be9-4c5e-bc9c-8223191c6835',NULL,NULL,NULL,NULL,NULL,2,'2022-04-29 08:59:40','2022-04-29 09:00:27'),(107,120,'CP-BK2204298401','STARTED','kamala@mailinator.com','Kamala','H',NULL,'','AED',100,'470705ae-878b-481c-9874-a569368964a4',NULL,NULL,NULL,NULL,NULL,0,'2022-04-29 09:03:54','2022-06-09 18:36:22'),(108,120,'CP-MG2204298253','STARTED','kamala@mailinator.com','Kamala','H',NULL,'','AED',52.5,'ed8ea7c2-8367-44e8-b470-31c1893c6604',NULL,NULL,NULL,NULL,NULL,2,'2022-04-29 11:00:52','2022-04-29 11:01:56'),(109,120,'CP-MG2204298459','STARTED','kamala@mailinator.com','Kamala','H',NULL,'','AED',52.5,'0bbd625e-4170-403c-ac55-dff843c865b0',NULL,NULL,NULL,NULL,NULL,0,'2022-04-29 11:02:50','2022-04-29 11:02:51'),(110,120,'CP-BK2204293389','STARTED','kamala@mailinator.com','Kamala','H',NULL,'','AED',100,'13170f6a-b8be-423e-80f0-64fae9edaec4',NULL,NULL,NULL,NULL,NULL,2,'2022-04-29 15:23:48','2022-06-09 18:34:19'),(111,131,'CP-BK2204298913','STARTED','snehamathew699@gmail.com','sneha','mathew',NULL,'','AED',21,'6d81e093-c63e-4cfe-a384-1391f37a1b87',NULL,NULL,NULL,NULL,NULL,2,'2022-04-29 15:57:16','2022-04-29 16:04:31'),(112,132,'CP-BK2205034145','STARTED','ahmed@canary-vet.co','ahm','alal',NULL,'','AED',21,'b7fe49ad-9199-4f1e-8b05-239e37f292f5',NULL,NULL,NULL,NULL,NULL,0,'2022-05-03 12:06:12','2022-05-03 12:06:14'),(113,132,'CP-BK2205032535','STARTED','ahmed@canary-vet.co','ahm','alal',NULL,'','AED',21,'9126042a-927e-4df2-a5a8-b615bab0a653',NULL,NULL,NULL,NULL,NULL,0,'2022-05-03 12:08:31','2022-05-03 12:08:32'),(114,132,'CP-BK2205036352','STARTED','ahmed@canary-vet.co','ahm','alal',NULL,'','AED',21,'1accac09-bff1-4839-bf43-4d35cbb80bb0',NULL,NULL,NULL,NULL,NULL,0,'2022-05-03 12:20:28','2022-05-03 12:20:29'),(115,6,'CP-BK2206164189','STARTED','vishnu123seeroo@gmail.com','vishnu','ej',NULL,'','AED',84,'f1d638af-c057-44a6-824d-841cb5dd8f47',NULL,NULL,NULL,NULL,NULL,0,'2022-06-16 13:52:49','2022-06-16 13:52:50'),(116,120,'CP-BK2206162855','STARTED','kamala@mailinator.com','Kamala','H',NULL,'','AED',21,'63ef191b-e80f-49e4-b81f-6c8c2121b77f',NULL,NULL,NULL,NULL,NULL,0,'2022-06-16 15:14:48','2022-06-16 20:25:44'),(117,120,'CP-BK2206167888','STARTED','kamala@mailinator.com','Kamala','H',NULL,'','AED',21,'0b988660-e8ba-4e5e-a498-dad7981d4270',NULL,NULL,NULL,NULL,NULL,2,'2022-06-16 20:58:24','2022-06-16 20:59:28'),(118,120,'CP-BK2206168811','STARTED','kamala@mailinator.com','Kamala','H',NULL,'','AED',21,'4d0da2d5-62fe-4f4c-bc12-7ce36f58fb17',NULL,NULL,NULL,NULL,NULL,2,'2022-06-16 21:20:22','2022-06-16 21:30:45'),(119,120,'CP-MG2206167816','STARTED','kamala@mailinator.com','Kamala','H',NULL,'','AED',52.5,'b21baddd-3bda-458d-95c6-3ecaeb34328e',NULL,NULL,NULL,NULL,NULL,2,'2022-06-16 21:53:04','2022-06-17 09:34:06'),(120,120,'CP-MG2206174049','STARTED','kamala@mailinator.com','Kamala','H',NULL,'','AED',52.5,'f2f92bf4-f5d8-49fb-96a4-eb1578da0b6e',NULL,NULL,NULL,NULL,NULL,2,'2022-06-17 10:38:07','2022-06-17 10:39:04'),(121,120,'CP-MG2206178894','STARTED','kamala@mailinator.com','Kamala','H',NULL,'','AED',52.5,'d41b605b-af3e-427c-b904-56097b53e268',NULL,NULL,NULL,NULL,NULL,2,'2022-06-17 10:46:15','2022-06-20 13:31:42'),(122,120,'CP-MG2206171472','STARTED','kamala@mailinator.com','Kamala','H',NULL,'','AED',52.5,'c9e9673c-bd9a-41d6-8bfe-1e9e9a28737a',NULL,NULL,NULL,NULL,NULL,2,'2022-06-17 15:44:15','2022-06-17 15:45:19'),(123,120,'CP-HB2206178971','STARTED','kamala@mailinator.com','Kamala','H',NULL,'','AED',262.5,'d13b3cdf-f95f-4624-b347-1aca16974ab2',NULL,NULL,NULL,NULL,NULL,0,'2022-06-17 17:19:09','2022-06-17 17:30:01'),(124,120,'CP-BK2206177690','STARTED','kamala@mailinator.com','Kamala','H',NULL,'','AED',21,'9a002e82-fe27-4248-9bf0-643f342eb366',NULL,NULL,NULL,NULL,NULL,2,'2022-06-17 17:27:55','2022-06-17 17:29:27'),(125,120,'CP-BK2206201295','STARTED','kamala@mailinator.com','Kamala','H',NULL,'','AED',21,'1f49c2d9-8eaf-405a-aca7-2c58e7aeb5d9',NULL,NULL,NULL,NULL,NULL,2,'2022-06-20 09:43:39','2022-06-20 09:44:39'),(126,120,'CP-MG2206206295','STARTED','kamala@mailinator.com','Kamala','H',NULL,'','AED',52.5,'ec6f7520-605d-46b7-9cb4-3242b26e5938',NULL,NULL,NULL,NULL,NULL,2,'2022-06-20 10:57:59','2022-06-20 10:58:42'),(127,120,'CP-HB2206204847','STARTED','kamala@mailinator.com','Kamala','H',NULL,'','AED',9450,'4fa4de69-a534-472a-a61b-99d310516801',NULL,NULL,NULL,NULL,NULL,2,'2022-06-20 11:37:10','2022-06-20 11:37:50'),(128,120,'CP-BK2206202635','STARTED','kamala@mailinator.com','Kamala','H',NULL,'','AED',52.5,'8411e7e8-897d-4215-ab41-f9119420b111',NULL,NULL,NULL,NULL,NULL,2,'2022-06-20 12:59:30','2022-06-20 13:00:03'),(129,120,'CP-BK2206204030','STARTED','kamala@mailinator.com','Kamala','H',NULL,'','AED',21,'2ce261cf-57c4-427c-b02c-5b36ae0e9933',NULL,NULL,NULL,NULL,NULL,2,'2022-06-20 13:06:05','2022-06-20 13:07:22'),(130,120,'CP-BK2206204282','STARTED','kamala@mailinator.com','Kamala','H',NULL,'','AED',21,'05e31276-40ec-486e-86f9-2d1493b053be',NULL,NULL,NULL,NULL,NULL,2,'2022-06-20 13:11:37','2022-06-20 13:12:11'),(131,120,'CP-BK2206208811','STARTED','kamala@mailinator.com','Kamala','H',NULL,'','AED',21,'e972a238-934c-43f8-a382-2d4c22dc1624',NULL,NULL,NULL,NULL,NULL,0,'2022-06-20 13:15:22','2022-06-20 13:19:14'),(132,120,'CP-BK2206207705','STARTED','kamala@mailinator.com','Kamala','H',NULL,'','AED',21,'4de08a92-55cd-4b9e-abb8-42c945accd82',NULL,NULL,NULL,NULL,NULL,0,'2022-06-20 13:20:32','2022-06-20 15:54:22'),(133,120,'CP-BK2206207350','STARTED','kamala@mailinator.com','Kamala','H',NULL,'','AED',21,'bc0f965a-8db6-4c7e-8721-42afbfd059ab',NULL,NULL,NULL,NULL,NULL,2,'2022-06-20 13:23:24','2022-06-20 13:24:03'),(134,120,'CP-BK2206201299','STARTED','kamala@mailinator.com','Kamala','H',NULL,'','AED',21,'abc949b0-607d-4579-9886-e3805d5a80e8',NULL,NULL,NULL,NULL,NULL,2,'2022-06-20 13:28:45','2022-06-20 13:29:19'),(135,120,'CP-MG2206179208','STARTED','kamala@mailinator.com','Kamala','H',NULL,'','AED',52.5,'421ffc4a-5e86-446f-b423-fe37dc6cc381',NULL,NULL,NULL,NULL,NULL,2,'2022-06-20 13:30:36','2022-06-20 13:31:01'),(136,120,'CP-HB2206205532','STARTED','kamala@mailinator.com','Kamala','H',NULL,'','AED',9450,'f8ed7c38-d8e1-4531-bdeb-71468f4c97a9',NULL,NULL,NULL,NULL,NULL,2,'2022-06-20 13:34:11','2022-06-20 13:34:41'),(137,120,'CP-HB2206205353','STARTED','kamala@mailinator.com','Kamala','H',NULL,'','AED',9450,'ae02f60f-37bc-47ec-8024-8940b5885742',NULL,NULL,NULL,NULL,NULL,2,'2022-06-20 13:36:44','2022-06-20 13:37:16'),(138,120,'CP-MG2206202347','STARTED','kamala@mailinator.com','Kamala','H',NULL,'','AED',52.5,'9eb2a37b-0c44-4619-9d5a-f4d75bf46b79',NULL,NULL,NULL,NULL,NULL,2,'2022-06-20 13:39:34','2022-06-20 13:40:06'),(139,120,'CP-HB2206209052','STARTED','kamala@mailinator.com','Kamala','H',NULL,'','AED',9450,'c546ce65-dac6-4e66-bb84-ca3d1726e3f3',NULL,NULL,NULL,NULL,NULL,2,'2022-06-20 13:49:52','2022-06-20 13:50:22'),(140,120,'CP-HB2206209929','STARTED','kamala@mailinator.com','Kamala','H',NULL,'','AED',9450,'08e15834-504e-4280-82f0-ce379a2ccf92',NULL,NULL,NULL,NULL,NULL,2,'2022-06-20 13:54:12','2022-06-20 13:54:40'),(141,120,'CP-HB2206203897','STARTED','kamala@mailinator.com','Kamala','H',NULL,'','AED',9450,'118381fa-5f5c-4b59-85e7-40f6572aa9a7',NULL,NULL,NULL,NULL,NULL,2,'2022-06-20 13:58:25','2022-06-20 13:59:53'),(142,120,'CP-BK2206201732','STARTED','kamala@mailinator.com','Kamala','H',NULL,'','AED',52.5,'b9e40b37-c4c2-46d7-91f0-c59001a8797c',NULL,NULL,NULL,NULL,NULL,2,'2022-06-20 14:01:46','2022-06-20 14:02:17'),(143,120,'CP-MG2206209162','STARTED','kamala@mailinator.com','Kamala','H',NULL,'','AED',52.5,'d503d3b3-e27b-4933-9e5d-436e0b93fb37',NULL,NULL,NULL,NULL,NULL,2,'2022-06-20 14:10:14','2022-06-20 14:10:44'),(144,120,'CP-MG2206201266','STARTED','kamala@mailinator.com','Kamala','H',NULL,'','AED',52.5,'2ae5c3fc-90a6-4148-bb5b-9b592e1ed842',NULL,NULL,NULL,NULL,NULL,0,'2022-06-20 14:18:46','2022-06-20 14:19:51'),(145,120,'CP-HB2206209599','STARTED','kamala@mailinator.com','Kamala','H',NULL,'','AED',9450,'87c4c71d-c0d3-4199-96c3-ae8a10e35338',NULL,NULL,NULL,NULL,NULL,2,'2022-06-20 14:24:06','2022-06-20 14:24:50'),(146,120,'CP-HB2206205892','STARTED','kamala@mailinator.com','Kamala','H',NULL,'','AED',9450,'af99e08c-899a-417a-998f-c0e7066cf60c',NULL,NULL,NULL,NULL,NULL,2,'2022-06-20 14:27:41','2022-06-20 14:28:33'),(147,120,'CP-HB2206205276','STARTED','kamala@mailinator.com','Kamala','H',NULL,'','AED',9450,'2a494206-2701-4a58-94d7-7369664571ae',NULL,NULL,NULL,NULL,NULL,0,'2022-06-20 14:30:38','2022-06-20 14:32:53'),(148,120,'CP-BK2206202920','STARTED','kamala@mailinator.com','Kamala','H',NULL,'','AED',52.5,'7b796a02-79cd-4c86-8247-f93de998f981',NULL,NULL,NULL,NULL,NULL,2,'2022-06-20 15:26:45','2022-06-20 15:27:34'),(149,120,'CP-BK2206204317','STARTED','kamala@mailinator.com','Kamala','H',NULL,'','AED',42,'ad5eaada-c342-4125-bdcb-3cbd08755cf0',NULL,NULL,NULL,NULL,NULL,0,'2022-06-20 15:47:35','2022-06-20 15:48:20'),(150,120,'CP-BK2206209735','STARTED','kamala@mailinator.com','Kamala','H',NULL,'','AED',52.5,'ff421f90-da0f-49f8-ab01-2d6411b9b7e5',NULL,NULL,NULL,NULL,NULL,2,'2022-06-20 15:51:09','2022-06-20 15:52:19'),(151,120,'CP-MG2206207051','STARTED','kamala@mailinator.com','Kamala','H',NULL,'','AED',1291.5,'56941f19-42ad-45b5-ba72-a15a3abfc956',NULL,NULL,NULL,NULL,NULL,2,'2022-06-20 16:11:25','2022-06-20 16:12:10'),(152,120,'CP-HB2206203656',NULL,'kamala@mailinator.com','Kamala','H',NULL,'',NULL,17850,NULL,NULL,NULL,NULL,NULL,NULL,0,'2022-06-20 16:12:57','2022-06-20 16:20:08'),(153,120,'CP-HB2206201962','STARTED','kamala@mailinator.com','Kamala','H',NULL,'','AED',9450,'95dae4d2-7796-4816-88d6-db08862aba82',NULL,NULL,NULL,NULL,NULL,0,'2022-06-20 16:34:13','2022-06-20 16:36:34'),(154,120,'CP-MG2206209554','STARTED','kamala@mailinator.com','Kamala','H',NULL,'','AED',52.5,'6fcf0cae-b4f4-400a-8911-540b443c3067',NULL,NULL,NULL,NULL,NULL,2,'2022-06-20 16:43:43','2022-06-20 16:44:10'),(155,120,'CP-MG2206212628','STARTED','kamala@mailinator.com','Kamala','H',NULL,'','AED',52.5,'c754b0f6-b996-4a4b-9f02-09fb9aba3bbd',NULL,NULL,NULL,NULL,NULL,2,'2022-06-21 10:20:18','2022-06-21 10:21:01'),(156,120,'CP-HB2206213350','STARTED','kamala@mailinator.com','Kamala','H',NULL,'','AED',9450,'d38b05d8-0669-4501-894c-9298f820c687',NULL,NULL,NULL,NULL,NULL,2,'2022-06-21 10:22:37','2022-06-21 10:23:03'),(157,120,'CP-HB2206211470','STARTED','kamala@mailinator.com','Kamala','H',NULL,'','AED',9450,'c6f3fbf9-6faf-4073-9fc7-5228a5527d47',NULL,NULL,NULL,NULL,NULL,2,'2022-06-21 10:41:10','2022-06-21 10:41:53'),(158,120,'CP-MG2206214605','STARTED','kamala@mailinator.com','Kamala','H',NULL,'','AED',52.5,'a7d10019-9a2d-4f8b-8ecb-d9ff66b42f45',NULL,NULL,NULL,NULL,NULL,2,'2022-06-21 10:45:35','2022-06-21 10:45:59'),(159,120,'CP-HB2206211876','STARTED','kamala@mailinator.com','Kamala','H',NULL,'','AED',9450,'c83c2904-bd30-4721-805f-0a80ec2d66e9',NULL,NULL,NULL,NULL,NULL,2,'2022-06-21 10:47:16','2022-06-21 10:48:05'),(160,120,'CP-HB2206216731','STARTED','kamala@mailinator.com','Kamala','H',NULL,'','AED',9450,'23c86665-0477-4c50-9daa-357a56cf5c9e',NULL,NULL,NULL,NULL,NULL,2,'2022-06-21 10:51:09','2022-06-21 10:51:44'),(161,120,'CP-HB2206213727','STARTED','kamala@mailinator.com','Kamala','H',NULL,'','AED',9450,'4723fa72-2054-4fb4-baac-b91197d3f648',NULL,NULL,NULL,NULL,NULL,2,'2022-06-21 10:53:58','2022-06-21 10:54:25'),(162,120,'CP-HB2206217297','STARTED','kamala@mailinator.com','Kamala','H',NULL,'','AED',9450,'47383d9d-ea8a-487c-accf-314e2677915c',NULL,NULL,NULL,NULL,NULL,2,'2022-06-21 10:56:42','2022-06-21 10:57:25'),(163,120,'CP-HB2206218852','STARTED','kamala@mailinator.com','Kamala','H',NULL,'','AED',9450,'f1960d2e-805d-4603-ae83-e92a09256efd',NULL,NULL,NULL,NULL,NULL,2,'2022-06-21 11:05:29','2022-06-21 11:06:35'),(164,120,'CP-HB2206213068','STARTED','kamala@mailinator.com','Kamala','H',NULL,'','AED',9450,'4654e7b7-8fc1-4517-90e5-f134ac66c482',NULL,NULL,NULL,NULL,NULL,2,'2022-06-21 11:16:47','2022-06-21 11:17:21'),(165,120,'CP-HB2206217419','STARTED','kamala@mailinator.com','Kamala','H',NULL,'','AED',9450,'30f8fea4-f41c-444d-bab9-7c3ae63ed89b',NULL,NULL,NULL,NULL,NULL,2,'2022-06-21 11:29:01','2022-06-21 11:29:40'),(166,120,'CP-HB2206213786','STARTED','kamala@mailinator.com','Kamala','H',NULL,'','AED',9450,'516fb28b-abc8-46d7-b28d-1693a40d8bae',NULL,NULL,NULL,NULL,NULL,2,'2022-06-21 14:30:52','2022-06-21 14:31:30'),(167,120,'CP-HB2206212793','STARTED','kamala@mailinator.com','Kamala','H',NULL,'','AED',9450,'623b58bb-24da-4b20-85d0-70a2105f359a',NULL,NULL,NULL,NULL,NULL,2,'2022-06-21 14:34:54','2022-06-21 14:35:27'),(168,120,'CP-HB2206213988','STARTED','kamala@mailinator.com','Kamala','H',NULL,'','AED',9450,'f6655ae9-4775-4aaa-948c-951ad60eb11e',NULL,NULL,NULL,NULL,NULL,2,'2022-06-21 14:39:20','2022-06-21 14:42:26'),(169,120,'CP-HB2206219200','STARTED','kamala@mailinator.com','Kamala','H',NULL,'','AED',9450,'628305fd-61b4-4c7d-92f0-90405d206469',NULL,NULL,NULL,NULL,NULL,2,'2022-06-21 14:46:24','2022-06-21 14:47:11'),(170,120,'CP-BK2206219571','STARTED','kamala@mailinator.com','Kamala','H',NULL,'','AED',42,'c11a59da-8602-4ff8-837a-3b58f0382c1c',NULL,NULL,NULL,NULL,NULL,0,'2022-06-21 16:53:00','2022-06-21 17:05:11'),(171,120,'CP-MG2206217674','STARTED','kamala@mailinator.com','Kamala','H',NULL,'','AED',1291.5,'b1f5d531-4448-4de7-a3d7-8928d0513aac',NULL,NULL,NULL,NULL,NULL,0,'2022-06-21 17:01:51','2022-06-21 17:01:53'),(172,120,'CP-BK2206233744','STARTED','kamala@mailinator.com','Kamala','H',NULL,'','AED',21,'916a4dab-8bb5-4822-9147-d58f634e2fe8',NULL,NULL,NULL,NULL,NULL,2,'2022-06-23 09:27:49','2022-06-23 09:29:52'),(173,120,'CP-BK2206231448','STARTED','kamala@mailinator.com','Kamala','H',NULL,'','AED',21,'fa0efb43-ab07-4b5a-bee9-6fa12fce6a57',NULL,NULL,NULL,NULL,NULL,0,'2022-06-23 10:12:20','2022-06-23 10:12:21'),(174,120,'CP-BK2206234789','STARTED','kamala@mailinator.com','Kamala','H',NULL,'','AED',21,'5cd4ee9f-bbb2-4e84-904a-4162f6e3c8d6',NULL,NULL,NULL,NULL,NULL,2,'2022-06-23 11:48:55','2022-06-23 11:51:54'),(175,135,'CP-BK2206231239','STARTED','aam@hotmail.com','prajeesh','k',NULL,'','AED',21,'5526daa9-4299-4ff6-a251-49d081207642',NULL,NULL,NULL,NULL,NULL,0,'2022-06-23 14:20:10','2022-06-23 14:29:23'),(176,135,'CP-BK2206232655','STARTED','aam@hotmail.com','prajeesh','k',NULL,'','AED',52.5,'bf9a398d-19ad-48de-85c3-cd7a6be235eb',NULL,NULL,NULL,NULL,NULL,0,'2022-06-23 16:29:22','2022-06-29 11:33:16'),(177,120,'CP-BK2206302430','STARTED','kamala@mailinator.com','Kamala','H',NULL,'','AED',52.5,'8f92b425-44d4-42cf-8b62-bb6168c5d8d1',NULL,NULL,NULL,NULL,NULL,0,'2022-06-30 13:57:28','2022-06-30 14:15:07'),(178,120,'CP-BK2207053154','STARTED','kamala@mailinator.com','Kamala','H',NULL,'','AED',21,'a9516f19-7a5f-4cf8-99d2-d928fe4e2a87',NULL,NULL,NULL,NULL,NULL,0,'2022-07-05 07:54:06','2022-07-05 07:54:08'),(179,120,'CP-BK2207055549','STARTED','kamala@mailinator.com','Kamala','H',NULL,'','AED',21,'8df45909-4067-4968-95d8-548ac4c68ff5',NULL,NULL,NULL,NULL,NULL,2,'2022-07-05 07:55:27','2022-07-05 07:57:43'),(180,120,'CP-BK2207052641','STARTED','kamala@mailinator.com','Kamala','H',NULL,'','AED',21,'b96885fc-ddae-4c66-a2ef-16c322179e20',NULL,NULL,NULL,NULL,NULL,0,'2022-07-05 11:50:44','2022-07-05 11:50:45'),(181,120,'CP-BK2207088806','STARTED','kamala@mailinator.com','Kamala','H',NULL,'','AED',12600,'df9041f5-4ddb-4777-9f60-d905f1816482',NULL,NULL,NULL,NULL,NULL,0,'2022-07-08 12:39:53','2022-07-09 13:50:18'),(182,120,'CP-BK2207096905','STARTED','kamala@mailinator.com','Kamala','H',NULL,'','AED',21,'009b2de0-553f-4ea7-8f6b-24bd47358bef',NULL,NULL,NULL,NULL,NULL,2,'2022-07-09 12:40:40','2022-07-09 12:42:10'),(183,120,'CP-BK2207098005','STARTED','kamala@mailinator.com','Kamala','H',NULL,'','AED',21,'00497cbd-194d-4aad-9cbf-c954967d40c3',NULL,NULL,NULL,NULL,NULL,0,'2022-07-09 16:23:20','2023-03-02 08:18:38'),(184,120,'CP-BK2207097111','STARTED','kamala@mailinator.com','Kamala','H',NULL,'','AED',21,'5a0c64f6-a284-40f6-87d0-4cfd24042073',NULL,NULL,NULL,NULL,NULL,2,'2022-07-09 16:30:33','2022-07-09 16:31:40'),(185,120,'CP-BK2207099432','STARTED','kamala@mailinator.com','Kamala','H',NULL,'','AED',21,'bb0443d4-be0f-4704-926e-ead2ad7ae3b9',NULL,NULL,NULL,NULL,NULL,2,'2022-07-09 19:01:23','2022-07-09 19:02:13'),(186,120,'CP-BK2208166612','STARTED','kamala@mailinator.com','Kamala','H',NULL,'','AED',21,'cbfbfd60-c3f6-4ae7-87bb-cac001f35ac6',NULL,NULL,NULL,NULL,NULL,0,'2022-08-16 08:19:28','2022-10-05 13:56:49'),(187,190,'22','STARTED','test000005@mailinator.com','test first','name user',NULL,'','AED',10,'2ae60db6-d276-45cb-8243-6a1824a2ded9',NULL,NULL,NULL,NULL,NULL,0,'2022-10-03 22:53:48','2023-02-14 09:52:26'),(188,120,'CP-MG2208116124','STARTED','kamala@mailinator.com','Kamala','H',NULL,'','AED',52.5,'db9cf88c-e051-4636-9386-b8f238dcdae8',NULL,NULL,NULL,NULL,NULL,2,'2022-10-05 08:38:22','2022-10-05 08:38:52'),(189,181,'28','STARTED','test0000001@mailinator.com','test','adhi',NULL,'','AED',100,'7da18200-eaba-438a-89e2-9ba5f3c66007',NULL,NULL,NULL,NULL,NULL,2,'2022-10-05 08:46:11','2023-02-07 17:24:46'),(190,181,'27','STARTED','test0000001@mailinator.com','test','adhi',NULL,'','AED',100,'425f448f-443b-435e-9c97-167bc08236e1',NULL,NULL,NULL,NULL,NULL,2,'2022-10-05 08:56:23','2023-02-07 15:18:48'),(191,190,'25','STARTED','test000005@mailinator.com','test first','name user',NULL,'','AED',120,'06a9b173-40b5-499a-8ccc-54a45d324aed',NULL,NULL,NULL,NULL,NULL,0,'2022-10-05 14:06:07','2023-02-14 10:41:18'),(192,190,'38','STARTED','test000005@mailinator.com','test first','name user',NULL,'','AED',100,'384eb176-fee5-4720-89a0-fb6cf6ca6f87',NULL,NULL,NULL,NULL,NULL,2,'2022-10-05 14:19:57','2023-02-09 11:21:04'),(193,203,'11','STARTED','petlinkuser01@mailinator.com','petlink','userone',NULL,'','AED',300,'825b78fc-57f9-4bb8-8de9-dbc93cfdb75b',NULL,NULL,NULL,NULL,NULL,2,'2022-10-05 15:34:52','2023-03-24 10:09:32'),(194,120,'41','STARTED','kamala@mailinator.com','Kamala','H',NULL,'','AED',10,'eeb8c4d6-d576-4237-bcd8-235cf50c556d',NULL,NULL,NULL,NULL,NULL,2,'2022-10-05 15:56:47','2022-10-05 15:57:19'),(195,181,'42','STARTED','test0000001@mailinator.com','test','adhi',NULL,'','AED',1000,'8cb2674a-601f-4a65-a37c-431d4253d167',NULL,NULL,NULL,NULL,NULL,2,'2022-10-05 16:23:34','2023-02-14 11:01:09'),(196,120,'CP-BK2211147433','STARTED','kamala@mailinator.com','Kamala','H',NULL,'','AED',21,'f68006bf-075d-4189-968b-2e416f77a60e',NULL,NULL,NULL,NULL,NULL,0,'2022-11-14 10:10:18','2022-11-14 10:12:19'),(197,6,'CP-HB2203016575','STARTED','vishnu123seeroo@gmail.com','vishnu','ej',NULL,'','AED',346.5,'af79b283-b57c-465b-9c78-f95d7bed359c',NULL,NULL,NULL,NULL,NULL,0,'2022-11-29 18:03:01','2022-11-29 18:08:01'),(198,6,'CP-HB2202288278','STARTED','vishnu123seeroo@gmail.com','vishnu','ej',NULL,'','AED',199.5,'102c7d0d-5a3a-443c-8411-9aac5c002d1e',NULL,NULL,NULL,NULL,NULL,0,'2022-11-29 18:14:32','2022-11-29 18:14:35'),(199,6,'CP-HB2202285985','STARTED','vishnu123seeroo@gmail.com','vishnu','ej',NULL,'','AED',73.5,'7ca1d1c4-05bf-4541-a9fc-ac8154a307c0',NULL,NULL,NULL,NULL,NULL,0,'2022-11-29 18:20:43','2022-11-29 18:20:46'),(200,169,'CP-HB2212148184','STARTED','gopika@gmail.com','Gopika','g',NULL,'','AED',63,'a07d3a70-9acf-425e-8fc1-536f4d518b89',NULL,NULL,NULL,NULL,NULL,-1,'2022-12-14 11:09:04','2022-12-14 11:09:47'),(201,169,'CP-HB2212147967','STARTED','gopika@gmail.com','Gopika','g',NULL,'','AED',63,'225da907-d57f-4786-afe2-d10d51097c8f',NULL,NULL,NULL,NULL,NULL,0,'2022-12-14 11:09:54','2022-12-14 11:09:55'),(202,169,'CP-BK2212149664','STARTED','gopika@gmail.com','Gopika','g',NULL,'','AED',42,'af0f3344-6122-495e-9be7-420950589d3a',NULL,NULL,NULL,NULL,NULL,0,'2022-12-22 11:13:32','2022-12-22 11:13:33'),(203,29,'CP-MG2301052815','STARTED','harshharidas6@gmail.com','Harsha','H',NULL,'','AED',23.1,'ef7c1233-4261-4120-9a2a-cd7c9a81b03a',NULL,NULL,NULL,NULL,NULL,0,'2023-01-05 09:57:09','2023-01-05 09:57:10'),(204,29,'CP-MG2301055316','STARTED','harshharidas6@gmail.com','Harsha','H',NULL,'','AED',23.1,'1844f3c6-6032-4802-b91e-37eae1b1d627',NULL,NULL,NULL,NULL,NULL,0,'2023-01-05 09:59:09','2023-01-05 09:59:10'),(205,29,'CP-MG2301054737','STARTED','harshharidas6@gmail.com','Harsha','H',NULL,'','AED',23.1,'d8ec2a13-a2a8-46fb-bc2b-daedb616305c',NULL,NULL,NULL,NULL,NULL,0,'2023-01-05 09:59:38','2023-01-05 09:59:39'),(206,29,'CP-MG2301055583','STARTED','harshharidas6@gmail.com','Harsha','H',NULL,'','AED',23.1,'c47fbb96-fa49-4557-a59c-bd03ce98c9df',NULL,NULL,NULL,NULL,NULL,0,'2023-01-05 10:00:25','2023-01-05 10:00:26'),(207,12,'CP-HB2301051503','STARTED','animalworld@gmail.com','Animal world',NULL,NULL,'','AED',252,'3c19fa06-dc10-4d6d-a921-b113eea0a830',NULL,NULL,NULL,NULL,NULL,0,'2023-01-05 13:47:44','2023-01-05 13:47:45'),(208,12,'CP-HB2301056613','STARTED','animalworld@gmail.com','Animal world',NULL,NULL,'','AED',105,'e02fb89e-d1a3-43a8-b2ed-e3715cd325d0',NULL,NULL,NULL,NULL,NULL,0,'2023-01-05 13:57:22','2023-01-05 13:57:24'),(209,181,'CP-HB2301166724','STARTED','test0000001@mailinator.com','test','adhi',NULL,'','AED',787.5,'b524aba7-bf3b-4f45-89c2-3d8924fc6002',NULL,NULL,NULL,NULL,NULL,2,'2023-01-16 21:55:16','2023-02-09 12:43:32'),(210,181,'CP-MG2301179784','STARTED','test0000001@mailinator.com','test','adhi',NULL,'','AED',12.6,'d8cf97f9-0d68-438a-ae08-b6616458de24',NULL,NULL,NULL,NULL,NULL,0,'2023-01-17 19:31:09','2023-01-17 19:31:52'),(211,180,'CP-MG2301184572','STARTED','thrishika1@seeroo.com','Thrishika','Rai',NULL,'','AED',10.5,'31d10201-24e2-4937-aed9-d3290056081d',NULL,NULL,NULL,NULL,NULL,0,'2023-01-18 09:58:47','2023-02-10 11:22:15'),(212,181,'CP-BK2301199030','STARTED','test0000001@mailinator.com','test','adhi',NULL,'','AED',12.6,'795c36af-3db3-4e11-932a-3c7ba9eed422',NULL,NULL,NULL,NULL,NULL,0,'2023-01-19 11:30:34','2023-01-19 11:30:36'),(213,181,'CP-BK2301195728','STARTED','test0000001@mailinator.com','test','adhi',NULL,'','AED',12600,'72ea998c-b786-4b61-926d-3a44c8198572',NULL,NULL,NULL,NULL,NULL,0,'2023-01-19 16:10:08','2023-01-19 16:10:12'),(214,181,'CP-HB2301192545','STARTED','test0000001@mailinator.com','test','adhi',NULL,'','AED',525,'dddefb86-fe6f-4493-9574-1a1d678d1327',NULL,NULL,NULL,NULL,NULL,0,'2023-01-19 16:13:23','2023-02-01 17:37:08'),(215,185,'CP-MG2301276501','STARTED','test0101@mailinator.com','test','test.     b',NULL,'','AED',2341.5,'94cd3b71-8ba3-4352-9ec8-31cafc323f50',NULL,NULL,NULL,NULL,NULL,0,'2023-01-27 11:22:38','2023-01-27 11:24:27'),(216,185,'CP-HB2301272971','STARTED','test0101@mailinator.com','test','test.     b',NULL,'','AED',129.15,'fe972b38-c9ac-4aef-9fa3-3f7ed59c0c90',NULL,NULL,NULL,NULL,NULL,0,'2023-01-27 14:27:39','2023-01-27 14:28:10'),(217,185,'CP-BK2301279491','STARTED','test0101@mailinator.com','test','test.     b',NULL,'','AED',21,'2390bc69-75ae-4b42-bb92-a27e12b6f2e2',NULL,NULL,NULL,NULL,NULL,0,'2023-01-30 08:57:08','2023-01-30 08:57:10'),(218,180,'CP-BK2301184063','STARTED','thrishika1@seeroo.com','Thrishika','Rai',NULL,'','AED',21,'f7b08cba-07c1-404d-bd53-b30d2355b5ab',NULL,NULL,NULL,NULL,NULL,0,'2023-01-30 10:11:19','2023-01-30 10:11:21'),(219,180,'CP-BK2301279855','STARTED','thrishika1@seeroo.com','Thrishika','Rai',NULL,'','AED',21,'0ee42cb1-79c1-452e-9a66-2f5f7307038d',NULL,NULL,NULL,NULL,NULL,2,'2023-01-30 10:13:37','2023-02-09 14:15:09'),(220,181,'CP-BK2301309444','STARTED','test0000001@mailinator.com','test','adhi',NULL,'','AED',12600,'736cc143-e52a-4a17-b9e3-5c6f5964f4c4',NULL,NULL,NULL,NULL,NULL,2,'2023-01-30 10:26:55','2023-01-30 11:11:37'),(221,181,'CP-BK2301252725','STARTED','test0000001@mailinator.com','test','adhi',NULL,'','AED',21,'b5472ef5-0fd3-419b-9116-4b7a13a5ac23',NULL,NULL,NULL,NULL,NULL,0,'2023-01-30 11:11:55','2023-02-01 13:31:01'),(222,181,'CP-BK2301308057','STARTED','test0000001@mailinator.com','test','adhi',NULL,'','AED',21,'6122cc37-3765-480e-87b4-06d619da0c62',NULL,NULL,NULL,NULL,NULL,0,'2023-01-30 11:42:34','2023-01-30 11:43:30'),(223,181,'CP-BK2301305098','STARTED','test0000001@mailinator.com','test','adhi',NULL,'','AED',21,'d1bed6a8-a24a-4478-852f-120e8c06fa84',NULL,NULL,NULL,NULL,NULL,0,'2023-01-30 11:49:29','2023-01-30 11:50:03'),(224,181,'CP-BK2301252560','STARTED','test0000001@mailinator.com','test','adhi',NULL,'','AED',42,'14396c2e-d332-405a-bb33-c77f22ade26f',NULL,NULL,NULL,NULL,NULL,0,'2023-01-30 11:53:43','2023-01-30 11:54:25'),(225,181,'CP-BK2301209112','STARTED','test0000001@mailinator.com','test','adhi',NULL,'','AED',21,'dc5e0d69-d945-4150-91a9-c774e8cc1092',NULL,NULL,NULL,NULL,NULL,0,'2023-01-30 13:44:00','2023-01-30 13:58:36'),(226,181,'CP-BK2301304410','STARTED','test0000001@mailinator.com','test','adhi',NULL,'','AED',21,'7eb8cd59-0072-474d-bc5e-20ce60e8c175',NULL,NULL,NULL,NULL,NULL,0,'2023-01-30 14:01:21','2023-01-30 14:01:28'),(227,181,'CP-BK2301304240','STARTED','test0000001@mailinator.com','test','adhi',NULL,'','AED',21,'350913df-09bb-4421-8b1d-1f5d61d87e5d',NULL,NULL,NULL,NULL,NULL,0,'2023-01-30 14:39:15','2023-02-01 17:33:25'),(228,181,'CP-BK2301303249','STARTED','test0000001@mailinator.com','test','adhi',NULL,'','AED',21,'9860fff8-f580-4be6-bd26-265db2b8c446',NULL,NULL,NULL,NULL,NULL,0,'2023-01-30 16:32:09','2023-03-02 16:48:51'),(229,181,'CP-BK2301303880','STARTED','test0000001@mailinator.com','test','adhi',NULL,'','AED',21,'2bc81498-d4f2-492a-a22c-7b865ef0cd2d',NULL,NULL,NULL,NULL,NULL,2,'2023-01-30 16:44:03','2023-02-09 11:35:32'),(230,180,'CP-MG2301251191','STARTED','thrishika1@seeroo.com','Thrishika','Rai',NULL,'','AED',1890,'e91e1279-b126-4858-9771-268cb7381b9f',NULL,NULL,NULL,NULL,NULL,0,'2023-02-01 09:57:51','2023-02-01 09:58:48'),(231,180,'CP-MG2301209050','STARTED','thrishika1@seeroo.com','Thrishika','Rai',NULL,'','AED',1890,'c24bb017-3044-4709-a153-e36eb46ed256',NULL,NULL,NULL,NULL,NULL,0,'2023-02-01 10:51:44','2023-02-01 13:34:48'),(232,180,'CP-MG2301209155','STARTED','thrishika1@seeroo.com','Thrishika','Rai',NULL,'','AED',21,'fb10352e-0381-4e10-9c42-785f498d7503',NULL,NULL,NULL,NULL,NULL,2,'2023-02-01 13:46:18','2023-02-01 13:47:54'),(233,180,'CP-HB2301197791','STARTED','thrishika1@seeroo.com','Thrishika','Rai',NULL,'','AED',0,'68164d52-b731-45ef-9946-ef418f23a4ac',NULL,NULL,NULL,NULL,NULL,0,'2023-02-01 17:31:13','2023-02-01 17:32:30'),(234,180,'CP-BK2302014928','STARTED','thrishika1@seeroo.com','Thrishika','Rai',NULL,'','AED',21,'5f3cbb94-00a3-4f0e-bb3b-0579beea4338',NULL,NULL,NULL,NULL,NULL,2,'2023-02-01 17:47:29','2023-02-01 17:48:24'),(235,181,'CP-BK2302025987','STARTED','test0000001@mailinator.com','test','adhi',NULL,'','AED',21,'a719e760-9ec9-4474-ad44-695631966857',NULL,NULL,NULL,NULL,NULL,0,'2023-02-02 08:17:28','2023-02-02 09:45:54'),(236,181,'CP-BK2302029481','STARTED','test0000001@mailinator.com','test','adhi',NULL,'','AED',21,'85527c7b-f9ef-458b-91f1-f2a750ec2641',NULL,NULL,NULL,NULL,NULL,2,'2023-02-02 09:47:31','2023-02-02 09:47:57'),(237,181,'CP-BK2302021051','STARTED','test0000001@mailinator.com','test','adhi',NULL,'','AED',21,'165e6ece-7694-400e-8a3e-2744c381cf8f',NULL,NULL,NULL,NULL,NULL,2,'2023-02-02 09:49:39','2023-02-02 09:50:19'),(238,181,'CP-BK2302026831','STARTED','test0000001@mailinator.com','test','adhi',NULL,'','AED',21,'9207ab2e-054c-41b9-9433-9e0cbdd3f595',NULL,NULL,NULL,NULL,NULL,2,'2023-02-02 10:22:17','2023-02-02 10:23:37'),(239,180,'CP-BK2302025347','STARTED','thrishika1@seeroo.com','Thrishika','Rai',NULL,'','AED',21,'be7c1006-2ae2-4c2e-9b8d-da748785abf1',NULL,NULL,NULL,NULL,NULL,0,'2023-02-02 11:26:09','2023-02-10 11:21:18'),(240,181,'CP-BK2302023567','STARTED','test0000001@mailinator.com','test','adhi',NULL,'','AED',1260,'362703d7-e700-4037-92ae-3d2a96f92ea3',NULL,NULL,NULL,NULL,NULL,2,'2023-02-02 13:13:14','2023-02-02 13:14:22'),(241,182,'CP-HB2302021925','STARTED','test0000002@mailinator.com','tezt','user',NULL,'','AED',525,'ec6fa682-3d03-4b15-9ba6-ff21f2f38baa',NULL,NULL,NULL,NULL,NULL,2,'2023-02-02 13:33:21','2023-02-02 13:34:08'),(242,180,'CP-HB2302027847','STARTED','thrishika1@seeroo.com','Thrishika','Rai',NULL,'','AED',0,'89a8d05f-c419-4633-a2d8-120576de0663',NULL,NULL,NULL,NULL,NULL,0,'2023-02-02 13:54:43','2023-02-02 13:54:45'),(243,180,'CP-HB2302025565','STARTED','thrishika1@seeroo.com','Thrishika','Rai',NULL,'','AED',52.5,'a674bb5c-a988-4672-b847-e5f40877e8df',NULL,NULL,NULL,NULL,NULL,0,'2023-02-02 13:58:59','2023-02-02 13:59:06'),(244,180,'CP-HB2302028745','STARTED','thrishika1@seeroo.com','Thrishika','Rai',NULL,'','AED',12.6,'3a698658-ff9e-40af-98c1-4e24b4666d68',NULL,NULL,NULL,NULL,NULL,2,'2023-02-02 14:02:20','2023-02-02 14:03:40'),(245,180,'CP-HB2302028261','STARTED','thrishika1@seeroo.com','Thrishika','Rai',NULL,'','AED',262.5,'7fd2b031-e3bc-498f-a4aa-26fb0bdc6264',NULL,NULL,NULL,NULL,NULL,2,'2023-02-02 15:38:58','2023-02-02 15:39:39'),(246,181,'CP-MG2301196532','STARTED','test0000001@mailinator.com','test','adhi',NULL,'','AED',12.6,'95d1b4b2-71e4-47af-9213-01915428be70',NULL,NULL,NULL,NULL,NULL,2,'2023-02-02 15:52:21','2023-02-02 15:53:23'),(247,6,'233857','STARTED','vishnu123seeroo@gmail.com','vishnu','ej',NULL,'','AED',89,'a77f9239-edbb-47f0-87f1-543f8d3a213d',NULL,NULL,NULL,NULL,NULL,0,'2023-02-03 08:28:51','2023-02-03 08:28:53'),(248,8,'70','STARTED','hcarecenter@gmail.com','H care centre',NULL,NULL,'','AED',100,'5f49c987-996c-4305-a690-4a7d3fdf47a5',NULL,NULL,NULL,NULL,NULL,2,'2023-02-07 12:55:42','2023-02-07 15:14:16'),(249,181,'76','STARTED','test0000001@mailinator.com','test','adhi',NULL,'','AED',12,'7f8c094e-93be-405f-be30-c83a1957217f',NULL,NULL,NULL,NULL,NULL,0,'2023-02-07 13:00:37','2023-02-07 13:00:39'),(250,181,'59','STARTED','test0000001@mailinator.com','test','adhi',NULL,'','AED',1200,'7422ffd1-e6af-48f3-bac8-9a56702e7775',NULL,NULL,NULL,NULL,NULL,2,'2023-02-07 14:28:45','2023-02-07 14:58:13'),(251,181,'77','STARTED','test0000001@mailinator.com','test','adhi',NULL,'','AED',1,'6bcabc14-0149-474d-88bc-6bed6da3cd8b',NULL,NULL,NULL,NULL,NULL,2,'2023-02-07 14:31:15','2023-02-07 14:51:42'),(252,181,'73','STARTED','test0000001@mailinator.com','test','adhi',NULL,'','AED',120,'e458511e-b34c-4e9c-9160-0fe66cdfb8c4',NULL,NULL,NULL,NULL,NULL,0,'2023-02-07 14:47:10','2023-02-07 14:47:12'),(253,181,'78','STARTED','test0000001@mailinator.com','test','adhi',NULL,'','AED',120,'996d0f78-0b0d-46cb-baf5-794c1c591ed0',NULL,NULL,NULL,NULL,NULL,0,'2023-02-07 14:47:24','2023-02-07 14:47:25'),(254,181,'CP-BK2302077939','STARTED','test0000001@mailinator.com','test','adhi',NULL,'','AED',0,'5f6b1760-2154-4a04-a93b-eaff7bcf6d83',NULL,NULL,NULL,NULL,NULL,0,'2023-02-07 14:54:43','2023-02-09 11:32:48'),(255,181,'CP-HB2302028512','STARTED','test0000001@mailinator.com','test','adhi',NULL,'','AED',9885.75,'036aae4d-07ab-4695-932e-166f94c0ed56',NULL,NULL,NULL,NULL,NULL,2,'2023-02-07 15:00:23','2023-02-07 15:02:30'),(256,181,'43','STARTED','test0000001@mailinator.com','test','adhi',NULL,'','AED',1200,'71d7819b-9b73-444d-b22e-a0e20b37b0da',NULL,NULL,NULL,NULL,NULL,2,'2023-02-07 15:28:03','2023-02-07 17:39:01'),(257,190,'CP-BK2302083881','STARTED','test000005@mailinator.com','test first','name user',NULL,'','AED',12.6,'2730c3bd-cfb2-4fcf-8819-0178c36a54c0',NULL,NULL,NULL,NULL,NULL,2,'2023-02-08 15:52:04','2023-02-09 16:09:52'),(258,181,'23','STARTED','test0000001@mailinator.com','test','adhi',NULL,'','AED',120,'0f088bce-f2bc-4c5d-9a16-2bff9495e608',NULL,NULL,NULL,NULL,NULL,0,'2023-02-08 16:16:06','2023-02-08 16:19:03'),(259,190,'CP-BK2302087129','STARTED','test000005@mailinator.com','test first','name user',NULL,'','AED',21,'53905cc9-4a6a-4d36-832f-23e0832c397a',NULL,NULL,NULL,NULL,NULL,0,'2023-02-09 12:56:02','2023-02-09 12:56:22'),(266,181,'CP-BK2302153234','STARTED','test0000001@mailinator.com','test','adhi',NULL,'','AED',21,'47e80b2b-c93f-4fa7-8894-c4936003997b',NULL,NULL,NULL,NULL,NULL,2,'2023-02-15 12:59:44','2023-02-15 13:01:15'),(260,190,'CP-HB2302091480','STARTED','test000005@mailinator.com','test first','name user',NULL,'','AED',12.6,'4a3c274a-d8ef-4764-85da-db2373302605',NULL,NULL,NULL,NULL,NULL,0,'2023-02-09 13:24:59','2023-02-09 13:25:18'),(261,190,'CP-MG2302099053','STARTED','test000005@mailinator.com','test first','name user',NULL,'','AED',1260,'1b9ba073-e791-4dc8-8ab6-5a58e42c1833',NULL,NULL,NULL,NULL,NULL,2,'2023-02-09 13:31:03','2023-02-09 17:02:11'),(262,190,'CP-HB2302096815','STARTED','test000005@mailinator.com','test first','name user',NULL,'','AED',5649,'d2f2e083-e85d-47e3-8650-617ea9cf3fc3',NULL,NULL,NULL,NULL,NULL,2,'2023-02-09 13:50:28','2023-02-09 13:51:51'),(263,190,'34','STARTED','test000005@mailinator.com','test first','name user',NULL,'','AED',100,'19640a2c-42b9-4d06-a6f5-493480ede83f',NULL,NULL,NULL,NULL,NULL,2,'2023-02-09 16:25:22','2023-02-09 16:26:56'),(264,190,'CP-BK2302134459','STARTED','test000005@mailinator.com','test first','name user',NULL,'','AED',21,'9144f168-93ef-4cd6-ae0e-ad5a5cbc86ff',NULL,NULL,NULL,NULL,NULL,2,'2023-02-13 09:47:54','2023-02-13 09:48:34'),(265,190,'CP-BK2302132527','STARTED','test000005@mailinator.com','test first','name user',NULL,'','AED',21,'a3d8ac83-49a5-4313-8861-5d0d41e1ffcb',NULL,NULL,NULL,NULL,NULL,2,'2023-02-13 10:27:08','2023-02-13 10:28:26'),(267,190,'12','STARTED','test000005@mailinator.com','test first','name user',NULL,'','AED',250,'44243c9d-d950-481a-ad91-8045dc208973',NULL,NULL,NULL,NULL,NULL,2,'2023-02-15 15:58:47','2023-02-23 14:17:43'),(268,181,'CP-BK2302157027','STARTED','test0000001@mailinator.com','test','adhi',NULL,'','AED',1260,'10a36418-7765-40d3-8c93-76182880eda8',NULL,NULL,NULL,NULL,NULL,2,'2023-02-15 16:12:40','2023-02-15 16:13:40'),(269,181,'CP-BK2302156890','STARTED','test0000001@mailinator.com','test','adhi',NULL,'','AED',1260,'2d55594b-0182-43f8-9685-77a027f55d02',NULL,NULL,NULL,NULL,NULL,2,'2023-02-15 17:23:00','2023-02-15 17:23:39'),(270,181,'10','STARTED','test0000001@mailinator.com','test','adhi',NULL,'','AED',300,'89173698-c997-466f-af69-1afbfb4dd7d2',NULL,NULL,NULL,NULL,NULL,2,'2023-02-16 13:01:57','2023-02-17 11:37:23'),(276,190,'CP-MG2302177517','STARTED','test000005@mailinator.com','test first','name user',NULL,'','AED',1890,'1c2d74e2-98d2-4817-a5ef-2378454aa163',NULL,NULL,NULL,NULL,NULL,2,'2023-02-17 12:55:56','2023-02-17 12:56:42'),(271,190,'CP-HB2302137508','STARTED','test000005@mailinator.com','test first','name user',NULL,'','AED',12.6,'1af59ab9-325e-42ac-ae17-ffd26c19a032',NULL,NULL,NULL,NULL,NULL,2,'2023-02-16 13:25:00','2023-02-16 13:25:31'),(272,190,'CP-HB2302163398','STARTED','test000005@mailinator.com','test first','name user',NULL,'','AED',8473.5,'e94ee884-df30-48b8-a846-6ebed0491bb7',NULL,NULL,NULL,NULL,NULL,2,'2023-02-16 13:29:01','2023-02-16 13:29:33'),(273,181,'CP-MG2302163194','STARTED','test0000001@mailinator.com','test','adhi',NULL,'','AED',31.5,'6633099e-0e42-4f86-9263-1ea742c40da1',NULL,NULL,NULL,NULL,NULL,2,'2023-02-16 16:01:52','2023-02-16 16:03:23'),(274,181,'CP-BK2302157308','STARTED','test0000001@mailinator.com','test','adhi',NULL,'','AED',21,'f156feb3-13a4-44bd-8e0c-6af36b48d47b',NULL,NULL,NULL,NULL,NULL,2,'2023-02-16 16:48:48','2023-03-02 16:46:20'),(275,190,'CP-HB2302168548','STARTED','test000005@mailinator.com','test first','name user',NULL,'','AED',1030.05,'8bc99aed-2406-4784-8e44-c5f364a98f21',NULL,NULL,NULL,NULL,NULL,2,'2023-02-16 17:06:53','2023-02-17 12:38:42'),(277,190,'CP-MG2302173236','STARTED','test000005@mailinator.com','test first','name user',NULL,'','AED',21,'cd8e9ea0-8d7e-42c7-964e-ebcd239571f0',NULL,NULL,NULL,NULL,NULL,2,'2023-02-17 13:07:07','2023-02-17 13:08:01'),(278,190,'CP-BK2302176851','STARTED','test000005@mailinator.com','test first','name user',NULL,'','AED',42,'53dea6a2-af05-47bb-b055-9a646fd28be5',NULL,NULL,NULL,NULL,NULL,2,'2023-02-17 14:08:14','2023-02-17 14:10:16'),(279,181,'CP-BK2302177356','STARTED','test0000001@mailinator.com','test','adhi',NULL,'','AED',12612.6,'c2758884-33c2-4cab-8949-e84a2af622ef',NULL,NULL,NULL,NULL,NULL,2,'2023-02-17 16:01:49','2023-02-17 16:02:46'),(280,191,'4','STARTED','test0000006@mailinator.com','test','user',NULL,'','AED',300,'7b6e4e08-1c48-4bbb-9ca9-9664d7a7fb8f',NULL,NULL,NULL,NULL,NULL,2,'2023-02-17 16:35:42','2023-03-02 08:46:26'),(281,201,'1','STARTED','testadhi001001@mailinator.com','test','test',NULL,'','AED',150,'45b637a6-7257-4dbe-9058-afd36fb39bd5',NULL,NULL,NULL,NULL,NULL,2,'2023-02-22 09:38:38','2023-03-30 14:15:06'),(282,203,'2','STARTED','petlinkuser01@mailinator.com','petlink','userone',NULL,'','AED',150,'fe93ecbf-5f4f-46ac-87e2-6b1fc6e68a95',NULL,NULL,NULL,NULL,NULL,2,'2023-02-22 09:47:14','2023-03-31 08:11:17'),(292,181,'CP-HB2303178647','STARTED','test0000001@mailinator.com','test','adhi',NULL,'','AED',262.5,'49bb038b-3245-4089-9b79-417ebb6faae5',NULL,NULL,NULL,NULL,NULL,2,'2023-03-17 17:29:22','2023-03-17 17:29:58'),(283,191,'3','STARTED','test0000006@mailinator.com','test','user',NULL,'','AED',250,'740094f8-913d-4869-9090-2c2d2db0e785',NULL,NULL,NULL,NULL,NULL,2,'2023-02-23 17:56:23','2023-03-02 08:44:32'),(291,194,'CP-HB2303016094',NULL,'testadhi03@mailinator.com','test adhi','test three',NULL,'',NULL,264.6,NULL,NULL,NULL,NULL,NULL,NULL,0,'2023-03-01 16:30:07','2023-03-18 22:16:50'),(284,195,'6','STARTED','testadhi001@mailinator.com','test adhi','tets',NULL,'','AED',300,'30c1c896-5e69-4bee-934a-7f4250b01c0e',NULL,NULL,NULL,NULL,NULL,2,'2023-02-24 12:34:50','2023-03-17 18:29:07'),(285,191,'CP-BK2302286911','STARTED','test0000006@mailinator.com','test','user',NULL,'','AED',1260,'7fd994fd-152c-457f-a071-3d312a1026c0',NULL,NULL,NULL,NULL,NULL,2,'2023-02-28 16:41:40','2023-02-28 16:42:18'),(286,191,'CP-BK2302284016','STARTED','test0000006@mailinator.com','test','user',NULL,'','AED',12600,'8cadf34a-b8c7-4a24-b06c-317bf7d4413b',NULL,NULL,NULL,NULL,NULL,2,'2023-02-28 16:55:24','2023-02-28 16:55:59'),(287,191,'CP-BK2302282199','STARTED','test0000006@mailinator.com','test','user',NULL,'','AED',1260,'7b91f0c8-177f-4240-8e05-363aa80cdcd5',NULL,NULL,NULL,NULL,NULL,2,'2023-02-28 22:04:24','2023-02-28 22:05:53'),(288,195,'5','STARTED','testadhi001@mailinator.com','test adhi','tets',NULL,'','AED',250,'51adef6c-8cc1-4628-884e-acab0f453882',NULL,NULL,NULL,NULL,NULL,2,'2023-02-28 22:23:59','2023-03-17 18:24:01'),(289,192,'8','STARTED','testadhi01@mailinator.com','adhish','user one',NULL,'','AED',300,'7302a21a-724e-450a-b0fe-0d4ad0ac83fb',NULL,NULL,NULL,NULL,NULL,2,'2023-02-28 22:36:06','2023-02-28 22:37:37'),(290,192,'9','STARTED','testadhi01@mailinator.com','adhish','user one',NULL,'','AED',150,'e0c2810f-da26-4bda-9671-f1d337babf19',NULL,NULL,NULL,NULL,NULL,2,'2023-02-28 22:45:03','2023-02-28 22:46:00'),(293,194,'7','STARTED','testadhi03@mailinator.com','test adhi','test three',NULL,'','AED',300,'922a9adf-571c-4fca-aac5-2239e38ed0df',NULL,NULL,NULL,NULL,NULL,2,'2023-03-18 20:27:26','2023-03-18 20:29:32'),(294,194,'CP-BK2303183273','STARTED','testadhi03@mailinator.com','test adhi','test three',NULL,'','AED',1260,'2e76d23f-df4e-4508-83c9-32dad781fe4b',NULL,NULL,NULL,NULL,NULL,2,'2023-03-18 20:36:22','2023-03-18 20:37:10'),(295,201,'CP-BK2303221965','STARTED','testadhi001001@mailinator.com','test','test',NULL,'','AED',21,'bb1561f7-4aa5-4edc-a91b-4a425c743fa7',NULL,NULL,NULL,NULL,NULL,2,'2023-03-22 10:47:13','2023-03-22 10:47:53'),(296,201,'CP-HB2303222865','STARTED','testadhi001001@mailinator.com','test','test',NULL,'','AED',9450,'fe462713-3237-46d3-a036-c10f6a89ae59',NULL,NULL,NULL,NULL,NULL,2,'2023-03-22 10:53:51','2023-03-22 10:54:31'),(297,12,'CP-HB2303223096','STARTED','animalworld@gmail.com','Animal world',NULL,NULL,'','AED',960.75,'9411108d-6068-4e22-961b-6c3f387b7fd8',NULL,NULL,NULL,NULL,NULL,0,'2023-03-22 16:57:36','2023-03-22 16:57:38'),(298,12,'CP-HB2303223955','STARTED','animalworld@gmail.com','Animal world',NULL,NULL,'','AED',598.5,'aa6bd57e-99d5-4b6a-9716-ff5ba26899f1',NULL,NULL,NULL,NULL,NULL,0,'2023-03-22 17:12:22','2023-03-22 17:16:22'),(299,12,'CP-HB2303228756','STARTED','animalworld@gmail.com','Animal world',NULL,NULL,'','AED',892.5,'20b0db7f-28f0-4ae4-802d-078a2745a695',NULL,NULL,NULL,NULL,NULL,2,'2023-03-22 17:24:10','2023-03-22 18:04:41'),(300,12,'CP-HB2303238904','STARTED','animalworld@gmail.com','Animal world',NULL,NULL,'','AED',294,'81b409b0-11db-4df3-b488-dba9f1ee538e',NULL,NULL,NULL,NULL,NULL,2,'2023-03-23 09:12:56','2023-03-23 10:00:29'),(301,12,'CP-HB2303231526','STARTED','animalworld@gmail.com','Animal world',NULL,NULL,'','AED',346.5,'32ba1c5a-b68a-40ee-8dd1-79e854860c26',NULL,NULL,NULL,NULL,NULL,2,'2023-03-23 10:11:50','2023-03-23 10:16:26'),(302,12,'CP-HB2303236222','STARTED','animalworld@gmail.com','Animal world',NULL,NULL,'','AED',252,'b1f8da30-c4cd-4e91-8ab8-dd7569463dc7',NULL,NULL,NULL,NULL,NULL,2,'2023-03-23 10:33:15','2023-03-23 10:34:25'),(303,12,'CP-HB2303233298','STARTED','animalworld@gmail.com','Animal world',NULL,NULL,'','AED',199.5,'427c6f25-8646-40b8-9c60-b668fc3f2cfb',NULL,NULL,NULL,NULL,NULL,2,'2023-03-23 11:33:06','2023-03-23 12:30:10'),(304,181,'CP-HB2303221614','STARTED','test0000001@mailinator.com','test','adhi',NULL,'','AED',262.5,'e604f11d-970b-4e57-9495-1d35802f388a',NULL,NULL,NULL,NULL,NULL,2,'2023-03-23 13:10:22','2023-03-23 13:11:31'),(305,203,'CP-BK2303244890','STARTED','petlinkuser01@mailinator.com','petlink','userone',NULL,'','AED',1260,'a90908c2-fabe-4e8a-bd16-58c8e1c13bb2',NULL,NULL,NULL,NULL,NULL,2,'2023-03-24 09:53:57','2023-03-24 09:54:28'),(306,203,'CP-HB2303248457','STARTED','petlinkuser01@mailinator.com','petlink','userone',NULL,'',NULL,4476.15,NULL,NULL,NULL,NULL,NULL,NULL,0,'2023-03-24 09:54:46','2023-03-24 09:55:43'),(307,181,'CP-HB2303243640','STARTED','test0000001@mailinator.com','test','adhi',NULL,'','AED',262.5,'9f4023ff-1148-4976-81ea-034676288678',NULL,NULL,NULL,NULL,NULL,0,'2023-03-24 11:34:28','2023-03-24 11:34:29'),(308,203,'CP-HB2303249712','STARTED','petlinkuser01@mailinator.com','petlink','userone',NULL,'','AED',5946.15,'89c14039-e11d-4e04-a623-c5f1886f46c3',NULL,NULL,NULL,NULL,NULL,2,'2023-03-24 11:36:48','2023-03-31 08:52:31'),(309,12,'CP-HB2303244343','STARTED','animalworld@gmail.com','Animal world',NULL,NULL,'','AED',52.5,'0c3ea5c4-59f4-4c62-8319-f478c4a33636',NULL,NULL,NULL,NULL,NULL,2,'2023-03-24 13:25:44','2023-03-24 13:37:20'),(310,12,'CP-HB2303248664','STARTED','animalworld@gmail.com','Animal world',NULL,NULL,'','AED',252,'2ef1498d-17c6-4c2e-a4d8-27d53993027f',NULL,NULL,NULL,NULL,NULL,2,'2023-03-24 13:52:38','2023-03-24 14:16:46'),(311,12,'CP-HB2303247169','STARTED','animalworld@gmail.com','Animal world',NULL,NULL,'','AED',52.5,'c1220689-329a-4e6c-a47d-cda3778a76a7',NULL,NULL,NULL,NULL,NULL,2,'2023-03-24 14:18:22','2023-03-24 14:20:02'),(312,201,'CP-HB2303271386','STARTED','testadhi001001@mailinator.com','test','test',NULL,'','AED',1500.45,'546b333b-7993-44d8-a6fa-3b6ae926b0fb',NULL,NULL,NULL,NULL,NULL,2,'2023-03-27 13:14:09','2023-03-27 13:14:38'),(313,201,'CP-HB2303279307','STARTED','testadhi001001@mailinator.com','test','test',NULL,'','AED',1412.25,'65af469d-e7a2-414a-be74-2e5fbbfd7ef6',NULL,NULL,NULL,NULL,NULL,2,'2023-03-27 13:23:11','2023-03-28 11:40:10'),(314,201,'CP-HB2303289758','STARTED','testadhi001001@mailinator.com','test','test',NULL,'','AED',2824.5,'308fe396-b74b-4588-9d15-1d8eb89006c2',NULL,NULL,NULL,NULL,NULL,2,'2023-03-28 09:24:05','2023-03-28 09:25:33'),(315,201,'CP-HB2303288426','STARTED','testadhi001001@mailinator.com','test','test',NULL,'','AED',2982,'16feaaeb-495c-43db-8310-b1ca37733b3f',NULL,NULL,NULL,NULL,NULL,2,'2023-03-28 10:00:32','2023-03-28 10:01:57'),(316,201,'CP-HB2303294997','STARTED','testadhi001001@mailinator.com','test','test',NULL,'','AED',262.5,'fe0d8662-f4ed-4402-9271-4259c1b70a14',NULL,NULL,NULL,NULL,NULL,2,'2023-03-29 09:05:41','2023-03-29 09:06:38'),(317,201,'CP-HB2303299744','STARTED','testadhi001001@mailinator.com','test','test',NULL,'','AED',4257.75,'f458aaec-4f17-4d9f-90ac-bbd3297d624e',NULL,NULL,NULL,NULL,NULL,0,'2023-03-29 10:00:02','2023-03-29 14:26:23'),(318,201,'CP-HB2303294547','STARTED','testadhi001001@mailinator.com','test','test',NULL,'','AED',1433.25,'9568ef41-abbd-4139-a5d6-3dbde8e8d274',NULL,NULL,NULL,NULL,NULL,0,'2023-03-29 14:46:44','2023-03-29 14:46:45'),(319,203,'CP-BK2303316854','STARTED','petlinkuser01@mailinator.com','petlink','userone',NULL,'','AED',21,'52d7a9f5-aa99-4824-b3b8-ec1b8af02105',NULL,NULL,NULL,NULL,NULL,2,'2023-03-31 08:34:29','2023-03-31 08:34:58'),(320,201,'CP-HB2304033243','STARTED','testadhi001001@mailinator.com','test','test',NULL,'','AED',0,'c2b15b4c-3f16-4ad4-b254-cc2b3c62bd57',NULL,NULL,NULL,NULL,NULL,0,'2023-04-03 16:20:13','2023-04-03 16:23:16');

--
-- Table structure for table `user_activity_track`
--

CREATE TABLE `user_activity_track` (
  `id` int NOT NULL AUTO_INCREMENT,
  `user_id` int NOT NULL,
  `user_subscription_id` int NOT NULL,
  `plan_id` int NOT NULL,
  `no_visit` int NOT NULL DEFAULT '0',
  `total_spent` double NOT NULL DEFAULT '0',
  `no_consult` int NOT NULL DEFAULT '0',
  `no_shower` int NOT NULL DEFAULT '0',
  `no_pick_delivery` int NOT NULL DEFAULT '0',
  `status` int NOT NULL DEFAULT '1',
  `created_at` timestamp NOT NULL DEFAULT CURRENT_TIMESTAMP,
  `updated_at` timestamp NOT NULL DEFAULT CURRENT_TIMESTAMP,
  `deleted_at` timestamp NULL DEFAULT NULL,
  PRIMARY KEY (`id`)
) ENGINE=MyISAM AUTO_INCREMENT=3 DEFAULT CHARSET=latin1;

--
-- Dumping data for table `user_activity_track`
--

INSERT INTO `user_activity_track` VALUES (1,3,1,1,2,34.64999961853,4,0,0,0,'2022-01-18 17:54:55','2022-01-18 18:14:40',NULL),(2,7,28,6,8,168,0,0,0,0,'2022-03-02 18:04:09','2022-03-02 18:05:56',NULL);

--
-- Table structure for table `user_subcribe_offer`
--

CREATE TABLE `user_subcribe_offer` (
  `id` int NOT NULL AUTO_INCREMENT,
  `user_id` int NOT NULL,
  `subscription_id` int NOT NULL,
  `purchased_offer_id` int NOT NULL,
  `offer_title` varchar(255) NOT NULL,
  `offer_description` varchar(255) NOT NULL,
  `offer_service_id` int DEFAULT NULL,
  `offer_status` smallint NOT NULL DEFAULT '1' COMMENT '0 inactive 1 active',
  `offer_discount_type` varchar(11) DEFAULT NULL,
  `offer_discount` int DEFAULT NULL,
  `offer_min_bill_discount` int DEFAULT NULL,
  `offer_max_bill_discount` int DEFAULT NULL,
  `offer_number_free_time` int DEFAULT NULL,
  `created_at` timestamp NOT NULL DEFAULT CURRENT_TIMESTAMP,
  `updated_at` timestamp NULL DEFAULT NULL,
  `deleted_at` timestamp NULL DEFAULT NULL,
  PRIMARY KEY (`id`)
) ENGINE=InnoDB AUTO_INCREMENT=7 DEFAULT CHARSET=latin1;

--
-- Dumping data for table `user_subcribe_offer`
--

INSERT INTO `user_subcribe_offer` VALUES (1,201,1,2,'Silver Offer','Discount in the services for regular customers',6,1,'percentage',30,4,6,1,'2023-03-30 10:14:33',NULL,NULL),(2,203,2,2,'Silver Offer','Discount in the services for regular customers',6,1,'percentage',30,4,6,1,'2023-03-31 04:10:36',NULL,NULL),(3,203,3,5,'Platinum','VIP customers',2,1,'percentage',4,2,4,2,'2023-04-17 10:04:06',NULL,NULL),(4,120,4,1,'Golden Offer','Golden Offer',2,1,'percentage',10,5,10,1,'2023-05-23 08:41:27',NULL,NULL),(5,120,4,7,'Abcd','A',19,1,'percentage',25,100,100,NULL,'2023-05-23 08:41:27',NULL,NULL),(6,120,4,37,'Canary Test offer','Canary Test Plan\r\ntest plan',4,1,'amount',10,2,5,1,'2023-05-23 08:41:27',NULL,NULL);

--
-- Table structure for table `user_subscribe_plans`
--

CREATE TABLE `user_subscribe_plans` (
  `id` int NOT NULL AUTO_INCREMENT,
  `user_id` int NOT NULL,
  `purchased_plan_id` int NOT NULL,
  `plan_title` varchar(191) CHARACTER SET utf8mb4 COLLATE utf8mb4_unicode_ci DEFAULT NULL,
  `plan_price` double DEFAULT NULL,
  `plan_days` int DEFAULT NULL,
  `plan_min_visit` varchar(191) CHARACTER SET utf8mb4 COLLATE utf8mb4_unicode_ci DEFAULT NULL,
  `plan_min_spend` int DEFAULT NULL,
  `plan_eligible_loyalty` smallint DEFAULT NULL,
  `membership_no` bigint NOT NULL,
  `subscribed_on` date NOT NULL,
  `valid_thru` date NOT NULL,
  `amount` double NOT NULL,
  `status` smallint NOT NULL DEFAULT '0' COMMENT '0 pending 1 approved 2 expired',
  `payment_status` smallint NOT NULL DEFAULT '0' COMMENT '0 not paid1 paid',
  `created_at` timestamp NULL DEFAULT CURRENT_TIMESTAMP,
  `updated_at` timestamp NULL DEFAULT NULL,
  `deleted_at` timestamp NULL DEFAULT NULL,
  PRIMARY KEY (`id`)
) ENGINE=MyISAM AUTO_INCREMENT=5 DEFAULT CHARSET=utf8mb4 COLLATE=utf8mb4_unicode_ci;

--
-- Dumping data for table `user_subscribe_plans`
--

INSERT INTO `user_subscribe_plans` VALUES (1,201,11,'Bronze',150,5,'1',500,NULL,232734,'2023-03-30','2023-04-04',150,2,0,'2023-03-30 10:14:33','2023-04-04 06:00:02',NULL),(2,203,11,'Bronze',150,5,'1',500,NULL,237798,'2023-03-31','2023-04-05',150,2,2,'2023-03-31 04:10:36','2023-04-05 06:00:01',NULL),(3,203,10,'Premium',300,1,'1',300,NULL,237798,'2023-04-17','2023-04-18',300,2,0,'2023-04-17 10:04:06','2023-04-18 06:00:01',NULL),(4,120,12,'Silver',250,50,'1',2000,NULL,238253,'2023-05-23','2023-07-12',250,0,0,'2023-05-23 08:41:27',NULL,NULL);

--
-- Table structure for table `userdetails`
--

CREATE TABLE `userdetails` (
  `id` int NOT NULL AUTO_INCREMENT,
  `user_id` bigint unsigned NOT NULL,
  `address` text CHARACTER SET utf8mb4 COLLATE utf8mb4_unicode_ci,
  `user_first_name` varchar(20) CHARACTER SET utf8mb4 COLLATE utf8mb4_unicode_ci DEFAULT NULL,
  `user_last_name` varchar(20) CHARACTER SET utf8mb4 COLLATE utf8mb4_unicode_ci DEFAULT NULL,
  `company` varchar(20) CHARACTER SET utf8mb4 COLLATE utf8mb4_unicode_ci DEFAULT NULL,
  `flat_number` varchar(20) CHARACTER SET utf8mb4 COLLATE utf8mb4_unicode_ci DEFAULT NULL,
  `street` varchar(20) CHARACTER SET utf8mb4 COLLATE utf8mb4_unicode_ci DEFAULT NULL,
  `city` varchar(20) CHARACTER SET utf8mb4 COLLATE utf8mb4_unicode_ci DEFAULT NULL,
  `emirates` varchar(20) CHARACTER SET utf8mb4 COLLATE utf8mb4_unicode_ci DEFAULT NULL,
  `country` varchar(20) CHARACTER SET utf8mb4 COLLATE utf8mb4_unicode_ci DEFAULT NULL,
  `zip_code` varchar(20) CHARACTER SET utf8mb4 COLLATE utf8mb4_unicode_ci DEFAULT NULL,
  `latitude` varchar(20) CHARACTER SET utf8mb4 COLLATE utf8mb4_unicode_ci DEFAULT NULL,
  `longitude` varchar(20) CHARACTER SET utf8mb4 COLLATE utf8mb4_unicode_ci DEFAULT NULL,
  `created_at` timestamp NULL DEFAULT NULL,
  `updated_at` timestamp NULL DEFAULT NULL,
  `deleted_at` timestamp NULL DEFAULT NULL,
  PRIMARY KEY (`id`),
  KEY `userdetails_users_id_foreign` (`user_id`)
) ENGINE=MyISAM AUTO_INCREMENT=150 DEFAULT CHARSET=utf8mb4 COLLATE=utf8mb4_unicode_ci;

--
-- Dumping data for table `userdetails`
--

INSERT INTO `userdetails` VALUES (1,5,'ABCD','','','','','','','1','','','25.2145565','55.3032906','2022-02-28 20:27:55','2022-02-28 20:27:55',NULL),(2,6,'New','','','','','New','','2','AE','','25.204519793304','55.271195545793','2022-03-01 20:23:59','2022-03-01 20:23:59',NULL),(3,7,'Haripad','','','','','','','1','','','9.5176431451889','76.364676319063','2022-03-02 13:12:45','2022-03-02 13:12:45',NULL),(4,13,'23','','','','','','','1','','','9.2798559','76.4592235','2022-03-03 09:43:51','2022-03-03 09:43:51',NULL),(5,29,'Pqr Villa','','','','','','','3','','','25.3461337','55.4209782','2022-03-03 14:14:17','2022-03-03 14:14:17',NULL),(6,5,'Seeroo','','','','','','','4','','','10.0644292','76.3512469','2022-03-17 14:33:13','2022-03-17 14:33:13',NULL),(7,5,'Al Ain','','','','','','','1','','','10.0644292','76.3512469','2022-03-17 14:34:25','2022-03-17 14:34:25',NULL),(8,5,'Fujairah','','','','','','','7','','','10.0644292','76.3512469','2022-03-17 14:35:09','2022-03-17 14:35:09',NULL),(9,5,'Abc Chowk','','','','','','','6','','','18.5163693','73.853871','2022-03-17 14:52:32','2022-03-17 14:52:32',NULL),(10,5,'Ksd','','','','','','','4','','','12.4995966','74.9869276','2022-03-17 14:53:11','2022-03-17 14:53:11',NULL),(11,5,'Kvg','','','','','','','4','','','12.553408','75.38438','2022-03-17 14:53:40','2022-03-17 14:53:40',NULL),(12,35,'Ghnaymah','','','','','','','1','','','24.1475218','55.6394421','2022-03-17 14:58:50','2022-03-17 14:58:50',NULL),(13,5,'Ajman','','','','','','','4','','','10.0644292','76.3512469','2022-03-23 10:46:16','2022-03-23 10:46:16',NULL),(14,42,'Ahqy11277','','','','','','','1','','','24.793820507834','55.150829069316','2022-03-25 14:26:20','2022-03-25 14:26:20',NULL),(15,54,'Tt','','','','','','','1','','','0.00052437186241109','-2.1122395992279E-5','2022-04-05 17:42:27','2022-04-05 17:42:27',NULL),(16,57,'A','','','','','','','2','','','10.8505159','76.2710833','2022-04-06 12:59:34','2022-04-06 12:59:34',NULL),(17,61,'Tt','','','','','','','1','','','39.7392358','-104.990251','2022-04-06 16:52:23','2022-04-06 16:52:23',NULL),(18,65,'Rr','','','','','','','2','','','25.2048493','55.2707828','2022-04-07 11:37:09','2022-04-07 11:37:09',NULL),(19,65,'Rainbow Street','','','','','','','1','','','53.3498053','-6.2603097','2022-04-11 04:55:52','2022-04-11 04:55:52',NULL),(20,86,'Rain','','','','','','','2','','','25.2048493','55.2707828','2022-04-13 12:46:48','2022-04-13 12:46:48',NULL),(21,108,'12','','','','','','','1','','','25.2048493','55.2707828','2022-04-20 06:38:48','2022-04-20 06:38:48',NULL),(22,115,'Tt','','','','','','','1','','','52.9583015','6.522342','2022-04-21 07:19:47','2022-04-21 07:19:47',NULL),(23,121,'Tt','','','','','','','1','','','25.2048493','55.2707828','2022-04-22 08:56:53','2022-04-25 11:55:14','2022-04-25 11:55:14'),(24,121,'Ernakulam','','','','','','','4','','','61.52401','105.318756','2022-04-22 12:39:45','2022-04-25 11:55:04',NULL),(25,120,'Test','','','','','','','4','','','10.057936774403','76.365148723125','2022-04-29 04:52:07','2022-04-29 04:52:07',NULL),(26,167,'Fdfd','','','','','','','4','','','10.1596687','76.3853639','2022-11-03 16:28:37','2022-11-03 16:28:37',NULL),(27,169,'My Home','','','','','','','2','','','10.055881749149','76.350970566273','2022-12-19 13:06:22','2022-12-19 13:06:22',NULL),(28,169,'Ajman Home','','','','','','','4','','','10.051551792916','76.351701132953','2022-12-19 13:07:10','2022-12-19 13:07:10',NULL),(29,169,'Yfyf Westside','','','','','','','4','','','25.3995441','55.4792204','2022-12-19 13:07:37','2023-01-10 15:57:23',NULL),(30,170,'Addresss Test Data','','','','','','','5','','','25.096511639542','55.18473085016','2023-01-06 10:50:05','2023-01-09 11:20:12','2023-01-09 11:20:12'),(31,170,'Test Address','','','','','','','4','','','10.043929331217','76.363979615271','2023-01-09 11:00:46','2023-01-09 11:25:20','2023-01-09 11:25:20'),(32,170,'Bb','','','','','','','2','','','10.0645935','76.351247','2023-01-09 11:21:51','2023-01-09 11:25:18','2023-01-09 11:25:18'),(33,170,'Test01','','','','','','','1','','','10.0645944','76.3512444','2023-01-09 11:27:49','2023-01-09 13:18:56',NULL),(34,170,'Test02','','','','','','','7','','','10.0645915','76.3512472','2023-01-09 11:28:16','2023-01-09 13:20:23',NULL),(35,170,'Aaas','','','','','','','6','','','10.051342490421','76.367277055979','2023-01-09 15:55:22','2023-01-09 15:55:22',NULL),(36,170,'Test Groom Kalamasseri','','','','','','','3','','','10.054614064401','76.354914419353','2023-01-09 16:03:44','2023-01-09 16:03:44',NULL),(37,170,'Aaass','','','','','','','4','','','10.053378066983','76.339696906507','2023-01-09 16:33:37','2023-01-10 09:00:39',NULL),(38,170,'Ghhhh','','','','','','','4','','','10.056216166197','76.360431052744','2023-01-09 16:34:16','2023-01-09 16:49:37','2023-01-09 16:49:37'),(39,178,'Test Villa','','','','','','','1','','','10.0645905','76.3512394','2023-01-12 11:10:45','2023-01-12 11:10:45',NULL),(40,178,'Qwerty','','','','','','','1','','','24.453884','54.3773438','2023-01-12 11:11:28','2023-01-12 11:11:28',NULL),(41,178,'Qwert','','','','','','','1','','','24.453884','54.3773438','2023-01-12 11:11:42','2023-01-12 11:11:42',NULL),(42,178,'Rtt','','','','','','','1','','','24.453884','54.3773438','2023-01-12 11:12:03','2023-01-12 11:12:03',NULL),(43,178,'Ty','','','','','','','1','','','10.0645913','76.3512392','2023-01-12 11:12:22','2023-01-12 11:12:22',NULL),(44,179,'Hwhaha','','','','','','','4','','','10.0645894','76.3512407','2023-01-13 14:05:13','2023-01-13 14:05:13',NULL),(45,179,'Rest','','','','','','','4','','','10.0645899','76.3512402','2023-01-13 14:14:38','2023-01-13 14:14:38',NULL),(46,180,'Abc','','','','','','','4','','','37.405026876043','-121.98900874704','2023-01-13 16:48:47','2023-01-16 17:43:23','2023-01-16 17:43:23'),(47,180,'Address','','','','','','','4','','','-0.00020820647477358','0.00064708292484283','2023-01-13 16:50:59','2023-01-16 17:43:21','2023-01-16 17:43:21'),(48,169,'Abu Dhabi','','','','','','','1','','','24.453884','54.3773438','2023-01-16 13:40:58','2023-01-16 13:40:58',NULL),(49,169,'Homme','','','','','','','4','','','12.0751992','75.2360558','2023-01-16 13:42:02','2023-01-16 13:42:02',NULL),(50,181,'Testfyd66478dyd','','','','','','','4','','','10.0647058','76.3511259','2023-01-16 15:42:26','2023-02-02 17:10:09','2023-02-02 17:10:09'),(51,179,'Dg','','','','','','','1','','','12.0686089','75.210529','2023-01-16 15:52:49','2023-01-16 15:52:49',NULL),(52,182,'Test','','','','','','','4','','','25.4052165','55.5136433','2023-01-16 16:59:11','2023-01-16 17:38:31','2023-01-16 17:38:31'),(53,180,'Abc','','','','','','','2','','','25.2048493','55.2707828','2023-01-16 17:33:55','2023-01-16 17:35:29','2023-01-16 17:35:29'),(54,183,'Test','','','','','','','4','','','10.056304309626','76.355030424893','2023-01-16 17:46:25','2023-01-16 17:49:56','2023-01-16 17:49:56'),(55,180,'Abc','','','','','','','4','','','25.2048493','55.2707828','2023-01-16 17:50:29','2023-01-16 17:57:04','2023-01-16 17:57:04'),(56,180,'Street','','','','','','','1','','','37.4219983','-122.084','2023-01-17 11:22:49','2023-01-31 10:02:50','2023-01-31 10:02:50'),(57,180,'Stree2','','','','','','','1','','','37.4219983','-122.084','2023-01-17 11:23:20','2023-01-31 10:02:49','2023-01-31 10:02:49'),(58,180,'Abc','','','','','','','6','','','37.4220936','-122.083922','2023-01-17 11:23:53','2023-01-31 10:02:48','2023-01-31 10:02:48'),(59,182,'Abc','','','','','','','4','','','25.2048493','55.2707828','2023-01-18 11:25:31','2023-01-24 08:59:15','2023-01-24 08:59:15'),(60,181,'Hcyc','','','','','','','4','','','10.0647074','76.3511258','2023-01-19 14:15:03','2023-02-02 17:10:09','2023-02-02 17:10:09'),(61,181,'Sbdb','','','','','','','1','','','12.060197','75.2123879','2023-01-19 14:18:46','2023-02-01 15:25:20','2023-02-01 15:25:20'),(62,185,'Tee','','','','','','','2','','','10.064583','76.3512381','2023-01-27 10:34:13','2023-01-27 10:34:13',NULL),(63,180,'A','','','','','','','4','','','37.4220936','-122.083922','2023-01-27 21:52:59','2023-01-31 09:47:32','2023-01-31 09:47:32'),(64,181,'Gvyb','','','','','','','2','','','25.2048493','55.2707828','2023-02-01 14:26:09','2023-02-01 15:25:18','2023-02-01 15:25:18'),(65,181,'Hvuv','','','','','','','1','','','25.2048493','55.2707828','2023-02-01 14:28:31','2023-02-01 15:25:19','2023-02-01 15:25:19'),(66,181,'Vgvy','','','','','','','4','','','25.2048493','55.2707828','2023-02-01 14:30:43','2023-02-01 15:25:17','2023-02-01 15:25:17'),(67,181,'Shdv','','','','','','','1','','','50.1109221','8.6821267','2023-02-01 15:19:42','2023-02-01 15:25:16','2023-02-01 15:25:16'),(68,181,'Cjj','','','','','','','7','','','43.653226','-79.3831843','2023-02-01 15:22:11','2023-02-01 15:25:14','2023-02-01 15:25:14'),(69,181,'Hh','','','','','','','1','','','13.6287557','79.4191795','2023-02-01 15:24:49','2023-02-01 15:25:12','2023-02-01 15:25:12'),(70,181,'Hch','','','','','','','1','','','33.748752','-84.3876845','2023-02-01 15:25:56','2023-02-02 17:10:08','2023-02-02 17:10:08'),(71,181,'Bvy','','','','','','','3','','','23.1764665','75.7885163','2023-02-01 15:27:13','2023-02-02 17:10:07','2023-02-02 17:10:07'),(72,181,'Gi','','','','','','','1','','','48.8583701','2.2944813','2023-02-01 15:31:28','2023-02-02 17:10:06','2023-02-02 17:10:06'),(73,181,'Tvt','','','','','','','6','','','31.7618778','-106.4850217','2023-02-01 15:32:34','2023-02-02 17:10:05','2023-02-02 17:10:05'),(74,181,'Vb','','','','','','','6','','','19.0931403','72.8567534','2023-02-01 15:38:19','2023-02-02 17:10:03','2023-02-02 17:10:03'),(75,181,'Rr','','','','','','','5','','','51.5031217','-0.1129493','2023-02-01 15:49:34','2023-02-02 17:10:03','2023-02-02 17:10:03'),(76,181,'Yjn','','','','','','','3','','','43.725435','-79.4521692','2023-02-01 15:53:06','2023-02-02 17:10:02','2023-02-02 17:10:02'),(77,181,'Tv','','','','','','','3','','','25.354826','51.183884','2023-02-01 15:57:02','2023-02-02 17:10:02','2023-02-02 17:10:02'),(78,181,'Dhb','','','','','','','1','','','29.7604267','-95.3698028','2023-02-01 16:07:41','2023-02-02 17:10:02','2023-02-02 17:10:02'),(79,181,'Home','','','','','','','2','','','33.748752','-84.3876845','2023-02-01 16:15:15','2023-02-02 17:10:01','2023-02-02 17:10:01'),(80,181,'Address','','','','','','','7','','','52.3675734','4.9041389','2023-02-01 16:15:50','2023-02-02 17:10:01','2023-02-02 17:10:01'),(81,181,'Al','','','','','','','5','','','33.748752','-84.3876845','2023-02-01 16:16:35','2023-02-02 17:10:00','2023-02-02 17:10:00'),(82,181,'A','','','','','','','2','','','33.748752','-84.3876845','2023-02-01 16:17:22','2023-02-02 17:09:59','2023-02-02 17:09:59'),(83,181,'Street','','','','','','','2','','','33.748752','-84.3876845','2023-02-01 16:18:44','2023-02-02 17:09:59','2023-02-02 17:09:59'),(84,180,'Fujair','','','','','','','7','','','33.748752','-84.3876845','2023-02-01 16:35:02','2023-02-10 13:32:18','2023-02-10 13:32:18'),(85,180,'Ras Al','','','','','','','6','','','37.4226711','-122.0849872','2023-02-01 16:46:04','2023-02-01 16:56:15',NULL),(86,181,'Hvu','','','','','','','4','','','17.385044','78.486671','2023-02-01 16:53:35','2023-02-02 17:09:58','2023-02-02 17:09:58'),(87,180,'Address','','','','','','','2','','','33.748752','-84.3876845','2023-02-01 17:01:00','2023-02-10 13:32:16','2023-02-10 13:32:16'),(88,180,'Red','','','','','','','7','','','33.748752','-84.3876845','2023-02-01 17:05:48','2023-02-10 13:32:22','2023-02-10 13:32:22'),(89,180,'Street','','','','','','','7','','','52.3675734','4.9041389','2023-02-01 17:07:55','2023-02-10 14:20:47','2023-02-10 14:20:47'),(90,180,'A','','','','','','','7','','','52.3675734','4.9041389','2023-02-01 17:09:37','2023-02-10 13:32:13','2023-02-10 13:32:13'),(91,180,'S','','','','','','','2','','','37.4226711','-122.0849872','2023-02-01 17:09:57','2023-02-10 13:32:14','2023-02-10 13:32:14'),(92,181,'Cy','','','','','','','4','','','44.427963','-110.588455','2023-02-01 17:10:53','2023-02-02 17:09:58','2023-02-02 17:09:58'),(93,181,'Cgvy','','','','','','','1','','','37.2430548','-115.7930198','2023-02-01 17:13:04','2023-02-02 17:09:57','2023-02-02 17:09:57'),(94,180,'Fe','','','','','','','2','','','-27.5948036','-48.5569286','2023-02-01 17:14:03','2023-02-10 13:32:11','2023-02-10 13:32:11'),(95,181,'Ghvv','','','','','','','4','','','48.8583701','2.2944813','2023-02-01 17:14:26','2023-02-02 17:09:56','2023-02-02 17:09:56'),(96,181,'Xig','','','','','','','2','','','23.1764665','75.7885163','2023-02-01 17:15:05','2023-02-02 17:09:56','2023-02-02 17:09:56'),(97,181,'Ct','','','','','','','4','','','23.1764665','75.7885163','2023-02-01 17:17:03','2023-02-02 17:09:56','2023-02-02 17:09:56'),(98,180,'Abc','','','','','','','4','','','37.4226711','-122.0849872','2023-02-01 17:20:30','2023-02-10 13:32:20','2023-02-10 13:32:20'),(99,180,'Asd','','','','','','','4','','','33.748752','-84.3876845','2023-02-01 17:26:57','2023-02-10 13:32:10','2023-02-10 13:32:10'),(100,181,'Bdb','','','','','','','3','','','25.3461555','55.4210932','2023-02-02 08:30:32','2023-02-02 17:09:55','2023-02-02 17:09:55'),(101,181,'Jxb','','','','','','','4','','','37.8651011','-119.5383294','2023-02-02 08:32:58','2023-02-02 17:09:55','2023-02-02 17:09:55'),(102,181,'Tft','','','','','','','4','','','25.2280866','55.1732869','2023-02-02 08:48:23','2023-02-02 17:09:55','2023-02-02 17:09:55'),(103,181,'Fuj','','','','','','','7','','','29.7604267','-95.3698028','2023-02-02 08:49:43','2023-02-02 17:09:54','2023-02-02 17:09:54'),(104,181,'Vrvr','','','','','','','2','','','25.2280866','55.1732869','2023-02-02 08:51:13','2023-02-02 17:09:54','2023-02-02 17:09:54'),(105,181,'Hvh','','','','','','','1','','','51.4556432','7.0115552','2023-02-02 09:00:10','2023-02-02 17:09:53','2023-02-02 17:09:53'),(106,181,'Wr','','','','','','','4','','','52.3675734','4.9041389','2023-02-02 09:03:15','2023-02-02 17:09:53','2023-02-02 17:09:53'),(107,181,'Dbd','','','','','','','6','','','24.585445','73.712479','2023-02-02 09:06:47','2023-02-02 17:09:52','2023-02-02 17:09:52'),(108,181,'Zd','','','','','','','4','','','-0.1806532','-78.4678382','2023-02-02 09:10:42','2023-02-02 17:09:51','2023-02-02 17:09:51'),(109,181,'G G','','','','','','','4','','','30.267153','-97.7430608','2023-02-02 09:13:37','2023-02-02 17:09:50','2023-02-02 17:09:50'),(110,181,'Gjb','','','','','','','1','','','37.4226711','-122.0849872','2023-02-07 10:49:10','2023-02-22 12:29:51',NULL),(111,181,'Test','','','','','','','1','','','11.8962953','75.3719847','2023-02-07 12:13:29','2023-02-22 14:34:56',NULL),(112,181,'Vvvv','','','','','','','1','','','11.8963309','75.371942','2023-02-07 15:29:26','2023-02-22 14:34:10',NULL),(113,181,'Teat','','','','','','','1','','','10.063208803492','76.352703608572','2023-02-08 12:24:25','2023-02-22 14:04:43',NULL),(114,181,'Hvjvjv','','','','','','','2','','','10.064443112708','76.351631730795','2023-02-08 12:25:28','2023-02-22 14:05:16',NULL),(115,181,'Vvv','','','','','','','1','','','11.8962953','75.3719847','2023-02-08 13:50:14','2023-02-22 14:36:03',NULL),(124,180,'Rad Street','','','','','','','6','','','37.8199286','-122.4782551','2023-02-10 13:33:32','2023-02-10 13:33:32',NULL),(116,181,'Gvgv','','','','','','','1','','','37.4226711','-122.0849872','2023-02-08 14:19:29','2023-02-23 15:38:37',NULL),(117,181,'Xxf','','','','','','','4','','','11.8707955','75.3675392','2023-02-08 14:26:13','2023-02-22 19:43:50',NULL),(118,181,'Dsss','','','','','','','1','','','11.8962622','75.371967','2023-02-08 14:29:39','2023-02-22 14:33:22',NULL),(119,190,'Test','','','','','','','4','','','10.064716','76.3511191','2023-02-08 15:33:24','2023-02-23 15:37:30',NULL),(120,190,'Tss','','','','','','','4','','','10.0647189','76.3511166','2023-02-08 15:33:39','2023-02-23 15:37:37',NULL),(121,190,'Rrr','','','','','','','4','','','9.9678949','76.6195398','2023-02-08 16:16:42','2023-02-20 14:50:19',NULL),(122,190,'Vvv','','','','','','','4','','','9.9674224292958','76.620206683874','2023-02-08 16:18:04','2023-02-20 14:22:54',NULL),(123,181,'Hhhhh','','','','','','','4','','','37.4219983','-122.084','2023-02-08 17:15:37','2023-02-23 15:41:04',NULL),(125,180,'A','','','','','','','3','','','33.748752','-84.3876845','2023-02-10 13:35:46','2023-02-10 14:20:45','2023-02-10 14:20:45'),(126,180,'Am','','','','','','','4','','','52.3675734','4.9041389','2023-02-10 14:35:34','2023-02-10 14:35:34',NULL),(127,180,'Address','','','','','','','7','','','37.8199286','-122.4782551','2023-02-10 15:44:38','2023-02-10 15:54:22','2023-02-10 15:54:22'),(128,180,'Dubai','','','','','','','2','','','37.8199286','-122.4782551','2023-02-10 15:54:37','2023-02-10 15:54:37',NULL),(129,180,'Kkk','','','','','','','4','','','50.0646501','19.9449799','2023-02-10 15:54:56','2023-02-10 15:54:56',NULL),(130,190,'Twzt','','','','','','','4','','','10.0647104','76.3511178','2023-02-13 09:35:38','2023-02-23 15:37:11',NULL),(131,190,'Fujar','','','','','','','7','','','10.064709','76.3511139','2023-02-17 09:11:27','2023-02-23 15:37:16',NULL),(135,190,'Test','','','','','','','4','','','10.0645931','76.35125','2023-02-23 15:33:11','2023-02-23 15:44:41',NULL),(136,191,'Test','','','','','','','2','','','10.1484265','76.2696996','2023-02-28 21:32:21','2023-02-28 21:32:21',NULL),(132,190,'Test Address','','','','','','','4','','','10.0646937','76.3511293','2023-02-23 15:22:07','2023-02-23 15:37:07',NULL),(133,190,'Tes Of The Time','','','','','','','7','','','10.0647189','76.3511067','2023-02-23 15:25:12','2023-02-23 15:41:07',NULL),(134,190,'Tets','','','','','','','4','','','10.0646231','76.3511597','2023-02-23 15:29:07','2023-02-23 15:44:56',NULL),(137,193,'Test','','','','','','','4','','','10.1484622','76.2696877','2023-03-01 15:06:43','2023-03-01 15:06:43',NULL),(138,194,'Test','','','','','','','6','','','10.1484336','76.2696944','2023-03-01 15:34:04','2023-03-01 15:34:04',NULL),(139,194,'Test','','','','','','','2','','','10.1484129','76.2697013','2023-03-01 18:45:38','2023-03-01 18:45:38',NULL),(140,181,'Hxbd','','','','','','','1','','','25.2531745','55.3656728','2023-03-06 20:17:00','2023-03-06 20:17:00',NULL),(141,181,'Cb','','','','','','','1','','','12.037905002504','75.268222130835','2023-03-07 11:16:41','2023-03-07 11:16:41',NULL),(142,181,'Test','','','','','','','2','','','10.0646037','76.3512704','2023-03-17 18:46:18','2023-03-17 18:46:18',NULL),(143,195,'Test','','','','','','','2','','','10.1484303','76.2696906','2023-03-18 13:52:41','2023-03-18 13:52:41',NULL),(144,201,'Test','','','','','','','4','','','10.0647404','76.3511132','2023-03-22 10:24:10','2023-03-22 10:24:10',NULL),(145,201,'Test','','','','','','','6','','','38.3459963','-0.4906855','2023-03-22 10:25:10','2023-03-22 10:25:10',NULL),(146,202,'Jsns','','','','','','','4','','','10.0647202','76.351117','2023-03-22 10:28:17','2023-03-22 10:28:17',NULL),(147,203,'Test','','','','','','','4','','','10.0647213','76.3511233','2023-03-24 09:20:09','2023-03-24 09:20:09',NULL),(148,204,'B','','','','','','','4','','','6.42375','-66.58973','2023-03-24 09:25:52','2023-03-24 09:25:52',NULL),(149,201,'Yuu','','','','','','','1','','','26.7842307','80.9913908','2023-03-27 13:09:47','2023-03-27 13:09:47',NULL);

--
-- Table structure for table `users`
--

CREATE TABLE `users` (
  `id` bigint unsigned NOT NULL AUTO_INCREMENT,
  `bigcommerce_id` int DEFAULT NULL,
  `name` varchar(191) COLLATE utf8mb4_unicode_ci NOT NULL,
  `last_name` varchar(191) COLLATE utf8mb4_unicode_ci DEFAULT NULL,
  `email` varchar(191) COLLATE utf8mb4_unicode_ci NOT NULL,
  `email_verified_at` timestamp NULL DEFAULT NULL,
  `password` varchar(191) COLLATE utf8mb4_unicode_ci NOT NULL,
  `phone_number` varchar(191) COLLATE utf8mb4_unicode_ci NOT NULL,
  `whatsapp_number` varchar(255) COLLATE utf8mb4_unicode_ci DEFAULT NULL,
  `status` tinyint(1) NOT NULL DEFAULT '1' COMMENT '1 = active, 0 = Inactive',
  `image` longtext COLLATE utf8mb4_unicode_ci,
  `device_type` varchar(191) COLLATE utf8mb4_unicode_ci DEFAULT NULL,
  `device_token` varchar(191) COLLATE utf8mb4_unicode_ci DEFAULT NULL,
  `remember_token` varchar(100) COLLATE utf8mb4_unicode_ci DEFAULT NULL,
  `created_at` timestamp NULL DEFAULT NULL,
  `updated_at` timestamp NULL DEFAULT NULL,
  `deleted_at` timestamp NULL DEFAULT NULL,
  PRIMARY KEY (`id`),
  UNIQUE KEY `users_email_unique` (`email`),
  UNIQUE KEY `users_phone_number_unique` (`phone_number`)
) ENGINE=InnoDB AUTO_INCREMENT=207 DEFAULT CHARSET=utf8mb4 COLLATE=utf8mb4_unicode_ci;

--
-- Dumping data for table `users`
--

INSERT INTO `users` VALUES (1,NULL,'Admin',NULL,'admin@canary.com',NULL,'$2y$10$i/h3vIocdQsGxpk2O.DX4eV2TA6RarRNHrSf3Xa0jSwyrm11sOvFC','1234567890',NULL,1,NULL,NULL,'cD2aHHV5S1SC-KFVjop86d:APA91bHMxusZxirG2QYidqRQmam3Rkn42-cdtFq4kOVKgy5XJCK22FYyOdYCEYwGzGo9GbzefqW_R83y3K41m5NDCITR1QRD-BdL901f8_tHnb9Qw5U5P9UdMN7x2UptgoVfHWGuRhrJ',NULL,'2021-10-14 08:19:48','2021-10-14 08:19:48',NULL),(2,NULL,'SB PET B.USER',NULL,'sbpets@mailinator.com',NULL,'$2y$10$2LWtOphhbiT9kpDhp9cInOd6vw3I1QQUl5IZus7WJZzK1pCVJCbze','9995745588','9995745588',1,NULL,NULL,'cD2aHHV5S1SC-KFVjop86d:APA91bHMxusZxirG2QYidqRQmam3Rkn42-cdtFq4kOVKgy5XJCK22FYyOdYCEYwGzGo9GbzefqW_R83y3K41m5NDCITR1QRD-BdL901f8_tHnb9Qw5U5P9UdMN7x2UptgoVfHWGuRhrJ',NULL,'2022-02-28 12:33:50','2022-02-28 14:36:17',NULL),(3,NULL,'SB PET SHOP',NULL,'sbpetshop@gmail.com',NULL,'$2y$10$pehzsZwyuByIs6SbhXcPyu.pgsshXv/eCxiVx6hw.nsce2/YJIH9a','2202281225',NULL,1,NULL,NULL,'cD2aHHV5S1SC-KFVjop86d:APA91bHMxusZxirG2QYidqRQmam3Rkn42-cdtFq4kOVKgy5XJCK22FYyOdYCEYwGzGo9GbzefqW_R83y3K41m5NDCITR1QRD-BdL901f8_tHnb9Qw5U5P9UdMN7x2UptgoVfHWGuRhrJ',NULL,'2022-02-28 12:38:35','2022-02-28 12:38:35',NULL),(4,2178,'Veer-MLtq5Y','Z','veer@mailinator.com-QlREtv',NULL,'$2y$10$CTmfR4GKZ3I4T53k/0I5UeT5myb2QvqiexVQr1soDbb2xsEFif26i','00009876451315',NULL,1,NULL,NULL,'cD2aHHV5S1SC-KFVjop86d:APA91bHMxusZxirG2QYidqRQmam3Rkn42-cdtFq4kOVKgy5XJCK22FYyOdYCEYwGzGo9GbzefqW_R83y3K41m5NDCITR1QRD-BdL901f8_tHnb9Qw5U5P9UdMN7x2UptgoVfHWGuRhrJ',NULL,'2022-02-28 12:47:09','2022-02-28 12:50:06','2022-02-28 12:50:06'),(5,2184,'Maya','M','maya@mailinator.com',NULL,'$2y$10$DYHZu3X/RbzkazHERkOws.9Y9lgFvcEBZ7ARTbxqOyT3sv2PaD2/O','3932858283',NULL,1,NULL,'ios','cmyzmvj7h0TgvuT6vDNog9:APA91bHt5MFKe8m95voiBN5uDAVAmsBctyBmNueZWJnu_SzRU8LRLYAmjMOjF4YjVGMj2qxHyurzPdqOj5kPpnSZm1RbXBjOI_PtTty3npWggzvf7qRu9SpmIRvtsXynTM3CpLw2sdiZ',NULL,'2022-02-28 17:13:25','2022-04-07 12:58:21',NULL),(6,1548,'vishnu','ej','vishnu123seeroo@gmail.com',NULL,'$2y$10$ICwXQEZu612/naevqA00Tu6qYlLJFssQqPGwTDGyqIRS11MhGKzPK','9645805565',NULL,1,NULL,'ios','cmyzmvj7h0TgvuT6vDNog9:APA91bHt5MFKe8m95voiBN5uDAVAmsBctyBmNueZWJnu_SzRU8LRLYAmjMOjF4YjVGMj2qxHyurzPdqOj5kPpnSZm1RbXBjOI_PtTty3npWggzvf7qRu9SpmIRvtsXynTM3CpLw2sdiZ',NULL,'2022-02-28 17:16:47','2022-04-26 05:17:00',NULL),(7,2193,'Haritha','S','hari123@gmail.com',NULL,'$2y$10$6EeE9ly/aIsQwvDefAQCD.xiWNkWeLyjHuUdXIhuEE.lB3y0L9PYC','9988009900',NULL,1,NULL,NULL,'cD2aHHV5S1SC-KFVjop86d:APA91bHMxusZxirG2QYidqRQmam3Rkn42-cdtFq4kOVKgy5XJCK22FYyOdYCEYwGzGo9GbzefqW_R83y3K41m5NDCITR1QRD-BdL901f8_tHnb9Qw5U5P9UdMN7x2UptgoVfHWGuRhrJ',NULL,'2022-03-02 12:05:28','2022-03-02 12:05:28',NULL),(8,NULL,'H care centre',NULL,'hcarecenter@gmail.com',NULL,'$2y$10$W.aTELaJdkO0OEiUONoh4eA46Dd9zsJw6Fbew/uM9vWywM2bH6G0C','0000000000','9900099000',1,NULL,NULL,'cD2aHHV5S1SC-KFVjop86d:APA91bHMxusZxirG2QYidqRQmam3Rkn42-cdtFq4kOVKgy5XJCK22FYyOdYCEYwGzGo9GbzefqW_R83y3K41m5NDCITR1QRD-BdL901f8_tHnb9Qw5U5P9UdMN7x2UptgoVfHWGuRhrJ',NULL,'2022-03-02 12:17:50','2022-03-02 12:19:41',NULL),(9,NULL,'Care Center',NULL,'carecenter@gmail.com',NULL,'$2y$10$OIFReRMHzdsikymeqSwm4unlJTcvYwIwc2j4fzzLSD7UBhM7hNcF2','2203024816',NULL,1,NULL,NULL,'cD2aHHV5S1SC-KFVjop86d:APA91bHMxusZxirG2QYidqRQmam3Rkn42-cdtFq4kOVKgy5XJCK22FYyOdYCEYwGzGo9GbzefqW_R83y3K41m5NDCITR1QRD-BdL901f8_tHnb9Qw5U5P9UdMN7x2UptgoVfHWGuRhrJ',NULL,'2022-03-02 12:28:59','2022-03-02 12:28:59',NULL),(10,NULL,'Pet Home',NULL,'pethome123@gmail.com',NULL,'$2y$10$RttsOTCbZjmgHAtDFBsp/Oix6vNf57LOmfcShRCPPakVv8P6EQfia','88997788','000000000',1,NULL,NULL,'cD2aHHV5S1SC-KFVjop86d:APA91bHMxusZxirG2QYidqRQmam3Rkn42-cdtFq4kOVKgy5XJCK22FYyOdYCEYwGzGo9GbzefqW_R83y3K41m5NDCITR1QRD-BdL901f8_tHnb9Qw5U5P9UdMN7x2UptgoVfHWGuRhrJ',NULL,'2022-03-02 16:46:34','2022-03-02 16:46:34',NULL),(11,NULL,'Benny',NULL,'benny123@gmail.com-9uugUJ',NULL,'$2y$10$GzKyUj2maLlk38NlFNhSkOcWqfD7CQn/AUrY22/ZzZOZBZeJ./JTq','00009988000000',NULL,1,NULL,NULL,'cD2aHHV5S1SC-KFVjop86d:APA91bHMxusZxirG2QYidqRQmam3Rkn42-cdtFq4kOVKgy5XJCK22FYyOdYCEYwGzGo9GbzefqW_R83y3K41m5NDCITR1QRD-BdL901f8_tHnb9Qw5U5P9UdMN7x2UptgoVfHWGuRhrJ',NULL,'2022-03-02 16:59:16','2022-03-03 11:44:50','2022-03-03 11:44:50'),(12,NULL,'Animal world',NULL,'animalworld@gmail.com',NULL,'$2y$10$dElqShMiTQ5ZSiQzqwSZu.QjopYX39RJ..iXpggp2iO0vNtkT1fui','2203024150',NULL,1,NULL,NULL,'cD2aHHV5S1SC-KFVjop86d:APA91bHMxusZxirG2QYidqRQmam3Rkn42-cdtFq4kOVKgy5XJCK22FYyOdYCEYwGzGo9GbzefqW_R83y3K41m5NDCITR1QRD-BdL901f8_tHnb9Qw5U5P9UdMN7x2UptgoVfHWGuRhrJ',NULL,'2022-03-02 17:03:02','2022-03-02 17:03:02',NULL),(13,2197,'Hari','S','harithahari623855@gmail.com',NULL,'$2y$10$whvzlKMPFqLjkMO/TfblxeTxEdoS7DvdM1rDXbusyGzfdOFqUmW0i','8052580962',NULL,1,NULL,'android','cD2aHHV5S1SC-KFVjop86d:APA91bHMxusZxirG2QYidqRQmam3Rkn42-cdtFq4kOVKgy5XJCK22FYyOdYCEYwGzGo9GbzefqW_R83y3K41m5NDCITR1QRD-BdL901f8_tHnb9Qw5U5P9UdMN7x2UptgoVfHWGuRhrJ',NULL,'2022-03-02 18:15:43','2022-03-03 11:51:19',NULL),(14,NULL,'Pet & Care',NULL,'petcare@gmail.com',NULL,'$2y$10$Qbx4OtBz97AEqg1tRBOetO00jMzzBHpqQzz5cWifee9sMKI/w.zHC','9900776655','99778866554',1,NULL,NULL,'cD2aHHV5S1SC-KFVjop86d:APA91bHMxusZxirG2QYidqRQmam3Rkn42-cdtFq4kOVKgy5XJCK22FYyOdYCEYwGzGo9GbzefqW_R83y3K41m5NDCITR1QRD-BdL901f8_tHnb9Qw5U5P9UdMN7x2UptgoVfHWGuRhrJ',NULL,'2022-03-02 18:22:10','2022-03-02 18:22:10',NULL),(15,NULL,'vishnu-rA3Dx8',NULL,'vishnu123seeroo@seeroo.com-jUWt4A',NULL,'$2y$10$upqPthMhnfv27FhWLsHVzOB9fXbMzgRInuMtmJM5GyKjwhdadCnj2','1449586214781','9586214780',1,NULL,NULL,'cD2aHHV5S1SC-KFVjop86d:APA91bHMxusZxirG2QYidqRQmam3Rkn42-cdtFq4kOVKgy5XJCK22FYyOdYCEYwGzGo9GbzefqW_R83y3K41m5NDCITR1QRD-BdL901f8_tHnb9Qw5U5P9UdMN7x2UptgoVfHWGuRhrJ',NULL,'2022-03-02 18:34:22','2022-03-02 18:38:41','2022-03-02 18:38:41'),(16,NULL,'vishnu',NULL,'vishnuedachali123@gmail.com',NULL,'$2y$10$hz6XP3wwvw8E8bKo5WN9deqEdtupWHBNuwUu3WUkMKmON75Vfunmq','8848549274','9632587418',1,NULL,NULL,'cD2aHHV5S1SC-KFVjop86d:APA91bHMxusZxirG2QYidqRQmam3Rkn42-cdtFq4kOVKgy5XJCK22FYyOdYCEYwGzGo9GbzefqW_R83y3K41m5NDCITR1QRD-BdL901f8_tHnb9Qw5U5P9UdMN7x2UptgoVfHWGuRhrJ',NULL,'2022-03-02 18:39:47','2022-09-01 15:10:23',NULL),(17,2201,'Thrishika','Rai','raithrishika@gmail.com',NULL,'$2y$10$j5L58SQ5pW1HSVYCdisfaui4Ovn/fU4ukyzpZETOmSMQzBJLnJyai','9497288717',NULL,1,NULL,'android','cD2aHHV5S1SC-KFVjop86d:APA91bHMxusZxirG2QYidqRQmam3Rkn42-cdtFq4kOVKgy5XJCK22FYyOdYCEYwGzGo9GbzefqW_R83y3K41m5NDCITR1QRD-BdL901f8_tHnb9Qw5U5P9UdMN7x2UptgoVfHWGuRhrJ',NULL,'2022-03-03 09:01:15','2022-03-03 13:13:47',NULL),(18,NULL,'Pet Kingdom',NULL,'kingdom@gmail.com',NULL,'$2y$10$rUZDiZ4WprSD2TmR.wchbu.VpO/WysekzASyQZTvlFjqbgvpav8/.','9911221122','9911221122',1,NULL,NULL,'cD2aHHV5S1SC-KFVjop86d:APA91bHMxusZxirG2QYidqRQmam3Rkn42-cdtFq4kOVKgy5XJCK22FYyOdYCEYwGzGo9GbzefqW_R83y3K41m5NDCITR1QRD-BdL901f8_tHnb9Qw5U5P9UdMN7x2UptgoVfHWGuRhrJ',NULL,'2022-03-03 09:04:32','2022-03-03 09:04:32',NULL),(19,NULL,'A & A World',NULL,'a&aworld@gmail.com',NULL,'$2y$10$Cc/ssvVWuJzwHD8D7GOe1OOusAasAJqzbdJW.RMTdHJyMzYwtwNAG','2203034988',NULL,1,NULL,NULL,'cD2aHHV5S1SC-KFVjop86d:APA91bHMxusZxirG2QYidqRQmam3Rkn42-cdtFq4kOVKgy5XJCK22FYyOdYCEYwGzGo9GbzefqW_R83y3K41m5NDCITR1QRD-BdL901f8_tHnb9Qw5U5P9UdMN7x2UptgoVfHWGuRhrJ',NULL,'2022-03-03 09:13:42','2022-03-03 09:13:42',NULL),(20,NULL,'Healthy World',NULL,'healthy@gmail.com',NULL,'$2y$10$iK9vG2ZEZ48m5jQwD9NfVun/Lv4sdUEbOE7B2bEabkYy..Mu74Udu','8866688666','886668866',1,NULL,NULL,'cD2aHHV5S1SC-KFVjop86d:APA91bHMxusZxirG2QYidqRQmam3Rkn42-cdtFq4kOVKgy5XJCK22FYyOdYCEYwGzGo9GbzefqW_R83y3K41m5NDCITR1QRD-BdL901f8_tHnb9Qw5U5P9UdMN7x2UptgoVfHWGuRhrJ',NULL,'2022-03-03 09:36:04','2022-03-03 09:36:04',NULL),(21,NULL,'Healthy World',NULL,'healthyworld@gmail.com',NULL,'$2y$10$LRCDP51de.M5k3Swz4MBFuhzh6Mjdz.7J0Hzz9qV8O6hd8ISLFRaS','886668866','886668866',1,NULL,NULL,'cD2aHHV5S1SC-KFVjop86d:APA91bHMxusZxirG2QYidqRQmam3Rkn42-cdtFq4kOVKgy5XJCK22FYyOdYCEYwGzGo9GbzefqW_R83y3K41m5NDCITR1QRD-BdL901f8_tHnb9Qw5U5P9UdMN7x2UptgoVfHWGuRhrJ',NULL,'2022-03-03 09:36:42','2022-03-03 09:36:42',NULL),(22,NULL,'Healthy World',NULL,'healthyworld123@gmail.com',NULL,'$2y$10$edMlkJhi5M8.uHE82vQNVe2bd78ogMbX5qoCSnQQ6WIh0j4VtQESa','886668800','886668800',1,NULL,NULL,'cD2aHHV5S1SC-KFVjop86d:APA91bHMxusZxirG2QYidqRQmam3Rkn42-cdtFq4kOVKgy5XJCK22FYyOdYCEYwGzGo9GbzefqW_R83y3K41m5NDCITR1QRD-BdL901f8_tHnb9Qw5U5P9UdMN7x2UptgoVfHWGuRhrJ',NULL,'2022-03-03 09:37:31','2022-03-03 09:37:31',NULL),(23,NULL,'HK care',NULL,'Hari121@gmail.com',NULL,'$2y$10$RoTX5Do1x3vq1F11C52yhe4M3PRXeoDlwoARf2fWMwkY/bVi.XdEa','9988997799','9988778899',1,NULL,NULL,'cD2aHHV5S1SC-KFVjop86d:APA91bHMxusZxirG2QYidqRQmam3Rkn42-cdtFq4kOVKgy5XJCK22FYyOdYCEYwGzGo9GbzefqW_R83y3K41m5NDCITR1QRD-BdL901f8_tHnb9Qw5U5P9UdMN7x2UptgoVfHWGuRhrJ',NULL,'2022-03-03 10:55:12','2022-03-03 10:55:12',NULL),(24,2204,'Anu','A','anu12@gmail.com',NULL,'$2y$10$ZYBLsyUCAqaDxQlYn5pOOehH3RRXwPYFJ3m6ldSVnXGv40rvKYJVe','996666999',NULL,1,NULL,'android','cD2aHHV5S1SC-KFVjop86d:APA91bHMxusZxirG2QYidqRQmam3Rkn42-cdtFq4kOVKgy5XJCK22FYyOdYCEYwGzGo9GbzefqW_R83y3K41m5NDCITR1QRD-BdL901f8_tHnb9Qw5U5P9UdMN7x2UptgoVfHWGuRhrJ',NULL,'2022-03-03 11:16:54','2022-03-03 11:54:45',NULL),(25,NULL,'Pet Care Center',NULL,'petcarecenter@gmail.com',NULL,'$2y$10$4S5jP3MxEh7FaVEJ7QdhgeOIT0wVxeZYkbSGUmDOZwYih92YQHQ5q','8866775566','8866775566',1,NULL,NULL,'cD2aHHV5S1SC-KFVjop86d:APA91bHMxusZxirG2QYidqRQmam3Rkn42-cdtFq4kOVKgy5XJCK22FYyOdYCEYwGzGo9GbzefqW_R83y3K41m5NDCITR1QRD-BdL901f8_tHnb9Qw5U5P9UdMN7x2UptgoVfHWGuRhrJ',NULL,'2022-03-03 11:35:45','2022-03-03 11:35:45',NULL),(26,NULL,'Home care',NULL,'home@gmail.com',NULL,'$2y$10$h.ENKnmAMBhDckog2nO1/uV1/LQHNIN2Z7fEOBceV3zkUITpByJ/2','7890789078','7890789078',1,NULL,NULL,'cD2aHHV5S1SC-KFVjop86d:APA91bHMxusZxirG2QYidqRQmam3Rkn42-cdtFq4kOVKgy5XJCK22FYyOdYCEYwGzGo9GbzefqW_R83y3K41m5NDCITR1QRD-BdL901f8_tHnb9Qw5U5P9UdMN7x2UptgoVfHWGuRhrJ',NULL,'2022-03-03 11:38:17','2022-03-03 11:38:17',NULL),(27,NULL,'PC clinic',NULL,'pcclinic@gmail.com',NULL,'$2y$10$jRLl2dJp3b1v9woSIdjjdOC55vc1We3LdAYz3gf9wXnocNX7ULAjm','2203036758',NULL,1,NULL,NULL,'cD2aHHV5S1SC-KFVjop86d:APA91bHMxusZxirG2QYidqRQmam3Rkn42-cdtFq4kOVKgy5XJCK22FYyOdYCEYwGzGo9GbzefqW_R83y3K41m5NDCITR1QRD-BdL901f8_tHnb9Qw5U5P9UdMN7x2UptgoVfHWGuRhrJ',NULL,'2022-03-03 11:49:05','2022-03-03 12:19:34',NULL),(28,NULL,'Dr.ABCD',NULL,'adoc@mailinator.com',NULL,'$2y$10$wAg72tXeZ4ho6lxGF3M6KO/9V.31fIP6P/gnWajH8z9DDQNLyk9Ha','98987685',NULL,1,NULL,NULL,'cD2aHHV5S1SC-KFVjop86d:APA91bHMxusZxirG2QYidqRQmam3Rkn42-cdtFq4kOVKgy5XJCK22FYyOdYCEYwGzGo9GbzefqW_R83y3K41m5NDCITR1QRD-BdL901f8_tHnb9Qw5U5P9UdMN7x2UptgoVfHWGuRhrJ',NULL,'2022-03-03 12:44:37','2022-03-04 08:22:21',NULL),(29,2208,'Harsha','H','harshharidas6@gmail.com',NULL,'$2y$10$gZOZGNR.mP6QxpFK4Hf2se6dCJ9itVSigyNfyoQQ3Hv3TABiDxOvy','8098809880',NULL,1,NULL,'android','dZ9ont4oRD2ep7NCPrPZ4g:APA91bFwnr4s45wKq9xL5AiceSfKMrpPCueJYN8Ft3gi0NlZv75PKYDNv2kzuANIVEfw3VrHsqF52IqodVX3BfWZW4uyEJTk5VWxd_a6UJeXVebAiIZ6OOYip37i9OuYss-p2sBQGBI8',NULL,'2022-03-03 13:43:27','2022-03-03 17:46:49',NULL),(30,NULL,'Animal care',NULL,'harithas3010@gmail.com',NULL,'$2y$10$d1aqFoetleAb1q.CxIa/W.pztwI4Gz8mO3thvRd191btAqx/yi7oy','908908908','890890980',1,NULL,NULL,NULL,NULL,'2022-03-03 14:31:40','2022-03-03 14:31:40',NULL),(31,NULL,'Animal plannet',NULL,'animalplannet@gmail.com',NULL,'$2y$10$.opVqdy7Se2gc7BUvC/VQOfKFH2Ir8Qbw044UQHismbMnTauE7xzG','2203034855',NULL,1,NULL,NULL,NULL,NULL,'2022-03-03 14:38:36','2022-03-03 14:38:36',NULL),(32,NULL,'Pet Home Center',NULL,'pethomecenter@gmail.com',NULL,'$2y$10$l9yMqxa2p5vGTaAVfpYGiO9D7A8/Duv56MnfaU6KEq8BYOuqxfHKy','2203031452',NULL,1,NULL,NULL,NULL,NULL,'2022-03-03 17:45:28','2022-03-03 17:45:28',NULL),(33,2211,'Human','Being','human@mailinator.com',NULL,'$2y$10$69lV44MlL5UMciEeyHpHnOrE/atFdqW85FavO2uKXxSOZBErd1eqG','9995745867',NULL,1,NULL,'android','dP_AazSAR_qZvN8R8blsOo:APA91bHqghu8kGe6MIIWmOWjkwBJR_7a-WTMOEaHoJz8pgzG79U8NN5gy58CxMiZkFNbIjACoBDNHSV0zIBoWPLYicYTibqalWahP6PqyEHK-gBQ86IENhi1bUfS-zRnskALt8QcanIK',NULL,'2022-03-03 19:58:46','2022-03-17 15:49:48',NULL),(34,NULL,'Cat World',NULL,'catworld@gmail.com',NULL,'$2y$10$6WcwnTqv0csKnPsoJiJHBOy.IW7BR06BkJ39jtKwhtieU/XHsUlCu','2203047828',NULL,1,NULL,NULL,NULL,NULL,'2022-03-04 09:45:24','2022-03-04 09:45:24',NULL),(35,1869,'joy','j','joy@gmail.com',NULL,'$2y$10$F6y88QlLKQklKy.MJf3L/.2f3iylVXSTLLWkECETSfJRioGq0goly','8787978979',NULL,1,NULL,'android','dP_AazSAR_qZvN8R8blsOo:APA91bHqghu8kGe6MIIWmOWjkwBJR_7a-WTMOEaHoJz8pgzG79U8NN5gy58CxMiZkFNbIjACoBDNHSV0zIBoWPLYicYTibqalWahP6PqyEHK-gBQ86IENhi1bUfS-zRnskALt8QcanIK',NULL,'2022-03-04 13:32:49','2022-03-17 14:55:42',NULL),(36,1721,'Anu','V','anu@mailinator.com',NULL,'$2y$10$l/TmtqoI0zHmFQ/E0XiVmeEWq/dOec7W1dvpCSaLux6XZ9B7N4jtS','5497846548',NULL,1,NULL,'android','dP_AazSAR_qZvN8R8blsOo:APA91bHqghu8kGe6MIIWmOWjkwBJR_7a-WTMOEaHoJz8pgzG79U8NN5gy58CxMiZkFNbIjACoBDNHSV0zIBoWPLYicYTibqalWahP6PqyEHK-gBQ86IENhi1bUfS-zRnskALt8QcanIK',NULL,'2022-03-17 12:41:29','2022-03-29 11:56:14',NULL),(37,2285,'Sashi','Ragadi','spriya_smith@yahoo.co.uk',NULL,'$2y$10$vXhREpfdWlf5NOrdHb5CNOKdoJzEAevJCxm1cFYopWtksIT9OmfXa','501620879',NULL,1,NULL,NULL,NULL,NULL,'2022-03-21 16:08:12','2022-03-21 16:08:12',NULL),(38,2152,'Annie','George','anurinu1@gmail.com',NULL,'$2y$10$VEEKDmVAB6hYLuhvQ6NPT.vMlSrIjMzi8.FD0sjK0kWKWbfq5BNfK','556146909',NULL,1,NULL,NULL,NULL,NULL,'2022-03-23 08:39:36','2022-03-23 08:39:36',NULL),(39,1873,'Thrishika','Rai','thrishika@seeroo.com',NULL,'$2y$10$O0Eg1mE3fy3w0iede4Cw0uQTNm9odsLd6iuP1A0PVXnJMimzv3A42','9876543222',NULL,1,NULL,'android','dP_AazSAR_qZvN8R8blsOo:APA91bHqghu8kGe6MIIWmOWjkwBJR_7a-WTMOEaHoJz8pgzG79U8NN5gy58CxMiZkFNbIjACoBDNHSV0zIBoWPLYicYTibqalWahP6PqyEHK-gBQ86IENhi1bUfS-zRnskALt8QcanIK',NULL,'2022-03-24 10:12:50','2022-03-29 11:44:36',NULL),(40,459,'Sajeesh','Kumar','sajeesh@seeroo.in',NULL,'$2y$10$7Eis7XFUHzenEjptipJBzej1Dm6Mr2erV0wY8F/fb79r1HuDI0U0C','23423420',NULL,1,NULL,NULL,NULL,NULL,'2022-03-24 10:15:10','2022-03-24 10:15:10',NULL),(41,2291,'first','name','email@gmail.com',NULL,'$2y$10$rHTggZvQycQ9TuSObQJhyepQbNQfvyyS791.FNJct0k0u8tDdRdBm','2222222222',NULL,1,NULL,NULL,NULL,NULL,'2022-03-24 10:57:28','2022-03-24 10:57:28',NULL),(42,2293,'first','name','name@gmail.com',NULL,'$2y$10$4w7dksAy.sSM9KxyfProNuKApEqktZORlGq/p3BxK.LSEalXz2iI6','2580369777',NULL,1,NULL,NULL,NULL,NULL,'2022-03-25 13:30:41','2022-03-25 13:30:41',NULL),(43,2306,'Jovelyn','Conciso','concisojovelyn@gmail.com',NULL,'$2y$10$NMq4fc54nwsvjyY7JVhUT.wQnghdzY5rnmgga1V8mD4PIMsX.XQZO','568744973',NULL,1,NULL,NULL,NULL,NULL,'2022-03-27 10:14:17','2022-03-27 10:14:17',NULL),(44,2262,'Jaye','Rizk','catmamajaye@gmail.com',NULL,'$2y$10$ZBt7499PnlctQy9fuZIU7uKma5SuR3J4QdnTxfBB/ocBtNzZocaiu','509750103',NULL,1,NULL,NULL,NULL,NULL,'2022-03-27 22:41:03','2022-03-27 22:41:03',NULL),(45,2312,'Sabira','Backer','jeh@mailinator.com',NULL,'$2y$10$RsuqLq5K.GTgoRFOFuITsutfVxm724TtKj4kVfeaBqf8DQFMpxT.a','9567846484',NULL,1,NULL,'android','dP_AazSAR_qZvN8R8blsOo:APA91bHqghu8kGe6MIIWmOWjkwBJR_7a-WTMOEaHoJz8pgzG79U8NN5gy58CxMiZkFNbIjACoBDNHSV0zIBoWPLYicYTibqalWahP6PqyEHK-gBQ86IENhi1bUfS-zRnskALt8QcanIK',NULL,'2022-03-28 08:55:49','2022-04-04 11:45:36',NULL),(46,2317,'ahan','A','ahan@gmail.com',NULL,'$2y$10$HrhXwS2rIo4YJRiHN9xXh.hKOBgyTemiQYT8CxK7vfpzhfP9An2eG','9876545663',NULL,1,NULL,'android','dP_AazSAR_qZvN8R8blsOo:APA91bHqghu8kGe6MIIWmOWjkwBJR_7a-WTMOEaHoJz8pgzG79U8NN5gy58CxMiZkFNbIjACoBDNHSV0zIBoWPLYicYTibqalWahP6PqyEHK-gBQ86IENhi1bUfS-zRnskALt8QcanIK',NULL,'2022-03-29 13:02:24','2022-03-29 15:56:51',NULL),(47,1742,'Arya','P','aryatest@seeroo.com',NULL,'$2y$10$wFDCf7edBaO/KYa82cLkre0WivNxVE5yamokwAdy/7N2ETTBtVe56','9656555617',NULL,1,NULL,'android','fnqhFIyZRImNGvO82lCG4v:APA91bG9xq0KEVljT_Z8-vevcxex0mBxHXtT2w2V0y3YyE85k-fwX9QtipeoWL54copTk3sP6MfKoFdeUPc1H0dOjxWOMGfLnsPUCjmQIuCTdtZBguPrnhwI4cF6dBqDbWuG3vB1BuNL',NULL,'2022-03-29 21:21:40','2022-04-07 12:49:00',NULL),(48,2320,'Zaakirah','Younus','emeraldhorseinjannah@gmail.com',NULL,'$2y$10$mNaMUMC1O1WZYaHcAMV6ROhNd0N.APP.QNkdrEsCaXAPA/4qRNWiu','543132721',NULL,1,NULL,NULL,NULL,NULL,'2022-03-30 16:13:47','2022-03-30 16:13:47',NULL),(49,NULL,'Sabira Branch User',NULL,'sabirabranchuser@gmail.com',NULL,'$2y$10$j0Ly95a.bJld66h/nkzQ5e8eq1tCsZ.mRFLggVJNI0JDaMSWJEOzK','9995745589','9995745588',1,NULL,NULL,NULL,NULL,'2022-04-01 10:45:29','2022-04-01 10:45:29',NULL),(50,NULL,'Amaal\'s Pet World',NULL,'amaal\'spetworld@gmail.com',NULL,'$2y$10$feFKn6hOWASQpHNVnOsLZuZK6R2yywOBCB2VlxZ8TN7ftEmANAeda','2204015566',NULL,1,NULL,NULL,NULL,NULL,'2022-04-01 10:49:54','2022-04-01 10:49:54',NULL),(51,2326,'Saab','Backer','sabiraback@mailinator.com',NULL,'$2y$10$q4VMeSncEGN0d1/XlEQTy.Xkoo7qt76mKtDLcg.k9A8Ew6GLn/gCC','9847545511',NULL,1,NULL,NULL,NULL,NULL,'2022-04-01 10:53:35','2022-04-01 10:53:35',NULL),(52,2331,'sharon','vincent','sharon.cv007@gmail.com',NULL,'$2y$10$nqV9msYktW9CMnORqP8fN.tBsSuqQjn6zIqZABdoOmUxuQ2IBMTv.','563421909',NULL,1,NULL,NULL,NULL,NULL,'2022-04-03 08:16:42','2022-04-03 08:16:42',NULL),(53,2333,'AJ','J','aj@mailinator.com',NULL,'$2y$10$vS/esLep0q4eJ5rPuLYq5OTrDmCuKQGEtd/yRYpdDjDUDDldCKPua','9996728394',NULL,1,NULL,'android','dP_AazSAR_qZvN8R8blsOo:APA91bHqghu8kGe6MIIWmOWjkwBJR_7a-WTMOEaHoJz8pgzG79U8NN5gy58CxMiZkFNbIjACoBDNHSV0zIBoWPLYicYTibqalWahP6PqyEHK-gBQ86IENhi1bUfS-zRnskALt8QcanIK',NULL,'2022-04-03 21:52:04','2022-04-04 11:46:52',NULL),(54,2334,'tintoo-oiEueA','xavier','tintoo.xavier@seeroo.com-Gt6gZS',NULL,'$2y$10$QVSdu4XEZEdxfkerK0eJxOiR.km8PowHCBJjpcEVJOfGnl59B6vOO','00009887451235',NULL,1,NULL,NULL,NULL,NULL,'2022-04-04 10:13:03','2022-04-11 06:33:18','2022-04-11 06:33:18'),(55,NULL,'Tintoo Xavier',NULL,'tintoo.jaison9@gmail.com',NULL,'$2y$10$DH/6vjVZjjsoL9IxIPKF/eQ9s3xIhLaX3JXxECrMPQ5B3h019CcQG','9898989898','9898989898',0,NULL,'android','fhEBBroFTJCIp4F9GQ9DFQ:APA91bHRePONMYfQbE0_YDWNGm6EmCc5DGKSxeDIOdfcx-2UAE7PzQ7lQN6Wj8l5JRfsLMMBoAN4v6Fv2AG13kK6Yq_7kgKs2fkdyXT7kiUNMnhuGeBwMkLJpF3o2r3MGhmveur3D4E4',NULL,'2022-04-04 10:25:03','2022-04-11 07:05:29',NULL),(56,NULL,'TX Pet Home',NULL,'txpethome@gmail.com',NULL,'$2y$10$ZFRFbLg69otZ2L3KtSo/CeGEynWyxQsmlp1w8i1DYIe0m.aW8myF6','2204041683',NULL,1,NULL,NULL,NULL,NULL,'2022-04-04 10:28:39','2022-04-04 10:28:39',NULL),(57,2336,'S','B','sb@mailinator.com',NULL,'$2y$10$x5z7oyfV65/qb7lzVWJdveZ.jmgN6x3MDieWY7Y8zH1Nf6R..4sXe','8685055858',NULL,1,NULL,NULL,NULL,NULL,'2022-04-04 15:48:09','2022-04-04 15:48:09',NULL),(58,6,'Merrick','David','merrick991@gmail.com',NULL,'$2y$10$boiEJk8P7VdfwFcrnWcaqO9hJR3sl3cYkEnkG.6aDyv7zRRdH.YIO','0566284330',NULL,1,NULL,NULL,NULL,NULL,'2022-04-04 19:00:13','2022-04-04 19:00:13',NULL),(59,NULL,'Pet Home',NULL,'pethome@gmail.com',NULL,'$2y$10$ucLcd2FLba6YY1.YZ5OMtuqwxGN6XVrSiE89Z8w1q7Vvx7BK8iuLK','2204067205',NULL,1,NULL,NULL,NULL,NULL,'2022-04-06 10:22:28','2022-04-06 10:22:28',NULL),(60,2351,'irish','c','irish.cuyos@outlook.com',NULL,'$2y$10$HBwGMekUjUwPiTs0qY7gX.jZYYKvZXLPmkqLhPIkSdBe52D2OaAIC','506857656',NULL,1,NULL,NULL,NULL,NULL,'2022-04-06 15:39:21','2022-04-06 15:39:21',NULL),(61,2354,'tintoo','jaison','tintoo.jaison@gmail.com',NULL,'$2y$10$AyLP/JMkAZOI3aQbNdDGUuv29.WPm8EPo3NzyR3mkJH.gbQ7CjvNS','6985214785',NULL,1,NULL,'android','fhEBBroFTJCIp4F9GQ9DFQ:APA91bHRePONMYfQbE0_YDWNGm6EmCc5DGKSxeDIOdfcx-2UAE7PzQ7lQN6Wj8l5JRfsLMMBoAN4v6Fv2AG13kK6Yq_7kgKs2fkdyXT7kiUNMnhuGeBwMkLJpF3o2r3MGhmveur3D4E4',NULL,'2022-04-06 16:30:01','2022-04-11 11:02:51',NULL),(62,NULL,'Luca',NULL,'luca@gmail.com',NULL,'$2y$10$vj.aByA.6I.BO2n8rSYcyutPBtA2j2rXluf5vZHp7RafwVwNff1IC','8765432456','8765432456',1,NULL,NULL,NULL,NULL,'2022-04-06 16:32:29','2022-04-06 16:32:29',NULL),(63,NULL,'Luca',NULL,'luca1@gmail.com',NULL,'$2y$10$eCDCFjZ7t7ikqNZu0fQLJOw2th1SJj75d/cL8qdKyH7pov7cebP/a','8765432457','8765432456',1,NULL,NULL,NULL,NULL,'2022-04-06 16:32:57','2022-04-06 16:32:57',NULL),(64,NULL,'Home Center',NULL,'homecenter@gmail.com',NULL,'$2y$10$tv49uSPhRaFlEaZEmGKCyu0G08I2IxHM5PKumPZ7LCIs.Eg2YexXa','2204069462',NULL,1,NULL,NULL,NULL,NULL,'2022-04-06 16:36:18','2022-04-06 16:36:18',NULL),(65,2358,'luca','jaison','lucajaison@gmail.com',NULL,'$2y$10$QzyoBZvN11QfJrNRvtb6vOq5PqASzCxMs2Vax8Xg.VpUM9dU6nYw.','9865231412',NULL,1,NULL,'android','fhEBBroFTJCIp4F9GQ9DFQ:APA91bHRePONMYfQbE0_YDWNGm6EmCc5DGKSxeDIOdfcx-2UAE7PzQ7lQN6Wj8l5JRfsLMMBoAN4v6Fv2AG13kK6Yq_7kgKs2fkdyXT7kiUNMnhuGeBwMkLJpF3o2r3MGhmveur3D4E4',NULL,'2022-04-07 10:13:38','2022-04-20 09:30:29',NULL),(66,NULL,'A to z',NULL,'atoz@gmail.com',NULL,'$2y$10$RO55v9n4eqhf0LKeldtZXuaB5tc0GwPt2uSjcanv8.END6nw0fL2m','2204079796',NULL,1,NULL,NULL,NULL,NULL,'2022-04-07 10:25:54','2022-04-07 10:25:54',NULL),(67,2360,'Shaikha','Alkaabi','dr-sdalkaabi@hotmail.com',NULL,'$2y$10$y00T.Ohu5Mkax7wcgXt6v.AXK0NT94ySIsHNdwFOvP1gyrCHAZK/W','506667829',NULL,1,NULL,NULL,NULL,NULL,'2022-04-07 13:06:45','2022-04-07 13:06:45',NULL),(68,NULL,'open clinic',NULL,'openclinic@gmail.com',NULL,'$2y$10$JSUlXkoFv3GDE2Otpxl21egG2JVW6fy8PGqy2AVqReKLnpaoyH2BW','2204077799',NULL,1,NULL,NULL,NULL,NULL,'2022-04-07 10:53:08','2022-04-07 10:53:08',NULL),(69,NULL,'johan',NULL,'j@gmail.com',NULL,'$2y$10$G8sHK8qzIJqsm.QUiA/iluG9pZISPg42MazhGK8V6ji4M5Q2fLnM.','676576576','676576576',1,NULL,NULL,NULL,NULL,'2022-04-07 13:14:52','2022-04-07 13:14:52',NULL),(70,NULL,'johan2',NULL,'j1@gmail.com',NULL,'$2y$10$xihtZtjO96gdJZ.68eOgsOGR8gatFFDfIs2BDDCE9aEcOYivXXzte','676576577','676576577',1,NULL,NULL,NULL,NULL,'2022-04-07 13:15:53','2022-04-07 13:15:53',NULL),(71,NULL,'johan3',NULL,'j3@gmail.com',NULL,'$2y$10$6HweJbwjIc6RiBHlY3qNOOObAsk4uH5Pp2xN82LOXlxJqhE2wqFPe','676576578','676576578',0,NULL,NULL,NULL,NULL,'2022-04-07 13:16:21','2022-04-07 13:16:33',NULL),(72,NULL,'sarah jaison',NULL,'sarah@gmail.com',NULL,'$2y$10$8stMQwtyiP5muDxyIGHPGu6Y/uMgcnq2iTTbgbpDV7ztNMohSLgZm','7896756789',NULL,1,NULL,NULL,NULL,NULL,'2022-04-07 13:22:45','2022-04-07 13:22:45',NULL),(73,NULL,'jaison',NULL,'jaison@gmail.com',NULL,'$2y$10$N22M8QCzd/eY.2RkHra.6Oy//6i14gTiib5cFi1qw1XlcfICP3x6i','2204072628',NULL,1,NULL,NULL,NULL,NULL,'2022-04-07 13:23:34','2022-04-07 13:23:34',NULL),(74,NULL,'Top Clinic',NULL,'topclinic@gmail.com',NULL,'$2y$10$PntXRVntRtbFGjepkcH5jua20ULGa6AZjhiPz/ulIf5EGPimy4bUa','2204088865',NULL,1,NULL,NULL,NULL,NULL,'2022-04-08 04:33:10','2022-04-08 04:33:10',NULL),(75,NULL,'Valsa',NULL,'valsa@gmail.com',NULL,'$2y$10$qkVW6dW.i8ZQqdHx7QxSXOE4tHhhuVbxferxheaYfeyuEl0QtvL.G','8786543456','8786543456',1,NULL,NULL,NULL,NULL,'2022-04-08 07:40:16','2022-04-08 07:40:16',NULL),(76,NULL,'mintoo',NULL,'mintoo@gmail.com',NULL,'$2y$10$MGnNEc8ULlX2WwfVIQWrP.fB/o01jGYKmLOQDZ7pPgvlyj9zJkQ5.','9895674534','9895674535',1,NULL,NULL,NULL,NULL,'2022-04-08 07:41:01','2022-04-11 10:55:00',NULL),(77,NULL,'james',NULL,'james@gmail.com',NULL,'$2y$10$w6RocBHkJuym45F4s9sgDuxigkhZNizY3thoaj2tcFV23HcHpgnwW','9876564534',NULL,1,NULL,NULL,NULL,NULL,'2022-04-08 08:16:28','2022-11-14 10:12:09',NULL),(78,NULL,'john',NULL,'john@gmail.com',NULL,'$2y$10$R6XhM5JYJexp3D2lfz8.VulxzB7wdDVAkT7M0hX5g17xh34UG9/k.','79797878787',NULL,1,NULL,NULL,NULL,NULL,'2022-04-08 09:06:25','2022-04-08 09:06:25',NULL),(79,NULL,'tiptop',NULL,'tiptop@gmail.com',NULL,'$2y$10$0xThGlBf1VNy6KT9qsocBuq.92GcwrncNcDXz.enliJruO0k649LW','2204084457',NULL,1,NULL,NULL,NULL,NULL,'2022-04-08 10:03:59','2022-04-08 10:03:59',NULL),(81,NULL,'valsa1',NULL,'valsa1@gmail.com',NULL,'$2y$10$l22bA87cK5MQAFx0LRtdOOvMyDHjtldcjiRRqde/JCX3Pyp6WP0V6','2204089107',NULL,1,NULL,NULL,NULL,NULL,'2022-04-08 10:09:37','2022-04-08 10:09:37',NULL),(82,NULL,'new clinic',NULL,'newclinic@gmail.com',NULL,'$2y$10$SAFPsX7W4NyGzthISJ7VleANXFaUC3s7.q6Ve.MbkeKaPii5h4IqW','2204081100',NULL,1,NULL,NULL,NULL,NULL,'2022-04-08 10:56:55','2022-04-08 10:56:55',NULL),(83,NULL,'new home',NULL,'newhome@gmail.com',NULL,'$2y$10$k1WN082H/6FfU6FyvaODUuwCdIe3JuSORZqpOdYvM9c8squQusYEi','2204081559',NULL,1,NULL,NULL,NULL,NULL,'2022-04-08 11:04:39','2022-04-08 11:04:39',NULL),(84,NULL,'hotel service',NULL,'hotelservice@gmail.com',NULL,'$2y$10$m0kVJ7hnzcUDAbzBBmYRuu6dY9kU.rAxXjDGk.Olb3ncJFB53iV0a','2204083799',NULL,1,NULL,NULL,NULL,NULL,'2022-04-08 11:35:01','2022-04-08 11:35:01',NULL),(85,2412,'sarah-8AXbQm','jaison','sarah.jaison@gmail.com-b9Mer3',NULL,'$2y$10$nljWKzSzv2GYtz/pWIbLx.cJg/Zj0qFT1LLUPSHTSw1JDHiPgPiAW','00009895953261',NULL,1,NULL,NULL,NULL,NULL,'2022-04-11 05:31:53','2022-04-11 06:25:39','2022-04-11 06:25:39'),(86,2413,'johan','jaison','johan.jaison@gmail.com',NULL,'$2y$10$0tM.QQubPohJEdD1H3ZEhO72LiXz1G92aosz0.AqMKsVN8PL904l2','9896321214',NULL,1,NULL,'android','fhEBBroFTJCIp4F9GQ9DFQ:APA91bHRePONMYfQbE0_YDWNGm6EmCc5DGKSxeDIOdfcx-2UAE7PzQ7lQN6Wj8l5JRfsLMMBoAN4v6Fv2AG13kK6Yq_7kgKs2fkdyXT7kiUNMnhuGeBwMkLJpF3o2r3MGhmveur3D4E4',NULL,'2022-04-11 10:47:01','2022-04-21 07:07:15',NULL),(87,NULL,'Maria',NULL,'maria@gmail.com',NULL,'$2y$10$Lh8xAAsh78pMTyi3sv90oewTmlq9fSHFUPVZX9mZxcV4oqvedQ3vK','9898767654','9898767654',1,NULL,NULL,NULL,NULL,'2022-04-12 04:38:48','2022-04-12 04:38:48',NULL),(88,NULL,'Tulip',NULL,'tulip@gmail.com',NULL,'$2y$10$bTHJNP9ns0V6CAdPaxdPV.ZRDarrGu48rxok63NavbC1BLex06aYq','2204129759',NULL,1,NULL,NULL,NULL,NULL,'2022-04-12 04:46:11','2022-04-12 04:46:11',NULL),(89,NULL,'radha',NULL,'radha@gmail.com',NULL,'$2y$10$bxcfOM00KXcizcl98MiHTO5d9We3D0CVBETXk7m0YNlVG2lVAsAbK','9787676565',NULL,1,NULL,NULL,NULL,NULL,'2022-04-12 07:14:45','2022-04-12 07:14:45',NULL),(90,2430,'susan','mathew','susan@gmail.com',NULL,'$2y$10$2CLdqtG1W5IG3quC5nStzOPgzOIMAv89AZCgzxphaFemmVuXN8MJq','9856231245',NULL,1,NULL,'android','fhEBBroFTJCIp4F9GQ9DFQ:APA91bHRePONMYfQbE0_YDWNGm6EmCc5DGKSxeDIOdfcx-2UAE7PzQ7lQN6Wj8l5JRfsLMMBoAN4v6Fv2AG13kK6Yq_7kgKs2fkdyXT7kiUNMnhuGeBwMkLJpF3o2r3MGhmveur3D4E4',NULL,'2022-04-12 09:31:12','2022-04-12 10:02:11',NULL),(91,NULL,'happy123',NULL,'happy@gmail.com',NULL,'$2y$10$v2i3XPOC5H/EyWBK6vMkSembiuXnduQYrKm9sdrp8PI/7eEQdMd2O','2204124461',NULL,1,NULL,NULL,NULL,NULL,'2022-04-12 12:36:37','2022-04-13 09:51:38',NULL),(92,NULL,'maya',NULL,'raj@gmail.com',NULL,'$2y$10$sQ9.8nM2BduDpAOB1kTHqewJgkclQCVqTQ.0UjGyHaDKa0mtPz5k2','5645345678',NULL,1,NULL,NULL,NULL,NULL,'2022-04-12 12:37:44','2022-04-12 12:37:44',NULL),(93,NULL,'new  Tour',NULL,'newtour@gmail.com',NULL,'$2y$10$ifdwICyhN3AGuUFi/4z0O.68tZsuuNbnJXaRCxOFGv0Z28LMIMQre','2204131043',NULL,1,NULL,NULL,NULL,NULL,'2022-04-13 09:56:17','2022-04-13 09:56:17',NULL),(94,NULL,'mohan',NULL,'mohan@gmail.com',NULL,'$2y$10$MmOzHcusOoCecBFxOavcS.Wa1SVhzeHqyZ8AXwI0r7UoDZMY.ChRi','9867564534',NULL,1,NULL,'ios','testing',NULL,'2022-04-13 10:00:14','2023-03-21 16:43:25',NULL),(95,NULL,'Sarah',NULL,'sarah1@gmail.com',NULL,'$2y$10$Ipp73Ph1BF/qjQ9.mcB5EOHPRUvm8JjkWRC75GJsCQp1Abk8wAn2u','9898978765',NULL,1,'20220413040459-doctors.jpg',NULL,NULL,NULL,'2022-04-13 12:04:59','2022-04-13 12:04:59',NULL),(98,2439,'peter','t','peter123@gmail.com',NULL,'$2y$10$WZOMAIhF5pNFwolXccBS9eE4BvlHi61viP/4Y5HOUPyCyG/Fip19G','9895121314',NULL,1,NULL,'android','fhEBBroFTJCIp4F9GQ9DFQ:APA91bHRePONMYfQbE0_YDWNGm6EmCc5DGKSxeDIOdfcx-2UAE7PzQ7lQN6Wj8l5JRfsLMMBoAN4v6Fv2AG13kK6Yq_7kgKs2fkdyXT7kiUNMnhuGeBwMkLJpF3o2r3MGhmveur3D4E4',NULL,'2022-04-14 05:12:26','2022-04-14 05:51:25',NULL),(99,NULL,'health world',NULL,'healthworld@gmail.com',NULL,'$2y$10$syXcFrbiRns3h5.TJqBVq.yRCvZN7n5x1OvCAEvhUscPhWP6domm6','2204185619',NULL,1,NULL,NULL,NULL,NULL,'2022-04-18 10:17:10','2022-04-18 10:17:10',NULL),(100,NULL,'tintoo-AuYRre',NULL,'tintoo@gmail.com-fUIqMD',NULL,'$2y$10$WU51Kbm/.8dMii0LNZJ9Jew.rPh6VJ5VKqzj9A.DLQTtSaT82YaMC','9899878675645','9878675645',1,NULL,NULL,NULL,NULL,'2022-04-18 10:27:31','2022-04-25 04:18:57','2022-04-25 04:18:57'),(101,NULL,'health insurance',NULL,'healthinsurance@gmail.com',NULL,'$2y$10$aW1ygATVhBY/a/EedxMiweEEa7LMbBDf6Z.7xAeVQtL4l5adudQ9.','2204181544',NULL,1,NULL,NULL,NULL,NULL,'2022-04-18 10:30:28','2022-04-18 10:30:28',NULL),(102,NULL,'friend',NULL,'friend@gmail.com',NULL,'$2y$10$LiapYIraHIifczH.x1pTkOUafeG0o7.YWphwvxTMSApvsZjQNW1t6','2204183046',NULL,1,NULL,NULL,NULL,NULL,'2022-04-18 10:37:39','2022-04-18 10:37:39',NULL),(103,1584,'john','s','john@mailinator.com',NULL,'$2y$10$w0GPwhjpbXb9g90qobHAKONqcWfgXmKKHittZRkgNoGf6juFSauG.','7788998899',NULL,1,NULL,NULL,NULL,NULL,'2022-04-19 04:39:22','2022-04-19 04:39:22',NULL),(104,NULL,'Pet health',NULL,'pethealth@gmail.com',NULL,'$2y$10$OqgFP4n4WbTspzVhGDzcX.MWftGHL29RAeuLK4sSrR62XQXNqmewe','2204198406',NULL,1,NULL,NULL,NULL,NULL,'2022-04-19 04:42:28','2022-04-19 04:42:28',NULL),(105,NULL,'nunclinic',NULL,'nunclinic@gmail.com',NULL,'$2y$10$Crmzw.zRacttrv6WIlTpP.RzXuopvnFKaF7FdoNJJShQtB0.8LA2.','2204199675',NULL,1,NULL,NULL,NULL,NULL,'2022-04-19 06:48:16','2022-04-19 06:48:16',NULL),(106,NULL,'super clinic',NULL,'superclinic@gmail.com',NULL,'$2y$10$Jhb.u/bol.jkvcOqBkGT7eEfspWSOoSkEEpemmY238zuMDNo0cECq','2204196413',NULL,1,NULL,NULL,NULL,NULL,'2022-04-19 06:49:26','2022-04-19 06:49:26',NULL),(107,NULL,'ttttt',NULL,'tt@gmail.com',NULL,'$2y$10$sdNpgXDMq79h7dRI9iI09eujMyQ3boTSiauWMLXTHcw0Y3REVaQLi','9878675646',NULL,1,NULL,NULL,NULL,NULL,'2022-04-20 06:26:19','2022-04-20 06:26:46',NULL),(108,2461,'tintoo','xavier','tintooxavier@gmail.com',NULL,'$2y$10$IMbuYifFSxH24k2j09iq.OEalm.tqqh8Ge9eYuLkeCTEfHMQ686cO','9895454367',NULL,1,NULL,NULL,NULL,NULL,'2022-04-20 06:34:56','2022-04-20 06:34:56',NULL),(109,NULL,'ruby',NULL,'ruby@gmail.com',NULL,'$2y$10$wWY7H74N2ioi4unsAoJIxu8cEr9XDFaC55c9mgAFFmRvhYiCaHWMO','9876564536',NULL,1,NULL,NULL,NULL,NULL,'2022-04-20 09:50:06','2022-04-20 09:50:06',NULL),(110,NULL,'whole world',NULL,'wholeworld@gmail.com',NULL,'$2y$10$40U5qhCKIWMXNwYHGK8ia.eRyZ2Bb3TD.FCYBuPPoj4PX8Y8uTZjy','2204202679',NULL,1,NULL,NULL,NULL,NULL,'2022-04-20 09:51:07','2022-04-20 09:51:07',NULL),(111,NULL,'teena',NULL,'teena@gmail.com',NULL,'$2y$10$hrmVrsMHrItgadpuWakS0uh7LKHqiTqG93yaZJCz.o7oI1P7.SEzW','9867897656',NULL,1,NULL,NULL,NULL,NULL,'2022-04-20 09:52:22','2022-04-20 09:52:22',NULL),(112,NULL,'top hill',NULL,'tophill@gmail.com',NULL,'$2y$10$mjyRpKogNm519hzXO3GrZ.eXvusZ0yrDSyiY0pr8IuCSKwk3I7ZC2','2204209270',NULL,1,NULL,NULL,NULL,NULL,'2022-04-20 10:31:04','2022-04-20 10:31:04',NULL),(113,NULL,'tuttu-M4hg32',NULL,'tuttu@gmail.com-M1JUyA',NULL,'$2y$10$WcyvrrHjalZ8hOJs14aB9OxcdJss.UQNFg3Q47y6znEbP/85.rrCq','8939897878768','9897878765',1,NULL,NULL,NULL,NULL,'2022-04-20 11:59:58','2022-04-25 04:18:51','2022-04-25 04:18:51'),(114,NULL,'gggg',NULL,'gg@gmail.com',NULL,'$2y$10$y6F4RErPvwosD943ZJTNpOfEtCh1G2XTJShJXtVhDqJcjsr0qjYiW','9878675648',NULL,1,'20220420052252-doctors.jpg',NULL,NULL,NULL,'2022-04-20 13:22:39','2022-04-20 13:22:52',NULL),(115,2470,'jai','tt','jaitt@gmail.com',NULL,'$2y$10$2.1ZZ2t/BjkOyRmtHUsiDOMjvkqXKgVx2T2R9D3f84T0qbhDWJ6d2','9895451236',NULL,1,NULL,NULL,NULL,NULL,'2022-04-21 07:18:46','2022-04-21 07:18:46',NULL),(116,NULL,'paul',NULL,'paul@gmail.com',NULL,'$2y$10$0dpvfUETg46fajvPpp.DHuLtr3ij2.f8cS2icGIk2vkHVCc1knyYK','9867897657','9867897657',1,NULL,NULL,NULL,NULL,'2022-04-21 08:51:04','2022-04-21 08:51:04',NULL),(117,NULL,'lucahome',NULL,'lucahome@gmail.com',NULL,'$2y$10$8waH52GY9u44PQ3dGMhAY.j6IAk4HznIoALIVEyGHkSnHFwKeyDiy','2204216508',NULL,1,NULL,NULL,NULL,NULL,'2022-04-21 08:52:51','2022-04-21 08:52:51',NULL),(118,NULL,'test1-3PKeJ6',NULL,'test@gmail.com-dMENxE',NULL,'$2y$10$5MFnZQIblV06LUcc417pl.gCWkRv6eYPEDn3uRDgS1CeMm0Kv6pGC','6389867897658','9867897658',1,NULL,NULL,NULL,NULL,'2022-04-21 08:59:57','2022-04-25 04:18:47','2022-04-25 04:18:47'),(119,NULL,'jasmin',NULL,'jasmin@gmail.com',NULL,'$2y$10$6CwtA1C.uwNAEgWqyfU1xu3KAX9cWuq6x1emP.u3GZ3UGT0632exG','9897878767',NULL,1,NULL,NULL,NULL,NULL,'2022-04-21 09:48:45','2022-04-21 09:48:45',NULL),(120,1696,'Kamala','H','kamala@mailinator.com',NULL,'$2y$10$ofSG9Q8JZXezsMEY2CkwP.szAA9O010hi.dXfgPBuUluoV6bLDyhO','5678461519',NULL,1,NULL,'android','dUbve9tDRYaAXLxVWr1OCe:APA91bGgvXdfk_fIpj23Lahys2TY44zRzO7-C8TAqFNdy7vdvb4xskLs2VovqU2oXLk8MxMitdCr2kQwuG4-NB6Hfi-zSRK4rCY5w4KCbZ-fr4gaROBu6ZIlDjXWGlQDy8KDNvxB6Lc2',NULL,'2022-04-21 10:46:41','2023-05-29 14:37:43',NULL),(121,2471,'radha','madhav','radhamadhav@gmail.com',NULL,'$2y$10$A0aJ3jOaWRC5bWJn.tuRpeOPfgsZmFZ3/kaotzqejjq7uUGGOOkGC','9895454326',NULL,1,NULL,NULL,NULL,NULL,'2022-04-21 13:53:16','2022-04-21 13:53:16',NULL),(122,NULL,'tessy',NULL,'tessy@gmail.com-haJ5YM',NULL,'$2y$10$BBRa.qGtTYWpO6ujls6Nq.1FUmPR7lFuMHpqYhoJ64PQOmoORPHPC','00009895678945',NULL,1,NULL,NULL,NULL,NULL,'2022-04-22 05:21:21','2022-04-22 05:21:48','2022-04-22 05:21:48'),(123,NULL,'tessy',NULL,'tessy@gmail.com',NULL,'$2y$10$sXLj7QVQMrPewWHopa4.fu41hpgh5tE1lHMjlrQf8iONoJYXbM.T6','9867898767',NULL,1,NULL,NULL,NULL,NULL,'2022-04-22 05:22:54','2022-04-22 05:22:54',NULL),(124,NULL,'victory',NULL,'victory@gmail.com',NULL,'$2y$10$zr5toSRTUVwO4XrGQQEfPOPP2jTRdnUtDDPVhnHgH4.dkweG6U.4e','2204222657',NULL,1,NULL,NULL,NULL,NULL,'2022-04-22 05:26:55','2022-04-22 05:26:55',NULL),(125,NULL,'sonu',NULL,'sonu@gmail.com-30M7Oz',NULL,'$2y$10$d7N8ke9QYJoodcHN.6hP..jut86Osr9CYGOS9YTJDa/.hQ7F.Gu9G','00009596784534',NULL,1,'20221116091604-doctors.png',NULL,NULL,NULL,'2022-04-22 05:28:54','2022-12-13 19:16:10','2022-12-13 19:16:10'),(126,NULL,'Nice home',NULL,'nicehome@gmail.com',NULL,'$2y$10$6715ovcsy086GLy4m9ibZesOhehv0GlrCpjkc7BKxTq/sf.fYPMZq','2204252772',NULL,1,NULL,NULL,NULL,NULL,'2022-04-25 04:43:29','2022-04-25 04:43:29',NULL),(127,NULL,'Samjohn',NULL,'sam@gmail.com',NULL,'$2y$10$m48vI6ZAv8vZvCPps8j3nuBG.m4HFdl3C9cm9KXk27vGwkA7hYOo2','9897567898',NULL,1,NULL,NULL,NULL,NULL,'2022-04-25 05:18:56','2022-04-25 09:53:45',NULL),(128,NULL,'yom',NULL,'yom@gmail.com',NULL,'$2y$10$sWq4BbXSYwa.5ZNyRs9X6.1zlMg9H7lKk5ytC57jzMxAPKobOjIaK','2204259901',NULL,1,NULL,NULL,NULL,NULL,'2022-04-25 08:33:35','2022-04-25 08:33:35',NULL),(129,NULL,'athul',NULL,'athul@gmail.com',NULL,'$2y$10$IqPkqweUWmYwBFfq85JxDOH4ejdNfQqKOTTaHbZFEMtjEJMqy0xni','9897878765','9897878765',1,NULL,NULL,NULL,NULL,'2022-04-25 09:28:24','2022-04-25 09:28:24',NULL),(130,NULL,'looks clinic',NULL,'looksclinic@gmail.com',NULL,'$2y$10$g4KGCmdjYTrzOVXfmTKE2OVtGhxM1DVIZe3dpXqkmnpympGCIa8fq','2204251237',NULL,1,NULL,NULL,NULL,NULL,'2022-04-25 09:29:26','2022-04-25 09:29:26',NULL),(131,2528,'sneha','mathew','snehamathew699@gmail.com',NULL,'$2y$10$nxvV/pnJhNhxS.xpejHsJetgXwVK6k9Gq9vrgGeXdXCh.9RhAjrea','3698445870',NULL,1,NULL,NULL,NULL,NULL,'2022-04-29 15:55:07','2022-04-29 15:55:07',NULL),(132,2577,'ahm','alal','ahmed@canary-vet.co',NULL,'$2y$10$TAI/5PYz5esn7fL0nRcPzOgsZ/USYPcHMbG/a1JGCiVQUEKNzQ09i','5531313131',NULL,1,NULL,NULL,NULL,NULL,'2022-05-03 12:05:16','2022-05-03 12:05:16',NULL),(133,NULL,'petking',NULL,'petking@gmail.com',NULL,'$2y$10$/R3pivc.6zxBjTmtgRISUey66TnUHJOUmJV5nTubSjntGepEqkUoK','2206163617',NULL,1,NULL,NULL,NULL,NULL,'2022-06-16 14:45:22','2022-06-16 14:45:22',NULL),(134,472,'ahmed','alali','ahmed@ahmedalmahmood.com',NULL,'$2y$10$tntA4DscLw8A8OoZdUJoDOhpm6NgkWpJXEXsEH0NyOSCgX3hyfJAC','504242426',NULL,1,NULL,NULL,NULL,NULL,'2022-06-22 20:20:35','2022-06-22 20:20:35',NULL),(135,2764,'prajeesh','k','aam@hotmail.com',NULL,'$2y$10$NMUjYnJHAv7edlK0hcjcduAklmKMTtv3F.k/sEUkHK2w3tpm.tl4a','564039745',NULL,1,NULL,NULL,NULL,NULL,'2022-06-23 13:15:29','2022-06-23 13:15:29',NULL),(136,NULL,'test1',NULL,'test1@gmail.com',NULL,'$2y$10$DtLzOlaS0rxXdnVmp0YNCuUQzqlbyd8S3eBrkjjq8LFAQg3We9S0C','2209294377',NULL,1,NULL,NULL,NULL,NULL,'2022-09-29 13:47:53','2022-09-29 13:47:53',NULL),(137,NULL,'Test Clinic',NULL,'testclinic@gmail.com',NULL,'$2y$10$tXc4mT6JsPUft0LlYCBbIuDiffzObsXzonju1ywbhe4RuYhDXsQve','2209297618',NULL,1,NULL,NULL,NULL,NULL,'2022-09-29 14:35:58','2022-09-29 14:35:58',NULL),(138,3125,'Arya','Test','arya@test.com',NULL,'$2y$10$pENT054tSF0JIeuj8jPAsuDYjEOL01Enp.6GjavMDabyNv64rnVzi','9999999999',NULL,1,NULL,NULL,NULL,NULL,'2022-10-03 10:08:05','2022-10-03 10:08:05',NULL),(139,3158,'Test','Seeroo','seeroo@test.com',NULL,'$2y$10$3OgupQFDe/VeQkZ2o56eQeikJ/XF1lUqV53EMie9zFfT3OaD18m3i','5245632152',NULL,1,NULL,NULL,NULL,NULL,'2022-10-13 10:14:41','2022-10-13 10:14:41',NULL),(140,3173,'Test','Arya','test1@seeroo.com',NULL,'$2y$10$rMTiLnLSKcLgE7rc33OEze2U7DttMfWHwN7O3r5lKUOrY1mNOz8K6','521234567',NULL,1,NULL,NULL,NULL,NULL,'2022-10-17 10:02:35','2022-10-17 10:02:35',NULL),(141,3176,'Test','Seeroo','test3@seeroo.com',NULL,'$2y$10$VAEmyLdQF.tEWaH8MoZceeklm1qUUB4THEdOxBzp1qAFzugwmMdNm','521234566',NULL,1,NULL,'android','dYNoxk53T8CLt7ftf-93t0:APA91bEE_psD4VmsQODT_15EKpQHojtzw7fr9N19G21Slnw4VyHpxFZaLDCsCSsakIzd5ejTcRi3UEtW6-enOx8enUTYAlSN1r36c4OG8a53f9y6EQsCqhqrHXbZkGovPZCR4vhmKc0R',NULL,'2022-10-17 10:21:55','2022-10-17 16:17:12',NULL),(142,3177,'arya test','fdf','arya123@test.com',NULL,'$2y$10$HM4AqKkEf1VwLDT5eT5r.ePCslaS78ZNY5q3C5jsutd.VeO5ORMQa','5256565565',NULL,1,NULL,'android','dYNoxk53T8CLt7ftf-93t0:APA91bEE_psD4VmsQODT_15EKpQHojtzw7fr9N19G21Slnw4VyHpxFZaLDCsCSsakIzd5ejTcRi3UEtW6-enOx8enUTYAlSN1r36c4OG8a53f9y6EQsCqhqrHXbZkGovPZCR4vhmKc0R',NULL,'2022-10-17 11:08:32','2022-10-17 11:45:05',NULL),(143,3178,'Test','Seeroo','test1234@seeroo.com',NULL,'$2y$10$Mz0HByioxbh4n2DMyP/bp.fo4Iz8quy6gEG7PfEk0.A/6Q1nNwahu','5212211212',NULL,1,NULL,'android','dYNoxk53T8CLt7ftf-93t0:APA91bEE_psD4VmsQODT_15EKpQHojtzw7fr9N19G21Slnw4VyHpxFZaLDCsCSsakIzd5ejTcRi3UEtW6-enOx8enUTYAlSN1r36c4OG8a53f9y6EQsCqhqrHXbZkGovPZCR4vhmKc0R',NULL,'2022-10-17 13:05:57','2022-10-17 13:10:21',NULL),(144,3180,'Seeroo','test','seeroo111@test.com',NULL,'$2y$10$cALGCT/Z9gpZa7hJ.CWo9erbRQ4mrWpHulhHFGCN5fgJNZp39/NvG','5454545454',NULL,1,NULL,'android','dYNoxk53T8CLt7ftf-93t0:APA91bEE_psD4VmsQODT_15EKpQHojtzw7fr9N19G21Slnw4VyHpxFZaLDCsCSsakIzd5ejTcRi3UEtW6-enOx8enUTYAlSN1r36c4OG8a53f9y6EQsCqhqrHXbZkGovPZCR4vhmKc0R',NULL,'2022-10-17 13:51:49','2022-10-17 13:54:36',NULL),(145,3181,'Seeroo','Test','seeroo222@test.com',NULL,'$2y$10$oheFuyT.6DqHUY6QbD61s.Fkm4XQtNtBHFATGn.Wn7AJ7ovrtOA02','5232332323',NULL,1,NULL,NULL,NULL,NULL,'2022-10-17 14:02:02','2022-10-17 14:59:56','2022-10-17 14:59:56'),(146,3183,'Seeroo','Test','test000@seeroo.com',NULL,'$2y$10$fB/et1FW5vyYPdVnZKpgqObej/FIfSKXLfCI61qtxNXsP2TNLqqI2','5223244244',NULL,1,NULL,NULL,NULL,NULL,'2022-10-17 16:19:13','2022-10-17 16:21:11','2022-10-17 16:21:11'),(147,3184,'test','test','test999@seeroo.com',NULL,'$2y$10$01r50W7sSz.Ver96HavTWOKzfxZCaL9AJTaR4XW29IlLJNtmIeaCi','5454544444',NULL,1,NULL,NULL,NULL,NULL,'2022-10-17 16:23:03','2022-10-17 16:24:04','2022-10-17 16:24:04'),(148,3185,'test','test','test88@seeroo.com',NULL,'$2y$10$OENPljdMLIMze7N8prA3/OxJ5rnOTq6xZJW7lYwZr3Il24f8mdoW6','4343434343',NULL,1,NULL,'android','dYNoxk53T8CLt7ftf-93t0:APA91bEE_psD4VmsQODT_15EKpQHojtzw7fr9N19G21Slnw4VyHpxFZaLDCsCSsakIzd5ejTcRi3UEtW6-enOx8enUTYAlSN1r36c4OG8a53f9y6EQsCqhqrHXbZkGovPZCR4vhmKc0R',NULL,'2022-10-17 16:35:18','2022-10-17 17:06:58',NULL),(149,3186,'etrt','sdsdc','test55@seeroo.com',NULL,'$2y$10$RcCW/bmNn9IrEb4rEj4P1uojg3BvCzn5R.FuLvH9owQQN9o6iNZPO','1323232322',NULL,1,NULL,NULL,NULL,NULL,'2022-10-17 17:12:34','2022-10-17 17:14:59','2022-10-17 17:14:59'),(150,3187,'gfdhghfdgh','sdss','test66@seeroo.com',NULL,'$2y$10$ZLZx6jgDcB2ZRiNdtX9TrelolN/OwNw1vLeRkpxpOJrNunRBes76i','2322223223',NULL,1,NULL,NULL,NULL,NULL,'2022-10-17 17:20:32','2022-10-17 17:21:46','2022-10-17 17:21:46'),(151,3188,'test','tsr','test44@seeroo.com',NULL,'$2y$10$CSoDpXLEjDulwJPZhHg9b.x2U13lKtZKDFsURGeIJskT24J.ajyqS','2324234242',NULL,1,NULL,NULL,NULL,NULL,'2022-10-17 17:23:37','2022-10-17 17:25:41','2022-10-17 17:25:41'),(152,3189,'test','test','test33@seeroo.com',NULL,'$2y$10$w6RTPFFuzRC7IrAJhLipGOVpklfnxdiaSfrqPhTy5dzSmhRfyGKZO','2423242424',NULL,1,NULL,NULL,NULL,NULL,'2022-10-17 17:29:56','2022-10-17 17:33:25','2022-10-17 17:33:25'),(153,3190,'hhgh','dff','test10@seeroo.com',NULL,'$2y$10$SrjQBTwFQkjhIwrt95ihdeSDwmjZJ6sG5sYyqrgUacRrXlGYDtAXm','3232322323',NULL,1,NULL,NULL,NULL,NULL,'2022-10-17 17:43:16','2022-10-17 17:43:34','2022-10-17 17:43:34'),(154,3191,'test','test','test01@seeroo.com',NULL,'$2y$10$quXcbGF2U7uLacIXaO.EqeaGW824VZAa111IZSJQudjPu5gObO9vu','2432424242',NULL,1,NULL,'android','dYNoxk53T8CLt7ftf-93t0:APA91bEE_psD4VmsQODT_15EKpQHojtzw7fr9N19G21Slnw4VyHpxFZaLDCsCSsakIzd5ejTcRi3UEtW6-enOx8enUTYAlSN1r36c4OG8a53f9y6EQsCqhqrHXbZkGovPZCR4vhmKc0R',NULL,'2022-10-18 09:35:30','2022-10-18 10:01:30','2022-10-18 10:01:30'),(155,3192,'svfdfv','sdfsds','test09@seeroo.com',NULL,'$2y$10$yLoK3iiI9IxN9U8a7uQobOaSWeIoxbZiOSzsmYeA1Kg1Rr7cIZF92','2324424424',NULL,1,NULL,NULL,NULL,NULL,'2022-10-18 10:04:15','2022-10-18 10:04:37','2022-10-18 10:04:37'),(156,3193,'sdsd','sdsd','test60@seeroo.com',NULL,'$2y$10$sHaW9oMdJYBi7f7.5oX9mu.v/smzA76f2bYjXtojL84zamoulRpb2','2424242242',NULL,1,NULL,NULL,NULL,NULL,'2022-10-18 10:12:49','2022-10-18 10:12:56','2022-10-18 10:12:56'),(157,3194,'test','test','test50@seeroo.com',NULL,'$2y$10$NkhBU7CU3t097CFA52ui8eglqfJdyzrKVm.YGOk1k94oTiC6Chqx2','4243424224',NULL,1,NULL,NULL,NULL,NULL,'2022-10-18 10:13:49','2022-10-18 10:13:59','2022-10-18 10:13:59'),(158,3200,'Test','test','test343@gmail.com',NULL,'$2y$10$BzVMwSqJX8ZbwkQgNr4rrOD8pPvw1pud.qPFxJAxh96AE1iV3oTkK','8757548484',NULL,1,NULL,NULL,NULL,NULL,'2022-10-19 15:28:59','2022-10-19 15:29:34','2022-10-19 15:29:34'),(159,3201,'test','test','test010@seeroo.com',NULL,'$2y$10$SwUFZKkPpWfwrmLoQghsB.SKsUOH4rgD5zqoePRwsEf3wAG19qZja','4434343434',NULL,1,NULL,NULL,NULL,NULL,'2022-10-19 15:36:51','2022-10-19 15:37:25','2022-10-19 15:37:25'),(160,3203,'fdff','fdf','test500@seeroo.com',NULL,'$2y$10$NCqH0P9tO8jiF5D03ZBHgecwhr7uH4FcWVhKau4qpIsagtxJ9nkoi','4343434434',NULL,1,NULL,NULL,NULL,NULL,'2022-10-19 15:39:21','2022-10-19 15:41:42','2022-10-19 15:41:42'),(161,3204,'trrr','rffd','test400@seeroo.com',NULL,'$2y$10$xgJHHHrs16yS9ZGfNBCK6.jia1u3bKh5kQPT8RWN8M1UfmdNHxLCa','3433434343',NULL,1,NULL,'android','dYNoxk53T8CLt7ftf-93t0:APA91bEE_psD4VmsQODT_15EKpQHojtzw7fr9N19G21Slnw4VyHpxFZaLDCsCSsakIzd5ejTcRi3UEtW6-enOx8enUTYAlSN1r36c4OG8a53f9y6EQsCqhqrHXbZkGovPZCR4vhmKc0R',NULL,'2022-10-19 15:43:25','2022-10-19 15:46:07','2022-10-19 15:46:07'),(162,3205,'jbjj','kkj','test600@seeroo.com',NULL,'$2y$10$U684JzCp2O5Pme3uwOpiCeLvpE2883cRnHJwtcxc7cttClfTsBxee','4763746763',NULL,1,NULL,NULL,NULL,NULL,'2022-10-19 15:47:43','2022-10-19 15:47:56','2022-10-19 15:47:56'),(163,3208,'mfdbj','dfd','test601@seeroo.com',NULL,'$2y$10$IGA2JWACkvHunNNMYIvXj.IUqrRf.33I6Hl93K7PIgxqSfaqgDPTe','3438434343',NULL,1,NULL,NULL,NULL,NULL,'2022-10-19 15:53:12','2022-10-19 15:53:28','2022-10-19 15:53:28'),(164,3209,'test','test','test100@seeroo.com',NULL,'$2y$10$taXK1zIurcXdft0vmq1tQu.1Dyc8rQfMRZlxeA89Zne3VNwknY4WG','7376736767',NULL,1,NULL,NULL,NULL,NULL,'2022-10-19 15:57:09','2022-10-19 15:58:15','2022-10-19 15:58:15'),(165,3210,'jdfhdjhfv','jghfjhg','test009@seeroo.com',NULL,'$2y$10$tAiSkV3egT8pwa/IOBJizOYQ5lAjuxH2tQJXm2R4pNIIhcPJ55Zam','2323232323',NULL,1,NULL,NULL,NULL,NULL,'2022-10-19 16:07:42','2022-10-19 16:07:50','2022-10-19 16:07:50'),(166,3211,'jdhdjhg','fdfd','seeroo123@test.com',NULL,'$2y$10$13WxstfCZ071Bmnd2jcLAOGP.cQQe1oAlbKRBuBvdXPZGdzHhqbSm','3434343434',NULL,1,NULL,NULL,NULL,NULL,'2022-10-19 16:09:26','2022-10-19 16:09:58','2022-10-19 16:09:58'),(167,3284,'Test','test','test424@sed.com',NULL,'$2y$10$2wqHQAGZgPI40ruX1StBCevZxkDpSq8Nrapfje3n//2zSFrUtotYm','0000111222',NULL,1,NULL,NULL,NULL,NULL,'2022-11-03 16:05:08','2022-11-03 16:05:08',NULL),(168,21891,'mohan-XFsSfw','kumar','mohankumar@gmail.com',NULL,'$2y$10$Mbj0oNHmuycNuiaHkqSww.1JLzQjZIJv0UpmTv63L0yrkXETWfOh.','00008877554421',NULL,1,NULL,'ios','testing',NULL,'2022-11-29 13:24:19','2023-03-15 18:51:37','2023-03-15 18:51:37'),(169,3512,'Gopika','g','gopika@gmail.com',NULL,'$2y$10$4rQo8DEoJhXe1vJ1CYX3duges.N34zVc.LUqBuB4mGl.93lpgxM3S','1122334455',NULL,1,NULL,'android','cYK8wEkIR3OYH08-yxImoh:APA91bFJRdX5z5-OpTljx7iPKPinjhVTYAn6CK105_x-T01zuwSdOUcN8JM1A5flo16QOpE8RviAcrOa_o3HEPSU_cqNrJx6SkmdCEsrtzqpIvoHI76OUArLa09Q1shWA5d4XgYWrXak',NULL,'2022-12-13 13:55:31','2023-01-19 17:29:09',NULL),(170,3620,'test','user','testuser01@mailinator.com',NULL,'$2y$10$dQFNVnZVjoxQusfrQ/ZG7uJVnPJr4lxvxr506KwfnKJ5AFDhLxcNG','1234567899',NULL,1,NULL,NULL,NULL,NULL,'2023-01-06 09:56:13','2023-01-06 09:56:13',NULL),(171,3645,'test','lastname','testuser022@mailinator.com',NULL,'$2y$10$fku5SA7YTsAffGt3BS7vp.Y5MpTGQPcGDSqHJ7t/41B1pvTAEoPLe','1234567810',NULL,1,NULL,'android','cYmAr_JyRMuSoR7JLYtCdK:APA91bG0Mvpp5ARhxHXVUgIbWblRO_bpeSOAk3V_71JnhsesYH3IKo47sTtcsmpkGaVaSx_CoIUhc2QLNXJ0aXpYf90r9Tqa0Dj-IwN6arj9j7Dj5pJcicA9ruv2gzo24ONQ-lolfjh9',NULL,'2023-01-10 10:05:56','2023-01-13 08:36:45',NULL),(172,3653,'aaa.','bbb.   ccccc.','test01@mailinator.com',NULL,'$2y$10$W6XL006IDKCtjlY8hCMpiu30M4e.2jYU8wa7YabnDXMUXtfp.mm1e','1296748530',NULL,1,NULL,'android','dJ5_bi0iTrKY_hL2QZ-99K:APA91bGozU-7SYBZoNmksUM-kzGP51dlYi8a6QrUVtDBEQ10tATbFuAPuoD2oOaVylob1-BQxPua18WLbO2OA5BptbDWbH78PojGFi0CnNHjRucxhYn2U4uaROL0Tufltfd-bl9lSAtc',NULL,'2023-01-10 14:18:41','2023-01-10 14:29:28',NULL),(173,3656,'first name of the user in registration field.','second name of the user in registration field.','test08@mailinator.com',NULL,'$2y$10$flUNhUu7icJvOxoLsK2Tc.yPYJvOFGCtCZEhyDP79Wy8jfsoEsQ.S','9988000003',NULL,1,NULL,'android','dJ5_bi0iTrKY_hL2QZ-99K:APA91bGozU-7SYBZoNmksUM-kzGP51dlYi8a6QrUVtDBEQ10tATbFuAPuoD2oOaVylob1-BQxPua18WLbO2OA5BptbDWbH78PojGFi0CnNHjRucxhYn2U4uaROL0Tufltfd-bl9lSAtc',NULL,'2023-01-10 16:10:24','2023-01-10 16:18:22',NULL),(174,3662,'AA','BBC','aa@gmail.com',NULL,'$2y$10$WhGX3RjgQ.eWIcgJ8o4ZHeJuZU.02HABX5FF0kEkDBM5t4i96yDDi','7777777777',NULL,1,NULL,NULL,NULL,NULL,'2023-01-11 14:21:53','2023-01-11 14:21:53',NULL),(175,3663,'BB','AA','aa@mail.com',NULL,'$2y$10$aqky8Uhl0ZXDYa41cgU2weSIakwRnONQ1HVJ21YJIacXCFO6sGsA.','6666666666',NULL,1,NULL,NULL,NULL,NULL,'2023-01-11 14:27:09','2023-01-11 14:27:09',NULL),(176,3667,'Gokul','AA','gokull@mail.com',NULL,'$2y$10$qpjc2bP4I1PjuLBqP6VtVe/4Hyp/2hsuYXwPDKE.62GatO8LOI//e','666601366',NULL,1,NULL,NULL,NULL,NULL,'2023-01-11 14:31:49','2023-01-11 14:31:49',NULL),(177,3668,'neww','n','new@gmail.con',NULL,'$2y$10$w/m9v.DNC5viHoFL1vGSx.yYsRTA7zJJ2un5SbeBtu26g7VJo3N5q','2398715089',NULL,1,NULL,NULL,NULL,NULL,'2023-01-11 14:40:30','2023-01-11 14:40:30',NULL),(178,3676,'trigon','tk','trigon@mailinator.com',NULL,'$2y$10$787s8GcOq/4IrFwn/wQ5O.dm8ntVT1/uxgDCjRBwbwagcaOkbhvbC','7561886377',NULL,1,NULL,NULL,NULL,NULL,'2023-01-12 10:30:36','2023-01-12 10:30:36',NULL),(179,3683,'Trigon','Uchihas','albintk33@mailinator.com',NULL,'$2y$10$oIUXF7gK95jr2Uv5mvsZQ.crU/gie7qxTX/wc945IO4yF1ftoW0ya','9961546804',NULL,1,NULL,'android','cRHm2oqRQKOOWbkaI79dna:APA91bGsEv05SPoG677ongFTsacSxJ6FOsQtisTCBp-B2-k2CocW0lCR0-cwKui_74sa4kGcYw5rRcIbWfxaF2DamAvwvBMGOGCgGqxOcjp0A1onES8RAN6Ngksm025KfJ4fQtSCyNdY',NULL,'2023-01-13 08:46:47','2023-01-16 15:06:58',NULL),(180,3689,'Thrishika','Rai','thrishika1@seeroo.com',NULL,'$2y$10$oAvAoWqEidaJhuUDEDz7ReGlC0GACKs.SU/ExohKhunHv.pxMtj3G','9497211111',NULL,1,NULL,'ios','eTa2ufO5tkUBjVLq80mT7w:APA91bGRyhP0QTg26zsUGbxvIaWOftf8HZ437X2M1lHlFljWbcS5fVenJkde8vNXPIgho9bZyEsPuMWtKrIB2FOohjeg9dAV-C23N7cFDmAD98GFm2j9-ygILeOPiCaCBovgzxUv0EUp',NULL,'2023-01-13 10:03:17','2023-02-10 11:07:38',NULL),(181,3703,'test','adhi','test0000001@mailinator.com',NULL,'$2y$10$2kqQkjh9oLYY5rnztcA2.uNbO6eW3ePWZN.eZWPcsm.z4Bf81KWCe','1112223338',NULL,1,NULL,'android','fheGQqakRTyyDSc6d9KCUL:APA91bHYULjQDOqKBUqljHyLS2XTqrCJufff5f50Pjq1xSU2XUyz5osH39jcbCI0TArqEMkLKy6u_XpK-5ACYYpgcZkwc501whcXlIopzQjoAOPg0Gl6Ven8XxDjZzILGZ4pAw1_DjlC',NULL,'2023-01-16 14:34:56','2023-03-31 08:08:45',NULL),(182,3705,'tezt','user','test0000002@mailinator.com',NULL,'$2y$10$AkpeXcwfqdAjDc9.E42ede/ObYPTyJD1U/Ry3o0nemrMljLKGIdGu','1155000333',NULL,1,NULL,'Android','testing',NULL,'2023-01-16 16:54:57','2023-03-21 16:46:46',NULL),(183,3706,'test','user 03','test0000003@mailinator.com',NULL,'$2y$10$J1/vRKel.kshloQYRvKCR.VnzSVLSvOt0fAuaFrKF7oSez7ysANsO','1122634969',NULL,1,NULL,'android','ehJsU5WNRPOwKq45ZihYXX:APA91bFG0ygLZRSJo3c8YNJ3z-SEanUxkXcC9qhuV5BgAWbvJbXHHFa3cDYFj2Id6GhJ39lVl11_7DBclM6ch1KkC3nB1FR4ku2WhI64IJw9Y_ZcP2hCSPw74onh6lsDGHQKMsSt5W0H',NULL,'2023-01-16 17:45:22','2023-01-16 18:11:29',NULL),(184,3718,'adhish.','p s.','test000000100@mailinator.com',NULL,'$2y$10$Rt4nmwlxIZ.d06YjgxdzNOH2pO5gFyp4zPgcymDA1sJzOQ13.k8X.','1133445566',NULL,1,NULL,NULL,NULL,NULL,'2023-01-20 13:27:40','2023-01-20 13:27:40',NULL),(185,3728,'test','test.     b','test0101@mailinator.com',NULL,'$2y$10$nN/ZInH/VXwfr1hW4.6zEOZLj1r4nalCdLeopsk.7j.KG5cbcYRiW','1122330001',NULL,1,NULL,'android','cctTenKeSdeehHBuzk9z1n:APA91bHaNxbNISYPHCcxzbovjcI3z8ohYbhup2APoD-JHWn32r89jmWjLh0DakWXlMhusTiTXk3tiJjtDdqFT4HwXOCi6CVelV_KaGBKXx1iI0zYOuYlmL-s3aGp4BzfntMicOc9T_2U',NULL,'2023-01-27 10:29:52','2023-01-30 14:45:07',NULL),(186,3758,'name','second','name@mailinaor.com',NULL,'$2y$10$AO5LhVtwwYrRx1FV.pOLG.P2vAf2Q9HIjc/FyICPKXdqQ2.0RHdei','1928374655',NULL,1,NULL,NULL,NULL,NULL,'2023-01-31 13:34:38','2023-01-31 13:34:38',NULL),(187,3769,'test','lastname','test0103@mailinator.com',NULL,'$2y$10$/EKlkCQjstt.H/9KvdUMjeIpeuIXg0vEn7FT0cFTpwoh/QSZBFT6O','1122000001',NULL,1,NULL,'android','ffiHvAP3TKiJttMRze-clY:APA91bHO37gwsiLasf3U1dm8wTyZWakrVpUDCj4PvnR5LsPhbxHoe_D-TNKhuiib_4PAn1hjuoZJRAJRJVIhnLzfet-UUNMszBO_ygNLyCLwa6JX_Gm7RKvP0uAKZsXWqZPTpBk0I3eM',NULL,'2023-02-02 13:55:31','2023-02-02 17:56:40',NULL),(188,3777,'jdjd','djdj','aaa@mailinator.com',NULL,'$2y$10$Sjo4O3TcS72ORiOd.Wiq0.Sl1.6xRyEpXSHyCi6Q7oWMe1MDYOi22','1985423768',NULL,1,NULL,NULL,NULL,NULL,'2023-02-05 22:29:56','2023-02-05 22:29:56',NULL),(189,3778,'sjjs','sudj','test@mailinator.com',NULL,'$2y$10$UiPx0K3ZQNpRMerWXsZMc.OiES6Kfd29hI7iCKSxbBqtsoLt0ABgO','9165328786',NULL,1,NULL,NULL,NULL,NULL,'2023-02-05 22:32:44','2023-02-05 22:32:44',NULL),(190,3786,'test first','name user','test000005@mailinator.com',NULL,'$2y$10$5HSm5STh8.ZWLUVw2idL1upGipyRaH1nOhgLHXMO8pBtJ9uEVGDNa','1122000005',NULL,1,NULL,'android','dKK2pKCZQP2J4xbTiGuYiN:APA91bEpqiE4QvtLvLmsW0FuuUXSnMUNzC45BX0sM2u7jvcmH93bUhoG1sKTVHPsPwlkTYoxc1wKaIQmzePGKyzztcwSFT38EuFXAXtHezz1QWpUJgRkVZIpxYjRJg3EFDAIckiuSrY1',NULL,'2023-02-08 12:54:07','2023-02-28 09:30:18',NULL),(191,3897,'test','user','test0000006@mailinator.com',NULL,'$2y$10$hpFMu.ccN6zKIAgmAlo1A.x1bJLuZtDHr6/Gr.XFhkfxV2rGxuOqm','3336669992',NULL,1,NULL,'android','ecfnwh9oR3qnPu50GrkTh0:APA91bF3CtuI2Inq9_GV8O-au_Xu9mfaHF21WM9CnBe0-l_na7gllGhvd2NDMfRsJaSX8X4TDwk3urjhgUPlxQqk60tV2VItW-3OZedJekFAgkLghFXZL8XxaHd4C1_RPCUzMMhLIbc1',NULL,'2023-02-28 08:52:51','2023-03-17 14:41:52',NULL),(192,3898,'adhish','user one','testadhi01@mailinator.com',NULL,'$2y$10$xUJOnnSIvki55g.klriBp.o96Jg3zyu8PpIF7sa7.XF0FDCaOUf4K','1112223331',NULL,1,NULL,'android','diBCrm_YSKK77zs2HiFcjh:APA91bHr4ql1SUVOLj5Gyl16Muu62I_aqwIs8R2nH7VIpP0Wkmpceu_Q_CtkWpXH3pspa5uVtSeoktFnuoLQh2-85dtM-ystSNTCzvEhNYKnHuj4mUUaa-Oo6QjpKuyTjIdgUHs6OSSM',NULL,'2023-02-28 22:30:35','2023-03-02 16:22:32',NULL),(193,3900,'test adhi','ps','testadhi02@mailinator.com',NULL,'$2y$10$h0v8.2ffYu.tpaU6qAJ7qeXxSc6eIv4oG62nqj9pQE1yogvsJ7UJq','1112223332',NULL,1,NULL,'Android','testing',NULL,'2023-03-01 08:44:54','2023-03-21 16:47:04',NULL),(194,3905,'test adhi','test three','testadhi03@mailinator.com',NULL,'$2y$10$OelEEyDwP1E1dCrBnPuUi.Y5lYHOwVo9q.XvqYq0qdepJUeuGK0Fy','1112223333',NULL,1,NULL,'android','c0V44ZPsT-CS3pPOvNhvRJ:APA91bFoVnHLH19NLtbAyUG5TZdEl8d8o9WqVYO17dJzHzfKOk44sTrwWvV6d0OTWEBBsuaz2pJNiK8KG0QVj4VXzVJ72RIVe_I5vikoMIPL3uUYLhQypeNWLYmC4T_Q5M-tDlWQYPba',NULL,'2023-03-01 15:23:31','2023-03-22 09:47:53',NULL),(195,3911,'test adhi','tets','testadhi001@mailinator.com',NULL,'$2y$10$lH50Qfgj4wF9GIZxngWLv.wtgllSKxCeHhWFQAEZasRtO5hUrVQA2','9997771111',NULL,1,NULL,'android','fQu6DTloSBKhzhRwjFD5li:APA91bFfF3vc7dRevvm2nWg32podqsOYoeHh3sAFi4PTF88_xKgDZjOTUODrK8I_Y_POAe2eH8YVd9GgF0hEUQYQ2_BZZfe55WYDQS3nFsKzccmQRVr6Ubz5EB4Wqf3FsEk01dsq80a0',NULL,'2023-03-01 22:01:28','2023-03-21 12:03:05',NULL),(196,3913,'Test user','TESTING','testuser0001@mailinator.com',NULL,'$2y$10$0zjSeMIIx8BdgFpn0cpqFuD7DxSvS2lYQWSfq69CnSvyORRNfUKdO','9764312151',NULL,1,NULL,'android','cOtW6YipTtOrB__FkPLEOp:APA91bF2PnGJfYAmCm-43fejo2F7jOOPHyz3-JzohY3d_br7UAMAX33IVUtS1R0atYra3TqfcdTMYbDltfibkx11i41Xa0TQ6TYCwXtgFK2H8Qt_WmG5hzp46g7PXTkxidPKKToWFDq5',NULL,'2023-03-02 09:30:47','2023-03-02 16:28:14','2023-03-02 16:28:14'),(197,0,'yub','guh','goo@mailinator.com',NULL,'$2y$10$8P6JAVPNQqBDNC4GfSS/I.2X7eiUs8ipN6bbB.j3UFdA3K1mOOB7u','5869321478',NULL,1,NULL,NULL,NULL,NULL,'2023-03-09 16:27:56','2023-03-09 16:27:56',NULL),(198,3969,'test','user','testuser01010101@mailinator.com',NULL,'$2y$10$IedRNj3sc1ZGd4sbwP9Jjulko9f2qZAOupEaZ.XCceFeX79NvoQQa','1113333991',NULL,1,NULL,'android','fyoxrndtRW-d-WmfmYAbkB:APA91bGTUR-9pr6OcsLWqO9q9pcN9qhvIoiRi-Q1AsvwBb7hQestfV61cai3NHpMTNI3oDhGL3Gl2QO_QLf0Pj91Fl3vf5Z4kytX7gdrkM3C_92i6ZWTTAZ-GtZZ46TOaCMwOIXJBMBc',NULL,'2023-03-15 08:50:08','2023-03-15 08:51:16','2023-03-15 08:51:16'),(199,3994,'gufu','jvyc','ttt@mailinator.com',NULL,'$2y$10$/d1E1EDmkGi0U1bLLdjtrOcYe7ssiN1ys7ilLxIze31rFiXc8E3rC','2986431856',NULL,1,NULL,NULL,NULL,NULL,'2023-03-21 11:54:35','2023-03-21 11:54:35',NULL),(200,21892,'mohan','kumar','lok@gmail.com',NULL,'$2y$10$kWGWg93e8nTJrt8k8FAmRODCFgdtYwr9h4JtIEx0XjUyJS498oro.','8877554421',NULL,1,NULL,NULL,NULL,NULL,'2023-03-21 16:24:18','2023-03-21 16:24:18',NULL),(201,3996,'test','test','testadhi001001@mailinator.com',NULL,'$2y$10$9jUPoLMmrkQo52yXzzcnGOKwziF1/OqAiSG2hBCg7DsMsLOndZGvO','8848920000',NULL,1,NULL,'android','fO52kdEhSIS89U56mWw4HT:APA91bEJtl9JOI_7-cFMwfMg2M0wOs2JZeyJrqQLpYeDuWUqMcB4hodi82AwcFQyL_EBIXU7eKt3Drml3AZz1U575su-rE31K3K3o3eMLCgpJrCrtqxSC7HKx0ma0gCgvNUsvESda0XY',NULL,'2023-03-22 10:07:28','2023-05-31 16:51:37',NULL),(202,3997,'djdb','jdb','fjf@mailinator.com',NULL,'$2y$10$zD1j7wSQUrju/Pi1v1S4WO7Dm5OmHQN5jyaCGu2XTGHKyZ3GGVhW6','3298518891',NULL,1,NULL,NULL,NULL,NULL,'2023-03-22 10:18:56','2023-03-22 10:18:56',NULL),(203,4006,'petlink','userone','petlinkuser01@mailinator.com',NULL,'$2y$10$U2HKP1QNUE1axVhIj./.YevIrjDuLZSgQ4H0dIeEgi72DkSy6JiC6','9061000001',NULL,1,NULL,'android','f1RZHZqkQherxE2kys2p_g:APA91bGipH5XoDIYKc2s0ORysAvnq2DayznA1VY0wrTQ9OjsDlrvYqd7Z9uTzgliY5cIu1WJIYeTxati5ar4B3A4ZF7X0GJgjHcaSZi_4x0jM3b6h9rNiteAlG_ePARPWQcbkJLoC139',NULL,'2023-03-24 09:09:56','2023-03-31 09:09:15',NULL),(204,4007,'me','sn','me@mailinator.com',NULL,'$2y$10$UJg.1X/smzXVxK6C04MxKunj4llYjfGRrjtqLY7bqO.W19/7PG7Ey','1578564629',NULL,1,NULL,NULL,NULL,NULL,'2023-03-24 09:23:47','2023-03-24 09:23:47',NULL),(205,4008,'mytest','dh','mytest@mailinator.com',NULL,'$2y$10$QM4hkUdC3SPuhq/FfzH48OW0rVgJbi7BfdQ7bxCegILOn.PhgySeC','9551886494',NULL,1,NULL,NULL,NULL,NULL,'2023-03-24 11:00:21','2023-03-24 11:00:21',NULL),(206,4009,'petlink','user 02','petlinkuser02@mailinator.com',NULL,'$2y$10$TjnfeMRO0mlcjjanTBg5Ju0wTOJ6Yw88QECR3sDsLIgSKmABBHPEy','9061000002',NULL,1,NULL,NULL,NULL,NULL,'2023-03-24 11:06:00','2023-03-24 11:06:00',NULL);

--
-- Table structure for table `userspets`
--

CREATE TABLE `userspets` (
  `id` bigint unsigned NOT NULL AUTO_INCREMENT,
  `users_id` bigint unsigned NOT NULL,
  `pets_type` bigint unsigned NOT NULL,
  `pets_name` varchar(191) CHARACTER SET utf8mb4 COLLATE utf8mb4_unicode_ci NOT NULL,
  `dob` varchar(191) CHARACTER SET utf8mb4 COLLATE utf8mb4_unicode_ci NOT NULL,
  `age` varchar(191) CHARACTER SET utf8mb4 COLLATE utf8mb4_unicode_ci NOT NULL,
  `breeds_type` bigint unsigned NOT NULL,
  `colour` varchar(191) CHARACTER SET utf8mb4 COLLATE utf8mb4_unicode_ci DEFAULT NULL,
  `gender` varchar(191) CHARACTER SET utf8mb4 COLLATE utf8mb4_unicode_ci NOT NULL COMMENT '1 = Gents, 2 = Ladies ,3-dontKnow',
  `neutered_or_spayed` varchar(191) CHARACTER SET utf8mb4 COLLATE utf8mb4_unicode_ci NOT NULL COMMENT '1 = Yes, 2 = No ,3-dontKnow',
  `image` longtext CHARACTER SET utf8mb4 COLLATE utf8mb4_unicode_ci,
  `created_at` timestamp NULL DEFAULT NULL,
  `updated_at` timestamp NULL DEFAULT NULL,
  `deleted_at` timestamp NULL DEFAULT NULL,
  PRIMARY KEY (`id`),
  KEY `userspets_pets_type_foreign` (`pets_type`),
  KEY `userspets_breeds_type_foreign` (`breeds_type`)
) ENGINE=MyISAM AUTO_INCREMENT=170 DEFAULT CHARSET=utf8mb4 COLLATE=utf8mb4_unicode_ci;

--
-- Dumping data for table `userspets`
--

INSERT INTO `userspets` VALUES (1,6,11,'Bruno','2020-02-28','2 Years',1,'white','Male','Yes',NULL,'2022-02-28 17:17:32','2022-02-28 17:17:32',NULL),(2,5,1,'B Bird','2022-02-28','0 Days',19,'B','Male','Yes','20220228053041-userpet_management.jpg','2022-02-28 17:30:41','2022-02-28 17:30:41',NULL),(3,5,2,'C Cat','2022-02-28','0 Days',4,'White','Male','Yes','20220228060956-userpet_management.jpg','2022-02-28 18:09:56','2022-02-28 18:09:56',NULL),(4,7,1,'Parrot','2022-03-02','0 Days',16,'Green','Female','I Don\'t Know','20220302121515-userpet_management.jpg','2022-03-02 12:15:15','2022-03-02 12:15:15',NULL),(5,7,2,'Tinku','2022-02-25','5 Days',20,'white','Female','I Don\'t Know',NULL,'2022-03-02 13:52:56','2022-03-02 13:52:56',NULL),(6,7,11,'Tony','2021-06-21','8 Months 11 Days',1,'Brown','Female','I Don\'t Know','20220302042951-userpet_management.jpg','2022-03-02 16:29:51','2022-03-02 16:29:51',NULL),(7,13,11,'Chocho','2021-10-30','4 Months 3 Days',14,'white','Male','I Don\'t Know','20220302061804-userpet_management.jpg','2022-03-02 18:18:04','2022-03-02 18:18:04',NULL),(8,17,1,'Boo','2022-03-03','0 Days',16,'white','Male','Yes',NULL,'2022-03-03 09:02:01','2022-03-03 09:02:01',NULL),(9,13,2,'Mittu','2021-11-12','3 Months 21 Days',21,'white','Female','I Don\'t Know','20220303091004-userpet_management.jpg','2022-03-03 09:10:04','2022-03-03 09:10:04',NULL),(10,24,11,'Jimmy','2021-10-30','4 Months 4 Days',2,'black & brown','Male','I Don\'t Know','20220303111941-userpet_management.jpg','2022-03-03 11:19:41','2022-03-03 11:19:41',NULL),(11,24,1,'Kittu','2022-01-01','2 Months 2 Days',19,'grey','Female','I Don\'t Know','20220303115629-userpet_management.jpg','2022-03-03 11:56:29','2022-03-03 11:56:29',NULL),(12,24,2,'Jerry','2020-12-12','1 Years 2 Months 22 Days',13,'white','Male','I Don\'t Know','20220303120232-userpet_management.jpg','2022-03-03 12:02:32','2022-03-03 12:02:32',NULL),(13,29,11,'Tony','2021-10-20','4 Months 14 Days',14,'Brown','Male','I Don\'t Know','20220303014510-userpet_management.jpg','2022-03-03 13:45:10','2022-03-03 13:45:10',NULL),(14,29,1,'Titu','2021-12-25','2 Months 9 Days',22,'green','Female','Yes','20220303014816-userpet_management.jpg','2022-03-03 13:48:16','2022-03-03 13:48:16',NULL),(15,33,1,'🕊️','2021-09-01','6 Months 2 Days',16,'White','Male','Yes','20220303080229-userpet_management.jpg','2022-03-03 20:02:29','2022-03-03 20:02:29',NULL),(16,33,2,'🐱','2022-02-28','3 Days',4,'♣️🌑','Male','Yes','20220303080403-userpet_management.jpg','2022-03-03 20:04:03','2022-03-03 20:04:03',NULL),(17,6,12,'Pambadi Rajan','1990-03-04','32 Years',24,'black','Male','Yes','20220304025142-userpet_management.jpg','2022-03-04 14:51:42','2022-03-04 14:51:42',NULL),(18,5,11,'Boo','2022-03-17','0 Days',14,'white','Male','Yes',NULL,'2022-03-17 14:04:03','2022-03-17 14:04:03',NULL),(19,5,2,'Pussy','2021-03-17','1 Years',21,'red','Male','Yes',NULL,'2022-03-17 14:04:52','2022-03-17 14:04:52',NULL),(20,5,2,'Billi','2022-01-17','2 Months',4,'white','Male','Yes',NULL,'2022-03-17 14:15:21','2022-03-17 14:15:21',NULL),(21,5,12,'Elsa','2019-03-11','3 Years 6 Days',23,'black','Male','Yes',NULL,'2022-03-17 14:16:09','2022-03-17 14:16:09',NULL),(22,5,11,'Doggy','2021-03-17','1 Years',14,'white','Male','Yes',NULL,'2022-03-17 14:17:06','2022-03-17 14:17:06',NULL),(23,35,1,'Birdy','2021-02-07','1 Years 1 Months 10 Days',16,'yellow','Male','Yes',NULL,'2022-03-17 14:21:35','2022-03-17 14:21:35',NULL),(24,33,2,'Pussyy','2022-03-17','0 Days',4,'brown','Male','Yes',NULL,'2022-03-17 14:23:45','2022-03-17 14:23:45',NULL),(25,33,11,'Naas','2021-03-07','1 Years 10 Days',14,'black','Male','Yes',NULL,'2022-03-17 14:24:39','2022-03-17 14:24:39',NULL),(26,38,2,'Ruby','2021-07-09','8 Months 14 Days',4,'tricolor','Female','No',NULL,'2022-03-23 08:42:06','2022-03-23 08:42:06',NULL),(27,5,2,'Bicku','2022-02-02','1 Months 22 Days',20,'blue','Female','I Don\'t Know','20220324125721-userpet_management.jpg','2022-03-24 12:57:21','2022-03-24 12:57:21',NULL),(28,42,2,'Kukku','2020-03-25','2 Years',13,'black','Male','Yes','20220325013601-userpet_management.jpg','2022-03-25 13:36:01','2022-03-25 13:36:01',NULL),(29,42,11,'Tiggu','2021-03-05','1 Years 20 Days',1,'brownish','Male','Yes','20220325014758-userpet_management.jpg','2022-03-25 13:47:58','2022-03-25 13:47:58',NULL),(30,42,1,'Pikku','2022-03-25','0 Days',22,'green','Male','Yes',NULL,'2022-03-25 13:50:20','2022-03-25 13:50:20',NULL),(31,42,7,'Chottu','2022-03-25','0 Days',18,'white','Female','I Don\'t Know',NULL,'2022-03-25 14:04:41','2022-03-25 14:04:41',NULL),(32,44,2,'Fhyy','2022-03-27','0 Days',13,'gyu','Male','Yes',NULL,'2022-03-27 22:41:55','2022-03-27 22:42:07','2022-03-27 22:42:07'),(33,46,1,'Boo','2021-03-29','1 Years',16,'white','Male','Yes',NULL,'2022-03-29 13:28:27','2022-03-29 13:28:27',NULL),(34,47,1,'Bird 1','2022-03-16','13 Days',19,'black','Male','Yes',NULL,'2022-03-29 21:22:16','2022-03-29 21:22:16',NULL),(35,51,1,'Pigeon','2022-04-01','0 Days',19,'White','Male','Yes','20220401113635-userpet_management.jpg','2022-04-01 11:36:35','2022-04-01 11:36:35',NULL),(36,52,2,'Grey','2021-06-21','9 Months 12 Days',4,'grey','Female','No',NULL,'2022-04-03 08:17:47','2022-04-03 08:17:47',NULL),(37,53,1,'Dove','2022-04-03','0 Days',16,'Black','Male','Yes',NULL,'2022-04-03 21:53:26','2022-04-03 21:53:26',NULL),(38,54,7,'Chinku','2022-02-04','2 Months',17,'brown','Male','Yes',NULL,'2022-04-04 10:15:43','2022-04-04 10:15:43',NULL),(39,57,1,'B','2022-04-04','0 Days',16,'Black','Male','Yes',NULL,'2022-04-04 15:50:56','2022-04-04 15:50:56',NULL),(40,57,7,'Rabo','2022-04-05','0 Days',17,'A','Male','Yes',NULL,'2022-04-05 16:28:25','2022-04-05 16:28:25',NULL),(41,54,1,'Chk','2022-04-05','0 Days',19,'black','Male','Yes',NULL,'2022-04-05 17:30:10','2022-04-05 17:30:10',NULL),(42,61,2,'Tottu','2022-04-06','0 Days',21,'brown','Male','Yes',NULL,'2022-04-06 16:40:34','2022-04-06 16:40:34',NULL),(43,65,2,'Sweety','2022-04-07','0 Days',13,'brown','Male','Yes',NULL,'2022-04-07 10:51:28','2022-04-07 10:51:28',NULL),(44,6,1,'Birdo','2000-04-07','22 Years',16,'white','Male','Yes',NULL,'2022-04-07 11:17:27','2022-04-07 11:17:27',NULL),(45,85,1,'Pinky','2022-04-11','0 Days',19,'brown','Male','Yes','20220411093941-userpet_management.png','2022-04-11 05:39:41','2022-04-11 05:39:41',NULL),(46,85,2,'Jac','2022-04-11','0 Days',20,'pink9','Male','Yes',NULL,'2022-04-11 05:41:08','2022-04-11 05:41:08',NULL),(47,85,11,'Brownie','2022-04-11','0 Days',14,'grey','Male','Yes',NULL,'2022-04-11 05:41:39','2022-04-11 05:41:39',NULL),(48,85,11,'Max','2022-04-11','0 Days',1,'orange','Male','Yes',NULL,'2022-04-11 05:42:09','2022-04-11 05:42:09',NULL),(49,85,12,'App','2022-04-11','0 Days',23,'black','Male','Yes',NULL,'2022-04-11 05:42:42','2022-04-11 05:42:42',NULL),(50,85,7,'Chunk','2022-04-11','0 Days',18,'black','Male','Yes',NULL,'2022-04-11 05:43:08','2022-04-11 05:43:08',NULL),(51,85,2,'Pink','2022-04-11','0 Days',21,'dark black','Male','Yes',NULL,'2022-04-11 05:43:37','2022-04-11 05:43:37',NULL),(52,85,2,'Kitty','2022-04-11','0 Days',21,'black','Female','Yes',NULL,'2022-04-11 06:05:06','2022-04-11 06:05:06',NULL),(53,86,11,'Pinky','2022-04-11','0 Days',2,'brown','Male','Yes',NULL,'2022-04-11 10:53:11','2022-04-11 10:53:11',NULL),(54,65,2,'Minnu','2022-04-11','0 Days',4,'brown','Male','Yes',NULL,'2022-04-11 11:04:31','2022-04-11 11:04:31',NULL),(55,65,11,'Mick','2022-04-11','0 Days',1,'black','Male','Yes',NULL,'2022-04-11 11:08:02','2022-04-11 11:08:02',NULL),(56,90,1,'Kitty','2022-04-12','0 Days',16,'brown','Male','Yes',NULL,'2022-04-12 09:39:42','2022-04-12 09:39:42',NULL),(57,90,2,'Kkk','2022-04-12','0 Days',13,'brown','Male','Yes',NULL,'2022-04-12 12:39:34','2022-04-12 12:39:34',NULL),(58,90,11,'Pinky','2022-04-12','0 Days',2,'brown','Male','Yes',NULL,'2022-04-12 12:58:06','2022-04-12 12:58:06',NULL),(59,98,1,'Sweety','2022-04-14','0 Days',22,'brown','Male','Yes',NULL,'2022-04-14 05:13:20','2022-04-14 05:13:20',NULL),(60,86,2,'Sweet','2022-04-14','0 Days',13,'grey','Male','Yes',NULL,'2022-04-14 05:27:43','2022-04-14 05:27:43',NULL),(61,98,1,'@$\"::','2022-03-14','1 Months',19,'1238','Male','Yes',NULL,'2022-04-14 10:42:14','2022-04-14 10:42:14',NULL),(62,65,1,'Ttuttu','2022-04-18','0 Days',22,'white','Male','Yes',NULL,'2022-04-18 10:49:06','2022-04-18 10:49:06',NULL),(63,65,11,'Tt','2022-04-19','0 Days',1,'black','Male','Yes',NULL,'2022-04-19 09:00:10','2022-04-19 09:00:10',NULL),(64,108,2,'Sweety','2022-04-20','0 Days',13,'brown','Male','Yes',NULL,'2022-04-20 06:35:33','2022-04-20 06:35:33',NULL),(65,65,1,'Tt','2022-04-20','0 Days',22,'brown','Male','Yes','20220420042502-userpet_management.jpg','2022-04-20 12:25:02','2022-04-20 12:25:02',NULL),(66,115,2,'Minnu','2022-04-21','0 Days',13,'brown','Male','Yes',NULL,'2022-04-21 07:19:22','2022-04-21 07:19:22',NULL),(67,115,12,'Appu','2022-04-21','0 Days',24,'brown','Male','Yes',NULL,'2022-04-21 07:20:20','2022-04-21 07:20:20',NULL),(68,120,11,'Dobby','2021-12-01','4 Months 20 Days',3,'Blue','Male','Yes',NULL,'2022-04-21 10:48:37','2022-04-21 10:48:37',NULL),(69,115,2,'Zet','2022-04-21','0 Days',13,'brown','Male','Yes',NULL,'2022-04-21 13:27:04','2022-04-21 13:27:04',NULL),(70,121,1,'Tuttu','2022-04-22','0 Days',16,'brown','Male','Yes',NULL,'2022-04-22 05:15:13','2022-04-22 05:15:13',NULL),(71,121,2,'Kitty','2022-04-22','0 Days',4,'brown','Male','Yes',NULL,'2022-04-22 07:07:25','2022-04-22 07:07:25',NULL),(72,121,2,'Kitty','2022-04-22','0 Days',13,'brown','Male','Yes','20220422111801-userpet_management.jpg','2022-04-22 07:18:02','2022-04-22 07:18:02',NULL),(73,121,1,'Honey','2022-04-22','0 Days',22,'brown','Male','Yes','20220422011908-userpet_management.jpg','2022-04-22 09:19:08','2022-04-22 09:19:08',NULL),(74,121,11,'Tip','2022-04-22','0 Days',1,'brown','Male','Yes',NULL,'2022-04-22 12:17:30','2022-04-22 12:17:30',NULL),(75,121,13,'Raju','2022-04-25','0 Days',25,'brown','Male','Yes',NULL,'2022-04-25 09:16:54','2022-04-25 09:16:54',NULL),(76,121,1,'Tt','2022-04-25','0 Days',22,'brown','Male','Yes',NULL,'2022-04-25 11:59:50','2022-04-25 11:59:50',NULL),(77,131,11,'Hjakal','2022-02-01','2 Months 27 Days',1,'white','Male','No',NULL,'2022-04-29 15:56:18','2022-04-29 15:56:18',NULL),(78,132,11,'Ghh','2022-05-01','2 Days',14,'hjj','Male','Yes',NULL,'2022-05-03 12:05:38','2022-05-03 12:05:38',NULL),(79,134,1,'Ahmed','2022-06-13','9 Days',16,'jk','Male','No',NULL,'2022-06-22 20:21:10','2022-06-22 20:21:10',NULL),(80,135,11,'Rubym','2022-06-24','1 Days',14,'black','Male','Yes',NULL,'2022-06-23 13:19:55','2022-06-23 13:19:55',NULL),(81,120,1,'Birdie','2022-10-01','5 Days',16,'black','Male','Yes',NULL,'2022-10-06 11:57:56','2022-10-06 11:57:56',NULL),(82,167,11,'Jimmy','2022-08-04','2 Months 30 Days',2,'black','Male','Yes','20221103043436-userpet_management.jpg','2022-11-03 16:34:36','2022-11-03 16:34:36',NULL),(83,169,1,'Kuttu','2022-12-08','5 Days',22,'green','Male','Yes',NULL,'2022-12-13 13:57:15','2022-12-13 13:57:15',NULL),(84,170,11,'Doggy','2022-12-30','7 Days',1,'black','Male','Yes','20230106095936-userpet_management.jpg','2023-01-06 09:59:36','2023-01-06 09:59:36',NULL),(85,170,11,'Hsjsj','2023-01-06','0 Days',2,'black','Female','No','20230106104856-userpet_management.jpg','2023-01-06 10:48:56','2023-01-06 10:48:56',NULL),(86,170,11,'Hsjsj','2023-01-06','0 Days',2,'black','Female','No','20230106104906-userpet_management.jpg','2023-01-06 10:49:06','2023-01-09 09:09:56','2023-01-09 09:09:56'),(87,169,11,'Catty','2023-01-03','6 Days',1,'grey','Female','Yes','20230109082556-userpet_management.jpg','2023-01-09 08:25:56','2023-01-09 08:25:56',NULL),(88,170,11,'Dog 2','2023-01-04','5 Days',1,'white','Male','Yes','20230109091225-userpet_management.jpg','2023-01-09 09:12:25','2023-01-09 09:13:46','2023-01-09 09:13:46'),(89,170,11,'Dog 2','2023-01-04','5 Days',1,'white','Male','Yes','20230109091315-userpet_management.jpg','2023-01-09 09:13:15','2023-01-09 09:13:57','2023-01-09 09:13:57'),(90,170,11,'Dog 2','2023-01-01','8 Days',1,'black','Male','Yes','20230109094251-userpet_management.jpg','2023-01-09 09:42:51','2023-01-09 09:42:51',NULL),(91,170,11,'Dog 2','2023-01-01','8 Days',1,'black','Male','Yes','20230109094257-userpet_management.jpg','2023-01-09 09:42:57','2023-01-09 09:42:57',NULL),(92,170,11,'Dog 2','2023-01-01','8 Days',1,'black','Male','Yes','20230109094306-userpet_management.jpg','2023-01-09 09:43:06','2023-01-09 09:43:06',NULL),(93,169,12,'Pinky','2023-01-01','9 Days',23,'black','Male','Yes',NULL,'2023-01-10 12:51:49','2023-01-10 13:28:38','2023-01-10 13:28:38'),(94,169,12,'Tbt','2023-01-05','5 Days',23,'red','Male','Yes',NULL,'2023-01-10 13:30:41','2023-01-10 13:30:51','2023-01-10 13:30:51'),(95,169,12,'Test','2023-01-01','9 Days',24,'blue','Male','Yes',NULL,'2023-01-10 13:34:13','2023-01-10 13:34:18','2023-01-10 13:34:18'),(96,169,12,'Ert','2023-01-03','7 Days',24,'red','Male','Yes',NULL,'2023-01-10 13:36:26','2023-01-10 13:36:48','2023-01-10 13:36:48'),(97,169,7,'Ra','2023-01-02','8 Days',17,'reed','Male','Yes',NULL,'2023-01-10 14:05:48','2023-01-10 14:06:10','2023-01-10 14:06:10'),(98,169,1,'Pet','2023-01-01','9 Days',16,'redd','Male','Yes',NULL,'2023-01-10 14:11:24','2023-01-10 14:11:31','2023-01-10 14:11:31'),(99,169,12,'Dhd','2023-01-02','8 Days',23,'red','Male','Yes',NULL,'2023-01-10 14:13:37','2023-01-10 14:13:44','2023-01-10 14:13:44'),(100,169,7,'White','2023-01-01','9 Days',18,'white','Male','Yes',NULL,'2023-01-10 14:15:05','2023-01-10 14:15:19','2023-01-10 14:15:19'),(101,169,1,'Minni','19-09-2020','1',1,'Rose ringed','1','1',NULL,'2023-01-10 14:32:12','2023-01-10 14:32:12',NULL),(102,169,1,'Tgth','2023-01-03','7 Days',19,'vrv','Male','Yes',NULL,'2023-01-10 14:32:14','2023-01-10 14:32:14',NULL),(103,178,11,'Tuby','2022-01-01','1 Years 11 Days',14,'white','Female','No','20230112110552-userpet_management.jpg','2023-01-12 11:05:52','2023-01-12 11:05:52',NULL),(104,178,11,'Tuby','2022-01-01','1 Years 11 Days',14,'white','Female','No','20230112110627-userpet_management.jpg','2023-01-12 11:06:27','2023-01-12 11:06:27',NULL),(105,178,1,'Sidy','2023-01-01','11 Days',19,'brown','Male','Yes',NULL,'2023-01-12 11:09:18','2023-01-12 11:09:18',NULL),(106,178,11,'Ur','2023-01-03','9 Days',3,'td','Female','No',NULL,'2023-01-12 11:28:22','2023-01-12 11:28:22',NULL),(107,179,1,'Spdy','2023-01-01','12 Days',16,'black','Female','Yes','20230113013503-userpet_management.jpg','2023-01-13 13:35:03','2023-01-13 13:35:03',NULL),(108,179,11,'Tuby','2023-01-03','10 Days',3,'brown','Male','No','20230113013618-userpet_management.jpg','2023-01-13 13:36:18','2023-01-13 13:36:18',NULL),(109,179,7,'Drago','2023-01-08','5 Days',17,'white','I Don\'t Know','I Don\'t Know','20230113013719-userpet_management.jpg','2023-01-13 13:37:19','2023-01-13 13:37:19',NULL),(110,179,1,'Test','2023-01-03','10 Days',16,'red','Female','No',NULL,'2023-01-13 13:50:54','2023-01-13 13:50:54',NULL),(111,180,1,'Birdy','2022-06-15','6 Months 28 Days',16,'white','Male','Yes',NULL,'2023-01-13 16:39:36','2023-01-13 16:39:36',NULL),(112,180,11,'Tuby','2022-01-16','1 Years',3,'black','Male','Yes',NULL,'2023-01-16 09:30:55','2023-01-16 09:30:55',NULL),(113,169,11,'Rosy','2023-01-04','12 Days',3,'grey','Female','Yes',NULL,'2023-01-16 13:19:34','2023-01-16 13:19:34',NULL),(114,169,12,'My Ele','2023-01-14','2 Days',23,'black','Male','I Don\'t Know',NULL,'2023-01-16 15:06:00','2023-01-16 15:06:00',NULL),(115,179,11,'Jango','2023-01-03','13 Days',2,'white','Male','I Don\'t Know',NULL,'2023-01-16 15:07:51','2023-01-16 15:07:51',NULL),(116,181,1,'Pet Name','2023-01-01','15 Days',22,'green','Male','Yes','20230116033309-userpet_management.jpg','2023-01-16 15:33:09','2023-01-16 15:33:09',NULL),(117,181,12,'Test Pet','2014-01-07','9 Years 9 Days',24,'black','Male','No','20230116034039-userpet_management.jpg','2023-01-16 15:40:39','2023-01-16 15:40:39',NULL),(118,179,1,'Yjwtwj','2023-01-03','13 Days',19,'wyk','Male','I Don\'t Know',NULL,'2023-01-16 15:47:01','2023-01-16 15:47:01',NULL),(119,179,7,'Agb','2023-01-16','0 Days',18,'grg','Male','Yes',NULL,'2023-01-16 15:48:49','2023-01-16 15:48:49',NULL),(120,179,1,'Test','2023-01-06','10 Days',16,'red','Male','Yes',NULL,'2023-01-16 16:48:23','2023-01-16 16:48:23',NULL),(121,179,1,'Testt','2023-01-05','11 Days',16,'yellow','Male','Yes',NULL,'2023-01-16 16:49:53','2023-01-16 16:49:53',NULL),(122,182,1,'Tsts','2023-01-04','12 Days',16,'tets','Male','Yes',NULL,'2023-01-16 16:55:31','2023-01-16 16:55:31',NULL),(123,183,1,'Tst','2019-01-31','3 Years 11 Months 16 Days',22,'ttty','Male','Yes',NULL,'2023-01-16 17:46:02','2023-01-16 17:46:02',NULL),(124,182,12,'Test Elephant','2017-01-19','5 Years 11 Months 29 Days',24,'bbbbb','Male','Yes',NULL,'2023-01-17 19:45:14','2023-01-17 19:45:14',NULL),(125,181,7,'Test Rabbit','2023-01-01','18 Days',17,'white','Female','I Don\'t Know','20230119015255-userpet_management.jpg','2023-01-19 13:52:55','2023-01-19 14:35:46','2023-01-19 14:35:46'),(126,181,7,'Test Rabbit','2023-01-01','18 Days',17,'white','Female','I Don\'t Know','20230119015311-userpet_management.jpg','2023-01-19 13:53:11','2023-01-19 13:53:11',NULL),(127,181,12,'Test','2022-12-01','1 Months 18 Days',24,'white','Female','No',NULL,'2023-01-19 13:53:40','2023-03-06 08:41:05','2023-03-06 08:41:05'),(128,181,12,'Aaaa','2023-01-19','0 Days',24,'ttttt','I Don\'t Know','I Don\'t Know',NULL,'2023-01-19 14:01:04','2023-01-19 14:36:00','2023-01-19 14:36:00'),(129,181,11,'Test Dog','2021-01-11','2 Years 8 Days',1,'black','Female','I Don\'t Know',NULL,'2023-01-19 14:13:29','2023-01-19 14:13:29',NULL),(130,181,11,'Test Dog Two','2022-12-28','22 Days',14,'pink','Male','I Don\'t Know',NULL,'2023-01-19 14:14:34','2023-02-03 09:59:45','2023-02-03 09:59:45'),(131,180,1,'Ann','2022-07-05','6 Months 15 Days',19,'red','Female','Yes',NULL,'2023-01-20 10:24:02','2023-01-20 10:24:02',NULL),(132,185,1,'Test Bird','2023-01-01','26 Days',19,'test','I Don\'t Know','I Don\'t Know',NULL,'2023-01-27 10:30:59','2023-01-27 10:30:59',NULL),(133,185,11,'Test Dog','2023-01-01','26 Days',1,'tesy','Female','No',NULL,'2023-01-27 10:31:33','2023-01-27 10:31:33',NULL),(134,185,12,'Test Elephant','2023-01-01','26 Days',24,'nnn','I Don\'t Know','I Don\'t Know',NULL,'2023-01-27 10:32:10','2023-01-27 10:32:10',NULL),(135,185,7,'Test Rabbit','2023-01-27','0 Days',17,'test','I Don\'t Know','I Don\'t Know',NULL,'2023-01-27 10:32:44','2023-01-27 10:32:44',NULL),(136,185,1,'Test Bird Two','2023-01-08','19 Days',22,'test','I Don\'t Know','No','20230127110146-userpet_management.jpg','2023-01-27 11:01:46','2023-01-27 11:01:46',NULL),(137,185,1,'Nznz','2023-01-27','0 Days',22,'jjjkk','I Don\'t Know','No',NULL,'2023-01-27 14:23:39','2023-01-27 14:23:39',NULL),(138,187,1,'Tets Bird','2023-02-02','0 Days',16,'test','Male','Yes',NULL,'2023-02-02 14:13:05','2023-02-02 14:13:05',NULL),(139,190,1,'Test Bird','2023-02-01','7 Days',22,'test color','Female','No','20230208125952-userpet_management.jpg','2023-02-08 12:59:52','2023-02-08 12:59:52',NULL),(140,190,11,'Test Dog','2023-01-01','1 Months 7 Days',1,'test color','Female','I Don\'t Know','20230208010657-userpet_management.jpg','2023-02-08 13:06:57','2023-02-08 13:07:31','2023-02-08 13:07:31'),(141,190,7,'Test Rabbit','2023-01-17','22 Days',18,'test color','Female','I Don\'t Know','20230208010830-userpet_management.jpg','2023-02-08 13:08:30','2023-02-08 13:08:30',NULL),(142,190,12,'Tets Elephant','2023-02-09','0 Days',24,'tetz','Female','I Don\'t Know',NULL,'2023-02-09 10:20:09','2023-02-09 10:20:09',NULL),(143,190,1,'Bird','2022-03-01','11 Months 16 Days',19,'black','Male','Yes',NULL,'2023-02-17 09:49:55','2023-02-17 09:49:55',NULL),(144,190,11,'Test Dog','2023-02-01','27 Days',2,'black','Female','No',NULL,'2023-02-28 09:01:04','2023-02-28 09:01:04',NULL),(145,191,1,'Test Bird','2020-02-19','3 Years 9 Days',22,'test','Female','I Don\'t Know',NULL,'2023-02-28 16:19:02','2023-02-28 16:19:02',NULL),(146,191,11,'Test Dog','2015-02-27','8 Years 1 Days',2,'test','Female','I Don\'t Know',NULL,'2023-02-28 16:25:07','2023-02-28 16:25:07',NULL),(147,192,1,'Test','2023-03-01','1 Days',19,'test','Female','No',NULL,'2023-02-28 22:31:09','2023-02-28 22:31:09',NULL),(148,192,11,'Tetz','2014-03-19','8 Years 11 Months 9 Days',3,'vhhj','Female','No',NULL,'2023-02-28 22:38:07','2023-02-28 22:38:07',NULL),(149,193,11,'Test Dig','2017-03-15','5 Years 11 Months 17 Days',3,'test','Female','No',NULL,'2023-03-01 08:45:43','2023-03-01 08:45:43',NULL),(150,193,1,'Test','2017-03-31','5 Years 11 Months 1 Days',22,'ted','Female','No',NULL,'2023-03-01 15:18:38','2023-03-01 15:18:38',NULL),(151,194,1,'Test Bird','2019-10-23','3 Years 4 Months 9 Days',22,'test','Female','No',NULL,'2023-03-01 15:29:39','2023-03-01 15:29:39',NULL),(152,194,11,'Test Dog','2021-01-12','2 Years 1 Months 20 Days',14,'test','Female','No',NULL,'2023-03-01 15:30:11','2023-03-01 15:30:11',NULL),(153,194,12,'Test','2020-08-26','2 Years 6 Months 6 Days',24,'test','Female','I Don\'t Know',NULL,'2023-03-01 15:30:38','2023-03-01 15:30:38',NULL),(154,191,11,'Test Dog Two','2020-07-22','2 Years 7 Months 10 Days',1,'teat','Female','No',NULL,'2023-03-01 18:47:59','2023-03-01 18:48:04','2023-03-01 18:48:04'),(155,195,1,'Test Bird','2023-03-01','0 Days',19,'red','Male','No',NULL,'2023-03-01 22:38:39','2023-03-01 22:38:39',NULL),(156,195,11,'Test Dog','2023-02-01','1 Months',2,'grey','Male','Yes',NULL,'2023-03-01 22:40:50','2023-03-01 22:40:50',NULL),(157,195,12,'Test Ele','2023-01-05','1 Months 27 Days',23,'black','Male','Yes',NULL,'2023-03-01 22:41:23','2023-03-01 22:41:23',NULL),(158,181,7,'Test Rabbit','2020-03-08','2 Years 11 Months 29 Days',18,'tets','Male','Yes',NULL,'2023-03-06 08:40:32','2023-03-06 08:40:54','2023-03-06 08:40:54'),(159,181,1,'Gcy','01-03-2023','16 Days',19,'red','Male','Yes',NULL,'2023-03-17 17:47:08','2023-03-17 17:47:08',NULL),(160,181,1,'Tets','08-03-2023','9 Days',19,'test','Male','Yes',NULL,'2023-03-17 18:44:03','2023-03-17 18:44:03',NULL),(161,181,1,'Tet','15-03-2023','2 Days',22,'tsts','Male','Yes',NULL,'2023-03-17 19:04:08','2023-03-17 19:04:08',NULL),(162,195,12,'Test','01-03-2023','17 Days',23,'tets','Male','Yes',NULL,'2023-03-18 14:00:25','2023-03-18 14:00:25',NULL),(163,201,1,'Test Bird','26-03-2020','2 Years 11 Months 27 Days',19,'test color','Female','No','20230322101050-userpet_management.jpg','2023-03-22 10:10:50','2023-03-22 10:10:50',NULL),(164,201,1,'Test Bird 2','27-03-2020','2 Years 11 Months 26 Days',22,'tetz color','Male','Yes','20230322101841-userpet_management.jpg','2023-03-22 10:18:41','2023-03-22 10:18:41',NULL),(165,202,1,'Pett','01-03-2023','21 Days',19,'blue','Male','Yes',NULL,'2023-03-22 10:19:34','2023-03-22 10:19:34',NULL),(166,203,1,'Test Bird 01','06-03-2023','18 Days',22,'test color','I Don\'t Know','I Don\'t Know',NULL,'2023-03-24 09:10:30','2023-03-24 09:10:30',NULL),(167,204,1,'My Pet','08-02-2023','1 Months 16 Days',19,'red','Male','Yes',NULL,'2023-03-24 09:24:37','2023-03-24 09:24:37',NULL),(168,205,1,'Pet','12-02-2023','1 Months 12 Days',19,'blue','Male','Yes',NULL,'2023-03-24 11:00:53','2023-03-24 11:00:53',NULL),(169,206,1,'Test Bird 01','01-03-2023','23 Days',19,'tets','I Don\'t Know','I Don\'t Know',NULL,'2023-03-24 11:06:34','2023-03-24 11:06:34',NULL);


