-- Table structure for table `branch_users`
--

CREATE TABLE `branch_users` (
  `id` bigint unsigned NOT NULL AUTO_INCREMENT,
  `branch_id` int NOT NULL,
  `user_id` int NOT NULL,
  `is_default_doctor` int DEFAULT '0' COMMENT '0 not 1 default dr',
  `created_at` timestamp NULL DEFAULT NULL,
  `updated_at` timestamp NULL DEFAULT NULL,
  PRIMARY KEY (`id`)
) ENGINE=InnoDB AUTO_INCREMENT=99 DEFAULT CHARSET=utf8mb4 COLLATE=utf8mb4_unicode_ci;

--
-- Dumping data for table `branch_users`
--

INSERT INTO `branch_users` VALUES (1,1,3,1,'2022-02-28 12:38:35','2022-02-28 12:38:35'),(2,1,2,2,'2022-02-28 12:38:35','2022-02-28 12:38:35'),(3,2,9,1,'2022-03-02 12:28:59','2022-03-02 12:28:59'),(4,2,8,2,'2022-03-02 12:28:59','2022-03-02 12:28:59'),(6,3,12,1,'2022-03-02 17:03:02','2022-03-02 17:03:02'),(7,3,10,2,'2022-03-02 17:03:02','2022-03-02 17:03:02'),(8,4,19,1,'2022-03-03 09:13:42','2022-03-03 09:13:42'),(9,4,18,2,'2022-03-03 09:13:42','2022-03-03 09:13:42'),(10,5,27,1,'2022-03-03 11:49:05','2022-03-03 11:49:05'),(11,5,25,2,'2022-03-03 11:49:05','2022-03-03 11:49:05'),(12,1,28,0,'2022-03-03 12:44:37','2022-03-03 12:44:37'),(13,6,31,1,'2022-03-03 14:38:36','2022-03-03 14:38:36'),(14,6,30,2,'2022-03-03 14:38:36','2022-03-03 14:38:36'),(15,7,32,1,'2022-03-03 17:45:28','2022-03-03 17:45:28'),(16,7,26,2,'2022-03-03 17:45:28','2022-03-03 17:45:28'),(17,8,34,1,'2022-03-04 09:45:24','2022-03-04 09:45:24'),(18,8,16,2,'2022-03-04 09:45:24','2022-03-04 09:45:24'),(19,9,50,1,'2022-04-01 10:49:54','2022-04-01 10:49:54'),(20,9,49,2,'2022-04-01 10:49:54','2022-04-01 10:49:54'),(21,10,56,1,'2022-04-04 10:28:39','2022-04-04 10:28:39'),(22,10,55,2,'2022-04-04 10:28:39','2022-04-04 10:28:39'),(23,11,59,1,'2022-04-06 10:22:28','2022-04-06 10:22:28'),(24,11,55,2,'2022-04-06 10:22:28','2022-04-06 10:22:28'),(25,12,64,1,'2022-04-06 16:36:18','2022-04-06 16:36:18'),(26,12,63,2,'2022-04-06 16:36:18','2022-04-06 16:36:18'),(27,13,66,1,'2022-04-07 10:25:54','2022-04-07 10:25:54'),(28,13,63,2,'2022-04-07 10:25:54','2022-04-07 10:25:54'),(29,14,68,1,'2022-04-07 10:53:08','2022-04-07 10:53:08'),(30,14,62,2,'2022-04-07 10:53:08','2022-04-07 10:53:08'),(31,11,72,0,'2022-04-07 13:22:45','2022-04-07 13:22:45'),(32,15,73,1,'2022-04-07 13:23:34','2022-04-07 13:23:34'),(33,15,10,2,'2022-04-07 13:23:34','2022-04-07 13:23:34'),(34,16,74,1,'2022-04-08 04:33:10','2022-04-08 04:33:10'),(35,16,70,2,'2022-04-08 04:33:10','2022-04-08 04:33:10'),(36,4,77,0,'2022-04-08 08:16:28','2022-04-08 08:16:28'),(37,16,78,0,'2022-04-08 09:06:25','2022-04-08 09:06:25'),(38,17,79,1,'2022-04-08 10:03:59','2022-04-08 10:03:59'),(39,17,55,2,'2022-04-08 10:03:59','2022-04-08 10:03:59'),(40,19,81,1,'2022-04-08 10:09:37','2022-04-08 10:09:37'),(41,19,30,2,'2022-04-08 10:09:37','2022-04-08 10:09:37'),(42,20,82,1,'2022-04-08 10:56:55','2022-04-08 10:56:55'),(43,20,30,2,'2022-04-08 10:56:55','2022-04-08 10:56:55'),(44,21,83,1,'2022-04-08 11:04:39','2022-04-08 11:04:39'),(45,21,55,2,'2022-04-08 11:04:39','2022-04-08 11:04:39'),(46,22,84,1,'2022-04-08 11:35:01','2022-04-08 11:35:01'),(47,22,30,2,'2022-04-08 11:35:01','2022-04-08 11:35:01'),(48,23,88,1,'2022-04-12 04:46:11','2022-04-12 04:46:11'),(49,23,23,2,'2022-04-12 04:46:11','2022-04-12 04:46:11'),(50,23,89,0,'2022-04-12 07:14:45','2022-04-12 07:14:45'),(51,24,91,1,'2022-04-12 12:36:37','2022-04-12 12:36:37'),(52,24,55,2,'2022-04-12 12:36:37','2022-04-12 12:36:37'),(53,24,92,0,'2022-04-12 12:37:44','2022-04-12 12:37:44'),(54,25,93,1,'2022-04-13 09:56:17','2022-04-13 09:56:17'),(55,25,62,2,'2022-04-13 09:56:17','2022-04-13 09:56:17'),(56,25,94,0,'2022-04-13 10:00:14','2022-04-13 10:00:14'),(57,24,95,0,'2022-04-13 12:04:59','2022-04-13 12:04:59'),(58,28,99,1,'2022-04-18 10:17:10','2022-04-18 10:17:10'),(59,28,70,2,'2022-04-18 10:17:10','2022-04-18 10:17:10'),(60,29,101,1,'2022-04-18 10:30:28','2022-04-18 10:30:28'),(61,29,70,2,'2022-04-18 10:30:28','2022-04-18 10:30:28'),(62,30,102,1,'2022-04-18 10:37:39','2022-04-18 10:37:39'),(63,30,71,2,'2022-04-18 10:37:39','2022-04-18 10:37:39'),(64,31,104,1,'2022-04-19 04:42:28','2022-04-19 04:42:28'),(65,31,70,2,'2022-04-19 04:42:28','2022-04-19 04:42:28'),(66,32,105,1,'2022-04-19 06:48:16','2022-04-19 06:48:16'),(67,32,70,2,'2022-04-19 06:48:16','2022-04-19 06:48:16'),(68,33,106,1,'2022-04-19 06:49:26','2022-04-19 06:49:26'),(69,33,87,2,'2022-04-19 06:49:26','2022-04-19 06:49:26'),(70,21,107,0,'2022-04-20 06:26:19','2022-04-20 06:26:19'),(71,31,109,0,'2022-04-20 09:50:07','2022-04-20 09:50:07'),(72,34,110,1,'2022-04-20 09:51:07','2022-04-20 09:51:07'),(73,34,49,2,'2022-04-20 09:51:07','2022-04-20 09:51:07'),(74,31,111,0,'2022-04-20 09:52:22','2022-04-20 09:52:22'),(75,35,112,1,'2022-04-20 10:31:04','2022-04-20 10:31:04'),(76,35,55,2,'2022-04-20 10:31:04','2022-04-20 10:31:04'),(77,30,114,0,'2022-04-20 13:22:39','2022-04-20 13:22:39'),(78,36,117,1,'2022-04-21 08:52:51','2022-04-21 08:52:51'),(79,36,55,2,'2022-04-21 08:52:51','2022-04-21 08:52:51'),(80,24,119,0,'2022-04-21 09:48:45','2022-04-21 09:48:45'),(82,36,123,0,'2022-04-22 05:22:54','2022-04-22 05:22:54'),(83,37,124,1,'2022-04-22 05:26:55','2022-04-22 05:26:55'),(84,37,30,2,'2022-04-22 05:26:55','2022-04-22 05:26:55'),(86,38,126,1,'2022-04-25 04:43:29','2022-04-25 04:43:29'),(87,38,25,2,'2022-04-25 04:43:29','2022-04-25 04:43:29'),(88,13,127,0,'2022-04-25 05:18:56','2022-04-25 05:18:56'),(89,39,128,1,'2022-04-25 08:33:35','2022-04-25 08:33:35'),(90,39,49,2,'2022-04-25 08:33:35','2022-04-25 08:33:35'),(91,40,130,1,'2022-04-25 09:29:26','2022-04-25 09:29:26'),(92,40,129,2,'2022-04-25 09:29:27','2022-04-25 09:29:27'),(93,41,133,1,'2022-06-16 14:45:22','2022-06-16 14:45:22'),(94,41,16,2,'2022-06-16 14:45:22','2022-06-16 14:45:22'),(95,42,136,1,'2022-09-29 13:47:53','2022-09-29 13:47:53'),(96,42,16,2,'2022-09-29 13:47:53','2022-09-29 13:47:53'),(97,43,137,1,'2022-09-29 14:35:58','2022-09-29 14:35:58'),(98,43,71,2,'2022-09-29 14:35:58','2022-09-29 14:35:58');

--
-- Table structure for table `branches`
--

CREATE TABLE `branches` (
  `id` bigint unsigned NOT NULL AUTO_INCREMENT,
  `title` longtext COLLATE utf8mb4_unicode_ci NOT NULL,
  `description` text COLLATE utf8mb4_unicode_ci NOT NULL,
  `our_services` text COLLATE utf8mb4_unicode_ci,
  `address` text COLLATE utf8mb4_unicode_ci NOT NULL,
  `branch_email` varchar(255) COLLATE utf8mb4_unicode_ci DEFAULT NULL,
  `points_against` int NOT NULL,
  `branch_phone_number` varchar(255) COLLATE utf8mb4_unicode_ci DEFAULT NULL,
  `branch_whatsapp_number` varchar(255) COLLATE utf8mb4_unicode_ci DEFAULT NULL,
  `image` longtext COLLATE utf8mb4_unicode_ci,
  `created_by` int NOT NULL,
  `status` tinyint(1) NOT NULL DEFAULT '1' COMMENT '1 = active, 0 = Inactive',
  `facebook` varchar(255) COLLATE utf8mb4_unicode_ci DEFAULT NULL,
  `instagram` varchar(255) COLLATE utf8mb4_unicode_ci DEFAULT NULL,
  `latitude` double DEFAULT NULL,
  `longitude` double DEFAULT NULL,
  `emirate_id` int DEFAULT NULL,
  `deleted_at` timestamp NULL DEFAULT NULL,
  `created_at` timestamp NULL DEFAULT NULL,
  `updated_at` timestamp NULL DEFAULT NULL,
  PRIMARY KEY (`id`)
) ENGINE=InnoDB AUTO_INCREMENT=44 DEFAULT CHARSET=utf8mb4 COLLATE=utf8mb4_unicode_ci;

--
-- Dumping data for table `branches`
--

INSERT INTO `branches` VALUES (1,'SB PET SHOP','SB Pet shop description',NULL,'SB PETS \r\nPO BOX 123\r\nDUBAI','sbpets@mailinator.com',5,'9995745588','9995745588','20220228123835-branches.jpg',1,1,'https://www.facebook.com/zuck','https://www.instagram.com/manju.warrier/?hl=en',25.2697,55.3094,2,NULL,'2022-02-28 12:38:35','2022-02-28 12:40:31'),(2,'Care Center','Training, Veterinarian assistance, Cleaning',NULL,'RK Junction\r\nharipad\r\nopposite of SBI bank','carecenter@gmail.com',5,'0000000000','0000000000','20220302122859-branches.png',1,1,NULL,NULL,24.48083677757505,54.35951708538367,1,NULL,'2022-03-02 12:28:59','2022-03-02 12:28:59'),(3,'Animal world','take care of pets',NULL,'Dubai','animal@gmail.com',5,'8907886699','8756789900',NULL,1,1,NULL,NULL,25.348006139644443,55.422781875427454,3,NULL,'2022-03-02 17:03:02','2022-03-02 17:03:02'),(4,'A & A World','Provides best care,training,Vaccines for pets',NULL,'Alappuzha','aa123@gmail.com',5,'8890889088','8890889088','20220303091342-branches.jpg',1,1,NULL,NULL,24.454181579618254,54.380693435668945,1,NULL,'2022-03-03 09:13:42','2022-03-03 09:13:42'),(5,'PC clinic','Good care',NULL,'Ernakulam','pcclinic@gmail.com',5,'88990099000','88990099000','20220303114905-branches.jpg',1,1,NULL,NULL,24.453100333648074,54.72495040466896,1,NULL,'2022-03-03 11:49:05','2022-03-03 11:49:05'),(6,'Animal plannet','Cleaning,Vaccine',NULL,'TVM','harithas3010@gmail.com',5,'7867867867','88990099000','20220303023836-branches.png',1,1,NULL,NULL,25.58765913679509,55.6593132019043,5,NULL,'2022-03-03 14:38:36','2022-03-03 14:38:36'),(7,'Pet Home Center','Vaccine,Pet bathing,cleaning',NULL,'Thrissur','harithahari623855@gmail.com',5,'8907886611',NULL,'20220303054527-branches.jpg',1,1,NULL,NULL,25.348234542535035,55.418759049139844,3,NULL,'2022-03-03 17:45:27','2022-03-03 17:45:27'),(8,'PET World','Cat World','cat jump','Cat World','petworld@gmail.com',5,'9996663330','99988886666','20220304094524-branches.png',1,1,'https://www.facebook.com/','https://www.instagram.com/',24.438710700068516,54.750881219921915,1,NULL,'2022-03-04 09:45:24','2023-01-11 10:01:30'),(9,'Amaal\'s Pet World','Amaal\'s Pet World description',NULL,'Amaal Pets\r\nPost Box No:876857\r\nUAE','amaalpets@mailinator.com',5,'9995745599','9995745599','20220401105041-branches.jpg',1,1,'https://www.facebook.com/zuck','https://www.instagram.com/manju.warrier/?hl=en',25.2697,55.3094,2,NULL,'2022-04-01 10:49:53','2022-04-01 10:50:41'),(10,'TX Pet Home','Home for pets',NULL,'test','pet@gmail.com',5,'9898989898','9898989898',NULL,1,0,NULL,NULL,25.2697,55.3094,2,NULL,'2022-04-04 10:28:39','2022-04-25 04:20:37'),(11,'Pet Home','home',NULL,'test','home@gmail.com',5,'9897675434','9897675434',NULL,1,0,NULL,NULL,24.4781,54.3686,1,NULL,'2022-04-06 10:22:28','2022-04-25 04:20:27'),(12,'Home Center','Home for pet',NULL,'test','home1@gmail.com',5,'9897876765','9897876765',NULL,1,1,NULL,NULL,25.2697,55.3094,2,NULL,'2022-04-06 16:36:18','2022-04-06 16:36:18'),(13,'A to z','test',NULL,'tgfdg','abc@gmail.com',5,'8976789056','8976789056',NULL,1,1,NULL,NULL,25.2697,55.3094,2,NULL,'2022-04-07 10:25:54','2022-04-07 10:25:54'),(14,'open clinic','ghjghj',NULL,'fdvcx','clinic@gmail.com',5,'8967564534','8967564534',NULL,1,0,NULL,NULL,24.4781,54.3686,1,NULL,'2022-04-07 10:53:08','2022-10-06 09:48:47'),(15,'jaison','test',NULL,'fdgfdg','test@gmail.com',5,'989876532','989876532',NULL,1,0,NULL,NULL,25.2697,55.3094,2,NULL,'2022-04-07 13:23:34','2022-10-06 09:48:54'),(16,'Top Clinic','top',NULL,'test','top@gmail.com',5,'9898978767','9898978767',NULL,1,1,NULL,NULL,24.4781,54.3686,1,NULL,'2022-04-08 04:33:10','2022-04-08 04:33:10'),(17,'tiptop','test',NULL,'tt','test1@gmail.com',5,'9898767654','9898767654',NULL,1,0,NULL,NULL,25.2697,55.3094,2,NULL,'2022-04-08 10:03:59','2022-04-25 04:21:05'),(18,'valsa','tt',NULL,'test','tt@gmail.com',5,'6756453423','6756453423',NULL,1,0,NULL,NULL,25.2697,55.3094,2,NULL,'2022-04-08 10:09:09','2022-04-08 10:09:53'),(19,'valsa1','tt',NULL,'test','tt1@gmail.com',5,'6756453425','6756453423',NULL,1,1,NULL,NULL,25.4052,55.5136,2,NULL,'2022-04-08 10:09:36','2022-04-08 10:09:36'),(20,'new clinic','test',NULL,'test','test12@gmail.com',5,'8976453456','8976453456',NULL,1,1,NULL,NULL,24.4781,54.3686,1,NULL,'2022-04-08 10:56:55','2022-04-08 10:56:55'),(21,'new home','home',NULL,'test','home8@gmail.com',5,'9876543456','9876543456',NULL,1,0,NULL,NULL,25.2697,55.3094,2,NULL,'2022-04-08 11:04:39','2022-04-25 04:20:03'),(22,'hotel service','test',NULL,'test','test8@gmail.com',5,'7896545678','7896545678',NULL,1,1,NULL,NULL,25.2697,55.3094,2,NULL,'2022-04-08 11:35:01','2022-04-08 11:35:01'),(23,'Tulip','clinic',NULL,'tt','tulip@gmail.com',5,'9897876565','9897876565','20220414030223-branches.jpg',1,1,NULL,NULL,25.2697,55.3094,2,NULL,'2022-04-12 04:46:11','2022-04-14 11:02:23'),(24,'happy','treat pets',NULL,'test','happy@gmail.com',5,'9876565656','9876565656','20220414030244-branches.jpg',1,0,NULL,NULL,25.2697,55.3094,2,NULL,'2022-04-12 12:36:37','2022-04-25 04:20:15'),(25,'new  Tour','tt',NULL,'tt','newtour@gmail.com',5,'9878675646','9878675645',NULL,1,1,NULL,NULL,25.2697,55.3094,2,NULL,'2022-04-13 09:56:17','2022-04-13 11:31:40'),(26,'new tour','tt',NULL,'ttdfgdfg','new@gmail.com',5,'9878765467',NULL,NULL,1,1,NULL,NULL,24.4781,54.3686,1,NULL,'2022-04-13 13:50:56','2022-04-13 13:50:56'),(27,'newtour','ttf',NULL,'XzXZx','new1@gmail.com',5,'675767657657','675767657657',NULL,1,1,NULL,NULL,24.4781,54.3686,1,NULL,'2022-04-13 13:53:52','2022-04-13 13:53:52'),(28,'health world','tt',NULL,'tt','heathyworld@gmail.com',5,'9895435667','9895435667',NULL,1,1,NULL,NULL,24.4781,54.3686,1,NULL,'2022-04-18 10:17:10','2022-04-18 10:17:10'),(29,'health insurance','tt',NULL,'tt','healthinsurance@gmail.com',5,'9895435668','9895435667',NULL,1,1,NULL,NULL,25.2697,55.3094,2,NULL,'2022-04-18 10:30:28','2022-04-18 10:30:28'),(30,'friend','Talking about how someone looks is complicated for a couple of reasons. First of all, describing someone’s appearance can seem a little rude, even if you’re trying to say something nice. People don’t like to feel objectified (made to feel like an object instead of a person), so it’s important to always keep physical descriptions very positive.',NULL,'tt','heathyworld1@gmail.com',5,'9897675654','9897675654',NULL,1,1,NULL,NULL,24.4781,54.3686,1,NULL,'2022-04-18 10:37:38','2022-04-18 10:37:38'),(31,'Pet health','Talking about how someone looks is complicated for a couple of reasons. First of all, describing someone’s appearance can seem a little rude, even if you’re trying to say something nice. People don’t like to feel objectified (made to feel like an object instead of a person), so it’s important to always keep physical descriptions very positive.',NULL,'ttt','pethealth@gmail.com',5,'9895435669','9895435668',NULL,1,1,NULL,NULL,24.4781,54.3686,1,NULL,'2022-04-19 04:42:28','2022-04-19 04:42:28'),(32,'nunclinic','test',NULL,'test','nunclinic@gmail.com',5,'9898676565','9898676565',NULL,1,0,NULL,NULL,24.4781,54.3686,1,NULL,'2022-04-19 06:48:16','2022-04-19 06:48:34'),(33,'super clinic','test',NULL,'test','nun@gmail.com',5,'8767564567','8767564567',NULL,1,1,NULL,NULL,25.7915,55.9428,6,NULL,'2022-04-19 06:49:26','2022-04-19 06:49:26'),(34,'whole world','tt',NULL,'tt','wholeworld@gmail.com',5,'9897878678','9897878678',NULL,1,1,NULL,NULL,24.4781,54.3686,1,NULL,'2022-04-20 09:51:07','2022-10-06 09:49:50'),(35,'top hill','A tree is a tall plant with a trunk and branches made of wood. Trees can live for many years. The oldest tree ever discovered is approximately 5,000 years old and the oldest tree from the UK is about 1,000. The four main parts of a tree are the roots, the trunk, the branches, and the leaves.',NULL,'tt','tophill@gmail.com',5,'9898676567','9898676565',NULL,1,0,NULL,NULL,24.4781,54.3686,1,NULL,'2022-04-20 10:31:04','2022-04-25 04:19:53'),(36,'lucahome','tt',NULL,'tt','lucahome@gmail.com',5,'8767564568','8767564568','20220422014014-branches.jpg',1,0,NULL,NULL,24.4781,54.3686,1,NULL,'2022-04-21 08:52:51','2022-04-25 04:19:30'),(37,'victory','tt',NULL,'tt','victory@gmail.com',5,'98786756','98786756','20220422013953-branches.jpg',1,0,NULL,NULL,24.4781,54.3686,1,NULL,'2022-04-22 05:26:55','2022-10-06 09:48:31'),(38,'Nice home','tt',NULL,'yy','nicehome@gmail.com',5,'9897890876','9897890876',NULL,1,1,NULL,NULL,24.4781,54.3686,1,NULL,'2022-04-25 04:43:29','2022-10-06 09:49:45'),(39,'yom','tt',NULL,'tt','yom@gmail.com',5,'9898787675','9898787675',NULL,1,1,NULL,NULL,24.4781,54.3686,1,NULL,'2022-04-25 08:33:35','2022-10-06 09:49:46'),(40,'looks clinic','tt',NULL,'tt','lookclinic@gmail.com',5,'9897878765','9897878765',NULL,1,0,NULL,NULL,24.4781,54.3686,1,NULL,'2022-04-25 09:29:26','2022-10-06 09:48:39'),(41,'petking','petking',NULL,'test','petking@gmail.com',5,'9988774455','9966554477','20220616024522-branches.jpg',1,0,'https://www.facebook.com/','https://www.instagram.com/',25.2697,55.3094,2,NULL,'2022-06-16 14:45:22','2022-10-06 09:48:36'),(42,'test1','testq',NULL,'test','test@seeroo.com',5,'2452252236','541256325',NULL,1,0,NULL,NULL,24.4781,54.3686,1,NULL,'2022-09-29 13:47:52','2023-01-11 10:01:26'),(43,'Test Clinic','Lorem ipsum dolor sit amet, consectetur adipiscing elit. Nulla vel velit tellus. Integer at volutpat erat, nec feugiat nulla. Curabitur ac augue elit. Aliquam a quam a arcu tincidunt faucibus et vulputate risus. Phasellus at malesuada mauris. Proin mauris arcu, tincidunt at euismod a, bibendum a odio. Integer leo lectus, facilisis eu nunc ut, finibus volutpat nulla','Grooming,Washing,cleaning,caring,sitting,jumping,check up,','Lorem ipsum dolor sit amet, consectetur adipiscing elit','vish@gmail.com',5,'964508052','9645805562','20220929024934-branches.jpg',1,1,NULL,NULL,24.4781,54.3686,1,NULL,'2022-09-29 14:35:58','2022-12-15 16:47:25');

--
-- Table structure for table `breeds`
--

CREATE TABLE `breeds` (
  `id` bigint unsigned NOT NULL AUTO_INCREMENT,
  `pet_id` bigint unsigned NOT NULL,
  `breed_name` varchar(191) COLLATE utf8mb4_unicode_ci NOT NULL,
  `image` longtext COLLATE utf8mb4_unicode_ci,
  `status` tinyint NOT NULL DEFAULT '1' COMMENT '1=active ,0=inactive',
  `created_at` timestamp NULL DEFAULT NULL,
  `updated_at` timestamp NULL DEFAULT NULL,
  `deleted_at` timestamp NULL DEFAULT NULL,
  PRIMARY KEY (`id`),
  KEY `breeds_pet_id_foreign` (`pet_id`),
  CONSTRAINT `breeds_pet_id_foreign` FOREIGN KEY (`pet_id`) REFERENCES `pet_type_management` (`id`) ON DELETE CASCADE ON UPDATE CASCADE
) ENGINE=InnoDB AUTO_INCREMENT=26 DEFAULT CHARSET=utf8mb4 COLLATE=utf8mb4_unicode_ci;

--
-- Dumping data for table `breeds`
--

INSERT INTO `breeds` VALUES (1,11,'Pug','20211020114401-breeds.jpg',1,'2021-10-20 11:44:01','2021-12-09 12:40:01',NULL),(2,11,'German Shepherd','20211020114426-breeds.jpg',1,'2021-10-20 11:44:26','2021-12-09 12:40:08',NULL),(3,11,'Doberman','20211020114449-breeds.jpg',1,'2021-10-20 11:44:49','2021-12-09 12:40:17',NULL),(4,2,'Persian cat','20211020114525-breeds.jpg',1,'2021-10-20 11:45:25','2021-12-03 07:20:54',NULL),(5,3,'Rose-ringed Parakeet','20211029071441-breeds.jpg',1,'2021-10-29 07:14:41','2021-12-06 16:58:04','2021-12-06 16:58:04'),(6,8,'Guppy','20211123020116-breeds.jpg',1,'2021-11-23 14:01:16','2021-11-23 14:01:38','2021-11-23 14:01:38'),(7,8,'Guppy','20211123020200-breeds.jpg',1,'2021-11-23 14:02:00','2021-12-03 07:22:19','2021-12-03 07:22:19'),(8,8,'Golden Fish','20211123020326-breeds.jpg',1,'2021-11-23 14:03:26','2021-12-03 07:22:19','2021-12-03 07:22:19'),(9,9,'A11','20211130081310-breeds.jpeg',1,'2021-11-30 08:13:10','2021-12-03 07:20:37','2021-12-03 07:20:37'),(10,9,'B12','20211130081334-breeds.jpeg',1,'2021-11-30 08:13:34','2021-12-03 07:20:34','2021-12-03 07:20:34'),(11,9,'c 00','20211130081439-breeds.jpeg',1,'2021-11-30 08:14:39','2021-12-03 07:20:29','2021-12-03 07:20:29'),(12,10,'XY DOG','20211130100615-breeds.jpg',1,'2021-11-30 10:06:15','2021-12-03 07:20:25','2021-12-03 07:20:25'),(13,2,'Siamese cat','20211209124117-breeds.jpg',1,'2021-12-03 11:00:06','2021-12-09 12:41:17',NULL),(14,11,'Labrador','20211209123923-breeds.jpg',1,'2021-12-03 11:00:41','2021-12-09 12:39:23',NULL),(15,1,'African Grey Parrot','20211209124404-breeds.jpg',0,'2021-12-07 08:35:35','2022-02-16 09:32:01',NULL),(16,1,'Ice Pigeon','20211209124232-breeds.jpg',1,'2021-12-07 08:35:55','2021-12-09 12:42:32',NULL),(17,7,'Angora Rabbit','20211207072145-breeds.jpg',1,'2021-12-07 19:21:45','2021-12-07 19:21:45',NULL),(18,7,'Lop','20211207072159-breeds.jpg',1,'2021-12-07 19:21:59','2021-12-08 09:54:54',NULL),(19,1,'Fantail Pigeon','20220209101332-breeds.jfif',1,'2022-02-09 10:13:32','2022-02-09 10:13:32',NULL),(20,2,'British','20220302015048-breeds.jpg',1,'2022-03-02 13:50:48','2022-03-02 13:50:48',NULL),(21,2,'Ragdoll','20220303090905-breeds.jpg',1,'2022-03-03 09:09:05','2022-03-03 09:09:05',NULL),(22,1,'Ring necked Parrot','20220303014721-breeds.jpg',1,'2022-03-03 13:47:21','2022-03-03 13:47:21',NULL),(23,12,'African Elephant','20220304095751-breeds.png',1,'2022-03-04 09:57:51','2022-03-04 09:58:25',NULL),(24,12,'Asian Elephant','20220304100032-breeds.jpg',1,'2022-03-04 10:00:32','2022-03-04 10:00:32',NULL),(25,13,'python',NULL,1,'2022-04-25 09:16:19','2022-04-25 09:16:19',NULL);

--
-- Table structure for table `doctor_availble_time_slots`
--

CREATE TABLE `doctor_availble_time_slots` (
  `id` bigint unsigned NOT NULL AUTO_INCREMENT,
  `doctor_id` bigint unsigned NOT NULL,
  `morning_from` varchar(191) COLLATE utf8mb4_unicode_ci DEFAULT NULL,
  `morning_to` varchar(191) COLLATE utf8mb4_unicode_ci DEFAULT NULL,
  `afternoon_from` varchar(191) COLLATE utf8mb4_unicode_ci DEFAULT NULL,
  `afternoon_to` varchar(191) COLLATE utf8mb4_unicode_ci DEFAULT NULL,
  `evening_from` varchar(191) COLLATE utf8mb4_unicode_ci DEFAULT NULL,
  `evening_to` varchar(191) COLLATE utf8mb4_unicode_ci DEFAULT NULL,
  `time_slot_duration` text COLLATE utf8mb4_unicode_ci,
  `status` varchar(191) COLLATE utf8mb4_unicode_ci NOT NULL DEFAULT '1' COMMENT '1 = Active, 2 = Inactive',
  `deleted_at` timestamp NULL DEFAULT NULL,
  `created_at` timestamp NULL DEFAULT NULL,
  `updated_at` timestamp NULL DEFAULT NULL,
  PRIMARY KEY (`id`),
  KEY `doctor_availble_time_slots_doctor_id_foreign` (`doctor_id`),
  CONSTRAINT `doctor_availble_time_slots_doctor_id_foreign` FOREIGN KEY (`doctor_id`) REFERENCES `users` (`id`) ON DELETE CASCADE
) ENGINE=InnoDB AUTO_INCREMENT=59 DEFAULT CHARSET=utf8mb4 COLLATE=utf8mb4_unicode_ci;

--
-- Dumping data for table `doctor_availble_time_slots`
--

INSERT INTO `doctor_availble_time_slots` VALUES (1,3,'10:00','13:30','14:00','19:00','19:30','21:30','30 Min','1',NULL,'2022-02-28 12:38:35','2022-02-28 12:38:35'),(2,9,'10:00','13:30','14:00','19:00','19:30','21:30','30 Min','1',NULL,'2022-03-02 12:28:59','2022-03-02 12:28:59'),(3,11,'10:00','12:00','14:00','16:00','18:00','19:00','60 Min','1',NULL,'2022-03-02 16:59:16','2022-03-02 16:59:16'),(4,12,'10:00','13:30','14:00','19:00','19:30','21:30','30 Min','1',NULL,'2022-03-02 17:03:02','2022-03-02 17:03:02'),(5,19,'10:00','13:30','14:00','19:00','19:30','21:30','30 Min','1',NULL,'2022-03-03 09:13:42','2022-03-03 09:13:42'),(6,27,'10:00','13:30','14:00','19:00','19:30','21:30','30 Min','1',NULL,'2022-03-03 11:49:05','2022-03-03 12:19:34'),(7,28,'06:00','12:00','14:00','16:00','18:00','20:00','30 Min','1',NULL,'2022-03-03 12:44:37','2022-03-04 08:22:21'),(8,31,'10:00','13:30','14:00','19:00','19:30','21:30','30 Min','1',NULL,'2022-03-03 14:38:36','2022-03-03 14:38:36'),(9,32,'10:00','13:30','14:00','19:00','19:30','21:30','30 Min','1',NULL,'2022-03-03 17:45:28','2022-03-03 17:45:28'),(10,34,'10:00','13:30','14:00','19:00','19:30','21:30','30 Min','1',NULL,'2022-03-04 09:45:24','2022-03-04 09:45:24'),(11,50,'10:00','13:30','14:00','19:00','19:30','21:30','30 Min','1',NULL,'2022-04-01 10:49:54','2022-04-01 10:49:54'),(12,56,'10:00','13:30','14:00','19:00','19:30','21:30','30 Min','1',NULL,'2022-04-04 10:28:39','2022-04-04 10:28:39'),(13,59,'10:00','13:30','14:00','19:00','19:30','21:30','30 Min','1',NULL,'2022-04-06 10:22:28','2022-04-06 10:22:28'),(14,64,'10:00','13:30','14:00','19:00','19:30','21:30','30 Min','1',NULL,'2022-04-06 16:36:18','2022-04-06 16:36:18'),(15,66,'10:00','13:30','14:00','19:00','19:30','21:30','30 Min','1',NULL,'2022-04-07 10:25:54','2022-04-07 10:25:54'),(16,68,'10:00','13:30','14:00','19:00','19:30','21:30','30 Min','1',NULL,'2022-04-07 10:53:08','2022-04-07 10:53:08'),(17,72,'06:49','12:49','14:49','16:49','18:49','22:49','30 Min','1',NULL,'2022-04-07 13:22:45','2022-04-07 13:22:45'),(18,73,'10:00','13:30','14:00','19:00','19:30','21:30','30 Min','1',NULL,'2022-04-07 13:23:34','2022-04-07 13:23:34'),(19,74,'10:00','13:30','14:00','19:00','19:30','21:30','30 Min','1',NULL,'2022-04-08 04:33:10','2022-04-08 04:33:10'),(20,77,'08:42','09:42','14:31','16:31',NULL,NULL,'10 Min','1',NULL,'2022-04-08 08:16:28','2022-11-14 10:12:09'),(21,78,'10:21','12:21',NULL,NULL,NULL,NULL,'10 Min','1',NULL,'2022-04-08 09:06:25','2022-04-08 09:06:25'),(22,79,'10:00','13:30','14:00','19:00','19:30','21:30','30 Min','1',NULL,'2022-04-08 10:03:59','2022-04-08 10:03:59'),(23,81,'10:00','13:30','14:00','19:00','19:30','21:30','30 Min','1',NULL,'2022-04-08 10:09:37','2022-04-08 10:09:37'),(24,82,'10:00','13:30','14:00','19:00','19:30','21:30','30 Min','1',NULL,'2022-04-08 10:56:55','2022-04-08 10:56:55'),(25,83,'10:00','13:30','14:00','19:00','19:30','21:30','30 Min','1',NULL,'2022-04-08 11:04:39','2022-04-08 11:04:39'),(26,84,'10:00','13:30','14:00','19:00','19:30','21:30','30 Min','1',NULL,'2022-04-08 11:35:01','2022-04-08 11:35:01'),(27,88,'10:00','13:30','14:00','19:00','19:30','21:30','30 Min','1',NULL,'2022-04-12 04:46:11','2022-04-12 04:46:11'),(28,89,'08:42','09:42',NULL,NULL,NULL,NULL,'15 Min','1',NULL,'2022-04-12 07:14:45','2022-04-12 07:14:45'),(29,91,'10:00','13:30','14:00','19:00','19:30','21:30','30 Min','1',NULL,'2022-04-12 12:36:37','2022-04-13 09:51:38'),(30,92,'08:05','12:05',NULL,NULL,NULL,NULL,'10 Min','1',NULL,'2022-04-12 12:37:44','2022-04-12 12:37:44'),(31,93,'10:00','13:30','14:00','19:00','19:30','21:30','30 Min','1',NULL,'2022-04-13 09:56:17','2022-04-13 09:56:17'),(32,94,'08:32','09:32',NULL,NULL,NULL,NULL,'10 Min','1',NULL,'2022-04-13 10:00:14','2022-04-13 10:00:14'),(33,95,'09:25','12:25',NULL,NULL,NULL,NULL,'10 Min','1',NULL,'2022-04-13 12:04:59','2022-04-13 12:04:59'),(34,99,'10:00','13:30','14:00','19:00','19:30','21:30','30 Min','1',NULL,'2022-04-18 10:17:10','2022-04-18 10:17:10'),(35,101,'10:00','13:30','14:00','19:00','19:30','21:30','30 Min','1',NULL,'2022-04-18 10:30:28','2022-04-18 10:30:28'),(36,102,'10:00','13:30','14:00','19:00','19:30','21:30','30 Min','1',NULL,'2022-04-18 10:37:39','2022-04-18 10:37:39'),(37,104,'10:00','13:30','14:00','19:00','19:30','21:30','30 Min','1',NULL,'2022-04-19 04:42:28','2022-04-19 04:42:28'),(38,105,'10:00','13:30','14:00','19:00','19:30','21:30','30 Min','1',NULL,'2022-04-19 06:48:16','2022-04-19 06:48:16'),(39,106,'10:00','13:30','14:00','19:00','19:30','21:30','30 Min','1',NULL,'2022-04-19 06:49:26','2022-04-19 06:49:26'),(40,107,'06:49','12:49','14:49','16:49','18:49','23:49','10 Min','1',NULL,'2022-04-20 06:26:19','2022-04-20 06:26:46'),(41,109,'08:14','12:14','14:14','16:14','18:14','22:14','10 Min','1',NULL,'2022-04-20 09:50:07','2022-04-20 09:50:07'),(42,110,'10:00','13:30','14:00','19:00','19:30','21:30','30 Min','1',NULL,'2022-04-20 09:51:07','2022-04-20 09:51:07'),(43,111,'06:17','08:17','14:17','16:17','18:17','23:17','10 Min','1',NULL,'2022-04-20 09:52:22','2022-04-20 09:52:22'),(44,112,'10:00','13:30','14:00','19:00','19:30','21:30','30 Min','1',NULL,'2022-04-20 10:31:04','2022-04-20 10:31:04'),(45,114,'06:47','09:47','14:47','16:47','18:47','22:47','10 Min','1',NULL,'2022-04-20 13:22:39','2022-04-20 13:22:52'),(46,117,'10:00','13:30','14:00','19:00','19:30','21:30','30 Min','1',NULL,'2022-04-21 08:52:51','2022-04-21 08:52:51'),(47,119,'06:18','12:18','14:18','16:18','18:18','23:18','10 Min','1',NULL,'2022-04-21 09:48:45','2022-04-21 09:48:45'),(48,122,'06:50','12:50','14:50','16:50','18:50','23:50','10 Min','1',NULL,'2022-04-22 05:21:21','2022-04-22 05:21:21'),(49,123,'06:52','12:52','14:52','16:52','18:52','23:52','10 Min','1',NULL,'2022-04-22 05:22:54','2022-04-22 05:22:54'),(50,124,'10:00','13:30','14:00','19:00','19:30','21:30','30 Min','1',NULL,'2022-04-22 05:26:55','2022-04-22 05:26:55'),(51,125,'06:57','12:57','14:57','16:57','18:57','23:57','10 Min','1',NULL,'2022-04-22 05:28:54','2022-11-16 09:16:04'),(52,126,'10:00','13:30','14:00','19:00','19:30','21:30','30 Min','1',NULL,'2022-04-25 04:43:29','2022-04-25 04:43:29'),(53,127,NULL,NULL,'14:47','16:47','18:47','23:47','10 Min','1',NULL,'2022-04-25 05:18:56','2022-04-25 09:53:45'),(54,128,'10:00','13:30','14:00','19:00','19:30','21:30','30 Min','1',NULL,'2022-04-25 08:33:35','2022-04-25 08:33:35'),(55,130,'10:00','13:30','14:00','19:00','19:30','21:30','30 Min','1',NULL,'2022-04-25 09:29:26','2022-04-25 09:29:26'),(56,133,'10:00','13:30','14:00','19:00','19:30','21:30','30 Min','1',NULL,'2022-06-16 14:45:22','2022-06-16 14:45:22'),(57,136,'10:00','13:30','14:00','19:00','19:30','21:30','30 Min','1',NULL,'2022-09-29 13:47:53','2022-09-29 13:47:53'),(58,137,'10:00','13:30','14:00','19:00','19:30','21:30','30 Min','1',NULL,'2022-09-29 14:35:58','2022-09-29 14:35:58');

--
-- Table structure for table `doctor_weekly_availability`
--

CREATE TABLE `doctor_weekly_availability` (
  `id` bigint unsigned NOT NULL AUTO_INCREMENT,
  `doctor_id` bigint unsigned NOT NULL,
  `sunday` tinyint(1) DEFAULT NULL,
  `monday` tinyint(1) DEFAULT NULL,
  `tuesday` tinyint(1) DEFAULT NULL,
  `wednesday` tinyint(1) DEFAULT NULL,
  `thursday` tinyint(1) DEFAULT NULL,
  `friday` tinyint(1) DEFAULT NULL,
  `saturday` tinyint(1) DEFAULT NULL,
  `status` varchar(191) COLLATE utf8mb4_unicode_ci NOT NULL DEFAULT '1' COMMENT '1 = Active, 2 = Inactive',
  `deleted_at` timestamp NULL DEFAULT NULL,
  `created_at` timestamp NULL DEFAULT NULL,
  `updated_at` timestamp NULL DEFAULT NULL,
  PRIMARY KEY (`id`),
  KEY `doctor_weekly_availability_doctor_id_foreign` (`doctor_id`),
  CONSTRAINT `doctor_weekly_availability_doctor_id_foreign` FOREIGN KEY (`doctor_id`) REFERENCES `users` (`id`) ON DELETE CASCADE
) ENGINE=InnoDB AUTO_INCREMENT=59 DEFAULT CHARSET=utf8mb4 COLLATE=utf8mb4_unicode_ci;

--
-- Dumping data for table `doctor_weekly_availability`
--

INSERT INTO `doctor_weekly_availability` VALUES (1,3,1,1,1,1,1,1,1,'1',NULL,'2022-02-28 12:38:35','2022-02-28 12:38:35'),(2,9,1,1,1,1,1,1,1,'1',NULL,'2022-03-02 12:28:59','2022-03-02 12:28:59'),(3,11,0,1,1,1,1,1,0,'1',NULL,'2022-03-02 16:59:16','2022-03-02 16:59:16'),(4,12,1,1,1,1,1,1,1,'1',NULL,'2022-03-02 17:03:02','2022-03-02 17:03:02'),(5,19,1,1,1,1,1,1,1,'1',NULL,'2022-03-03 09:13:42','2022-03-03 09:13:42'),(6,27,0,1,1,1,1,1,1,'1',NULL,'2022-03-03 11:49:05','2022-03-03 12:19:34'),(7,28,1,1,1,1,1,1,1,'1',NULL,'2022-03-03 12:44:37','2022-03-04 08:22:21'),(8,31,1,1,1,1,1,1,1,'1',NULL,'2022-03-03 14:38:36','2022-03-03 14:38:36'),(9,32,1,1,1,1,1,1,1,'1',NULL,'2022-03-03 17:45:28','2022-03-03 17:45:28'),(10,34,1,1,1,1,1,1,1,'1',NULL,'2022-03-04 09:45:24','2022-03-04 09:45:24'),(11,50,1,1,1,1,1,1,1,'1',NULL,'2022-04-01 10:49:54','2022-04-01 10:49:54'),(12,56,1,1,1,1,1,1,1,'1',NULL,'2022-04-04 10:28:39','2022-04-04 10:28:39'),(13,59,1,1,1,1,1,1,1,'1',NULL,'2022-04-06 10:22:28','2022-04-06 10:22:28'),(14,64,1,1,1,1,1,1,1,'1',NULL,'2022-04-06 16:36:18','2022-04-06 16:36:18'),(15,66,1,1,1,1,1,1,1,'1',NULL,'2022-04-07 10:25:54','2022-04-07 10:25:54'),(16,68,1,1,1,1,1,1,1,'1',NULL,'2022-04-07 10:53:08','2022-04-07 10:53:08'),(17,72,1,1,1,1,1,1,1,'1',NULL,'2022-04-07 13:22:45','2022-04-07 13:22:45'),(18,73,1,1,1,1,1,1,1,'1',NULL,'2022-04-07 13:23:34','2022-04-07 13:23:34'),(19,74,1,1,1,1,1,1,1,'1',NULL,'2022-04-08 04:33:10','2022-04-08 04:33:10'),(20,77,1,1,1,1,1,1,1,'1',NULL,'2022-04-08 08:16:28','2022-11-14 10:12:09'),(21,78,1,0,0,0,0,0,0,'1',NULL,'2022-04-08 09:06:25','2022-04-08 09:06:25'),(22,79,1,1,1,1,1,1,1,'1',NULL,'2022-04-08 10:03:59','2022-04-08 10:03:59'),(23,81,1,1,1,1,1,1,1,'1',NULL,'2022-04-08 10:09:37','2022-04-08 10:09:37'),(24,82,1,1,1,1,1,1,1,'1',NULL,'2022-04-08 10:56:55','2022-04-08 10:56:55'),(25,83,1,1,1,1,1,1,1,'1',NULL,'2022-04-08 11:04:39','2022-04-08 11:04:39'),(26,84,1,1,1,1,1,1,1,'1',NULL,'2022-04-08 11:35:01','2022-04-08 11:35:01'),(27,88,1,1,1,1,1,1,1,'1',NULL,'2022-04-12 04:46:11','2022-04-12 04:46:11'),(28,89,1,0,0,0,0,0,0,'1',NULL,'2022-04-12 07:14:45','2022-04-12 07:14:45'),(29,91,1,1,1,1,1,1,1,'1',NULL,'2022-04-12 12:36:37','2022-04-13 09:51:38'),(30,92,1,0,0,0,0,0,0,'1',NULL,'2022-04-12 12:37:44','2022-04-12 12:37:44'),(31,93,1,1,1,1,1,1,1,'1',NULL,'2022-04-13 09:56:17','2022-04-13 09:56:17'),(32,94,1,0,0,0,0,0,0,'1',NULL,'2022-04-13 10:00:14','2022-04-13 10:00:14'),(33,95,1,0,0,0,0,0,0,'1',NULL,'2022-04-13 12:04:59','2022-04-13 12:04:59'),(34,99,1,1,1,1,1,1,1,'1',NULL,'2022-04-18 10:17:10','2022-04-18 10:17:10'),(35,101,1,1,1,1,1,1,1,'1',NULL,'2022-04-18 10:30:28','2022-04-18 10:30:28'),(36,102,1,1,1,1,1,1,1,'1',NULL,'2022-04-18 10:37:39','2022-04-18 10:37:39'),(37,104,1,1,1,1,1,1,1,'1',NULL,'2022-04-19 04:42:28','2022-04-19 04:42:28'),(38,105,1,1,1,1,1,1,1,'1',NULL,'2022-04-19 06:48:16','2022-04-19 06:48:16'),(39,106,1,1,1,1,1,1,1,'1',NULL,'2022-04-19 06:49:26','2022-04-19 06:49:26'),(40,107,1,0,0,0,0,0,0,'1',NULL,'2022-04-20 06:26:19','2022-04-20 06:26:46'),(41,109,1,0,0,0,0,0,0,'1',NULL,'2022-04-20 09:50:07','2022-04-20 09:50:07'),(42,110,1,1,1,1,1,1,1,'1',NULL,'2022-04-20 09:51:07','2022-04-20 09:51:07'),(43,111,1,0,0,0,0,0,0,'1',NULL,'2022-04-20 09:52:22','2022-04-20 09:52:22'),(44,112,1,1,1,1,1,1,1,'1',NULL,'2022-04-20 10:31:04','2022-04-20 10:31:04'),(45,114,1,0,0,0,0,0,0,'1',NULL,'2022-04-20 13:22:39','2022-04-20 13:22:52'),(46,117,1,1,1,1,1,1,1,'1',NULL,'2022-04-21 08:52:51','2022-04-21 08:52:51'),(47,119,1,1,1,1,1,1,1,'1',NULL,'2022-04-21 09:48:45','2022-04-21 09:48:45'),(48,122,1,1,1,1,1,1,1,'1',NULL,'2022-04-22 05:21:21','2022-04-22 05:21:21'),(49,123,1,1,1,1,1,1,1,'1',NULL,'2022-04-22 05:22:54','2022-04-22 05:22:54'),(50,124,1,1,1,1,1,1,1,'1',NULL,'2022-04-22 05:26:55','2022-04-22 05:26:55'),(51,125,1,1,1,1,1,1,1,'1',NULL,'2022-04-22 05:28:54','2022-11-16 09:16:04'),(52,126,1,1,1,1,1,1,1,'1',NULL,'2022-04-25 04:43:29','2022-04-25 04:43:29'),(53,127,1,0,0,0,0,0,0,'1',NULL,'2022-04-25 05:18:56','2022-04-25 09:53:45'),(54,128,1,1,1,1,1,1,1,'1',NULL,'2022-04-25 08:33:35','2022-04-25 08:33:35'),(55,130,1,1,1,1,1,1,1,'1',NULL,'2022-04-25 09:29:26','2022-04-25 09:29:26'),(56,133,1,1,1,1,1,1,1,'1',NULL,'2022-06-16 14:45:22','2022-06-16 14:45:22'),(57,136,1,1,1,1,1,1,1,'1',NULL,'2022-09-29 13:47:53','2022-09-29 13:47:53'),(58,137,1,1,1,1,1,1,1,'1',NULL,'2022-09-29 14:35:58','2022-09-29 14:35:58');

--
-- Table structure for table `doctors`
--

CREATE TABLE `doctors` (
  `id` bigint unsigned NOT NULL AUTO_INCREMENT,
  `name` varchar(191) COLLATE utf8mb4_unicode_ci NOT NULL,
  `email` varchar(191) COLLATE utf8mb4_unicode_ci NOT NULL,
  `phone_number` varchar(191) COLLATE utf8mb4_unicode_ci NOT NULL,
  `image` longtext COLLATE utf8mb4_unicode_ci,
  `created_at` timestamp NULL DEFAULT NULL,
  `updated_at` timestamp NULL DEFAULT NULL,
  `deleted_at` timestamp NULL DEFAULT NULL,
  PRIMARY KEY (`id`),
  UNIQUE KEY `doctors_email_unique` (`email`),
  UNIQUE KEY `doctors_phone_number_unique` (`phone_number`)
) ENGINE=InnoDB DEFAULT CHARSET=utf8mb4 COLLATE=utf8mb4_unicode_ci;

--
-- Dumping data for table `doctors`
--


--
-- Table structure for table `emirates`
--

CREATE TABLE `emirates` (
  `id` bigint unsigned NOT NULL AUTO_INCREMENT,
  `emirate_name` varchar(191) COLLATE utf8mb4_unicode_ci DEFAULT NULL,
  `status` tinyint(1) NOT NULL DEFAULT '1' COMMENT '1 = active, 0 = Inactive',
  `created_at` timestamp NULL DEFAULT NULL,
  `updated_at` timestamp NULL DEFAULT NULL,
  `deleted_at` timestamp NULL DEFAULT NULL,
  PRIMARY KEY (`id`)
) ENGINE=InnoDB AUTO_INCREMENT=8 DEFAULT CHARSET=utf8mb4 COLLATE=utf8mb4_unicode_ci;

--
-- Dumping data for table `emirates`
--

INSERT INTO `emirates` VALUES (1,'Abu Dhabi',1,'2021-10-12 07:20:26','2021-10-12 07:20:26',NULL),(2,'Dubai',1,'2021-10-12 07:20:26','2021-10-12 07:20:26',NULL),(3,'Sharjah',1,'2021-10-12 07:20:26','2021-10-12 07:20:26',NULL),(4,'Ajman',1,'2021-10-12 07:20:26','2021-10-12 07:20:26',NULL),(5,'Umm Al Quwain',1,'2021-10-12 07:20:26','2021-10-12 07:20:26',NULL),(6,'Ras Al Khaimah',1,'2021-10-12 07:20:26','2021-10-12 07:20:26',NULL),(7,'Fujairah',1,'2021-10-12 07:20:26','2021-10-12 07:20:26',NULL);

--
-- Table structure for table `failed_jobs`
--

CREATE TABLE `failed_jobs` (
  `id` bigint unsigned NOT NULL AUTO_INCREMENT,
  `uuid` varchar(191) COLLATE utf8mb4_unicode_ci NOT NULL,
  `connection` text COLLATE utf8mb4_unicode_ci NOT NULL,
  `queue` text COLLATE utf8mb4_unicode_ci NOT NULL,
  `payload` longtext COLLATE utf8mb4_unicode_ci NOT NULL,
  `exception` longtext COLLATE utf8mb4_unicode_ci NOT NULL,
  `failed_at` timestamp NOT NULL DEFAULT CURRENT_TIMESTAMP,
  PRIMARY KEY (`id`),
  UNIQUE KEY `failed_jobs_uuid_unique` (`uuid`)
) ENGINE=InnoDB DEFAULT CHARSET=utf8mb4 COLLATE=utf8mb4_unicode_ci;

--
-- Dumping data for table `failed_jobs`
--


--
-- Table structure for table `generals`
--

CREATE TABLE `generals` (
  `id` bigint unsigned NOT NULL AUTO_INCREMENT,
  `email` varchar(191) COLLATE utf8mb4_unicode_ci DEFAULT NULL,
  `phone` varchar(191) COLLATE utf8mb4_unicode_ci DEFAULT NULL,
  `address` varchar(191) COLLATE utf8mb4_unicode_ci DEFAULT NULL,
  `message1` varchar(255) COLLATE utf8mb4_unicode_ci DEFAULT NULL,
  `message2` varchar(255) COLLATE utf8mb4_unicode_ci DEFAULT NULL,
  `vat` int DEFAULT NULL,
  `ios_version` varchar(10) COLLATE utf8mb4_unicode_ci DEFAULT NULL,
  `android_version` varchar(10) COLLATE utf8mb4_unicode_ci DEFAULT NULL,
  `is_mandatory` smallint DEFAULT NULL,
  `status` varchar(191) COLLATE utf8mb4_unicode_ci DEFAULT NULL,
  `created_at` timestamp NULL DEFAULT NULL,
  `updated_at` timestamp NULL DEFAULT NULL,
  PRIMARY KEY (`id`)
) ENGINE=InnoDB AUTO_INCREMENT=2 DEFAULT CHARSET=utf8mb4 COLLATE=utf8mb4_unicode_ci;

--
-- Dumping data for table `generals`
--

INSERT INTO `generals` VALUES (1,'admin@canary.com','9988776655','canary pet care','We are launching new pet services with extra care','We treats your pets as one of our family member',5,'3.0.9','3.0.14',NULL,NULL,NULL,'2022-07-09 19:06:19');

--
-- Table structure for table `hotel_booking`
--

CREATE TABLE `hotel_booking` (
  `id` int NOT NULL AUTO_INCREMENT,
  `room_id` int NOT NULL,
  `user_id` int NOT NULL,
  `user_pet_id` int NOT NULL,
  `check_in` varchar(20) NOT NULL,
  `check_out` varchar(20) NOT NULL,
  `status` int NOT NULL DEFAULT '0',
  `order_id` varchar(50) DEFAULT NULL,
  `payment_type` int NOT NULL,
  `payment_status` int NOT NULL,
  `amount` int DEFAULT NULL,
  `total_amount` float DEFAULT NULL,
  `discount` double DEFAULT NULL,
  `comment` text,
  `pickup` tinyint NOT NULL DEFAULT '0' COMMENT '0 not, 1 pickup',
  `points_used` int DEFAULT NULL,
  `created_by` int DEFAULT NULL,
  `created_at` timestamp NULL DEFAULT NULL,
  `updated_at` timestamp NULL DEFAULT NULL,
  `deleted_at` timestamp NULL DEFAULT NULL,
  `branch_id` int DEFAULT NULL,
  PRIMARY KEY (`id`)
) ENGINE=InnoDB AUTO_INCREMENT=2 DEFAULT CHARSET=latin1;

--
-- Dumping data for table `hotel_booking`
--

INSERT INTO `hotel_booking` VALUES (1,12,201,163,'2023-09-20','2023-09-23',0,'CP-HB2304033243',1,1,4055,4257.75,0,NULL,0,100,NULL,'2023-04-03 16:17:00','2023-04-03 16:23:17',NULL,NULL);

--
-- Table structure for table `hotel_booking_item_status_track`
--

CREATE TABLE `hotel_booking_item_status_track` (
  `id` bigint unsigned NOT NULL AUTO_INCREMENT,
  `booking_item_id` int NOT NULL,
  `expect_time` varchar(10) CHARACTER SET utf8mb4 COLLATE utf8mb4_unicode_ci DEFAULT NULL,
  `status` varchar(191) CHARACTER SET utf8mb4 COLLATE utf8mb4_unicode_ci NOT NULL,
  `comment` varchar(200) CHARACTER SET utf8mb4 COLLATE utf8mb4_unicode_ci DEFAULT NULL,
  `created_at` timestamp NULL DEFAULT NULL,
  `updated_at` timestamp NULL DEFAULT NULL,
  PRIMARY KEY (`id`)
) ENGINE=MyISAM AUTO_INCREMENT=12 DEFAULT CHARSET=utf8mb4 COLLATE=utf8mb4_unicode_ci;

--
-- Dumping data for table `hotel_booking_item_status_track`
--

INSERT INTO `hotel_booking_item_status_track` VALUES (1,1,'20:30','Started',NULL,'2022-02-28 18:01:36','2022-02-28 18:01:36'),(2,3,'19:24','Started',NULL,'2022-03-03 16:53:56','2022-03-03 16:53:56'),(3,15,'19:11','Started','start now','2022-03-22 13:37:26','2022-03-22 13:37:26'),(4,15,NULL,'Completed',NULL,'2022-03-22 16:14:54','2022-03-22 16:14:54'),(5,2,NULL,'Completed',NULL,'2022-03-22 17:06:39','2022-03-22 17:06:39'),(6,2,NULL,'Started',NULL,'2022-03-22 17:06:45','2022-03-22 17:06:45'),(7,19,NULL,'Started',NULL,'2022-03-30 10:15:23','2022-03-30 10:15:23'),(8,19,'12:00','Nil','asd','2022-03-30 13:05:43','2022-03-30 13:05:43'),(9,19,'12:00','Completed','asd','2022-03-30 13:06:56','2022-03-30 13:06:56'),(10,91,'22:11','Started','sdsdsd','2022-11-30 15:36:21','2022-11-30 15:36:21'),(11,284,'15:50','Completed',NULL,'2023-02-02 14:20:12','2023-02-02 14:20:12');

--
-- Table structure for table `hotel_booking_items`
--

CREATE TABLE `hotel_booking_items` (
  `id` int NOT NULL AUTO_INCREMENT,
  `booking_id` int NOT NULL,
  `subscription_id` int DEFAULT NULL,
  `service_id` int DEFAULT NULL,
  `count` int DEFAULT '0',
  `unit_price` int DEFAULT '0',
  `work_status` tinyint DEFAULT '0',
  `created_at` timestamp NULL DEFAULT NULL,
  `updated_at` timestamp NULL DEFAULT NULL,
  `deleted_at` timestamp NULL DEFAULT NULL,
  PRIMARY KEY (`id`)
) ENGINE=InnoDB AUTO_INCREMENT=5 DEFAULT CHARSET=latin1;

--
-- Dumping data for table `hotel_booking_items`
--

INSERT INTO `hotel_booking_items` VALUES (1,1,NULL,18,1,10,0,'2023-04-03 16:17:00','2023-04-03 16:17:00',NULL),(2,1,NULL,18,1,10,0,'2023-04-03 16:17:00','2023-04-03 16:17:00',NULL);

--
-- Table structure for table `hotel_room_booking_status_track`
--

CREATE TABLE `hotel_room_booking_status_track` (
  `id` bigint unsigned NOT NULL AUTO_INCREMENT,
  `booking_id` int NOT NULL,
  `status` varchar(191) CHARACTER SET utf8mb4 COLLATE utf8mb4_unicode_ci NOT NULL,
  `comment` varchar(200) CHARACTER SET utf8mb4 COLLATE utf8mb4_unicode_ci DEFAULT NULL,
  `created_at` timestamp NULL DEFAULT NULL,
  `updated_at` timestamp NULL DEFAULT NULL,
  PRIMARY KEY (`id`)
) ENGINE=MyISAM DEFAULT CHARSET=utf8mb4 COLLATE=utf8mb4_unicode_ci;

--
-- Dumping data for table `hotel_room_booking_status_track`
--


--
-- Table structure for table `hotel_room_cart`
--

CREATE TABLE `hotel_room_cart` (
  `id` int NOT NULL AUTO_INCREMENT,
  `room_id` int NOT NULL,
  `user_id` int NOT NULL,
  `user_pet_id` int NOT NULL,
  `check_in` varchar(20) NOT NULL,
  `check_out` varchar(20) NOT NULL,
  `status` int NOT NULL DEFAULT '1',
  `created_at` timestamp NULL DEFAULT NULL,
  `updated_at` timestamp NULL DEFAULT NULL,
  `deleted_at` timestamp NULL DEFAULT NULL,
  PRIMARY KEY (`id`)
) ENGINE=InnoDB DEFAULT CHARSET=latin1;

--
-- Dumping data for table `hotel_room_cart`
--


--
-- Table structure for table `hotel_room_cart_items`
--

CREATE TABLE `hotel_room_cart_items` (
  `id` int NOT NULL AUTO_INCREMENT,
  `cart_id` int NOT NULL,
  `service_id` int NOT NULL,
  `count` int NOT NULL,
  `status` int NOT NULL DEFAULT '1',
  `created_at` timestamp NULL DEFAULT NULL,
  `updated_at` timestamp NULL DEFAULT NULL,
  `deleted_at` timestamp NULL DEFAULT NULL,
  PRIMARY KEY (`id`),
  KEY `cart_id` (`cart_id`)
) ENGINE=InnoDB DEFAULT CHARSET=latin1;

--
-- Dumping data for table `hotel_room_cart_items`
--


--
-- Table structure for table `hotel_room_images`
--

CREATE TABLE `hotel_room_images` (
  `id` int NOT NULL AUTO_INCREMENT,
  `room_id` int NOT NULL,
  `image` varchar(50) NOT NULL,
  `created_at` timestamp NULL DEFAULT NULL,
  `updated_at` timestamp NULL DEFAULT NULL,
  `deleted_at` timestamp NULL DEFAULT NULL,
  PRIMARY KEY (`id`)
) ENGINE=InnoDB AUTO_INCREMENT=27 DEFAULT CHARSET=latin1;

--
-- Dumping data for table `hotel_room_images`
--

INSERT INTO `hotel_room_images` VALUES (1,1,'20220228052813-hotels_room.jpg','2022-02-28 17:28:13','2022-02-28 17:28:13',NULL),(3,2,'20220303021842-hotels_room.jpg','2022-03-03 14:18:42','2022-03-03 14:18:42',NULL),(6,3,'20220304025734-hotels_room.jpg','2022-03-04 14:57:34','2022-03-04 14:57:34',NULL),(7,4,'20220406102538-hotels_room.jpg','2022-04-06 10:25:38','2022-04-06 10:25:38',NULL),(8,5,'20220406111239-hotels_room.jpg','2022-04-06 11:12:39','2022-04-06 11:12:39',NULL),(9,6,'20220406111455-hotels_room.jpg','2022-04-06 11:14:55','2022-04-06 11:14:55',NULL),(10,7,'20220407054151-hotels_room.jpg','2022-04-07 13:41:51','2022-04-07 13:41:51',NULL),(11,8,'20220408083637-hotels_room.jpg','2022-04-08 04:36:37','2022-04-08 04:36:37',NULL),(12,9,'20220408083746-hotels_room.png','2022-04-08 04:37:46','2022-04-08 04:37:46',NULL),(13,10,'20220408021938-hotels_room.png','2022-04-08 10:19:38','2022-04-08 10:19:38',NULL),(14,11,'20220408023303-hotels_room.png','2022-04-08 10:33:03','2022-04-08 10:33:03',NULL),(15,12,'20220408025802-hotels_room.jpg','2022-04-08 10:58:02','2022-04-08 10:58:02',NULL),(16,13,'20220408031811-hotels_room.png','2022-04-08 11:18:11','2022-04-08 11:18:11',NULL),(17,14,'20220408032633-hotels_room.jpg','2022-04-08 11:26:33','2022-04-08 11:26:33',NULL),(18,15,'20220408033811-hotels_room.png','2022-04-08 11:38:11','2022-04-08 11:38:11',NULL),(19,16,'20220413094004-hotels_room.jpg','2022-04-13 05:40:04','2022-04-13 05:40:04',NULL),(20,17,'20220413010956-hotels_room.jpg','2022-04-13 09:09:56','2022-04-13 09:09:56',NULL),(23,18,'20220420063623-hotels_room.jpg','2022-04-20 14:36:23','2022-04-20 14:36:23',NULL),(24,19,'20220421091058-hotels_room.png','2022-04-21 05:10:58','2022-04-21 05:10:58',NULL),(25,20,'20220421091128-hotels_room.jpg','2022-04-21 05:11:28','2022-04-21 05:11:28',NULL),(26,21,'20221006120259-hotels_room.png','2022-10-06 12:02:59','2022-10-06 12:02:59',NULL);

--
-- Table structure for table `hotel_rooms`
--

CREATE TABLE `hotel_rooms` (
  `id` int NOT NULL AUTO_INCREMENT,
  `branch_id` int NOT NULL,
  `name` varchar(50) NOT NULL,
  `description` varchar(255) DEFAULT NULL,
  `price` int NOT NULL,
  `status` tinyint NOT NULL DEFAULT '1' COMMENT '1=active ,0=inactive',
  `created_at` timestamp NULL DEFAULT NULL,
  `updated_at` timestamp NULL DEFAULT NULL,
  `deleted_at` timestamp NULL DEFAULT NULL,
  PRIMARY KEY (`id`)
) ENGINE=InnoDB AUTO_INCREMENT=22 DEFAULT CHARSET=latin1;

--
-- Dumping data for table `hotel_rooms`
--

INSERT INTO `hotel_rooms` VALUES (1,1,'Pet Suit','Pet Suit',50,1,'2022-02-28 17:28:13','2022-02-28 17:28:13',NULL),(2,5,'Pet Care Center','Pet care and training',40,1,'2022-03-03 14:18:42','2022-03-03 14:18:42',NULL),(3,8,'Elephant Room','Elephant Room',1500,1,'2022-03-04 14:46:50','2022-03-04 14:46:50',NULL),(4,11,'Bird room','room',10,1,'2022-04-06 10:25:38','2022-04-06 10:25:38',NULL),(5,11,'test','test1n',10,1,'2022-04-06 11:12:39','2022-04-06 11:12:39',NULL),(6,9,'Luxury','Desc',250,1,'2022-04-06 11:14:55','2022-04-06 11:14:55',NULL),(7,3,'Paradise','Paradise',9000,1,'2022-04-07 13:41:51','2022-04-07 13:41:51',NULL),(8,16,'renai','hotel',400,1,'2022-04-08 04:36:37','2022-04-08 04:36:37',NULL),(9,10,'home','home',678,1,'2022-04-08 04:37:46','2022-04-08 04:37:46',NULL),(10,19,'test','test',1,1,'2022-04-08 10:19:38','2022-04-08 10:19:38',NULL),(11,19,'test','test',1,1,'2022-04-08 10:33:03','2022-04-08 10:33:03',NULL),(12,20,'new clinic hotel','tst',1345,1,'2022-04-08 10:58:02','2022-04-08 10:58:02',NULL),(13,11,'big room','test',1234,1,'2022-04-08 11:18:11','2022-04-08 11:19:29',NULL),(14,20,'delux','test',123,1,'2022-04-08 11:26:33','2022-04-08 11:26:33',NULL),(15,22,'hotel room service','test',1400,1,'2022-04-08 11:38:11','2022-04-08 11:38:11',NULL),(16,25,'top room123','test,this ia a valid@',12,1,'2022-04-13 05:40:04','2023-01-17 17:01:50',NULL),(17,26,'tipt12','fgfg@#@#',12,1,'2022-04-13 09:09:56','2023-01-17 17:01:33',NULL),(20,25,'happy home','tt',12,1,'2022-04-21 05:11:28','2023-01-17 11:07:41',NULL),(21,23,'premium','premium services',200,1,'2022-10-06 12:02:59','2022-10-06 12:02:59',NULL);

--
-- Table structure for table `invoice_free_services`
--

CREATE TABLE `invoice_free_services` (
  `id` int NOT NULL AUTO_INCREMENT,
  `invoice_id` int NOT NULL,
  `free_service_id` int NOT NULL,
  `status` smallint NOT NULL DEFAULT '0',
  `created_at` timestamp NOT NULL DEFAULT CURRENT_TIMESTAMP,
  `updated_at` timestamp NULL DEFAULT NULL,
  `deleted_at` timestamp NULL DEFAULT NULL,
  PRIMARY KEY (`id`)
) ENGINE=InnoDB DEFAULT CHARSET=utf8mb4 COLLATE=utf8mb4_0900_ai_ci;

--
-- Dumping data for table `invoice_free_services`
--


--
-- Table structure for table `invoice_status_track`
--

CREATE TABLE `invoice_status_track` (
  `id` bigint unsigned NOT NULL AUTO_INCREMENT,
  `invoice_id` int NOT NULL,
  `status` varchar(191) CHARACTER SET utf8mb4 COLLATE utf8mb4_unicode_ci NOT NULL,
  `comment` varchar(200) CHARACTER SET utf8mb4 COLLATE utf8mb4_unicode_ci DEFAULT NULL,
  `created_at` timestamp NULL DEFAULT NULL,
  `updated_at` timestamp NULL DEFAULT NULL,
  PRIMARY KEY (`id`)
) ENGINE=MyISAM AUTO_INCREMENT=17 DEFAULT CHARSET=utf8mb4 COLLATE=utf8mb4_unicode_ci;

--
-- Dumping data for table `invoice_status_track`
--

INSERT INTO `invoice_status_track` VALUES (1,1,'In-Progress',NULL,'2023-02-14 12:22:50','2023-02-14 12:22:50'),(2,1,'Approved',NULL,'2023-02-14 12:23:08','2023-02-14 12:23:08'),(3,3,'Approved',NULL,'2023-02-15 16:21:56','2023-02-15 16:21:56'),(4,4,'Approved',NULL,'2023-02-15 17:30:49','2023-02-15 17:30:49'),(5,2,'Approved',NULL,'2023-02-15 18:44:03','2023-02-15 18:44:03'),(6,5,'Approved',NULL,'2023-02-15 18:51:08','2023-02-15 18:51:08'),(7,6,'Approved',NULL,'2023-02-16 10:16:28','2023-02-16 10:16:28'),(8,7,'Approved',NULL,'2023-02-20 12:39:50','2023-02-20 12:39:50'),(9,10,'Approved',NULL,'2023-02-23 15:56:24','2023-02-23 15:56:24'),(10,11,'Approved',NULL,'2023-02-28 16:52:26','2023-02-28 16:52:26'),(11,12,'Approved',NULL,'2023-02-28 16:58:41','2023-02-28 16:58:41'),(12,13,'Approved',NULL,'2023-02-28 22:43:16','2023-02-28 22:43:16'),(13,14,'Approved',NULL,'2023-03-02 08:59:00','2023-03-02 08:59:00'),(14,15,'Approved',NULL,'2023-03-18 14:16:06','2023-03-18 14:16:06'),(15,16,'Approved',NULL,'2023-03-22 13:24:12','2023-03-22 13:24:12'),(16,17,'Approved',NULL,'2023-03-24 10:04:55','2023-03-24 10:04:55');

--
-- Table structure for table `invoices_user`
--

CREATE TABLE `invoices_user` (
  `id` int NOT NULL AUTO_INCREMENT,
  `invoice_id` varchar(20) NOT NULL,
  `user_id` int NOT NULL,
  `branch_id` int NOT NULL,
  `file` varchar(255) DEFAULT NULL,
  `order_id` varchar(255) DEFAULT NULL,
  `booking_type` int DEFAULT NULL,
  `no_free_services` int DEFAULT NULL,
  `expire_on` varchar(10) DEFAULT NULL,
  `status` smallint NOT NULL DEFAULT '0',
  `comments` text,
  `spend_amt` int DEFAULT NULL,
  `loyalty_points` int DEFAULT NULL,
  `created_at` timestamp NOT NULL DEFAULT CURRENT_TIMESTAMP,
  `updated_at` timestamp NULL DEFAULT NULL,
  `deleted_at` timestamp NULL DEFAULT NULL,
  PRIMARY KEY (`id`)
) ENGINE=InnoDB AUTO_INCREMENT=19 DEFAULT CHARSET=utf8mb4 COLLATE=utf8mb4_0900_ai_ci;

--
-- Dumping data for table `invoices_user`
--

INSERT INTO `invoices_user` VALUES (1,'CP-IN2302144316',181,9,'20230214113750-user_invoices.jpg','CP-BK2302023567',1,NULL,NULL,1,NULL,1200,60,'2023-02-14 11:37:50','2023-02-14 12:23:08',NULL),(2,'CP-IN2302153750',181,4,'20230215010224-user_invoices.jpg','CP-BK2302153234',1,NULL,NULL,1,NULL,20,1,'2023-02-15 13:02:24','2023-02-15 18:44:03',NULL),(3,'CP-IN2302152662',181,9,'20230215041445-user_invoices.jpg','CP-BK2302157027',1,NULL,NULL,1,NULL,1200,60,'2023-02-15 16:14:45','2023-02-15 16:21:56',NULL),(4,'CP-IN2302157605',181,9,'20230215052636-user_invoices.jpg','CP-BK2302156890',1,NULL,NULL,1,NULL,1200,60,'2023-02-15 17:26:36','2023-02-15 17:30:49',NULL),(5,'CP-IN2302154915',181,20,'20230215065050-user_invoices.jpg','CP-HB2302028512',4,NULL,NULL,1,NULL,9415,470,'2023-02-15 18:50:50','2023-02-15 18:51:08',NULL),(6,'CP-IN2302169206',190,20,'20230216101600-user_invoices.jpg','CP-HB2302096815',4,NULL,NULL,1,NULL,1345,67,'2023-02-16 10:16:00','2023-02-16 10:16:28',NULL),(7,'CP-IN2302203357',181,13,'20230220123835-user_invoices.jpg','CP-BK2302177356',1,NULL,NULL,1,NULL,12012,600,'2023-02-20 12:38:35','2023-02-20 12:39:50',NULL),(8,'CP-IN2302235393',190,4,'20230223035213-user_invoices.jpg','CP-BK2302176851',1,NULL,NULL,0,NULL,40,0,'2023-02-23 15:52:13','2023-02-23 15:52:13',NULL),(9,'CP-IN2302237919',190,19,'20230223035325-user_invoices.jpg','CP-HB2302168548',4,NULL,NULL,0,NULL,981,45,'2023-02-23 15:53:25','2023-02-23 15:53:25',NULL),(10,'CP-IN2302231311',190,20,'20230223035549-user_invoices.jpg','CP-HB2302163398',4,NULL,NULL,1,NULL,8070,400,'2023-02-23 15:55:49','2023-02-23 15:56:24',NULL),(11,'CP-IN2302283797',191,9,'20230228045202-user_invoices.jpg','CP-BK2302286911',1,NULL,NULL,1,NULL,1200,60,'2023-02-28 16:52:02','2023-02-28 16:52:26',NULL),(12,'CP-IN2302282714',191,13,'20230228045825-user_invoices.jpg','CP-BK2302284016',1,NULL,NULL,1,NULL,12000,600,'2023-02-28 16:58:25','2023-02-28 16:58:41',NULL),(13,'CP-IN2302282871',192,13,'20230228104224-user_invoices.jpg','CP-BK2302289732',1,NULL,NULL,1,NULL,12012,600,'2023-02-28 22:42:24','2023-02-28 22:43:16',NULL),(14,'CP-IN2303029852',195,13,'20230302085841-user_invoices.jpg','CP-BK2303013664',1,NULL,NULL,1,NULL,36000,1800,'2023-03-02 08:58:41','2023-03-02 08:59:00',NULL),(15,'CP-IN2303181071',194,13,'20230318021544-user_invoices.jpg','CP-BK2303016768',1,NULL,NULL,1,NULL,24012,1200,'2023-03-18 14:15:44','2023-03-18 14:16:06',NULL),(16,'CP-IN2303229896',201,3,'20230322012351-user_invoices.jpg','CP-HB2303222865',4,NULL,NULL,1,NULL,9000,450,'2023-03-22 13:23:51','2023-03-22 13:24:12',NULL),(17,'CP-IN2303242174',203,22,'20230324100435-user_invoices.jpg','CP-HB2303248457',4,NULL,NULL,1,NULL,4263,210,'2023-03-24 10:04:35','2023-03-24 10:04:55',NULL),(18,'CP-IN2305297220',201,4,'20230529031451-user_invoices.jpg','CP-BK2303221965',1,NULL,NULL,0,NULL,20,0,'2023-05-29 15:14:51','2023-05-29 15:14:51',NULL);

--
-- Table structure for table `migrations`
--

CREATE TABLE `migrations` (
  `id` int unsigned NOT NULL AUTO_INCREMENT,
  `migration` varchar(191) COLLATE utf8mb4_unicode_ci NOT NULL,
  `batch` int NOT NULL,
  PRIMARY KEY (`id`)
) ENGINE=InnoDB AUTO_INCREMENT=31 DEFAULT CHARSET=utf8mb4 COLLATE=utf8mb4_unicode_ci;

--
-- Dumping data for table `migrations`
--

INSERT INTO `migrations` VALUES (1,'2014_10_12_000000_create_users_table',1),(2,'2014_10_12_100000_create_password_resets_table',1),(3,'2016_06_01_000001_create_oauth_auth_codes_table',1),(4,'2016_06_01_000002_create_oauth_access_tokens_table',1),(5,'2016_06_01_000003_create_oauth_refresh_tokens_table',1),(6,'2016_06_01_000004_create_oauth_clients_table',1),(7,'2016_06_01_000005_create_oauth_personal_access_clients_table',1),(8,'2019_08_19_000000_create_failed_jobs_table',1),(9,'2021_05_13_141343_laratrust_setup_tables',1),(10,'2021_07_15_044737_create_banners_table',1),(11,'2021_07_15_122343_create_services_table',1),(12,'2021_07_16_110903_create_userdetails_table',1),(13,'2021_07_20_045550_create_generals_table',1),(14,'2021_07_27_104030_create_branches_table',1),(15,'2021_08_09_141013_create_service_prices_table',1),(16,'2021_08_12_085658_create_offers_table',1),(17,'2021_08_12_102213_create_branch_users_table',1),(18,'2021_08_13_101314_create_service_images_table',1),(19,'2021_08_13_111438_create_offer_services_table',1),(20,'2021_08_17_113929_create_bookings_table',1),(21,'2021_08_18_055511_create_plans_table',1),(22,'2021_08_18_055557_create_plans_features_table',1),(23,'2021_08_25_065647_create_pet_type_management_table',1),(24,'2021_08_27_131930_create_doctors_table',1),(25,'2021_09_30_102026_create_breeds_table',1),(26,'2021_10_01_090547_create_emirates_table',1),(27,'2021_10_04_104649_create_userspets_table',1),(28,'2021_10_06_104759_create_doctor_available_time_slots_table',1),(29,'2021_10_06_113015_create_doctor_weekly_availability_table',1),(30,'2021_10_06_114300_create_time_durations_table',1);

--
-- Table structure for table `mobile_grooming_available_time_slots`
--

CREATE TABLE `mobile_grooming_available_time_slots` (
  `id` int NOT NULL AUTO_INCREMENT,
  `morning_from` varchar(20) DEFAULT NULL,
  `morning_to` varchar(20) DEFAULT NULL,
  `afternoon_from` varchar(20) DEFAULT NULL,
  `afternoon_to` varchar(20) DEFAULT NULL,
  `evening_from` varchar(20) DEFAULT NULL,
  `evening_to` varchar(20) DEFAULT NULL,
  `time_slot_duration` varchar(20) DEFAULT NULL,
  `status` int NOT NULL,
  `image` varchar(255) DEFAULT NULL,
  `description` text,
  `deleted_at` timestamp NULL DEFAULT NULL,
  `created_at` timestamp NULL DEFAULT CURRENT_TIMESTAMP,
  `updated_at` timestamp NULL DEFAULT CURRENT_TIMESTAMP,
  PRIMARY KEY (`id`)
) ENGINE=InnoDB AUTO_INCREMENT=2 DEFAULT CHARSET=latin1;

--
-- Dumping data for table `mobile_grooming_available_time_slots`
--

INSERT INTO `mobile_grooming_available_time_slots` VALUES (1,'06:00','12:00','14:00','16:00','18:00','23:00','30 Min',1,'20220205064929-service_management.png','Mobile Grooming Description',NULL,'2022-01-04 07:47:51','2022-02-11 16:41:59');

--
-- Table structure for table `mobile_grooming_booking_items`
--

CREATE TABLE `mobile_grooming_booking_items` (
  `id` int NOT NULL AUTO_INCREMENT,
  `mobile_grooming_booking_id` int NOT NULL,
  `subscription_id` int DEFAULT NULL,
  `user_pet_id` int NOT NULL,
  `service_price_id` int DEFAULT NULL,
  `created_by` int NOT NULL,
  `status` int NOT NULL,
  `work_status` int NOT NULL DEFAULT '0',
  `price` double DEFAULT NULL,
  `created_at` timestamp NOT NULL DEFAULT CURRENT_TIMESTAMP,
  `updated_at` timestamp NOT NULL DEFAULT CURRENT_TIMESTAMP,
  `deleted_at` timestamp NULL DEFAULT NULL,
  `booking_number` varchar(50) NOT NULL,
  PRIMARY KEY (`id`)
) ENGINE=InnoDB AUTO_INCREMENT=184 DEFAULT CHARSET=latin1;

--
-- Dumping data for table `mobile_grooming_booking_items`
--

INSERT INTO `mobile_grooming_booking_items` VALUES (1,1,NULL,3,3,5,0,6,50,'2022-02-28 20:41:54','2022-03-01 19:02:09',NULL,'CPB22022829621'),(2,2,NULL,1,3,6,0,4,50,'2022-03-01 20:24:23','2022-03-04 13:47:19',NULL,'CPB22030182562'),(3,3,NULL,9,3,13,0,5,50,'2022-03-03 09:44:29','2022-03-04 13:48:32',NULL,'CPB22030344663'),(4,4,NULL,9,8,13,0,6,20,'2022-03-03 10:18:06','2022-03-03 10:31:27',NULL,'CPB22030330494'),(5,5,NULL,13,8,29,0,6,20,'2022-03-03 15:25:15','2022-03-03 15:41:35',NULL,'CPB22030353705'),(6,6,NULL,14,8,29,0,0,20,'2022-03-03 15:28:15','2022-03-03 15:28:15',NULL,'CPB22030380126'),(7,7,NULL,13,8,29,0,6,20,'2022-03-03 15:28:45','2022-03-03 17:33:09',NULL,'CPB22030343917'),(8,8,NULL,13,8,29,0,6,20,'2022-03-03 16:03:14','2022-03-03 16:07:07',NULL,'CPB22030377828'),(9,9,NULL,2,8,5,0,0,20,'2022-03-04 13:46:08','2022-03-04 13:46:08',NULL,'CPB22030471009'),(10,10,NULL,3,8,5,0,0,20,'2022-03-04 13:52:25','2022-03-04 13:52:25',NULL,'CPB220304223710'),(11,11,NULL,2,8,5,0,0,20,'2022-03-04 13:55:10','2022-03-04 13:55:10',NULL,'CPB220304470911'),(12,12,NULL,2,8,5,0,0,20,'2022-03-04 14:01:08','2022-03-04 14:01:08',NULL,'CPB220304888312'),(13,13,NULL,2,8,5,0,0,20,'2022-03-04 14:04:22','2022-03-04 14:04:22',NULL,'CPB220304962013'),(14,14,NULL,2,8,5,0,0,20,'2022-03-04 15:06:54','2022-03-04 15:06:54',NULL,'CPB220304839614'),(15,15,NULL,2,8,5,0,0,20,'2022-03-04 15:08:29','2022-03-04 15:08:29',NULL,'CPB220304687415'),(16,16,NULL,2,8,5,0,0,20,'2022-03-04 15:09:21','2022-03-04 15:09:21',NULL,'CPB220304385816'),(17,17,NULL,2,8,5,0,0,20,'2022-03-04 15:11:31','2022-03-04 15:11:31',NULL,'CPB220304583517'),(18,18,NULL,2,8,5,0,0,20,'2022-03-04 15:13:58','2022-03-04 15:13:58',NULL,'CPB220304582118'),(19,19,NULL,2,8,5,0,0,20,'2022-03-04 15:19:34','2022-03-04 15:19:34',NULL,'CPB220304580719'),(20,20,NULL,2,8,5,0,5,20,'2022-03-14 10:35:55','2022-03-22 13:35:43',NULL,'CPB220314317520'),(21,21,NULL,3,4,5,0,2,3000,'2022-03-18 10:07:27','2022-03-22 18:01:45',NULL,'CPB220318765921'),(22,21,NULL,3,11,5,0,2,20,'2022-03-18 10:07:27','2022-03-22 18:01:45',NULL,'CPB220318658921'),(23,22,NULL,20,4,5,0,0,3000,'2022-03-23 10:51:33','2022-03-23 10:51:33',NULL,'CPB220323232722'),(24,22,NULL,20,11,5,0,0,20,'2022-03-23 10:51:33','2022-03-23 10:51:33',NULL,'CPB220323766522'),(25,23,NULL,22,4,5,0,0,3000,'2022-03-24 15:29:36','2022-03-24 15:29:36',NULL,'CPB220324455023'),(26,24,NULL,2,11,5,0,3,20,'2022-03-24 15:41:55','2022-03-25 15:41:28',NULL,'CPB220324252524'),(27,25,NULL,27,4,5,0,3,3000,'2022-03-24 15:46:07','2022-03-24 16:44:36',NULL,'CPB220324400925'),(28,26,NULL,29,11,42,0,4,20,'2022-03-25 14:27:19','2022-03-25 16:59:41',NULL,'CPB220325109426'),(29,27,NULL,3,11,5,0,0,20,'2022-03-25 17:10:35','2022-03-25 17:10:35',NULL,'CPB220325721727'),(30,28,NULL,3,4,5,0,3,3000,'2022-03-25 17:13:42','2022-03-30 10:09:08',NULL,'CPB220325776528'),(31,29,207,41,11,54,0,0,20,'2022-04-06 09:05:31','2022-04-06 09:05:31',NULL,'CPB220406967729'),(32,30,207,41,23,54,0,0,1200,'2022-04-06 12:44:13','2022-04-06 12:44:13',NULL,'CPB220406497130'),(33,31,207,41,23,54,0,0,1200,'2022-04-06 12:46:39','2022-04-06 12:46:39',NULL,'CPB220406470631'),(34,32,207,41,23,54,0,0,1200,'2022-04-06 12:52:26','2022-04-06 12:52:26',NULL,'CPB220406939032'),(35,33,207,41,23,54,0,0,1200,'2022-04-06 13:00:09','2022-04-06 13:00:09',NULL,'CPB220406112933'),(36,34,207,41,23,54,0,0,1200,'2022-04-06 13:04:22','2022-04-06 13:04:22',NULL,'CPB220406687434'),(37,35,207,41,23,54,0,0,1200,'2022-04-06 13:05:11','2022-04-06 13:05:11',NULL,'CPB220406615035'),(38,36,207,41,23,54,0,0,1200,'2022-04-06 13:40:26','2022-04-06 13:40:26',NULL,'CPB220406856936'),(39,37,207,41,23,54,0,0,1200,'2022-04-06 13:44:08','2022-04-06 13:44:08',NULL,'CPB220406122837'),(40,38,214,42,23,61,0,2,1200,'2022-04-06 16:53:09','2022-04-07 10:19:12',NULL,'CPB220406788538'),(41,39,222,43,26,65,0,2,10,'2022-04-07 10:24:52','2022-04-07 10:28:07',NULL,'CPB220407220139'),(42,40,NULL,44,23,6,0,0,1200,'2022-04-07 11:18:25','2022-04-07 11:18:25',NULL,'CPB220407944240'),(43,41,NULL,44,NULL,6,0,0,NULL,'2022-04-07 11:44:07','2022-04-07 11:44:07',NULL,'CPB220407256841'),(44,42,NULL,44,0,6,0,0,NULL,'2022-04-07 11:50:12','2022-04-07 11:50:12',NULL,'CPB220407371442'),(45,44,NULL,44,0,5,0,0,NULL,'2022-04-07 11:59:52','2022-04-07 11:59:52',NULL,'CPB220407436444'),(46,51,NULL,44,28,5,0,0,10,'2022-04-07 12:09:44','2022-04-07 12:09:44',NULL,'CPB220407750751'),(47,52,NULL,44,28,5,0,0,10,'2022-04-07 12:19:29','2022-04-07 12:19:29',NULL,'CPB220407856352'),(48,53,222,43,34,65,0,4,1230,'2022-04-07 12:30:33','2022-04-07 12:31:55',NULL,'CPB220407377053'),(49,54,222,43,34,65,0,4,1230,'2022-04-07 12:33:41','2022-04-07 12:51:34',NULL,'CPB220407643554'),(50,55,222,43,34,65,0,0,1230,'2022-04-07 13:26:25','2022-04-07 13:26:25',NULL,'CPB220407688155'),(51,56,222,43,28,65,0,0,10,'2022-04-08 05:37:30','2022-04-08 05:37:30',NULL,'CPB220408240456'),(52,57,222,43,28,65,0,0,10,'2022-04-08 05:42:35','2022-04-08 05:42:35',NULL,'CPB220408721157'),(53,58,222,43,8,65,0,4,20,'2022-04-08 06:00:28','2022-04-13 12:52:53',NULL,'CPB220408572458'),(54,59,222,43,34,65,0,0,1230,'2022-04-11 04:53:17','2022-04-11 04:53:17',NULL,'CPB220411444359'),(55,60,222,43,3,65,0,2,50,'2022-04-11 04:56:17','2022-04-12 06:43:56',NULL,'CPB220411238360'),(56,61,222,43,34,65,0,4,1230,'2022-04-12 06:38:36','2022-04-12 06:41:26',NULL,'CPB220412123261'),(57,62,NULL,53,34,86,0,0,1230,'2022-04-13 12:47:18','2022-04-13 12:47:18',NULL,'CPB220413758762'),(58,63,222,43,34,65,0,0,1230,'2022-04-18 09:23:06','2022-04-18 09:23:06',NULL,'CPB220418677863'),(59,64,222,54,35,65,0,0,1800,'2022-04-18 09:23:56','2022-04-18 09:23:56',NULL,'CPB220418392464'),(60,65,222,54,34,65,0,0,1230,'2022-04-18 09:25:12','2022-04-18 09:25:12',NULL,'CPB220418456865'),(61,66,222,54,34,65,0,2,1230,'2022-04-19 10:42:29','2022-04-19 10:43:46',NULL,'CPB220419697066'),(62,67,222,54,34,65,0,0,1230,'2022-04-20 06:29:20','2022-04-20 06:29:20',NULL,'CPB220420168067'),(63,68,NULL,64,34,108,0,2,1230,'2022-04-20 06:39:10','2022-04-20 06:47:37',NULL,'CPB220420881368'),(64,69,NULL,64,34,108,0,3,1230,'2022-04-20 06:50:21','2022-04-20 06:50:48',NULL,'CPB220420393969'),(65,70,NULL,64,34,108,0,0,1230,'2022-04-20 06:53:08','2022-04-20 06:53:08',NULL,'CPB220420175570'),(66,71,222,54,3,65,0,0,50,'2022-04-20 09:38:34','2022-04-20 09:38:34',NULL,'CPB220420466471'),(67,71,222,54,8,65,0,0,20,'2022-04-20 09:38:34','2022-04-20 09:38:34',NULL,'CPB220420719471'),(68,71,222,54,28,65,0,0,10,'2022-04-20 09:38:34','2022-04-20 09:38:34',NULL,'CPB220420200871'),(69,71,222,54,31,65,0,0,1000,'2022-04-20 09:38:34','2022-04-20 09:38:34',NULL,'CPB220420922771'),(70,71,222,54,34,65,0,0,1230,'2022-04-20 09:38:34','2022-04-20 09:38:34',NULL,'CPB220420575771'),(71,72,NULL,66,34,115,0,4,1230,'2022-04-21 10:14:00','2022-04-21 10:33:10',NULL,'CPB220421115372'),(72,73,NULL,66,34,115,0,6,1230,'2022-04-21 10:35:39','2022-04-25 11:46:52',NULL,'CPB220421867973'),(73,74,NULL,71,34,121,0,0,1230,'2022-04-25 11:55:46','2022-04-25 11:55:46',NULL,'CPB220425618874'),(74,75,NULL,68,3,120,0,0,50,'2022-04-29 04:53:03','2022-04-29 04:53:03',NULL,'CPB220429170175'),(75,76,NULL,68,3,120,0,0,50,'2022-04-29 05:17:34','2022-04-29 05:17:34',NULL,'CPB220429312076'),(76,77,NULL,68,3,120,0,0,50,'2022-04-29 05:29:18','2022-04-29 05:29:18',NULL,'CPB220429548177'),(77,78,NULL,68,3,120,0,0,50,'2022-04-29 11:00:52','2022-04-29 11:00:52',NULL,'CPB220429537978'),(78,79,NULL,68,3,120,0,0,50,'2022-04-29 11:02:50','2022-04-29 11:02:50',NULL,'CPB220429792979'),(79,80,NULL,68,3,120,0,0,50,'2022-06-16 21:48:36','2022-06-16 21:48:36',NULL,'CPB220616979580'),(80,81,NULL,68,3,120,0,2,50,'2022-06-17 10:31:26','2022-06-17 10:45:39',NULL,'CPB220617181781'),(81,82,NULL,68,3,120,0,0,50,'2022-06-17 10:45:11','2022-06-17 10:45:11',NULL,'CPB220617502082'),(82,83,NULL,68,3,120,0,0,50,'2022-06-17 11:04:05','2022-06-17 11:04:05',NULL,'CPB220617645183'),(83,84,NULL,68,3,120,0,0,50,'2022-06-17 17:14:53','2022-06-17 17:14:53',NULL,'CPB220617817984'),(84,85,NULL,68,3,120,0,0,50,'2022-06-20 09:59:47','2022-06-20 09:59:47',NULL,'CPB220620856185'),(85,86,NULL,68,3,120,0,0,50,'2022-06-20 13:38:59','2022-06-20 13:38:59',NULL,'CPB220620375486'),(86,87,NULL,68,3,120,0,0,50,'2022-06-20 14:09:53','2022-06-20 14:09:53',NULL,'CPB220620553787'),(87,88,NULL,68,3,120,0,0,50,'2022-06-20 14:16:05','2022-06-20 14:16:05',NULL,'CPB220620914688'),(88,89,NULL,68,3,120,0,0,50,'2022-06-20 15:25:53','2022-06-20 15:25:53',NULL,'CPB220620121589'),(89,90,NULL,68,34,120,0,0,1230,'2022-06-20 16:08:35','2022-06-20 16:08:35',NULL,'CPB220620262990'),(90,91,NULL,68,34,120,0,0,1230,'2022-06-20 16:26:02','2022-06-20 16:26:02',NULL,'CPB220620474491'),(91,92,NULL,68,3,120,0,0,50,'2022-06-20 16:41:00','2022-06-20 16:41:00',NULL,'CPB220620275692'),(92,93,NULL,68,3,120,0,0,50,'2022-06-21 10:17:02','2022-06-21 10:17:02',NULL,'CPB220621681693'),(93,94,NULL,68,3,120,0,0,50,'2022-06-21 10:45:01','2022-06-21 10:45:01',NULL,'CPB220621547094'),(94,95,NULL,68,3,120,0,2,50,'2022-06-21 14:27:28','2022-07-04 11:17:13',NULL,'CPB220621803495'),(95,96,NULL,68,34,120,0,2,1230,'2022-06-21 16:59:52','2022-07-04 11:06:53',NULL,'CPB220621426596'),(96,97,NULL,68,3,120,0,2,50,'2022-06-21 17:10:16','2022-07-04 10:13:05',NULL,'CPB220621702697'),(97,98,NULL,68,8,120,0,2,20,'2022-07-01 12:02:49','2022-07-04 10:01:55',NULL,'CPB220701319398'),(98,99,NULL,68,3,120,0,2,50,'2022-07-04 09:03:37','2022-07-04 09:05:47',NULL,'CPB220704282499'),(99,100,NULL,68,8,120,0,2,20,'2022-07-04 09:09:55','2022-07-04 10:00:09',NULL,'CPB2207045262100'),(100,101,NULL,68,3,120,0,2,50,'2022-07-04 09:34:46','2022-07-04 09:56:18',NULL,'CPB2207042721101'),(101,102,NULL,68,3,120,0,0,50,'2022-07-05 08:45:32','2022-07-05 08:45:32',NULL,'CPB2207058142102'),(102,103,NULL,68,34,120,0,0,1230,'2022-07-07 09:51:14','2022-07-07 09:51:14',NULL,'CPB2207076429103'),(103,104,NULL,68,3,120,0,5,50,'2022-07-13 10:10:33','2022-07-13 10:14:09',NULL,'CPB2207133954104'),(104,105,NULL,68,34,120,0,0,1230,'2022-07-20 16:28:15','2022-07-20 16:28:15',NULL,'CPB2207207310105'),(105,106,NULL,68,3,120,0,0,50,'2022-08-11 10:03:13','2022-08-11 10:03:13',NULL,'CPB2208114294106'),(106,107,NULL,83,36,169,0,2,1000,'2022-12-28 22:14:47','2023-01-06 14:36:14',NULL,'CPB2212288600107'),(107,108,NULL,2,30,29,0,0,12,'2023-01-05 09:57:09','2023-01-05 09:57:09',NULL,'CPB2301056457108'),(108,108,NULL,2,28,29,0,0,10,'2023-01-05 09:57:09','2023-01-05 09:57:09',NULL,'CPB2301058559108'),(109,109,NULL,2,30,29,0,0,12,'2023-01-05 09:59:09','2023-01-05 09:59:09',NULL,'CPB2301055820109'),(110,109,NULL,2,28,29,0,0,10,'2023-01-05 09:59:09','2023-01-05 09:59:09',NULL,'CPB2301052730109'),(111,110,NULL,2,30,29,0,0,12,'2023-01-05 09:59:38','2023-01-05 09:59:38',NULL,'CPB2301057524110'),(112,110,NULL,2,28,29,0,0,10,'2023-01-05 09:59:38','2023-01-05 09:59:38',NULL,'CPB2301059923110'),(113,111,NULL,2,30,29,0,0,12,'2023-01-05 10:00:25','2023-01-05 10:00:25',NULL,'CPB2301053212111'),(114,111,NULL,2,28,29,0,0,10,'2023-01-05 10:00:25','2023-01-05 10:00:25',NULL,'CPB2301057006111'),(115,112,NULL,85,35,170,0,0,1800,'2023-01-06 11:02:30','2023-01-06 11:02:30',NULL,'CPB2301064597112'),(116,113,NULL,84,34,170,0,0,1230,'2023-01-06 14:09:22','2023-01-06 14:09:22',NULL,'CPB2301062852113'),(117,113,NULL,84,8,170,0,0,20,'2023-01-06 14:09:22','2023-01-06 14:09:22',NULL,'CPB2301068942113'),(118,113,NULL,84,31,170,0,0,1000,'2023-01-06 14:09:22','2023-01-06 14:09:22',NULL,'CPB2301063535113'),(119,113,NULL,84,3,170,0,0,50,'2023-01-06 14:09:22','2023-01-06 14:09:22',NULL,'CPB2301068998113'),(120,114,NULL,83,8,169,0,0,20,'2023-01-06 15:29:09','2023-01-06 15:29:09',NULL,'CPB2301061750114'),(121,115,NULL,84,3,170,0,0,50,'2023-01-09 11:17:42','2023-01-09 11:17:42',NULL,'CPB2301093882115'),(122,116,NULL,85,34,170,0,0,1230,'2023-01-09 11:21:09','2023-01-09 11:21:09',NULL,'CPB2301092115116'),(123,117,NULL,84,8,170,0,0,20,'2023-01-09 13:27:30','2023-01-09 13:27:30',NULL,'CPB2301094805117'),(124,117,NULL,84,34,170,0,0,1230,'2023-01-09 13:27:30','2023-01-09 13:27:30',NULL,'CPB2301094576117'),(125,117,NULL,84,31,170,0,0,1000,'2023-01-09 13:27:30','2023-01-09 13:27:30',NULL,'CPB2301092116117'),(126,117,NULL,84,3,170,0,0,50,'2023-01-09 13:27:30','2023-01-09 13:27:30',NULL,'CPB2301096480117'),(127,117,NULL,84,40,170,0,0,1200,'2023-01-09 13:27:30','2023-01-09 13:27:30',NULL,'CPB2301095482117'),(128,117,NULL,84,36,170,0,0,1000,'2023-01-09 13:27:30','2023-01-09 13:27:30',NULL,'CPB2301094306117'),(129,118,NULL,87,3,169,0,0,50,'2023-01-10 10:32:12','2023-01-10 10:32:12',NULL,'CPB2301107405118'),(130,119,NULL,87,3,169,0,0,50,'2023-01-10 11:13:23','2023-01-10 11:13:23',NULL,'CPB2301109547119'),(131,119,NULL,87,8,169,0,0,20,'2023-01-10 11:13:23','2023-01-10 11:13:23',NULL,'CPB2301105768119'),(132,119,NULL,87,31,169,0,0,1000,'2023-01-10 11:13:23','2023-01-10 11:13:23',NULL,'CPB2301102701119'),(133,120,NULL,87,8,169,0,0,20,'2023-01-10 16:01:21','2023-01-10 16:01:21',NULL,'CPB2301107742120'),(134,120,NULL,87,34,169,0,0,1230,'2023-01-10 16:01:21','2023-01-10 16:01:21',NULL,'CPB2301103743120'),(135,120,NULL,87,31,169,0,0,1000,'2023-01-10 16:01:21','2023-01-10 16:01:21',NULL,'CPB2301106434120'),(136,120,NULL,87,40,169,0,0,1200,'2023-01-10 16:01:21','2023-01-10 16:01:21',NULL,'CPB2301103978120'),(137,120,NULL,87,55,169,0,0,12,'2023-01-10 16:01:21','2023-01-10 16:01:21',NULL,'CPB2301106365120'),(138,121,NULL,87,34,169,0,0,1230,'2023-01-10 16:07:36','2023-01-10 16:07:36',NULL,'CPB2301107534121'),(139,121,NULL,87,35,169,0,0,1800,'2023-01-10 16:07:36','2023-01-10 16:07:36',NULL,'CPB2301103062121'),(140,121,NULL,87,28,169,0,0,10,'2023-01-10 16:07:36','2023-01-10 16:07:36',NULL,'CPB2301104177121'),(141,121,NULL,87,40,169,0,0,1200,'2023-01-10 16:07:36','2023-01-10 16:07:36',NULL,'CPB2301104488121'),(142,121,NULL,87,36,169,0,0,1000,'2023-01-10 16:07:36','2023-01-10 16:07:36',NULL,'CPB2301105298121'),(143,122,NULL,117,55,181,0,0,12,'2023-01-17 11:00:38','2023-01-17 11:00:38',NULL,'CPB2301172498122'),(144,123,NULL,117,55,181,0,6,12,'2023-01-17 15:45:52','2023-01-17 19:32:21',NULL,'CPB2301176561123'),(145,124,NULL,111,28,180,0,0,10,'2023-01-18 09:27:52','2023-01-18 09:27:52',NULL,'CPB2301186107124'),(146,125,NULL,116,8,181,0,4,20,'2023-01-19 09:55:15','2023-02-02 15:54:02',NULL,'CPB2301199434125'),(147,126,NULL,117,55,181,0,2,12,'2023-01-19 12:59:17','2023-02-15 11:48:05',NULL,'CPB2301191216126'),(148,127,NULL,111,8,180,0,2,20,'2023-01-20 10:04:33','2023-02-01 10:50:47',NULL,'CPB2301207425127'),(149,128,NULL,111,35,180,0,2,1800,'2023-01-20 10:12:03','2023-02-01 10:50:10',NULL,'CPB2301201887128'),(150,129,NULL,111,35,180,0,2,1800,'2023-01-25 13:45:49','2023-02-01 09:54:47',NULL,'CPB2301251410129'),(151,130,NULL,133,34,185,0,2,1230,'2023-01-27 11:21:04','2023-01-27 11:23:32',NULL,'CPB2301271683130'),(152,130,NULL,133,31,185,0,2,1000,'2023-01-27 11:21:04','2023-01-27 11:23:32',NULL,'CPB2301274137130'),(153,131,NULL,133,34,185,0,0,1230,'2023-01-27 14:23:08','2023-01-27 14:23:08',NULL,'CPB2301274911131'),(154,132,NULL,141,40,190,0,2,1200,'2023-02-09 08:45:45','2023-02-16 10:35:05',NULL,'CPB2302093171132'),(155,133,NULL,142,55,190,0,0,12,'2023-02-13 10:26:14','2023-02-13 10:26:14',NULL,'CPB2302136626133'),(156,134,NULL,116,8,181,0,2,20,'2023-02-16 15:56:29','2023-02-16 16:03:45',NULL,'CPB2302168787134'),(157,134,NULL,116,28,181,0,2,10,'2023-02-16 15:56:29','2023-02-16 16:03:45',NULL,'CPB2302161831134'),(158,135,NULL,139,35,190,0,2,1800,'2023-02-17 10:00:44','2023-02-17 12:57:06',NULL,'CPB2302179386135'),(159,136,NULL,139,8,190,0,0,20,'2023-02-17 13:06:01','2023-02-17 13:06:01',NULL,'CPB2302176909136'),(160,137,NULL,151,35,194,0,0,1800,'2023-03-01 17:54:49','2023-03-01 17:54:49',NULL,'CPB2303016544137'),(161,138,NULL,116,8,181,0,0,20,'2023-03-13 10:01:59','2023-03-13 10:01:59',NULL,'CPB2303138665138'),(162,139,NULL,116,8,181,0,0,20,'2023-03-17 18:58:10','2023-03-17 18:58:10',NULL,'CPB2303171042139'),(163,140,NULL,129,3,181,0,0,50,'2023-03-17 19:21:48','2023-03-17 19:21:48',NULL,'CPB2303171616140'),(164,141,NULL,156,34,195,0,0,1230,'2023-03-18 13:54:57','2023-03-18 13:54:57',NULL,'CPB2303183580141'),(165,142,NULL,151,35,194,0,0,1800,'2023-03-18 20:21:16','2023-03-18 20:21:16',NULL,'CPB2303188382142'),(166,143,NULL,116,8,181,0,0,20,'2023-03-21 15:52:30','2023-03-21 15:52:30',NULL,'CPB2303214915143'),(167,144,NULL,164,35,201,0,0,1800,'2023-03-22 10:24:33','2023-03-22 10:24:33',NULL,'CPB2303222906144'),(168,145,NULL,165,8,202,0,0,20,'2023-03-22 10:28:54','2023-03-22 10:28:54',NULL,'CPB2303225965145'),(169,146,NULL,165,8,202,0,0,20,'2023-03-22 13:15:49','2023-03-22 13:15:49',NULL,'CPB2303221302146'),(170,147,NULL,165,8,202,0,0,20,'2023-03-22 13:31:01','2023-03-22 13:31:01',NULL,'CPB2303221079147'),(171,148,NULL,166,8,203,0,2,20,'2023-03-24 09:21:32','2023-03-24 10:01:05',NULL,'CPB2303244915148'),(172,148,NULL,166,28,203,0,2,10,'2023-03-24 09:21:32','2023-03-24 10:01:05',NULL,'CPB2303241863148'),(173,148,NULL,166,31,203,0,2,1000,'2023-03-24 09:21:32','2023-03-24 10:01:05',NULL,'CPB2303241946148'),(174,149,NULL,163,35,201,0,0,1800,'2023-03-27 11:09:19','2023-03-27 11:09:19',NULL,'CPB2303271088149'),(175,150,NULL,164,36,201,0,0,1000,'2023-03-27 11:09:42','2023-03-27 11:09:42',NULL,'CPB2303273092150'),(176,151,NULL,164,36,201,0,0,1000,'2023-03-27 11:10:20','2023-03-27 11:10:20',NULL,'CPB2303277248151'),(177,152,NULL,163,8,201,0,0,20,'2023-03-27 15:10:34','2023-03-27 15:10:34',NULL,'CPB2303279925152'),(178,152,NULL,163,28,201,0,0,10,'2023-03-27 15:10:34','2023-03-27 15:10:34',NULL,'CPB2303277621152'),(179,152,NULL,163,31,201,0,0,1000,'2023-03-27 15:10:34','2023-03-27 15:10:34',NULL,'CPB2303276428152'),(180,152,NULL,163,35,201,0,0,1800,'2023-03-27 15:10:34','2023-03-27 15:10:34',NULL,'CPB2303279768152'),(181,152,NULL,163,36,201,0,0,1000,'2023-03-27 15:10:34','2023-03-27 15:10:34',NULL,'CPB2303276998152'),(182,152,NULL,163,40,201,0,0,1200,'2023-03-27 15:10:34','2023-03-27 15:10:34',NULL,'CPB2303278648152'),(183,152,NULL,163,61,201,0,0,34,'2023-03-27 15:10:34','2023-03-27 15:10:34',NULL,'CPB2303272788152');

--
-- Table structure for table `mobile_grooming_booking_slots`
--

CREATE TABLE `mobile_grooming_booking_slots` (
  `id` int NOT NULL AUTO_INCREMENT,
  `mobile_grooming_booking_item_id` int NOT NULL,
  `book_date` varchar(20) NOT NULL,
  `time_from` varchar(10) NOT NULL,
  `time_to` varchar(10) NOT NULL,
  `session` int NOT NULL,
  `status` int NOT NULL,
  `created_by` int DEFAULT NULL,
  `created_at` timestamp NOT NULL DEFAULT CURRENT_TIMESTAMP,
  `updated_at` timestamp NOT NULL DEFAULT CURRENT_TIMESTAMP,
  `deleted_at` timestamp NULL DEFAULT NULL,
  PRIMARY KEY (`id`)
) ENGINE=InnoDB AUTO_INCREMENT=184 DEFAULT CHARSET=latin1;

--
-- Dumping data for table `mobile_grooming_booking_slots`
--

INSERT INTO `mobile_grooming_booking_slots` VALUES (1,1,'2022-03-01','20:30','21:00',2,6,5,'2022-02-28 20:41:54','2022-03-01 19:02:09',NULL),(2,2,'2022-03-16','9:30','10:00',1,4,6,'2022-03-01 20:24:23','2022-03-04 13:47:19',NULL),(3,3,'2022-03-04','9:00','9:30',1,5,13,'2022-03-03 09:44:29','2022-03-04 13:48:32',NULL),(4,4,'2022-03-03','14:00','14:30',3,6,13,'2022-03-03 10:18:06','2022-03-03 10:31:27',NULL),(5,5,'2022-03-03','20:00','20:30',2,6,29,'2022-03-03 15:25:15','2022-03-03 15:41:35',NULL),(6,6,'2022-03-04','7:30','8:00',1,1,29,'2022-03-03 15:28:15','2022-03-03 15:28:15',NULL),(7,7,'2022-03-03','19:30','20:00',2,6,29,'2022-03-03 15:28:45','2022-03-03 17:33:09',NULL),(8,8,'2022-03-11','8:00','8:30',1,6,29,'2022-03-03 16:03:14','2022-03-03 16:07:07',NULL),(9,9,'2022-03-04','15:00','15:30',3,1,5,'2022-03-04 13:46:08','2022-03-04 13:46:08',NULL),(10,10,'2022-03-06','7:00','7:30',1,1,5,'2022-03-04 13:52:25','2022-03-04 13:52:25',NULL),(11,11,'2022-03-07','7:30','8:00',1,1,5,'2022-03-04 13:55:10','2022-03-04 13:55:10',NULL),(12,12,'2022-03-06','7:30','8:00',1,1,5,'2022-03-04 14:01:08','2022-03-04 14:01:08',NULL),(13,13,'2022-03-05','6:30','7:00',1,1,5,'2022-03-04 14:04:22','2022-03-04 14:04:22',NULL),(14,14,'2022-03-06','6:30','7:00',1,1,5,'2022-03-04 15:06:54','2022-03-04 15:06:54',NULL),(15,15,'2022-03-06','8:00','8:30',1,1,5,'2022-03-04 15:08:29','2022-03-04 15:08:29',NULL),(16,16,'2022-03-08','7:30','8:00',1,1,5,'2022-03-04 15:09:21','2022-03-04 15:09:21',NULL),(17,17,'2022-03-06','9:30','10:00',1,1,5,'2022-03-04 15:11:31','2022-03-04 15:11:31',NULL),(18,18,'2022-03-09','8:00','8:30',1,1,5,'2022-03-04 15:13:58','2022-03-04 15:13:58',NULL),(19,19,'2022-03-05','7:00','7:30',1,1,5,'2022-03-04 15:19:34','2022-03-04 15:19:34',NULL),(20,20,'2022-03-15','6:30','7:00',1,5,5,'2022-03-14 10:35:55','2022-03-22 13:35:43',NULL),(21,21,'2022-03-19','6:30','7:00',1,2,5,'2022-03-18 10:07:27','2022-03-22 18:01:45',NULL),(22,22,'2022-03-19','6:30','7:00',1,2,5,'2022-03-18 10:07:27','2022-03-22 18:01:45',NULL),(23,23,'2022-03-27','7:30','8:00',1,1,5,'2022-03-23 10:51:33','2022-03-23 10:51:33',NULL),(24,24,'2022-03-27','7:30','8:00',1,1,5,'2022-03-23 10:51:33','2022-03-23 10:51:33',NULL),(25,25,'2022-03-25','15:00','15:30',3,1,5,'2022-03-24 15:29:36','2022-03-24 15:29:36',NULL),(26,26,'2022-03-26','15:00','15:30',3,3,5,'2022-03-24 15:41:55','2022-03-25 15:41:28',NULL),(27,27,'2022-03-26','7:00','7:30',1,3,5,'2022-03-24 15:46:07','2022-03-24 16:44:36',NULL),(28,28,'2022-03-29','15:00','15:30',3,4,42,'2022-03-25 14:27:19','2022-03-25 16:59:41',NULL),(29,29,'2022-03-27','6:30','7:00',1,1,5,'2022-03-25 17:10:35','2022-03-25 17:10:35',NULL),(30,30,'2022-03-29','7:00','7:30',1,3,5,'2022-03-25 17:13:42','2022-03-30 10:09:08',NULL),(31,31,'2022-04-06','15:00','15:30',3,1,54,'2022-04-06 09:05:31','2022-04-06 09:05:31',NULL),(32,32,'2022-04-07','6:30','7:00',1,1,54,'2022-04-06 12:44:13','2022-04-06 12:44:13',NULL),(33,33,'2022-04-07','14:30','15:00',3,1,54,'2022-04-06 12:46:39','2022-04-06 12:46:39',NULL),(34,34,'2022-04-08','15:00','15:30',3,1,54,'2022-04-06 12:52:26','2022-04-06 12:52:26',NULL),(35,35,'2022-04-07','7:00','7:30',1,1,54,'2022-04-06 13:00:09','2022-04-06 13:00:09',NULL),(36,36,'2022-04-07','15:00','15:30',3,1,54,'2022-04-06 13:04:22','2022-04-06 13:04:22',NULL),(37,37,'2022-04-08','7:00','7:30',1,1,54,'2022-04-06 13:05:11','2022-04-06 13:05:11',NULL),(38,38,'2022-04-07','6:00','6:30',1,1,54,'2022-04-06 13:40:26','2022-04-06 13:40:26',NULL),(39,39,'2022-04-09','6:30','7:00',1,1,54,'2022-04-06 13:44:08','2022-04-06 13:44:08',NULL),(40,40,'2022-04-07','7:30','8:00',1,2,61,'2022-04-06 16:53:09','2022-04-07 10:19:12',NULL),(41,41,'2022-04-08','6:30','7:00',1,2,65,'2022-04-07 10:24:52','2022-04-07 10:28:07',NULL),(42,42,'2022-04-07','19:30','20:00',2,1,6,'2022-04-07 11:18:25','2022-04-07 11:18:25',NULL),(43,43,'2022-04-07','19:00','19:30',2,1,6,'2022-04-07 11:44:07','2022-04-07 11:44:07',NULL),(44,44,'2022-04-07','18:30','19:00',2,1,6,'2022-04-07 11:50:12','2022-04-07 11:50:12',NULL),(45,45,'2022-04-22','19:30','20:00',1,1,5,'2022-04-07 11:59:52','2022-04-07 11:59:52',NULL),(46,46,'2022-04-22','19:00','19:30',1,1,5,'2022-04-07 12:09:44','2022-04-07 12:09:44',NULL),(47,47,'2022-04-22','18:00','18:30',1,1,5,'2022-04-07 12:19:29','2022-04-07 12:19:29',NULL),(48,48,'2022-04-07','18:00','18:30',2,4,65,'2022-04-07 12:30:33','2022-04-07 12:31:55',NULL),(49,49,'2022-04-07','18:00','18:30',2,4,65,'2022-04-07 12:33:41','2022-04-07 12:51:34',NULL),(50,50,'2022-04-08','6:30','7:00',1,1,65,'2022-04-07 13:26:25','2022-04-07 13:26:25',NULL),(51,51,'2022-04-08','14:30','15:00',3,1,65,'2022-04-08 05:37:30','2022-04-08 05:37:30',NULL),(52,52,'2022-04-09','7:00','7:30',1,1,65,'2022-04-08 05:42:35','2022-04-08 05:42:35',NULL),(53,53,'2022-04-09','15:30','16:00',3,4,65,'2022-04-08 06:00:28','2022-04-13 12:52:53',NULL),(54,54,'2022-04-12','7:00','7:30',1,1,65,'2022-04-11 04:53:17','2022-04-11 04:53:17',NULL),(55,55,'2022-04-13','7:00','7:30',1,2,65,'2022-04-11 04:56:17','2022-04-12 06:43:56',NULL),(56,56,'2022-04-14','7:00','7:30',1,4,65,'2022-04-12 06:38:36','2022-04-12 06:41:26',NULL),(57,57,'2022-04-14','6:30','7:00',1,1,86,'2022-04-13 12:47:18','2022-04-13 12:47:18',NULL),(58,58,'2022-05-01','7:30','8:00',1,1,65,'2022-04-18 09:23:06','2022-04-18 09:23:06',NULL),(59,59,'2022-05-05','7:30','8:00',1,1,65,'2022-04-18 09:23:56','2022-04-18 09:23:56',NULL),(60,60,'2022-05-02','7:30','8:00',1,1,65,'2022-04-18 09:25:12','2022-04-18 09:25:12',NULL),(61,61,'2022-04-20','6:30','7:00',1,2,65,'2022-04-19 10:42:29','2022-04-19 10:43:46',NULL),(62,62,'2022-04-21','7:00','7:30',1,1,65,'2022-04-20 06:29:20','2022-04-20 06:29:20',NULL),(63,63,'2022-04-20','14:00','14:30',3,2,108,'2022-04-20 06:39:10','2022-04-20 06:47:37',NULL),(64,64,'2022-04-21','6:30','7:00',1,3,108,'2022-04-20 06:50:21','2022-04-20 06:50:48',NULL),(65,65,'2022-04-22','7:00','7:30',1,1,108,'2022-04-20 06:53:08','2022-04-20 06:53:08',NULL),(66,66,'2022-04-23','7:30','8:00',1,1,65,'2022-04-20 09:38:34','2022-04-20 09:38:34',NULL),(67,67,'2022-04-23','7:30','8:00',1,1,65,'2022-04-20 09:38:34','2022-04-20 09:38:34',NULL),(68,68,'2022-04-23','7:30','8:00',1,1,65,'2022-04-20 09:38:34','2022-04-20 09:38:34',NULL),(69,69,'2022-04-23','7:30','8:00',1,1,65,'2022-04-20 09:38:34','2022-04-20 09:38:34',NULL),(70,70,'2022-04-23','7:30','8:00',1,1,65,'2022-04-20 09:38:34','2022-04-20 09:38:34',NULL),(71,71,'2022-04-22','10:30','11:00',1,4,115,'2022-04-21 10:14:00','2022-04-21 10:33:10',NULL),(72,72,'2022-04-27','9:30','10:00',1,6,115,'2022-04-21 10:35:39','2022-04-25 11:46:52',NULL),(73,73,'2022-04-25','19:30','20:00',2,1,121,'2022-04-25 11:55:46','2022-04-25 11:55:46',NULL),(74,74,'2022-04-30','6:00','6:30',1,1,120,'2022-04-29 04:53:03','2022-04-29 04:53:03',NULL),(75,75,'2022-04-30','6:30','7:00',1,1,120,'2022-04-29 05:17:34','2022-04-29 05:17:34',NULL),(76,76,'2022-04-30','7:00','7:30',1,1,120,'2022-04-29 05:29:18','2022-04-29 05:29:18',NULL),(77,77,'2022-04-30','7:30','8:00',1,1,120,'2022-04-29 11:00:52','2022-04-29 11:00:52',NULL),(78,78,'2022-04-30','8:00','8:30',1,1,120,'2022-04-29 11:02:50','2022-04-29 11:02:50',NULL),(79,79,'2022-06-17','6:00','6:30',1,1,120,'2022-06-16 21:48:36','2022-06-16 21:48:36',NULL),(80,80,'2022-06-17','14:00','14:30',3,2,120,'2022-06-17 10:31:26','2022-06-17 10:45:39',NULL),(81,81,'2022-06-18','6:00','6:30',1,1,120,'2022-06-17 10:45:11','2022-06-17 10:45:11',NULL),(82,82,'2022-06-18','6:30','7:00',1,1,120,'2022-06-17 11:04:05','2022-06-17 11:04:05',NULL),(83,83,'2022-06-18','11:30','12:00',1,1,120,'2022-06-17 17:14:53','2022-06-17 17:14:53',NULL),(84,84,'2022-06-23','11:30','12:00',1,1,120,'2022-06-20 09:59:47','2022-06-20 09:59:47',NULL),(85,85,'2022-06-25','11:30','12:00',1,1,120,'2022-06-20 13:38:59','2022-06-20 13:38:59',NULL),(86,86,'2022-07-05','8:00','8:30',1,1,120,'2022-06-20 14:09:53','2022-06-20 14:09:53',NULL),(87,87,'2022-07-02','8:00','8:30',1,1,120,'2022-06-20 14:16:05','2022-06-20 14:16:05',NULL),(88,88,'2022-06-23','8:00','8:30',1,1,120,'2022-06-20 15:25:53','2022-06-20 15:25:53',NULL),(89,89,'2022-06-20','18:00','18:30',2,1,120,'2022-06-20 16:08:35','2022-06-20 16:08:35',NULL),(90,90,'2022-06-20','18:30','19:00',2,1,120,'2022-06-20 16:26:02','2022-06-20 16:26:02',NULL),(91,91,'2022-06-28','11:30','12:00',1,1,120,'2022-06-20 16:41:00','2022-06-20 16:41:00',NULL),(92,92,'2022-07-03','7:30','8:00',1,1,120,'2022-06-21 10:17:02','2022-06-21 10:17:02',NULL),(93,93,'2022-07-04','7:30','8:00',1,1,120,'2022-06-21 10:45:01','2022-06-21 10:45:01',NULL),(94,94,'2022-07-03','10:30','11:00',1,2,120,'2022-06-21 14:27:28','2022-07-04 11:17:13',NULL),(95,95,'2022-06-22','6:00','6:30',1,2,120,'2022-06-21 16:59:52','2022-07-04 11:06:53',NULL),(96,96,'2022-07-04','11:30','12:00',1,2,120,'2022-06-21 17:10:16','2022-07-04 10:13:05',NULL),(97,97,'2022-07-30','7:30','8:00',1,2,120,'2022-07-01 12:02:49','2022-07-04 10:01:55',NULL),(98,98,'2022-07-27','7:30','8:00',1,2,120,'2022-07-04 09:03:37','2022-07-04 09:05:47',NULL),(99,99,'2022-07-20','6:30','7:00',1,2,120,'2022-07-04 09:09:55','2022-07-04 10:00:09',NULL),(100,100,'2022-07-31','7:30','8:00',1,2,120,'2022-07-04 09:34:46','2022-07-04 09:56:18',NULL),(101,101,'2022-07-26','7:30','8:00',1,1,120,'2022-07-05 08:45:32','2022-07-05 08:45:32',NULL),(102,102,'2022-07-31','10:00','10:30',1,1,120,'2022-07-07 09:51:14','2022-07-07 09:51:14',NULL),(103,103,'2022-07-13','14:30','15:00',3,5,120,'2022-07-13 10:10:33','2022-07-13 10:14:09',NULL),(104,104,'2022-08-13','7:30','8:00',1,1,120,'2022-07-20 16:28:15','2022-07-20 16:28:15',NULL),(105,105,'2022-08-11','14:00','14:30',3,1,120,'2022-08-11 10:03:13','2022-08-11 10:03:13',NULL),(106,106,'2022-12-29','6:00','6:30',1,2,169,'2022-12-28 22:14:47','2023-01-06 14:36:14',NULL),(107,107,'2023-01-29','19:30','20:00',2,1,29,'2023-01-05 09:57:09','2023-01-05 09:57:09',NULL),(108,108,'2023-01-29','19:30','20:00',2,1,29,'2023-01-05 09:57:09','2023-01-05 09:57:09',NULL),(109,109,'2023-01-20','19:30','20:00',2,1,29,'2023-01-05 09:59:09','2023-01-05 09:59:09',NULL),(110,110,'2023-01-20','19:30','20:00',2,1,29,'2023-01-05 09:59:09','2023-01-05 09:59:09',NULL),(111,111,'2023-01-21','19:30','20:00',2,1,29,'2023-01-05 09:59:38','2023-01-05 09:59:38',NULL),(112,112,'2023-01-21','19:30','20:00',2,1,29,'2023-01-05 09:59:38','2023-01-05 09:59:38',NULL),(113,113,'2023-01-22','19:30','20:00',2,1,29,'2023-01-05 10:00:25','2023-01-05 10:00:25',NULL),(114,114,'2023-01-22','19:30','20:00',2,1,29,'2023-01-05 10:00:25','2023-01-05 10:00:25',NULL),(115,115,'2023-01-08','7:00','7:30',1,1,170,'2023-01-06 11:02:30','2023-01-06 11:02:30',NULL),(116,116,'2023-01-07','6:30','7:00',1,1,170,'2023-01-06 14:09:22','2023-01-06 14:09:22',NULL),(117,117,'2023-01-07','6:30','7:00',1,1,170,'2023-01-06 14:09:22','2023-01-06 14:09:22',NULL),(118,118,'2023-01-07','6:30','7:00',1,1,170,'2023-01-06 14:09:22','2023-01-06 14:09:22',NULL),(119,119,'2023-01-07','6:30','7:00',1,1,170,'2023-01-06 14:09:22','2023-01-06 14:09:22',NULL),(120,120,'2023-01-07','6:00','6:30',1,1,169,'2023-01-06 15:29:09','2023-01-06 15:29:09',NULL),(121,121,'2023-01-09','15:00','15:30',3,1,170,'2023-01-09 11:17:42','2023-01-09 11:17:42',NULL),(122,122,'2023-01-09','15:30','16:00',3,1,170,'2023-01-09 11:21:09','2023-01-09 11:21:09',NULL),(123,123,'2023-01-11','9:00','9:30',1,1,170,'2023-01-09 13:27:30','2023-01-09 13:27:30',NULL),(124,124,'2023-01-11','9:00','9:30',1,1,170,'2023-01-09 13:27:30','2023-01-09 13:27:30',NULL),(125,125,'2023-01-11','9:00','9:30',1,1,170,'2023-01-09 13:27:30','2023-01-09 13:27:30',NULL),(126,126,'2023-01-11','9:00','9:30',1,1,170,'2023-01-09 13:27:30','2023-01-09 13:27:30',NULL),(127,127,'2023-01-11','9:00','9:30',1,1,170,'2023-01-09 13:27:30','2023-01-09 13:27:30',NULL),(128,128,'2023-01-11','9:00','9:30',1,1,170,'2023-01-09 13:27:30','2023-01-09 13:27:30',NULL),(129,129,'2023-01-11','6:00','6:30',1,1,169,'2023-01-10 10:32:12','2023-01-10 10:32:12',NULL),(130,130,'2023-01-11','6:30','7:00',1,1,169,'2023-01-10 11:13:23','2023-01-10 11:13:23',NULL),(131,131,'2023-01-11','6:30','7:00',1,1,169,'2023-01-10 11:13:23','2023-01-10 11:13:23',NULL),(132,132,'2023-01-11','6:30','7:00',1,1,169,'2023-01-10 11:13:23','2023-01-10 11:13:23',NULL),(133,133,'2023-01-11','8:30','9:00',1,1,169,'2023-01-10 16:01:21','2023-01-10 16:01:21',NULL),(134,134,'2023-01-11','8:30','9:00',1,1,169,'2023-01-10 16:01:21','2023-01-10 16:01:21',NULL),(135,135,'2023-01-11','8:30','9:00',1,1,169,'2023-01-10 16:01:21','2023-01-10 16:01:21',NULL),(136,136,'2023-01-11','8:30','9:00',1,1,169,'2023-01-10 16:01:21','2023-01-10 16:01:21',NULL),(137,137,'2023-01-11','8:30','9:00',1,1,169,'2023-01-10 16:01:21','2023-01-10 16:01:21',NULL),(138,138,'2023-01-13','6:30','7:00',1,1,169,'2023-01-10 16:07:36','2023-01-10 16:07:36',NULL),(139,139,'2023-01-13','6:30','7:00',1,1,169,'2023-01-10 16:07:36','2023-01-10 16:07:36',NULL),(140,140,'2023-01-13','6:30','7:00',1,1,169,'2023-01-10 16:07:36','2023-01-10 16:07:36',NULL),(141,141,'2023-01-13','6:30','7:00',1,1,169,'2023-01-10 16:07:36','2023-01-10 16:07:36',NULL),(142,142,'2023-01-13','6:30','7:00',1,1,169,'2023-01-10 16:07:36','2023-01-10 16:07:36',NULL),(143,143,'2023-01-18','7:30','8:00',1,1,181,'2023-01-17 11:00:38','2023-01-17 11:00:38',NULL),(144,144,'2023-01-18','6:00','6:30',1,6,181,'2023-01-17 15:45:52','2023-01-17 19:32:21',NULL),(145,145,'2023-01-18','15:00','15:30',3,1,180,'2023-01-18 09:27:52','2023-01-18 09:27:52',NULL),(146,146,'2023-01-21','7:30','8:00',1,4,181,'2023-01-19 09:55:15','2023-02-02 15:54:02',NULL),(147,147,'2023-01-22','7:00','7:30',1,2,181,'2023-01-19 12:59:17','2023-02-15 11:48:05',NULL),(148,148,'2023-01-21','6:30','7:00',1,2,180,'2023-01-20 10:04:33','2023-02-01 10:50:47',NULL),(149,149,'2023-01-21','7:00','7:30',1,2,180,'2023-01-20 10:12:03','2023-02-01 10:50:10',NULL),(150,150,'2023-01-26','6:30','7:00',1,2,180,'2023-01-25 13:45:49','2023-02-01 09:54:47',NULL),(151,151,'2023-01-27','15:00','15:30',3,2,185,'2023-01-27 11:21:04','2023-01-27 11:23:32',NULL),(152,152,'2023-01-27','15:00','15:30',3,2,185,'2023-01-27 11:21:04','2023-01-27 11:23:32',NULL),(153,153,'2023-01-28','7:00','7:30',1,1,185,'2023-01-27 14:23:08','2023-01-27 14:23:08',NULL),(154,154,'2023-02-10','6:30','7:00',1,2,190,'2023-02-09 08:45:45','2023-02-16 10:35:05',NULL),(155,155,'2023-02-15','6:30','7:00',1,1,190,'2023-02-13 10:26:14','2023-02-13 10:26:14',NULL),(156,156,'2023-02-17','6:00','6:30',1,2,181,'2023-02-16 15:56:29','2023-02-16 16:03:45',NULL),(157,157,'2023-02-17','6:00','6:30',1,2,181,'2023-02-16 15:56:29','2023-02-16 16:03:45',NULL),(158,158,'2023-02-18','6:30','7:00',1,2,190,'2023-02-17 10:00:44','2023-02-17 12:57:06',NULL),(159,159,'2023-02-18','6:30','7:00',1,1,190,'2023-02-17 13:06:01','2023-02-17 13:06:01',NULL),(160,160,'2023-03-02','6:00','6:30',1,1,194,'2023-03-01 17:54:49','2023-03-01 17:54:49',NULL),(161,161,'2023-03-14','6:00','6:30',1,1,181,'2023-03-13 10:01:59','2023-03-13 10:01:59',NULL),(162,162,'2023-03-19','7:00','7:30',1,1,181,'2023-03-17 18:58:10','2023-03-17 18:58:10',NULL),(163,163,'2023-03-18','6:30','7:00',1,1,181,'2023-03-17 19:21:48','2023-03-17 19:21:48',NULL),(164,164,'2023-03-18','19:00','19:30',2,1,195,'2023-03-18 13:54:57','2023-03-18 13:54:57',NULL),(165,165,'2023-03-19','9:30','10:00',1,1,194,'2023-03-18 20:21:16','2023-03-18 20:21:16',NULL),(166,166,'2023-03-22','6:00','6:30',1,1,181,'2023-03-21 15:52:30','2023-03-21 15:52:30',NULL),(167,167,'2023-03-23','6:00','6:30',1,1,201,'2023-03-22 10:24:33','2023-03-22 10:24:33',NULL),(168,168,'2023-03-24','7:00','7:30',1,1,202,'2023-03-22 10:28:54','2023-03-22 10:28:54',NULL),(169,169,'2023-03-23','6:30','7:00',1,1,202,'2023-03-22 13:15:49','2023-03-22 13:15:49',NULL),(170,170,'2023-03-26','7:00','7:30',1,1,202,'2023-03-22 13:31:01','2023-03-22 13:31:01',NULL),(171,171,'2023-03-25','6:00','6:30',1,2,203,'2023-03-24 09:21:32','2023-03-24 10:01:05',NULL),(172,172,'2023-03-25','6:00','6:30',1,2,203,'2023-03-24 09:21:32','2023-03-24 10:01:05',NULL),(173,173,'2023-03-25','6:00','6:30',1,2,203,'2023-03-24 09:21:32','2023-03-24 10:01:05',NULL),(174,174,'2023-03-28','6:00','6:30',1,1,201,'2023-03-27 11:09:19','2023-03-27 11:09:19',NULL),(175,175,'2023-03-28','6:30','7:00',1,1,201,'2023-03-27 11:09:42','2023-03-27 11:09:42',NULL),(176,176,'2023-03-28','8:30','9:00',1,1,201,'2023-03-27 11:10:20','2023-03-27 11:10:20',NULL),(177,177,'2023-03-29','7:00','7:30',1,1,201,'2023-03-27 15:10:34','2023-03-27 15:10:34',NULL),(178,178,'2023-03-29','7:00','7:30',1,1,201,'2023-03-27 15:10:34','2023-03-27 15:10:34',NULL),(179,179,'2023-03-29','7:00','7:30',1,1,201,'2023-03-27 15:10:34','2023-03-27 15:10:34',NULL),(180,180,'2023-03-29','7:00','7:30',1,1,201,'2023-03-27 15:10:34','2023-03-27 15:10:34',NULL),(181,181,'2023-03-29','7:00','7:30',1,1,201,'2023-03-27 15:10:34','2023-03-27 15:10:34',NULL),(182,182,'2023-03-29','7:00','7:30',1,1,201,'2023-03-27 15:10:34','2023-03-27 15:10:34',NULL),(183,183,'2023-03-29','7:00','7:30',1,1,201,'2023-03-27 15:10:34','2023-03-27 15:10:34',NULL);

--
-- Table structure for table `mobile_grooming_booking_status_track`
--

CREATE TABLE `mobile_grooming_booking_status_track` (
  `id` bigint unsigned NOT NULL AUTO_INCREMENT,
  `mobile_grooming_booking_id` int NOT NULL,
  `status` varchar(191) CHARACTER SET utf8mb4 COLLATE utf8mb4_unicode_ci NOT NULL,
  `comment` varchar(200) CHARACTER SET utf8mb4 COLLATE utf8mb4_unicode_ci DEFAULT NULL,
  `created_at` timestamp NULL DEFAULT NULL,
  `updated_at` timestamp NULL DEFAULT NULL,
  PRIMARY KEY (`id`)
) ENGINE=MyISAM AUTO_INCREMENT=132 DEFAULT CHARSET=utf8mb4 COLLATE=utf8mb4_unicode_ci;

--
-- Dumping data for table `mobile_grooming_booking_status_track`
--

INSERT INTO `mobile_grooming_booking_status_track` VALUES (1,1,'Approved',NULL,'2022-03-01 19:02:55','2022-03-01 19:02:55'),(2,1,'Completed',NULL,'2022-03-01 19:03:35','2022-03-01 19:03:35'),(3,3,'Approved',NULL,'2022-03-03 09:45:11','2022-03-03 09:45:11'),(4,4,'In-Progress',NULL,'2022-03-03 10:19:10','2022-03-03 10:19:10'),(5,4,'Approved',NULL,'2022-03-03 10:20:29','2022-03-03 10:20:29'),(6,4,'Cancelled','Holiday','2022-03-03 10:27:40','2022-03-03 10:27:40'),(7,5,'In-Progress',NULL,'2022-03-03 15:40:34','2022-03-03 15:40:34'),(8,5,'Approved',NULL,'2022-03-03 15:41:18','2022-03-03 15:41:18'),(9,5,'Completed',NULL,'2022-03-03 15:41:46','2022-03-03 15:41:46'),(10,6,'In-Progress',NULL,'2022-03-03 15:43:00','2022-03-03 15:43:00'),(11,6,'Rejected',NULL,'2022-03-03 15:43:55','2022-03-03 15:43:55'),(12,7,'In-Progress',NULL,'2022-03-03 15:59:08','2022-03-03 15:59:08'),(13,7,'Rejected',NULL,'2022-03-03 16:02:49','2022-03-03 16:02:49'),(14,8,'Approved',NULL,'2022-03-03 16:05:49','2022-03-03 16:05:49'),(15,8,'Cancelled','closed','2022-03-03 16:06:40','2022-03-03 16:06:40'),(16,2,'Approved',NULL,'2022-03-04 13:46:44','2022-03-04 13:46:44'),(17,2,'Rejected',NULL,'2022-03-04 13:47:19','2022-03-04 13:47:19'),(18,3,'In-Progress',NULL,'2022-03-04 13:48:32','2022-03-04 13:48:32'),(19,21,'Approved',NULL,'2022-03-19 12:55:01','2022-03-19 12:55:01'),(20,20,'In-Progress',NULL,'2022-03-22 13:35:43','2022-03-22 13:35:43'),(21,21,'Completed',NULL,'2022-03-22 18:01:40','2022-03-22 18:01:40'),(22,19,'Approved',NULL,'2022-03-23 17:09:58','2022-03-23 17:09:58'),(23,25,'Cancelled','Not available on that day','2022-03-24 16:44:36','2022-03-24 16:44:36'),(24,24,'Cancelled',NULL,'2022-03-25 15:41:28','2022-03-25 15:41:28'),(25,26,'In-Progress',NULL,'2022-03-25 16:58:54','2022-03-25 16:58:54'),(26,26,'Approved',NULL,'2022-03-25 16:59:29','2022-03-25 16:59:29'),(27,26,'Rejected',NULL,'2022-03-25 16:59:41','2022-03-25 16:59:41'),(28,28,'Approved',NULL,'2022-03-28 15:17:24','2022-03-28 15:17:24'),(29,28,'In-Progress',NULL,'2022-03-28 15:17:43','2022-03-28 15:17:43'),(30,28,'Cancelled','Not available on that day','2022-03-30 10:09:08','2022-03-30 10:09:08'),(31,30,'Approved',NULL,'2022-04-06 12:45:01','2022-04-06 12:45:01'),(32,38,'Approved',NULL,'2022-04-07 10:18:50','2022-04-07 10:18:50'),(33,38,'Completed',NULL,'2022-04-07 10:19:02','2022-04-07 10:19:02'),(34,39,'Approved',NULL,'2022-04-07 10:27:44','2022-04-07 10:27:44'),(35,39,'Completed',NULL,'2022-04-07 10:28:01','2022-04-07 10:28:01'),(36,53,'Rejected',NULL,'2022-04-07 12:31:55','2022-04-07 12:31:55'),(37,54,'Approved',NULL,'2022-04-07 12:34:13','2022-04-07 12:34:13'),(38,54,'Rejected',NULL,'2022-04-07 12:51:34','2022-04-07 12:51:34'),(39,61,'Approved',NULL,'2022-04-12 06:41:04','2022-04-12 06:41:04'),(40,61,'Rejected',NULL,'2022-04-12 06:41:26','2022-04-12 06:41:26'),(41,60,'Approved',NULL,'2022-04-12 06:43:27','2022-04-12 06:43:27'),(42,60,'Completed',NULL,'2022-04-12 06:43:50','2022-04-12 06:43:50'),(43,59,'Approved',NULL,'2022-04-13 11:45:05','2022-04-13 11:45:05'),(44,58,'Approved',NULL,'2022-04-13 11:45:37','2022-04-13 11:45:37'),(45,58,'Rejected',NULL,'2022-04-13 12:52:53','2022-04-13 12:52:53'),(46,66,'Approved',NULL,'2022-04-19 10:43:23','2022-04-19 10:43:23'),(47,66,'Completed',NULL,'2022-04-19 10:43:36','2022-04-19 10:43:36'),(48,68,'Approved',NULL,'2022-04-20 06:47:15','2022-04-20 06:47:15'),(49,68,'Completed',NULL,'2022-04-20 06:47:28','2022-04-20 06:47:28'),(50,69,'Cancelled','test','2022-04-20 06:50:48','2022-04-20 06:50:48'),(51,72,'Rejected',NULL,'2022-04-21 10:33:10','2022-04-21 10:33:10'),(52,80,'Approved','Approved','2022-06-16 21:51:27','2022-06-16 21:51:27'),(55,81,'Approved',NULL,'2022-06-17 10:36:08','2022-06-17 10:36:08'),(54,80,'Paid','Amount Paid','2022-06-17 09:34:06','2022-06-17 09:34:06'),(56,81,'Completed',NULL,'2022-06-17 10:45:33','2022-06-17 10:45:33'),(57,82,'Approved',NULL,'2022-06-17 10:46:01','2022-06-17 10:46:01'),(58,83,'Approved',NULL,'2022-06-17 15:43:35','2022-06-17 15:43:35'),(59,83,'Paid','Amount Paid','2022-06-17 15:45:19','2022-06-17 15:45:19'),(60,84,'Approved',NULL,'2022-06-17 17:25:41','2022-06-17 17:25:41'),(61,85,'Approved',NULL,'2022-06-20 10:00:20','2022-06-20 10:00:20'),(62,85,'Paid','Amount Paid','2022-06-20 10:58:42','2022-06-20 10:58:42'),(63,84,'Paid','Amount Paid','2022-06-20 13:31:01','2022-06-20 13:31:01'),(64,86,'Approved',NULL,'2022-06-20 13:39:17','2022-06-20 13:39:17'),(65,86,'Paid','Amount Paid','2022-06-20 13:40:06','2022-06-20 13:40:06'),(66,87,'Approved',NULL,'2022-06-20 14:10:06','2022-06-20 14:10:06'),(67,87,'Paid','Amount Paid','2022-06-20 14:10:44','2022-06-20 14:10:44'),(68,88,'Approved',NULL,'2022-06-20 14:16:15','2022-06-20 14:16:15'),(69,90,'Approved',NULL,'2022-06-20 16:10:05','2022-06-20 16:10:05'),(70,90,'Paid','Amount Paid','2022-06-20 16:12:10','2022-06-20 16:12:10'),(71,92,'Approved',NULL,'2022-06-20 16:41:45','2022-06-20 16:41:45'),(72,92,'Paid','Amount Paid','2022-06-20 16:44:10','2022-06-20 16:44:10'),(73,93,'Approved',NULL,'2022-06-21 10:19:28','2022-06-21 10:19:28'),(74,93,'Paid','Amount Paid','2022-06-21 10:21:01','2022-06-21 10:21:01'),(75,94,'Approved',NULL,'2022-06-21 10:45:19','2022-06-21 10:45:19'),(76,94,'Paid','Amount Paid','2022-06-21 10:45:59','2022-06-21 10:45:59'),(77,96,'Approved',NULL,'2022-06-21 17:01:27','2022-06-21 17:01:27'),(78,99,'Approved',NULL,'2022-07-04 09:04:32','2022-07-04 09:04:32'),(79,99,'Completed',NULL,'2022-07-04 09:05:35','2022-07-04 09:05:35'),(80,100,'Approved',NULL,'2022-07-04 09:10:24','2022-07-04 09:10:24'),(81,101,'Approved',NULL,'2022-07-04 09:35:23','2022-07-04 09:35:23'),(82,98,'Approved',NULL,'2022-07-04 09:39:23','2022-07-04 09:39:23'),(83,97,'Approved',NULL,'2022-07-04 09:40:04','2022-07-04 09:40:04'),(84,101,'Completed',NULL,'2022-07-04 09:56:06','2022-07-04 09:56:06'),(85,100,'Completed',NULL,'2022-07-04 10:00:00','2022-07-04 10:00:00'),(86,98,'Completed',NULL,'2022-07-04 10:01:43','2022-07-04 10:01:43'),(87,97,'Completed',NULL,'2022-07-04 10:12:50','2022-07-04 10:12:50'),(88,96,'Completed',NULL,'2022-07-04 11:06:41','2022-07-04 11:06:41'),(89,95,'Approved',NULL,'2022-07-04 11:16:42','2022-07-04 11:16:42'),(90,95,'Completed',NULL,'2022-07-04 11:17:04','2022-07-04 11:17:04'),(91,104,'Approved',NULL,'2022-07-13 10:13:35','2022-07-13 10:13:35'),(92,104,'In-Progress',NULL,'2022-07-13 10:14:09','2022-07-13 10:14:09'),(93,105,'Approved',NULL,'2022-07-20 16:28:36','2022-07-20 16:28:36'),(94,106,'Approved',NULL,'2022-08-11 10:04:07','2022-08-11 10:04:07'),(95,106,'Paid','Amount Paid','2022-10-05 08:38:52','2022-10-05 08:38:52'),(96,107,'Approved',NULL,'2023-01-06 14:36:06','2023-01-06 14:36:06'),(97,107,'Completed',NULL,'2023-01-06 14:36:11','2023-01-06 14:36:11'),(98,123,'Approved',NULL,'2023-01-17 19:30:09','2023-01-17 19:30:09'),(99,123,'Unpaid','Payment Failed','2023-01-17 19:31:52','2023-01-17 19:31:52'),(100,124,'Approved',NULL,'2023-01-18 09:58:31','2023-01-18 09:58:31'),(101,130,'Approved',NULL,'2023-01-27 11:22:24','2023-01-27 11:22:24'),(102,130,'Unpaid','Payment Failed','2023-01-27 11:23:18','2023-01-27 11:23:18'),(103,130,'Completed',NULL,'2023-01-27 11:23:29','2023-01-27 11:23:29'),(104,129,'Approved',NULL,'2023-02-01 09:54:33','2023-02-01 09:54:33'),(105,129,'Completed',NULL,'2023-02-01 09:54:43','2023-02-01 09:54:43'),(106,129,'Unpaid','Payment Failed','2023-02-01 09:58:48','2023-02-01 09:58:48'),(107,128,'Approved',NULL,'2023-02-01 10:50:01','2023-02-01 10:50:01'),(108,128,'Completed',NULL,'2023-02-01 10:50:06','2023-02-01 10:50:06'),(109,127,'Approved',NULL,'2023-02-01 10:50:37','2023-02-01 10:50:37'),(110,127,'Completed',NULL,'2023-02-01 10:50:44','2023-02-01 10:50:44'),(111,128,'Unpaid','Payment Failed','2023-02-01 10:52:49','2023-02-01 10:52:49'),(112,127,'Paid','Amount Paid','2023-02-01 13:47:54','2023-02-01 13:47:54'),(113,126,'Approved',NULL,'2023-02-02 15:52:09','2023-02-02 15:52:09'),(114,126,'Paid','Amount Paid','2023-02-02 15:53:23','2023-02-02 15:53:23'),(115,125,'Rejected',NULL,'2023-02-02 15:54:02','2023-02-02 15:54:02'),(116,132,'Approved',NULL,'2023-02-09 13:30:53','2023-02-09 13:30:53'),(117,132,'Unpaid','Payment Failed','2023-02-09 13:31:20','2023-02-09 13:31:20'),(118,132,'Paid','Amount Paid','2023-02-09 17:02:11','2023-02-09 17:02:11'),(119,124,'Unpaid','Payment Failed','2023-02-10 11:22:15','2023-02-10 11:22:15'),(120,126,'Completed',NULL,'2023-02-15 11:48:02','2023-02-15 11:48:02'),(121,132,'Completed',NULL,'2023-02-16 10:35:01','2023-02-16 10:35:01'),(122,134,'Approved',NULL,'2023-02-16 16:01:32','2023-02-16 16:01:32'),(123,134,'Paid','Amount Paid','2023-02-16 16:03:23','2023-02-16 16:03:23'),(124,134,'Completed',NULL,'2023-02-16 16:03:40','2023-02-16 16:03:40'),(125,135,'Approved',NULL,'2023-02-17 12:55:34','2023-02-17 12:55:34'),(126,135,'Paid','Amount Paid','2023-02-17 12:56:42','2023-02-17 12:56:42'),(127,135,'Completed',NULL,'2023-02-17 12:57:03','2023-02-17 12:57:03'),(128,136,'Approved',NULL,'2023-02-17 13:06:54','2023-02-17 13:06:54'),(129,136,'Paid','Amount Paid','2023-02-17 13:08:01','2023-02-17 13:08:01'),(130,148,'Approved',NULL,'2023-03-24 09:49:18','2023-03-24 09:49:18'),(131,148,'Completed',NULL,'2023-03-24 10:01:02','2023-03-24 10:01:02');

--
-- Table structure for table `mobile_grooming_bookings`
--

CREATE TABLE `mobile_grooming_bookings` (
  `id` int NOT NULL AUTO_INCREMENT,
  `order_id` varchar(20) NOT NULL,
  `customer_id` int NOT NULL,
  `address_id` int DEFAULT NULL,
  `payment_type` int NOT NULL,
  `payment_status` int NOT NULL COMMENT '0 unpaid 1 paid',
  `amount` double DEFAULT NULL,
  `total_amount` float DEFAULT NULL,
  `discount` double DEFAULT NULL,
  `created_by` int NOT NULL,
  `status` int NOT NULL DEFAULT '0',
  `comment` varchar(50) DEFAULT NULL,
  `pickup` tinyint NOT NULL DEFAULT '0' COMMENT '0 not, 1 pickup',
  `points_used` int DEFAULT NULL,
  `deleted_at` timestamp NULL DEFAULT NULL,
  `branch_id` int DEFAULT NULL,
  `created_at` timestamp NULL DEFAULT CURRENT_TIMESTAMP,
  `updated_at` timestamp NULL DEFAULT CURRENT_TIMESTAMP,
  PRIMARY KEY (`id`)
) ENGINE=MyISAM AUTO_INCREMENT=153 DEFAULT CHARSET=latin1;

--
-- Dumping data for table `mobile_grooming_bookings`
--

INSERT INTO `mobile_grooming_bookings` VALUES (1,'CP-MG2202288926',6,1,3,0,50,52.5,NULL,5,2,NULL,0,NULL,NULL,NULL,'2022-02-28 20:41:54','2022-03-01 19:03:35'),(2,'CP-MG2203011690',6,2,3,0,50,52.5,NULL,6,4,NULL,0,NULL,NULL,NULL,'2022-03-01 20:24:23','2022-03-04 13:47:19'),(3,'CP-MG2203037363',13,4,3,0,50,52.5,NULL,13,5,NULL,0,NULL,NULL,NULL,'2022-03-03 09:44:29','2022-03-04 13:48:32'),(4,'CP-MG2203033570',13,4,3,0,20,21,NULL,13,3,NULL,0,NULL,NULL,NULL,'2022-03-03 10:18:06','2022-03-03 10:27:40'),(5,'CP-MG2203038781',29,5,3,0,20,21,NULL,29,2,NULL,0,NULL,NULL,NULL,'2022-03-03 15:25:15','2022-03-03 15:41:46'),(6,'CP-MG2203036616',29,5,3,0,20,21,NULL,29,4,NULL,0,NULL,NULL,NULL,'2022-03-03 15:28:15','2022-03-03 15:43:55'),(7,'CP-MG2203039366',29,5,3,0,20,21,NULL,29,4,NULL,0,NULL,NULL,NULL,'2022-03-03 15:28:45','2022-03-03 16:02:49'),(8,'CP-MG2203039477',29,5,3,0,20,21,NULL,29,3,NULL,0,NULL,NULL,NULL,'2022-03-03 16:03:14','2022-03-03 16:06:40'),(9,'CP-MG2203048289',5,1,3,0,20,21,NULL,5,0,NULL,0,NULL,NULL,NULL,'2022-03-04 13:46:08','2022-03-04 13:46:08'),(10,'CP-MG2203041073',5,1,3,0,20,21,NULL,5,0,NULL,0,NULL,NULL,NULL,'2022-03-04 13:52:25','2022-03-04 13:52:25'),(11,'CP-MG2203046695',5,1,3,0,20,21,NULL,5,0,NULL,0,NULL,NULL,NULL,'2022-03-04 13:55:10','2022-03-04 13:55:10'),(12,'CP-MG2203047897',5,1,3,0,20,21,NULL,5,0,NULL,0,NULL,NULL,NULL,'2022-03-04 14:01:08','2022-03-04 14:01:08'),(13,'CP-MG2203047933',5,1,3,0,20,21,NULL,5,0,NULL,0,NULL,NULL,NULL,'2022-03-04 14:04:22','2022-03-04 14:04:22'),(14,'CP-MG2203047595',5,1,3,0,20,21,NULL,5,0,NULL,0,NULL,NULL,NULL,'2022-03-04 15:06:54','2022-03-04 15:06:54'),(15,'CP-MG2203049605',5,1,3,0,20,21,NULL,5,0,NULL,0,NULL,NULL,NULL,'2022-03-04 15:08:29','2022-03-04 15:08:29'),(16,'CP-MG2203044287',5,1,3,0,20,21,NULL,5,0,NULL,0,NULL,NULL,NULL,'2022-03-04 15:09:21','2022-03-04 15:09:21'),(17,'CP-MG2203049717',5,1,3,0,20,21,NULL,5,0,NULL,0,NULL,NULL,NULL,'2022-03-04 15:11:31','2022-03-04 15:11:31'),(18,'CP-MG2203045482',5,1,3,0,20,21,NULL,5,0,NULL,0,NULL,NULL,NULL,'2022-03-04 15:13:58','2022-03-04 15:13:58'),(19,'CP-MG2203047535',5,1,3,0,20,21,NULL,5,1,NULL,0,NULL,NULL,NULL,'2022-03-04 15:19:34','2022-03-23 17:09:58'),(20,'CP-MG2203146951',5,1,3,0,20,21,NULL,5,5,NULL,0,NULL,NULL,NULL,'2022-03-14 10:35:55','2022-03-22 13:35:43'),(21,'CP-MG2203181187',5,8,3,0,3020,151,0,5,2,NULL,0,NULL,NULL,NULL,'2022-03-18 10:07:27','2022-03-22 18:01:40'),(22,'CP-MG2203232335',5,11,3,0,3020,151,0,5,0,NULL,0,NULL,NULL,NULL,'2022-03-23 10:51:33','2022-03-23 10:51:33'),(23,'CP-MG2203245329',5,1,3,0,3000,150,0,5,0,NULL,0,NULL,NULL,NULL,'2022-03-24 15:29:36','2022-03-24 15:29:36'),(24,'CP-MG2203247064',5,13,3,0,20,1,0,5,3,NULL,0,NULL,NULL,NULL,'2022-03-24 15:41:55','2022-03-25 15:41:28'),(25,'CP-MG2203245608',5,9,3,0,3000,150,0,5,3,NULL,0,NULL,NULL,NULL,'2022-03-24 15:46:07','2022-03-24 16:44:36'),(26,'CP-MG2203251719',42,14,3,0,20,1,0,42,4,NULL,0,NULL,NULL,NULL,'2022-03-25 14:27:19','2022-03-25 16:59:41'),(27,'CP-MG2203253698',5,13,3,0,20,1,0,5,0,NULL,0,NULL,NULL,NULL,'2022-03-25 17:10:35','2022-03-25 17:10:35'),(28,'CP-MG2203252870',5,13,3,0,3000,150,0,5,3,NULL,0,NULL,NULL,NULL,'2022-03-25 17:13:42','2022-03-30 10:09:08'),(29,'CP-MG2204062003',54,15,3,0,20,1,0,54,0,NULL,0,NULL,NULL,NULL,'2022-04-06 09:05:31','2022-04-06 09:05:31'),(30,'CP-MG2204065607',54,15,3,0,1200,60,0,54,1,NULL,0,NULL,NULL,NULL,'2022-04-06 12:44:13','2022-04-06 12:45:01'),(31,'CP-MG2204064454',54,15,3,0,1200,60,0,54,0,NULL,0,NULL,NULL,NULL,'2022-04-06 12:46:39','2022-04-06 12:46:39'),(32,'CP-MG2204067677',54,15,3,0,1200,60,0,54,0,NULL,0,NULL,NULL,NULL,'2022-04-06 12:52:26','2022-04-06 12:52:26'),(33,'CP-MG2204061857',54,15,3,0,1200,60,0,54,0,NULL,0,NULL,NULL,NULL,'2022-04-06 13:00:09','2022-04-06 13:00:09'),(34,'CP-MG2204062777',54,15,3,0,1200,60,0,54,0,NULL,0,NULL,NULL,NULL,'2022-04-06 13:04:22','2022-04-06 13:04:22'),(35,'CP-MG2204061905',54,15,3,0,1200,60,0,54,0,NULL,0,NULL,NULL,NULL,'2022-04-06 13:05:11','2022-04-06 13:05:11'),(36,'CP-MG2204068161',54,15,3,0,1200,60,0,54,0,NULL,0,NULL,NULL,NULL,'2022-04-06 13:40:26','2022-04-06 13:40:26'),(37,'CP-MG2204061641',54,15,3,0,1200,60,0,54,0,NULL,0,NULL,NULL,NULL,'2022-04-06 13:44:08','2022-04-06 13:44:08'),(38,'CP-MG2204064757',61,17,3,0,1200,60,0,61,2,NULL,0,NULL,NULL,NULL,'2022-04-06 16:53:09','2022-04-07 10:19:02'),(39,'CP-MG2204071049',65,18,3,0,10,-19.5,20,65,2,NULL,0,NULL,NULL,NULL,'2022-04-07 10:24:52','2022-04-07 10:28:01'),(40,'CP-MG2204074327',6,2,3,0,1200,60,0,6,0,NULL,0,NULL,NULL,NULL,'2022-04-07 11:18:25','2022-04-07 11:18:25'),(41,'CP-MG2204072486',6,2,3,0,0,0,0,6,0,NULL,0,NULL,NULL,NULL,'2022-04-07 11:44:07','2022-04-07 11:44:07'),(42,'CP-MG2204074306',6,2,3,0,0,0,0,6,0,NULL,0,NULL,NULL,NULL,'2022-04-07 11:50:12','2022-04-07 11:50:12'),(43,'CP-MG2204073059',5,3,3,0,NULL,NULL,NULL,5,0,NULL,0,NULL,NULL,NULL,'2022-04-07 11:58:50','2022-04-07 11:58:50'),(44,'CP-MG2204073089',5,3,3,0,0,0,0,5,0,NULL,0,NULL,NULL,NULL,'2022-04-07 11:59:52','2022-04-07 11:59:52'),(45,'CP-MG2204077877',5,3,3,0,NULL,NULL,NULL,5,0,NULL,0,NULL,NULL,NULL,'2022-04-07 12:06:44','2022-04-07 12:06:44'),(46,'CP-MG2204076524',65,18,3,0,NULL,NULL,NULL,65,0,NULL,0,NULL,NULL,NULL,'2022-04-07 12:07:00','2022-04-07 12:07:00'),(47,'CP-MG2204071240',65,18,3,0,NULL,NULL,NULL,65,0,NULL,0,NULL,NULL,NULL,'2022-04-07 12:07:03','2022-04-07 12:07:03'),(48,'CP-MG2204075361',65,18,3,0,NULL,NULL,NULL,65,0,NULL,0,NULL,NULL,NULL,'2022-04-07 12:07:07','2022-04-07 12:07:07'),(49,'CP-MG2204074496',65,18,3,0,NULL,NULL,NULL,65,0,NULL,0,NULL,NULL,NULL,'2022-04-07 12:07:47','2022-04-07 12:07:47'),(50,'CP-MG2204075058',65,18,3,0,NULL,NULL,NULL,65,0,NULL,0,NULL,NULL,NULL,'2022-04-07 12:09:36','2022-04-07 12:09:36'),(51,'CP-MG2204078224',5,3,3,0,10,0.5,0,5,0,NULL,0,NULL,NULL,NULL,'2022-04-07 12:09:44','2022-04-07 12:09:44'),(52,'CP-MG2204077126',5,3,3,0,10,10.5,0,5,0,NULL,0,NULL,NULL,NULL,'2022-04-07 12:19:29','2022-04-07 12:19:29'),(53,'CP-MG2204079873',65,18,3,0,1230,1291.5,0,65,4,NULL,0,NULL,NULL,NULL,'2022-04-07 12:30:33','2022-04-07 12:31:55'),(54,'CP-MG2204079295',65,18,3,0,1230,1291.5,0,65,4,NULL,0,NULL,NULL,NULL,'2022-04-07 12:33:41','2022-04-07 12:51:34'),(55,'CP-MG2204079202',65,18,3,0,1230,1291.5,0,65,0,NULL,0,NULL,NULL,NULL,'2022-04-07 13:26:25','2022-04-07 13:26:25'),(56,'CP-MG2204082590',65,18,3,0,10,10.5,0,65,0,NULL,0,NULL,NULL,NULL,'2022-04-08 05:37:30','2022-04-08 05:37:30'),(57,'CP-MG2204086433',65,18,3,0,10,10.5,0,65,0,NULL,0,NULL,NULL,NULL,'2022-04-08 05:42:35','2022-04-08 05:42:35'),(58,'CP-MG2204083424',65,18,3,0,20,21,0,65,4,NULL,0,NULL,NULL,NULL,'2022-04-08 06:00:28','2022-04-13 12:52:53'),(59,'CP-MG2204117442',65,18,3,0,1230,1291.5,0,65,1,NULL,0,NULL,NULL,NULL,'2022-04-11 04:53:17','2022-04-13 11:45:05'),(60,'CP-MG2204117767',65,19,3,0,50,52.5,0,65,2,NULL,0,NULL,NULL,NULL,'2022-04-11 04:56:17','2022-04-12 06:43:50'),(61,'CP-MG2204127201',65,19,3,0,1230,1291.5,0,65,4,NULL,0,NULL,NULL,NULL,'2022-04-12 06:38:36','2022-04-12 06:41:26'),(62,'CP-MG2204138881',86,20,3,0,1230,1291.5,0,86,0,NULL,0,NULL,NULL,NULL,'2022-04-13 12:47:18','2022-04-13 12:47:18'),(63,'CP-MG2204183855',65,19,3,0,1230,1291.5,0,65,0,NULL,0,NULL,NULL,NULL,'2022-04-18 09:23:06','2022-04-18 09:23:06'),(64,'CP-MG2204183870',65,18,3,0,1800,1890,0,65,0,NULL,0,NULL,NULL,NULL,'2022-04-18 09:23:56','2022-04-18 09:23:56'),(65,'CP-MG2204189275',65,18,3,0,1230,1291.5,0,65,0,NULL,0,NULL,NULL,NULL,'2022-04-18 09:25:12','2022-04-18 09:25:12'),(66,'CP-MG2204194033',65,19,3,0,1230,1291.5,0,65,2,NULL,0,NULL,NULL,NULL,'2022-04-19 10:42:29','2022-04-19 10:43:36'),(67,'CP-MG2204208699',65,19,3,0,1230,1291.5,0,65,0,NULL,0,NULL,NULL,NULL,'2022-04-20 06:29:20','2022-04-20 06:29:20'),(68,'CP-MG2204202611',108,21,3,0,1230,1291.5,0,108,2,NULL,0,NULL,NULL,NULL,'2022-04-20 06:39:10','2022-04-20 06:47:28'),(69,'CP-MG2204209411',108,21,3,0,1230,1291.5,0,108,3,NULL,0,NULL,NULL,NULL,'2022-04-20 06:50:21','2022-04-20 06:50:48'),(70,'CP-MG2204206356',108,21,3,0,1230,1291.5,0,108,0,NULL,0,NULL,NULL,NULL,'2022-04-20 06:53:08','2022-04-20 06:53:08'),(71,'CP-MG2204204673',65,18,3,0,2310,2405.5,20,65,0,NULL,0,NULL,NULL,NULL,'2022-04-20 09:38:33','2022-04-20 09:38:34'),(72,'CP-MG2204212144',115,22,3,0,1230,1291.5,0,115,4,NULL,0,NULL,NULL,NULL,'2022-04-21 10:14:00','2022-04-21 10:33:10'),(73,'CP-MG2204213562',115,22,3,0,1230,1291.5,0,115,0,NULL,0,NULL,NULL,NULL,'2022-04-21 10:35:39','2022-04-21 10:35:39'),(74,'CP-MG2204255792',121,24,3,0,1230,1291.5,0,121,0,NULL,0,NULL,NULL,NULL,'2022-04-25 11:55:46','2022-04-25 11:55:46'),(75,'CP-MG2204293944',120,25,1,0,50,52.5,0,120,0,NULL,0,NULL,NULL,NULL,'2022-04-29 04:53:03','2022-04-29 04:53:03'),(76,'CP-MG2204292001',120,25,1,0,50,52.5,0,120,0,NULL,0,NULL,NULL,NULL,'2022-04-29 05:17:34','2022-04-29 05:17:34'),(77,'CP-MG2204295019',120,25,1,0,50,52.5,0,120,0,NULL,0,NULL,NULL,NULL,'2022-04-29 05:29:18','2022-04-29 05:29:18'),(78,'CP-MG2204298253',120,25,1,2,50,52.5,0,120,0,NULL,0,NULL,NULL,NULL,'2022-04-29 11:00:52','2022-04-29 11:00:52'),(79,'CP-MG2204298459',120,25,1,0,50,52.5,0,120,0,NULL,0,NULL,NULL,NULL,'2022-04-29 11:02:50','2022-04-29 11:02:50'),(80,'CP-MG2206167816',120,25,2,2,50,52.5,0,120,8,NULL,0,NULL,NULL,NULL,'2022-06-16 21:48:36','2022-06-16 21:51:27'),(81,'CP-MG2206174049',120,25,2,0,50,52.5,0,120,2,NULL,0,NULL,NULL,NULL,'2022-06-17 10:31:26','2022-06-17 10:45:33'),(82,'CP-MG2206178894',120,25,2,0,50,52.5,0,120,1,NULL,0,NULL,NULL,NULL,'2022-06-17 10:45:11','2022-06-17 10:46:01'),(83,'CP-MG2206171472',120,25,2,2,50,52.5,0,120,8,NULL,0,NULL,NULL,NULL,'2022-06-17 11:04:05','2022-06-17 15:43:35'),(84,'CP-MG2206179208',120,25,2,2,50,52.5,0,120,8,NULL,0,NULL,NULL,NULL,'2022-06-17 17:14:53','2022-06-17 17:25:41'),(85,'CP-MG2206206295',120,25,2,2,50,52.5,0,120,8,NULL,0,NULL,NULL,NULL,'2022-06-20 09:59:47','2022-06-20 10:00:20'),(86,'CP-MG2206202347',120,25,2,2,50,52.5,0,120,8,NULL,0,NULL,NULL,NULL,'2022-06-20 13:38:59','2022-06-20 13:39:17'),(87,'CP-MG2206209162',120,25,2,2,50,52.5,0,120,8,NULL,0,NULL,NULL,NULL,'2022-06-20 14:09:53','2022-06-20 14:10:06'),(88,'CP-MG2206201266',120,25,2,0,50,52.5,0,120,1,NULL,0,NULL,NULL,NULL,'2022-06-20 14:16:05','2022-06-20 14:16:15'),(89,'CP-MG2206202712',120,25,2,0,50,52.5,0,120,0,NULL,0,NULL,NULL,NULL,'2022-06-20 15:25:53','2022-06-20 15:25:53'),(90,'CP-MG2206207051',120,25,2,2,1230,1291.5,0,120,8,NULL,0,NULL,NULL,NULL,'2022-06-20 16:08:35','2022-06-20 16:10:05'),(91,'CP-MG2206203445',120,25,2,0,1230,1291.5,0,120,0,NULL,0,NULL,NULL,NULL,'2022-06-20 16:26:02','2022-06-20 16:26:02'),(92,'CP-MG2206209554',120,25,2,2,50,52.5,0,120,8,NULL,0,NULL,NULL,NULL,'2022-06-20 16:41:00','2022-06-20 16:41:45'),(93,'CP-MG2206212628',120,25,2,2,50,52.5,0,120,8,NULL,0,NULL,NULL,NULL,'2022-06-21 10:17:02','2022-06-21 10:19:28'),(94,'CP-MG2206214605',120,25,2,2,50,52.5,0,120,8,NULL,0,NULL,NULL,NULL,'2022-06-21 10:45:01','2022-06-21 10:45:19'),(95,'CP-MG2206211151',120,25,2,0,50,52.5,0,120,2,NULL,0,NULL,NULL,NULL,'2022-06-21 14:27:28','2022-07-04 11:17:04'),(96,'CP-MG2206217674',120,25,2,0,1230,1291.5,0,120,2,NULL,0,NULL,NULL,NULL,'2022-06-21 16:59:52','2022-07-04 11:06:41'),(97,'CP-MG2206212394',120,25,2,0,50,52.5,0,120,2,NULL,0,NULL,NULL,NULL,'2022-06-21 17:10:16','2022-07-04 10:12:50'),(98,'CP-MG2207018822',120,25,2,0,20,21,0,120,2,NULL,0,NULL,NULL,NULL,'2022-07-01 12:02:49','2022-07-04 10:01:43'),(99,'CP-MG2207047295',120,25,2,0,50,52.5,0,120,2,NULL,0,NULL,NULL,NULL,'2022-07-04 09:03:37','2022-07-04 09:05:35'),(100,'CP-MG2207042030',120,25,2,0,20,21,0,120,2,NULL,0,NULL,NULL,NULL,'2022-07-04 09:09:55','2022-07-04 10:00:00'),(101,'CP-MG2207049807',120,25,2,0,50,52.5,0,120,2,NULL,0,NULL,NULL,NULL,'2022-07-04 09:34:46','2022-07-04 09:56:06'),(102,'CP-MG2207051297',120,25,2,0,50,52.5,0,120,0,NULL,0,NULL,NULL,NULL,'2022-07-05 08:45:32','2022-07-05 08:45:32'),(103,'CP-MG2207076361',120,25,2,0,1230,1291.5,0,120,0,NULL,0,NULL,NULL,NULL,'2022-07-07 09:51:14','2022-07-07 09:51:14'),(104,'CP-MG2207132409',120,25,2,0,50,52.5,0,120,5,NULL,0,NULL,NULL,NULL,'2022-07-13 10:10:33','2022-07-13 10:14:09'),(105,'CP-MG2207201705',120,25,2,0,1230,1291.5,0,120,1,NULL,0,NULL,NULL,NULL,'2022-07-20 16:28:15','2022-07-20 16:28:36'),(106,'CP-MG2208116124',120,25,2,2,50,52.5,0,120,8,NULL,0,NULL,NULL,NULL,'2022-08-11 10:03:13','2022-08-11 10:04:07'),(107,'CP-MG2212287208',169,29,2,0,1000,1050,0,169,2,NULL,0,NULL,NULL,NULL,'2022-12-28 22:14:47','2023-01-06 14:36:11'),(108,'CP-MG2301052815',29,3,1,0,22,23.1,0,29,0,NULL,0,NULL,NULL,NULL,'2023-01-05 09:57:09','2023-01-05 09:57:09'),(109,'CP-MG2301055316',29,3,1,0,22,23.1,0,29,0,NULL,0,NULL,NULL,NULL,'2023-01-05 09:59:09','2023-01-05 09:59:09'),(110,'CP-MG2301054737',29,3,1,0,22,23.1,0,29,0,NULL,0,NULL,NULL,NULL,'2023-01-05 09:59:38','2023-01-05 09:59:38'),(111,'CP-MG2301055583',29,3,1,0,22,23.1,0,29,0,NULL,0,NULL,NULL,NULL,'2023-01-05 10:00:25','2023-01-05 10:00:25'),(112,'CP-MG2301068842',170,30,2,0,1800,1890,0,170,0,NULL,0,NULL,NULL,NULL,'2023-01-06 11:02:30','2023-01-06 11:02:30'),(113,'CP-MG2301064321',170,30,2,0,2300,2415,0,170,0,NULL,0,NULL,NULL,NULL,'2023-01-06 14:09:22','2023-01-06 14:09:22'),(114,'CP-MG2301068357',169,29,2,0,NULL,NULL,NULL,169,0,NULL,0,NULL,NULL,NULL,'2023-01-06 15:29:09','2023-01-06 15:29:09'),(115,'CP-MG2301096695',170,30,2,0,50,52.5,0,170,0,NULL,0,NULL,NULL,NULL,'2023-01-09 11:17:42','2023-01-09 11:17:42'),(116,'CP-MG2301098044',170,31,2,0,1230,1291.5,0,170,0,NULL,0,NULL,NULL,NULL,'2023-01-09 11:21:09','2023-01-09 11:21:09'),(117,'CP-MG2301094027',170,33,2,0,4500,4725,0,170,0,NULL,0,NULL,NULL,NULL,'2023-01-09 13:27:30','2023-01-09 13:27:30'),(118,'CP-MG2301107533',169,29,2,0,50,52.5,0,169,0,NULL,0,NULL,NULL,NULL,'2023-01-10 10:32:12','2023-01-10 10:32:12'),(119,'CP-MG2301103604',169,28,2,0,1070,1123.5,0,169,0,NULL,0,NULL,NULL,NULL,'2023-01-10 11:13:23','2023-01-10 11:13:23'),(120,'CP-MG2301105498',169,29,2,0,3462,3635.1,0,169,0,NULL,0,NULL,NULL,NULL,'2023-01-10 16:01:21','2023-01-10 16:01:21'),(121,'CP-MG2301109581',169,28,2,0,5240,5502,0,169,0,NULL,0,NULL,NULL,NULL,'2023-01-10 16:07:36','2023-01-10 16:07:36'),(122,'CP-MG2301176115',181,50,2,0,12,12.6,0,181,0,NULL,0,NULL,NULL,NULL,'2023-01-17 11:00:38','2023-01-17 11:00:38'),(123,'CP-MG2301179784',181,50,2,0,12,12.6,0,181,7,NULL,0,NULL,NULL,NULL,'2023-01-17 15:45:52','2023-01-17 19:30:09'),(124,'CP-MG2301184572',180,58,2,0,10,10.5,0,180,7,NULL,0,NULL,NULL,NULL,'2023-01-18 09:27:52','2023-01-18 09:58:31'),(125,'CP-MG2301196688',181,50,2,0,20,21,0,181,4,NULL,0,NULL,NULL,NULL,'2023-01-19 09:55:15','2023-02-02 15:54:02'),(126,'CP-MG2301196532',181,50,2,2,12,12.6,0,181,2,NULL,0,NULL,NULL,NULL,'2023-01-19 12:59:17','2023-02-15 11:48:02'),(127,'CP-MG2301209155',180,58,2,2,20,21,0,180,8,NULL,0,NULL,NULL,NULL,'2023-01-20 10:04:33','2023-02-01 10:50:44'),(128,'CP-MG2301209050',180,58,2,0,1800,1890,0,180,7,NULL,0,NULL,NULL,NULL,'2023-01-20 10:12:03','2023-02-01 10:50:06'),(129,'CP-MG2301251191',180,58,2,0,1800,1890,0,180,7,NULL,0,NULL,NULL,NULL,'2023-01-25 13:45:49','2023-02-01 09:54:43'),(130,'CP-MG2301276501',185,62,2,0,2230,2341.5,0,185,2,NULL,0,NULL,NULL,NULL,'2023-01-27 11:21:04','2023-01-27 11:23:29'),(131,'CP-MG2301277831',185,62,2,0,1230,1291.5,0,185,0,NULL,0,NULL,NULL,NULL,'2023-01-27 14:23:08','2023-01-27 14:23:08'),(132,'CP-MG2302099053',190,121,2,2,1200,1260,0,190,2,NULL,0,NULL,NULL,NULL,'2023-02-09 08:45:45','2023-02-16 10:35:01'),(133,'CP-MG2302136770',190,122,2,0,12,12.6,0,190,0,NULL,0,NULL,NULL,NULL,'2023-02-13 10:26:14','2023-02-13 10:26:14'),(134,'CP-MG2302163194',181,123,2,2,30,31.5,0,181,2,NULL,0,NULL,NULL,NULL,'2023-02-16 15:56:29','2023-02-16 16:03:40'),(135,'CP-MG2302177517',190,131,2,2,1800,1890,0,190,2,NULL,0,NULL,NULL,NULL,'2023-02-17 10:00:44','2023-02-17 12:57:03'),(136,'CP-MG2302173236',190,131,2,2,20,21,0,190,8,NULL,0,NULL,NULL,NULL,'2023-02-17 13:06:01','2023-02-17 13:06:54'),(137,'CP-MG2303014542',194,138,2,0,1800,1890,0,194,0,NULL,0,NULL,NULL,NULL,'2023-03-01 17:54:49','2023-03-01 17:54:49'),(138,'CP-MG2303135871',181,141,2,0,NULL,NULL,NULL,181,0,NULL,0,50,NULL,NULL,'2023-03-13 10:01:59','2023-03-13 10:01:59'),(139,'CP-MG2303175018',181,142,2,0,20,21,0,181,0,NULL,0,NULL,NULL,NULL,'2023-03-17 18:58:10','2023-03-17 18:58:10'),(140,'CP-MG2303177304',181,142,2,0,50,52.5,0,181,0,NULL,0,NULL,NULL,NULL,'2023-03-17 19:21:48','2023-03-17 19:21:48'),(141,'CP-MG2303185139',195,143,2,0,1230,1291.5,0,195,0,NULL,0,NULL,NULL,NULL,'2023-03-18 13:54:57','2023-03-18 13:54:57'),(142,'CP-MG2303184847',194,139,2,0,1800,1890,0,194,0,NULL,0,NULL,NULL,NULL,'2023-03-18 20:21:16','2023-03-18 20:21:16'),(143,'CP-MG2303215758',181,142,2,0,20,21,0,181,0,NULL,0,NULL,NULL,NULL,'2023-03-21 15:52:30','2023-03-21 15:52:30'),(144,'CP-MG2303221524',201,144,2,0,1800,1890,0,201,0,NULL,0,NULL,NULL,NULL,'2023-03-22 10:24:33','2023-03-22 10:24:33'),(145,'CP-MG2303227452',202,146,2,0,20,21,0,202,0,NULL,0,NULL,NULL,NULL,'2023-03-22 10:28:54','2023-03-22 10:28:54'),(146,'CP-MG2303229784',202,146,2,0,20,21,0,202,0,NULL,0,NULL,NULL,NULL,'2023-03-22 13:15:49','2023-03-22 13:15:49'),(147,'CP-MG2303223879',202,146,2,0,20,21,0,202,0,NULL,0,NULL,NULL,NULL,'2023-03-22 13:31:01','2023-03-22 13:31:01'),(148,'CP-MG2303244775',203,147,2,0,1030,1081.5,0,203,2,NULL,0,NULL,NULL,NULL,'2023-03-24 09:21:32','2023-03-24 10:01:02'),(149,'CP-MG2303275131',201,145,2,0,1800,1890,0,201,0,NULL,0,NULL,NULL,NULL,'2023-03-27 11:09:19','2023-03-27 11:09:19'),(150,'CP-MG2303278192',201,145,2,0,1000,1050,0,201,0,NULL,0,NULL,NULL,NULL,'2023-03-27 11:09:42','2023-03-27 11:09:42'),(151,'CP-MG2303277225',201,145,2,0,1000,1050,0,201,0,NULL,0,NULL,NULL,NULL,'2023-03-27 11:10:20','2023-03-27 11:10:20'),(152,'CP-MG2303275193',201,149,2,0,5064,5317.2,0,201,0,NULL,0,NULL,NULL,NULL,'2023-03-27 15:10:34','2023-03-27 15:10:34');

--
-- Table structure for table `mobile_grooming_weekly_availability`
--

CREATE TABLE `mobile_grooming_weekly_availability` (
  `id` int NOT NULL AUTO_INCREMENT,
  `sunday` tinyint DEFAULT NULL,
  `monday` tinyint DEFAULT NULL,
  `tuesday` tinyint DEFAULT NULL,
  `wednesday` tinyint DEFAULT NULL,
  `thursday` tinyint DEFAULT NULL,
  `friday` tinyint DEFAULT NULL,
  `saturday` tinyint DEFAULT NULL,
  `status` int NOT NULL,
  `deleted_at` timestamp NULL DEFAULT NULL,
  `created_at` timestamp NOT NULL DEFAULT CURRENT_TIMESTAMP,
  `updated_at` timestamp NOT NULL DEFAULT CURRENT_TIMESTAMP,
  PRIMARY KEY (`id`)
) ENGINE=InnoDB AUTO_INCREMENT=2 DEFAULT CHARSET=latin1;

--
-- Dumping data for table `mobile_grooming_weekly_availability`
--

INSERT INTO `mobile_grooming_weekly_availability` VALUES (1,1,1,1,1,1,1,1,1,NULL,'2022-01-04 07:46:38','2022-02-11 16:41:59');

--
-- Table structure for table `modules`
--

CREATE TABLE `modules` (
  `id` int NOT NULL AUTO_INCREMENT,
  `title` varchar(20) NOT NULL,
  `created_at` timestamp NOT NULL DEFAULT CURRENT_TIMESTAMP,
  `updated_at` timestamp NOT NULL DEFAULT CURRENT_TIMESTAMP,
  `deleted_at` timestamp NULL DEFAULT NULL,
  PRIMARY KEY (`id`)
) ENGINE=InnoDB AUTO_INCREMENT=5 DEFAULT CHARSET=latin1;

--
-- Dumping data for table `modules`
--

INSERT INTO `modules` VALUES (1,'service booking','2022-01-27 05:54:47','2022-01-27 05:54:47',NULL),(2,'mobile grooming','2022-01-27 05:55:00','2022-01-27 05:55:00',NULL),(3,'hotel booking','2022-01-27 05:55:09','2022-01-27 05:55:09',NULL),(4,'ecommerce','2022-01-27 05:55:17','2022-01-27 05:55:17',NULL);

--
-- Table structure for table `notifications`
--

CREATE TABLE `notifications` (
  `id` int NOT NULL AUTO_INCREMENT,
  `user_id` int NOT NULL,
  `status` tinyint NOT NULL DEFAULT '0',
  `title` varchar(50) NOT NULL,
  `message` varchar(255) NOT NULL,
  `date` date NOT NULL,
  `order_id` varchar(20) DEFAULT NULL,
  `order_type` varchar(20) DEFAULT NULL,
  `created_at` timestamp NOT NULL DEFAULT CURRENT_TIMESTAMP,
  `updated_at` timestamp NOT NULL DEFAULT CURRENT_TIMESTAMP,
  `deleted_at` timestamp NULL DEFAULT NULL,
  PRIMARY KEY (`id`)
) ENGINE=MyISAM AUTO_INCREMENT=5690 DEFAULT CHARSET=latin1;

--
-- Dumping data for table `notifications`
--

INSERT INTO `notifications` VALUES (1,6,0,'Booking Placed','Booking CP-BK2202289953 Placed','2022-02-28','CP-BK2202289953','Booking','2022-02-28 17:18:07','2022-02-28 17:18:07',NULL),(2,6,0,'Service Booking Rescheduled','Service Booking CP-BK2202289953Rescheduled','2022-02-28','CP-BK2202289953','Booking','2022-02-28 17:19:59','2022-02-28 17:19:59',NULL),(3,6,0,'Service Booking Rescheduled','Service Booking CP-BK2202289953Rescheduled','2022-02-28','CP-BK2202289953','Booking','2022-02-28 17:29:20','2022-02-28 17:29:20',NULL),(4,5,0,'Hotel Room Booking Placed','Hotel Room Booking CP-HB2202285985 Placed','2022-02-28','CP-HB2202285985','Hotel Room Booking','2022-02-28 17:54:28','2022-02-28 17:54:28',NULL),(5,5,0,'Hotel Booking Approved','Hotel Booking CP-HB2202285985Approved','2022-02-28','CP-HB2202285985','Hotel Booking','2022-02-28 18:03:36','2022-02-28 18:03:36',NULL),(6,5,0,'Hotel Booking Completed','Hotel Booking CP-HB2202285985Completed','2022-02-28','CP-HB2202285985','Hotel Booking','2022-02-28 18:04:12','2022-02-28 18:04:12',NULL),(7,5,0,'Hotel Room Booking Placed','Hotel Room Booking CP-HB2202288278 Placed','2022-02-28','CP-HB2202288278','Hotel Room Booking','2022-02-28 18:10:38','2022-02-28 18:10:38',NULL),(8,6,0,'Booking Approved','Booking CP-BK2202289953 Approved','2022-02-28','CP-BK2202289953','Booking','2022-02-28 18:38:19','2022-02-28 18:38:19',NULL),(9,6,0,'Booking In-Progress','Booking CP-BK2202289953 In-Progress','2022-02-28','CP-BK2202289953','Booking','2022-02-28 18:39:30','2022-02-28 18:39:30',NULL),(10,6,0,'Booking Rejected','Booking CP-BK2202289953 Rejected','2022-02-28','CP-BK2202289953','Booking','2022-02-28 18:40:26','2022-02-28 18:40:26',NULL),(11,5,0,'Booking Placed','Booking CP-BK2202285684 Placed','2022-02-28','CP-BK2202285684','Booking','2022-02-28 19:53:23','2022-02-28 19:53:23',NULL),(12,5,0,'Service Booking Rescheduled','Service Booking CP-BK2202285684Rescheduled','2022-02-28','CP-BK2202285684','Booking','2022-02-28 19:55:49','2022-02-28 19:55:49',NULL),(13,5,0,'Service Booking Rescheduled','Service Booking CP-BK2202285684Rescheduled','2022-02-28','CP-BK2202285684','Booking','2022-02-28 19:57:14','2022-02-28 19:57:14',NULL),(14,5,0,'Booking Placed','Booking CP-AP2202286521 Placed','2022-02-28','CP-AP2202286521','Booking','2022-02-28 20:05:57','2022-02-28 20:05:57',NULL),(15,5,0,'Service Booking Rescheduled','Service Booking CP-AP2202286521Rescheduled','2022-02-28','CP-AP2202286521','Booking','2022-02-28 20:07:19','2022-02-28 20:07:19',NULL),(16,5,0,'Service Booking Rescheduled','Service Booking CP-AP2202286521Rescheduled','2022-02-28','CP-AP2202286521','Booking','2022-02-28 20:11:48','2022-02-28 20:11:48',NULL),(17,5,0,'Booking Approved','Booking CP-AP2202286521 Approved','2022-02-28','CP-AP2202286521','Booking','2022-02-28 20:14:00','2022-02-28 20:14:00',NULL),(18,5,0,'Mobile Grooming Booking Placed','Mobile Grooming Booking CP-MG2202288926 Placed','2022-02-28','CP-MG2202288926','Mobile Grooming Book','2022-02-28 20:41:54','2022-02-28 20:41:54',NULL),(19,6,0,'Booking Placed','Booking CP-AP2202283313 Placed','2022-02-28','CP-AP2202283313','Booking','2022-02-28 21:10:41','2022-02-28 21:10:41',NULL),(20,6,0,'Booking Approved','Booking CP-AP2202283313 Approved','2022-02-28','CP-AP2202283313','Booking','2022-02-28 21:11:15','2022-02-28 21:11:15',NULL),(21,6,0,'Booking In-Progress','Booking CP-AP2202283313 In-Progress','2022-02-28','CP-AP2202283313','Booking','2022-02-28 21:13:07','2022-02-28 21:13:07',NULL),(22,6,0,'Booking Rejected','Booking CP-AP2202283313 Rejected','2022-02-28','CP-AP2202283313','Booking','2022-02-28 21:14:07','2022-02-28 21:14:07',NULL),(23,5,0,'Booking Approved','Booking CP-BK2202285684 Approved','2022-02-28','CP-BK2202285684','Booking','2022-02-28 21:17:39','2022-02-28 21:17:39',NULL),(24,5,0,'Booking Completed','Booking CP-AP2202286521Completed','2022-02-28','CP-AP2202286521','Booking','2022-02-28 23:09:00','2022-02-28 23:09:00',NULL),(25,5,0,'Membership Subscription Approved','Membership Subscription 221248 Approved','2022-02-28','221248','Subscription','2022-02-28 23:45:30','2022-02-28 23:45:30',NULL),(26,5,0,'Membership Subscription Approved','Membership Subscription 221248 Approved','2022-03-01','221248','Subscription','2022-03-01 00:27:28','2022-03-01 00:27:28',NULL),(27,5,0,'Mobile Grooming Booking Nil','Mobile Grooming Booking CP-MG2202288926Nil','2022-03-01','CP-MG2202288926','Mobile Grooming','2022-03-01 14:12:43','2022-03-01 14:12:43',NULL),(28,5,0,'Mobile Grooming Booking Nil','Mobile Grooming Booking CP-MG2202288926Nil','2022-03-01','CP-MG2202288926','Mobile Grooming','2022-03-01 14:17:24','2022-03-01 14:17:24',NULL),(29,5,0,'Mobile Grooming Booking Nil','Mobile Grooming Booking CP-MG2202288926Nil','2022-03-01','CP-MG2202288926','Mobile Grooming','2022-03-01 14:22:00','2022-03-01 14:22:00',NULL),(30,5,0,'Mobile Grooming Booking Rescheduled','Mobile Grooming Booking CP-MG2202288926Rescheduled','2022-03-01','CP-MG2202288926','Mobile Grooming','2022-03-01 14:32:36','2022-03-01 14:32:36',NULL),(31,5,0,'Mobile Grooming Booking Rescheduled','Mobile Grooming Booking CP-MG2202288926Rescheduled','2022-03-01','CP-MG2202288926','Mobile Grooming','2022-03-01 14:38:44','2022-03-01 14:38:44',NULL),(32,5,0,'Mobile Grooming Booking Rescheduled','Mobile Grooming Booking CP-MG2202288926Rescheduled','2022-03-01','CP-MG2202288926','Mobile Grooming','2022-03-01 14:52:28','2022-03-01 14:52:28',NULL),(33,6,0,'Booking Approved','Booking CP-BK2202289953 Approved','2022-03-01','CP-BK2202289953','Booking','2022-03-01 17:33:56','2022-03-01 17:33:56',NULL),(34,6,0,'Booking In-Progress','Booking CP-BK2202289953 In-Progress','2022-03-01','CP-BK2202289953','Booking','2022-03-01 17:34:43','2022-03-01 17:34:43',NULL),(35,6,0,'Booking Rejected','Booking CP-BK2202289953 Rejected','2022-03-01','CP-BK2202289953','Booking','2022-03-01 17:47:06','2022-03-01 17:47:06',NULL),(36,6,0,'Service Booking Rescheduled','Service Booking CP-BK2202289953Rescheduled','2022-03-01','CP-BK2202289953','Booking','2022-03-01 17:48:47','2022-03-01 17:48:47',NULL),(37,6,0,'Service Booking Rescheduled','Service Booking CP-BK2202289953Rescheduled','2022-03-01','CP-BK2202289953','Booking','2022-03-01 17:49:10','2022-03-01 17:49:10',NULL),(38,6,0,'Service Booking Rescheduled','Service Booking CP-BK2202289953Rescheduled','2022-03-01','CP-BK2202289953','Booking','2022-03-01 17:51:15','2022-03-01 17:51:15',NULL),(39,6,0,'Service Booking Rescheduled','Service Booking CP-BK2202289953Rescheduled','2022-03-01','CP-BK2202289953','Booking','2022-03-01 17:52:37','2022-03-01 17:52:37',NULL),(40,6,0,'Service Booking Rescheduled','Service Booking CP-BK2202289953Rescheduled','2022-03-01','CP-BK2202289953','Booking','2022-03-01 17:56:58','2022-03-01 17:56:58',NULL),(41,6,0,'Booking Approved','Booking CP-BK2202289953 Approved','2022-03-01','CP-BK2202289953','Booking','2022-03-01 17:59:21','2022-03-01 17:59:21',NULL),(42,6,0,'Booking In-Progress','Booking CP-BK2202289953 In-Progress','2022-03-01','CP-BK2202289953','Booking','2022-03-01 18:02:28','2022-03-01 18:02:28',NULL),(43,6,0,'Booking Completed','Booking CP-BK2202289953Completed','2022-03-01','CP-BK2202289953','Booking','2022-03-01 18:03:28','2022-03-01 18:03:28',NULL),(44,6,0,'Service Booking Rescheduled','Service Booking CP-BK2202289953Rescheduled','2022-03-01','CP-BK2202289953','Booking','2022-03-01 18:10:07','2022-03-01 18:10:07',NULL),(45,6,0,'Service Booking Rescheduled','Service Booking CP-AP2202283313Rescheduled','2022-03-01','CP-AP2202283313','Booking','2022-03-01 18:12:52','2022-03-01 18:12:52',NULL),(46,6,0,'Mobile Grooming Booking Rescheduled','Mobile Grooming Booking CP-MG2202288926Rescheduled','2022-03-01','CP-MG2202288926','Mobile Grooming','2022-03-01 18:24:26','2022-03-01 18:24:26',NULL),(47,6,0,'Mobile Grooming Booking Rescheduled','Mobile Grooming Booking CP-MG2202288926Rescheduled','2022-03-01','CP-MG2202288926','Mobile Grooming','2022-03-01 18:31:25','2022-03-01 18:31:25',NULL),(48,6,0,'Mobile Grooming Booking Rescheduled','Mobile Grooming Booking CP-MG2202288926Rescheduled','2022-03-01','CP-MG2202288926','Mobile Grooming','2022-03-01 18:32:33','2022-03-01 18:32:33',NULL),(49,6,0,'Mobile Grooming Booking Rescheduled','Mobile Grooming Booking CP-MG2202288926Rescheduled','2022-03-01','CP-MG2202288926','Mobile Grooming','2022-03-01 18:43:28','2022-03-01 18:43:28',NULL),(50,6,0,'Service Booking Rescheduled','Service Booking CP-AP2202283313Rescheduled','2022-03-01','CP-AP2202283313','Booking','2022-03-01 18:46:42','2022-03-01 18:46:42',NULL),(51,6,0,'Service Booking Rescheduled','Service Booking CP-AP2202283313Rescheduled','2022-03-01','CP-AP2202283313','Booking','2022-03-01 18:54:34','2022-03-01 18:54:34',NULL),(52,6,0,'Service Booking Rescheduled','Service Booking CP-AP2202283313Rescheduled','2022-03-01','CP-AP2202283313','Booking','2022-03-01 18:57:52','2022-03-01 18:57:52',NULL),(53,6,0,'Service Booking Rescheduled','Service Booking CP-AP2202283313Rescheduled','2022-03-01','CP-AP2202283313','Booking','2022-03-01 19:01:07','2022-03-01 19:01:07',NULL),(54,6,0,'Mobile Grooming Booking Rescheduled','Mobile Grooming Booking CP-MG2202288926Rescheduled','2022-03-01','CP-MG2202288926','Mobile Grooming','2022-03-01 19:02:05','2022-03-01 19:02:05',NULL),(55,6,0,'Mobile Grooming Approved','Mobile Grooming CP-MG2202288926Approved','2022-03-01','CP-MG2202288926','Mobile Grooming','2022-03-01 19:02:55','2022-03-01 19:02:55',NULL),(56,6,0,'Mobile Grooming Completed','Mobile Grooming CP-MG2202288926Completed','2022-03-01','CP-MG2202288926','Mobile Grooming','2022-03-01 19:03:35','2022-03-01 19:03:35',NULL),(57,6,0,'Hotel Booking Approved','Hotel Booking CP-HB2202288278Approved','2022-03-01','CP-HB2202288278','Hotel Booking','2022-03-01 19:13:17','2022-03-01 19:13:17',NULL),(58,6,0,'Hotel Booking Rejected','Hotel Booking CP-HB2202288278Rejected','2022-03-01','CP-HB2202288278','Hotel Booking','2022-03-01 19:30:26','2022-03-01 19:30:26',NULL),(59,6,0,'Hotel Booking Approved','Hotel Booking CP-HB2202285985Approved','2022-03-01','CP-HB2202285985','Hotel Booking','2022-03-01 19:32:14','2022-03-01 19:32:14',NULL),(60,6,0,'Hotel Booking Rejected','Hotel Booking CP-HB2202285985Rejected','2022-03-01','CP-HB2202285985','Hotel Booking','2022-03-01 19:33:26','2022-03-01 19:33:26',NULL),(61,6,0,'Hotel Booking Approved','Hotel Booking CP-HB2202288278Approved','2022-03-01','CP-HB2202288278','Hotel Booking','2022-03-01 19:38:12','2022-03-01 19:38:12',NULL),(62,6,0,'Hotel Booking Completed','Hotel Booking CP-HB2202288278Completed','2022-03-01','CP-HB2202288278','Hotel Booking','2022-03-01 19:41:43','2022-03-01 19:41:43',NULL),(63,6,0,'Hotel Booking Rejected','Hotel Booking CP-HB2202288278Rejected','2022-03-01','CP-HB2202288278','Hotel Booking','2022-03-01 19:45:11','2022-03-01 19:45:11',NULL),(64,6,0,'Hotel Booking Rejected','Hotel Booking CP-HB2202285985Rejected','2022-03-01','CP-HB2202285985','Hotel Booking','2022-03-01 19:50:37','2022-03-01 19:50:37',NULL),(65,6,0,'Hotel Booking Approved','Hotel Booking CP-HB2202288278Approved','2022-03-01','CP-HB2202288278','Hotel Booking','2022-03-01 19:53:25','2022-03-01 19:53:25',NULL),(66,6,0,'Hotel Booking Rejected','Hotel Booking CP-HB2202288278Rejected','2022-03-01','CP-HB2202288278','Hotel Booking','2022-03-01 19:56:31','2022-03-01 19:56:31',NULL),(67,6,0,'Hotel Booking Approved','Hotel Booking CP-HB2202285985Approved','2022-03-01','CP-HB2202285985','Hotel Booking','2022-03-01 19:58:12','2022-03-01 19:58:12',NULL),(68,6,0,'Hotel Booking Rejected','Hotel Booking CP-HB2202285985Rejected','2022-03-01','CP-HB2202285985','Hotel Booking','2022-03-01 20:01:16','2022-03-01 20:01:16',NULL),(69,6,0,'Hotel Booking Approved','Hotel Booking CP-HB2202288278Approved','2022-03-01','CP-HB2202288278','Hotel Booking','2022-03-01 20:03:38','2022-03-01 20:03:38',NULL),(70,6,0,'Booking Placed','Booking CP-BK2203012762 Placed','2022-03-01','CP-BK2203012762','Booking','2022-03-01 20:17:13','2022-03-01 20:17:13',NULL),(71,6,0,'Booking Placed','Booking CP-AP2203016755 Placed','2022-03-01','CP-AP2203016755','Booking','2022-03-01 20:17:46','2022-03-01 20:17:46',NULL),(72,6,0,'Mobile Grooming Booking Placed','Mobile Grooming Booking CP-MG2203011690 Placed','2022-03-01','CP-MG2203011690','Mobile Grooming Book','2022-03-01 20:24:23','2022-03-01 20:24:23',NULL),(73,6,0,'Hotel Room Booking Placed','Hotel Room Booking CP-HB2203016575 Placed','2022-03-01','CP-HB2203016575','Hotel Room Booking','2022-03-01 20:25:04','2022-03-01 20:25:04',NULL),(74,1,0,'Booking Reminder','Hi Admin, Your pet 2-C Cat has a booking today for Pet Sitting onSB PET SHOP at 12:30 - 13:00','2022-03-02',NULL,NULL,'2022-03-02 07:00:01','2022-03-02 07:00:01',NULL),(75,7,0,'Booking Placed','Booking CP-AP2203029573 Placed','2022-03-02','CP-AP2203029573','Booking','2022-03-02 15:25:08','2022-03-02 15:25:08',NULL),(76,7,0,'Booking Placed','Booking CP-AP2203026734 Placed','2022-03-02','CP-AP2203026734','Booking','2022-03-02 15:27:40','2022-03-02 15:27:40',NULL),(77,7,0,'Booking Approved','Booking CP-AP2203026734 Approved','2022-03-02','CP-AP2203026734','Booking','2022-03-02 15:34:54','2022-03-02 15:34:54',NULL),(78,7,0,'Booking Approved','Booking CP-AP2203029573 Approved','2022-03-02','CP-AP2203029573','Booking','2022-03-02 15:35:13','2022-03-02 15:35:13',NULL),(79,7,0,'Booking Completed','Booking CP-AP2203029573Completed','2022-03-02','CP-AP2203029573','Booking','2022-03-02 15:35:36','2022-03-02 15:35:36',NULL),(80,7,0,'Booking Completed','Booking CP-AP2203026734Completed','2022-03-02','CP-AP2203026734','Booking','2022-03-02 15:39:12','2022-03-02 15:39:12',NULL),(81,7,0,'Booking Placed','Booking CP-AP2203026710 Placed','2022-03-02','CP-AP2203026710','Booking','2022-03-02 15:55:42','2022-03-02 15:55:42',NULL),(82,7,0,'Booking Approved','Booking CP-AP2203026710 Approved','2022-03-02','CP-AP2203026710','Booking','2022-03-02 15:56:06','2022-03-02 15:56:06',NULL),(83,7,0,'Booking Completed','Booking CP-AP2203026710Completed','2022-03-02','CP-AP2203026710','Booking','2022-03-02 15:56:13','2022-03-02 15:56:13',NULL),(84,7,0,'Booking Placed','Booking CP-AP2203026060 Placed','2022-03-02','CP-AP2203026060','Booking','2022-03-02 15:59:27','2022-03-02 15:59:27',NULL),(85,7,0,'Membership Subscription Approved','Membership Subscription 223819 Approved','2022-03-02','223819','Subscription','2022-03-02 16:01:59','2022-03-02 16:01:59',NULL),(86,7,0,'Membership Subscription Approved','Membership Subscription 223819 Approved','2022-03-02','223819','Subscription','2022-03-02 16:02:46','2022-03-02 16:02:46',NULL),(87,7,0,'Booking Approved','Booking CP-AP2203026060 Approved','2022-03-02','CP-AP2203026060','Booking','2022-03-02 16:17:25','2022-03-02 16:17:25',NULL),(88,7,0,'Booking Completed','Booking CP-AP2203026060Completed','2022-03-02','CP-AP2203026060','Booking','2022-03-02 16:17:31','2022-03-02 16:17:31',NULL),(89,7,0,'Membership Subscription Approved','Membership Subscription 223819 Approved','2022-03-02','223819','Subscription','2022-03-02 16:32:36','2022-03-02 16:32:36',NULL),(90,7,0,'Membership Subscription Approved','Membership Subscription 223819 Approved','2022-03-02','223819','Subscription','2022-03-02 16:33:15','2022-03-02 16:33:15',NULL),(91,7,0,'Membership Subscription Rejected','Membership Subscription 223819 Rejected','2022-03-02','223819','Subscription','2022-03-02 16:33:55','2022-03-02 16:33:55',NULL),(92,7,0,'Membership Subscription Approved','Membership Subscription 223819 Approved','2022-03-02','223819','Subscription','2022-03-02 16:34:13','2022-03-02 16:34:13',NULL),(93,7,0,'Booking Placed','Booking CP-AP2203023191 Placed','2022-03-02','CP-AP2203023191','Booking','2022-03-02 17:04:55','2022-03-02 17:04:55',NULL),(94,7,0,'Membership Subscription Approved','Membership Subscription 223819 Approved','2022-03-02','223819','Subscription','2022-03-02 17:05:40','2022-03-02 17:05:40',NULL),(95,7,0,'Membership Subscription Approved','Membership Subscription 223819 Approved','2022-03-02','223819','Subscription','2022-03-02 17:06:16','2022-03-02 17:06:16',NULL),(96,7,0,'Membership Subscription Approved','Membership Subscription 223819 Approved','2022-03-02','223819','Subscription','2022-03-02 17:06:48','2022-03-02 17:06:48',NULL),(97,7,0,'Membership Subscription Rejected','Membership Subscription 223819 Rejected','2022-03-02','223819','Subscription','2022-03-02 17:07:06','2022-03-02 17:07:06',NULL),(98,7,0,'Booking Approved','Booking CP-AP2203023191 Approved','2022-03-02','CP-AP2203023191','Booking','2022-03-02 17:08:41','2022-03-02 17:08:41',NULL),(99,7,0,'Booking Completed','Booking CP-AP2203023191Completed','2022-03-02','CP-AP2203023191','Booking','2022-03-02 17:08:47','2022-03-02 17:08:47',NULL),(100,7,0,'Booking Placed','Booking CP-AP2203026357 Placed','2022-03-02','CP-AP2203026357','Booking','2022-03-02 17:15:17','2022-03-02 17:15:17',NULL),(101,7,0,'Membership Subscription Approved','Membership Subscription 223819 Approved','2022-03-02','223819','Subscription','2022-03-02 17:24:22','2022-03-02 17:24:22',NULL),(102,7,0,'Membership Subscription Approved','Membership Subscription 223819 Approved','2022-03-02','223819','Subscription','2022-03-02 17:24:38','2022-03-02 17:24:38',NULL),(103,7,0,'Membership Subscription Approved','Membership Subscription 223819 Approved','2022-03-02','223819','Subscription','2022-03-02 17:25:05','2022-03-02 17:25:05',NULL),(104,7,0,'Membership Subscription Approved','Membership Subscription 223819 Approved','2022-03-02','223819','Subscription','2022-03-02 17:25:32','2022-03-02 17:25:32',NULL),(105,7,0,'Membership Subscription Approved','Membership Subscription 223819 Approved','2022-03-02','223819','Subscription','2022-03-02 17:25:48','2022-03-02 17:25:48',NULL),(106,7,0,'Membership Subscription Approved','Membership Subscription 223819 Approved','2022-03-02','223819','Subscription','2022-03-02 17:26:02','2022-03-02 17:26:02',NULL),(107,7,0,'Membership Subscription Approved','Membership Subscription 223819 Approved','2022-03-02','223819','Subscription','2022-03-02 17:26:13','2022-03-02 17:26:13',NULL),(108,7,0,'Membership Subscription Approved','Membership Subscription 223819 Approved','2022-03-02','223819','Subscription','2022-03-02 17:32:20','2022-03-02 17:32:20',NULL),(109,7,0,'Membership Subscription Approved','Membership Subscription 223819 Approved','2022-03-02','223819','Subscription','2022-03-02 17:32:34','2022-03-02 17:32:34',NULL),(110,7,0,'Membership Subscription Approved','Membership Subscription 223819 Approved','2022-03-02','223819','Subscription','2022-03-02 17:32:50','2022-03-02 17:32:50',NULL),(111,7,0,'Membership Subscription Approved','Membership Subscription 223819 Approved','2022-03-02','223819','Subscription','2022-03-02 17:33:01','2022-03-02 17:33:01',NULL),(112,7,0,'Membership Subscription Approved','Membership Subscription 223819 Approved','2022-03-02','223819','Subscription','2022-03-02 17:33:10','2022-03-02 17:33:10',NULL),(113,7,0,'Membership Subscription Approved','Membership Subscription 223819 Approved','2022-03-02','223819','Subscription','2022-03-02 17:33:24','2022-03-02 17:33:24',NULL),(114,7,0,'Membership Subscription Approved','Membership Subscription 223819 Approved','2022-03-02','223819','Subscription','2022-03-02 17:33:32','2022-03-02 17:33:32',NULL),(115,7,0,'Membership Subscription Approved','Membership Subscription 223819 Approved','2022-03-02','223819','Subscription','2022-03-02 17:33:51','2022-03-02 17:33:51',NULL),(116,7,0,'Membership Subscription Approved','Membership Subscription 223819 Approved','2022-03-02','223819','Subscription','2022-03-02 17:35:18','2022-03-02 17:35:18',NULL),(117,7,0,'Booking Approved','Booking CP-AP2203026357 Approved','2022-03-02','CP-AP2203026357','Booking','2022-03-02 17:37:13','2022-03-02 17:37:13',NULL),(118,7,0,'Booking Completed','Booking CP-AP2203026357Completed','2022-03-02','CP-AP2203026357','Booking','2022-03-02 17:37:18','2022-03-02 17:37:18',NULL),(119,7,0,'Booking Placed','Booking CP-AP2203024971 Placed','2022-03-02','CP-AP2203024971','Booking','2022-03-02 17:59:45','2022-03-02 17:59:45',NULL),(120,7,0,'Booking Rejected','Booking CP-AP2203024971 Rejected','2022-03-02','CP-AP2203024971','Booking','2022-03-02 18:00:12','2022-03-02 18:00:12',NULL),(121,7,0,'Booking Placed','Booking CP-BK2203028059 Placed','2022-03-02','CP-BK2203028059','Booking','2022-03-02 18:01:27','2022-03-02 18:01:27',NULL),(122,7,0,'Booking Rejected','Booking CP-BK2203028059 Rejected','2022-03-02','CP-BK2203028059','Booking','2022-03-02 18:02:00','2022-03-02 18:02:00',NULL),(123,7,0,'Booking Placed','Booking CP-AP2203024439 Placed','2022-03-02','CP-AP2203024439','Booking','2022-03-02 18:04:09','2022-03-02 18:04:09',NULL),(124,7,0,'Booking Approved','Booking CP-AP2203024439 Approved','2022-03-02','CP-AP2203024439','Booking','2022-03-02 18:04:24','2022-03-02 18:04:24',NULL),(125,7,0,'Booking Completed','Booking CP-AP2203024439Completed','2022-03-02','CP-AP2203024439','Booking','2022-03-02 18:04:30','2022-03-02 18:04:30',NULL),(126,7,0,'Booking Placed','Booking CP-BK2203028262 Placed','2022-03-02','CP-BK2203028262','Booking','2022-03-02 18:05:56','2022-03-02 18:05:56',NULL),(127,7,0,'Booking Approved','Booking CP-BK2203028262 Approved','2022-03-02','CP-BK2203028262','Booking','2022-03-02 18:37:30','2022-03-02 18:37:30',NULL),(128,7,0,'Booking Completed','Booking CP-BK2203028262Completed','2022-03-02','CP-BK2203028262','Booking','2022-03-02 18:37:32','2022-03-02 18:37:32',NULL),(129,6,0,'Booking Rejected','Booking CP-BK2203012762 Rejected','2022-03-02','CP-BK2203012762','Booking','2022-03-02 18:38:27','2022-03-02 18:38:27',NULL),(130,7,0,'Membership Subscription Rejected','Membership Subscription 223819 Rejected','2022-03-02','223819','Subscription','2022-03-02 18:40:01','2022-03-02 18:40:01',NULL),(131,6,0,'Booking Approved','Booking CP-BK2203016040 Approved','2022-03-02','CP-BK2203016040','Booking','2022-03-02 18:45:04','2022-03-02 18:45:04',NULL),(132,1,0,'Booking Reminder','Hi Admin, Your pet 2-C Cat has a booking today for Pet Sitting onSB PET SHOP at 12:30 - 13:00','2022-03-03',NULL,NULL,'2022-03-03 07:00:02','2022-03-03 07:00:02',NULL),(133,13,0,'Booking Placed','Booking CP-AP2203035520 Placed','2022-03-03','CP-AP2203035520','Booking','2022-03-03 07:51:51','2022-03-03 07:51:51',NULL),(134,13,0,'Booking Cancelled','Booking CP-AP2203035520 Cancelled','2022-03-03','CP-AP2203035520','Booking','2022-03-03 07:54:32','2022-03-03 07:54:32',NULL),(135,13,0,'Booking Placed','Booking CP-BK2203037790 Placed','2022-03-03','CP-BK2203037790','Booking','2022-03-03 07:54:53','2022-03-03 07:54:53',NULL),(136,13,0,'Booking Approved','Booking CP-BK2203037790 Approved','2022-03-03','CP-BK2203037790','Booking','2022-03-03 07:55:39','2022-03-03 07:55:39',NULL),(137,13,0,'Booking Completed','Booking CP-BK2203037790Completed','2022-03-03','CP-BK2203037790','Booking','2022-03-03 07:55:52','2022-03-03 07:55:52',NULL),(138,17,0,'Booking Placed','Booking CP-BK2203033525 Placed','2022-03-03','CP-BK2203033525','Booking','2022-03-03 09:07:24','2022-03-03 09:07:24',NULL),(139,17,0,'Booking Approved','Booking CP-BK2203033525 Approved','2022-03-03','CP-BK2203033525','Booking','2022-03-03 09:09:33','2022-03-03 09:09:33',NULL),(140,17,0,'Booking Completed','Booking CP-BK2203033525Completed','2022-03-03','CP-BK2203033525','Booking','2022-03-03 09:09:43','2022-03-03 09:09:43',NULL),(141,17,0,'Booking Placed','Booking CP-BK2203036828 Placed','2022-03-03','CP-BK2203036828','Booking','2022-03-03 09:17:29','2022-03-03 09:17:29',NULL),(142,13,0,'Booking Placed','Booking CP-BK2203034921 Placed','2022-03-03','CP-BK2203034921','Booking','2022-03-03 09:18:45','2022-03-03 09:18:45',NULL),(143,17,0,'Booking Approved','Booking CP-BK2203036828 Approved','2022-03-03','CP-BK2203036828','Booking','2022-03-03 09:19:22','2022-03-03 09:19:22',NULL),(144,17,0,'Booking Completed','Booking CP-BK2203036828Completed','2022-03-03','CP-BK2203036828','Booking','2022-03-03 09:19:55','2022-03-03 09:19:55',NULL),(145,13,0,'Booking Placed','Booking CP-AP2203032970 Placed','2022-03-03','CP-AP2203032970','Booking','2022-03-03 09:21:13','2022-03-03 09:21:13',NULL),(146,17,0,'Booking Placed','Booking CP-BK2203037641 Placed','2022-03-03','CP-BK2203037641','Booking','2022-03-03 09:23:12','2022-03-03 09:23:12',NULL),(147,17,0,'Booking Approved','Booking CP-BK2203037641 Approved','2022-03-03','CP-BK2203037641','Booking','2022-03-03 09:24:45','2022-03-03 09:24:45',NULL),(148,17,0,'Booking Completed','Booking CP-BK2203037641Completed','2022-03-03','CP-BK2203037641','Booking','2022-03-03 09:24:51','2022-03-03 09:24:51',NULL),(149,13,0,'Booking Placed','Booking CP-AP2203036909 Placed','2022-03-03','CP-AP2203036909','Booking','2022-03-03 09:24:58','2022-03-03 09:24:58',NULL),(150,17,0,'Booking Placed','Booking CP-BK2203039262 Placed','2022-03-03','CP-BK2203039262','Booking','2022-03-03 09:26:11','2022-03-03 09:26:11',NULL),(151,13,0,'Booking Approved','Booking CP-AP2203036909 Approved','2022-03-03','CP-AP2203036909','Booking','2022-03-03 09:26:12','2022-03-03 09:26:12',NULL),(152,17,0,'Booking Approved','Booking CP-BK2203039262 Approved','2022-03-03','CP-BK2203039262','Booking','2022-03-03 09:26:47','2022-03-03 09:26:47',NULL),(153,13,0,'Booking Completed','Booking CP-AP2203036909Completed','2022-03-03','CP-AP2203036909','Booking','2022-03-03 09:27:30','2022-03-03 09:27:30',NULL),(154,13,0,'Booking Placed','Booking CP-BK2203037763 Placed','2022-03-03','CP-BK2203037763','Booking','2022-03-03 09:28:33','2022-03-03 09:28:33',NULL),(155,13,0,'Booking Approved','Booking CP-BK2203037763 Approved','2022-03-03','CP-BK2203037763','Booking','2022-03-03 09:29:47','2022-03-03 09:29:47',NULL),(156,17,0,'Booking In-Progress','Booking CP-BK2203039262 In-Progress','2022-03-03','CP-BK2203039262','Booking','2022-03-03 09:37:43','2022-03-03 09:37:43',NULL),(157,13,0,'Booking Placed','Booking CP-AP2203037676 Placed','2022-03-03','CP-AP2203037676','Booking','2022-03-03 09:40:15','2022-03-03 09:40:15',NULL),(158,17,0,'Booking Completed','Booking CP-BK2203039262Completed','2022-03-03','CP-BK2203039262','Booking','2022-03-03 09:40:22','2022-03-03 09:40:22',NULL),(159,13,0,'Booking Cancelled','Booking CP-AP2203037676 Cancelled','2022-03-03','CP-AP2203037676','Booking','2022-03-03 09:40:46','2022-03-03 09:40:46',NULL),(160,13,0,'Booking Placed','Booking CP-AP2203035067 Placed','2022-03-03','CP-AP2203035067','Booking','2022-03-03 09:41:59','2022-03-03 09:41:59',NULL),(161,13,0,'Booking Approved','Booking CP-AP2203035067 Approved','2022-03-03','CP-AP2203035067','Booking','2022-03-03 09:42:19','2022-03-03 09:42:19',NULL),(162,13,0,'Mobile Grooming Booking Placed','Mobile Grooming Booking CP-MG2203037363 Placed','2022-03-03','CP-MG2203037363','Mobile Grooming Book','2022-03-03 09:44:29','2022-03-03 09:44:29',NULL),(163,13,0,'Mobile Grooming Approved','Mobile Grooming CP-MG2203037363Approved','2022-03-03','CP-MG2203037363','Mobile Grooming','2022-03-03 09:45:11','2022-03-03 09:45:11',NULL),(164,13,0,'Mobile Grooming Booking Rescheduled','Mobile Grooming Booking CP-MG2203037363Rescheduled','2022-03-03','CP-MG2203037363','Mobile Grooming','2022-03-03 09:46:08','2022-03-03 09:46:08',NULL),(165,13,0,'Mobile Grooming Booking Rescheduled','Mobile Grooming Booking CP-MG2203037363Rescheduled','2022-03-03','CP-MG2203037363','Mobile Grooming','2022-03-03 09:46:11','2022-03-03 09:46:11',NULL),(166,13,0,'Mobile Grooming Booking Rescheduled','Mobile Grooming Booking CP-MG2203037363Rescheduled','2022-03-03','CP-MG2203037363','Mobile Grooming','2022-03-03 09:54:34','2022-03-03 09:54:34',NULL),(167,13,0,'Mobile Grooming Booking Rescheduled','Mobile Grooming Booking CP-MG2203037363Rescheduled','2022-03-03','CP-MG2203037363','Mobile Grooming','2022-03-03 09:54:42','2022-03-03 09:54:42',NULL),(168,6,0,'Booking In-Progress','Booking CP-BK2203016040 In-Progress','2022-03-03','CP-BK2203016040','Booking','2022-03-03 10:08:16','2022-03-03 10:08:16',NULL),(169,13,0,'Booking In-Progress','Booking CP-BK2203037763 In-Progress','2022-03-03','CP-BK2203037763','Booking','2022-03-03 10:09:34','2022-03-03 10:09:34',NULL),(170,13,0,'Mobile Grooming Booking Placed','Mobile Grooming Booking CP-MG2203033570 Placed','2022-03-03','CP-MG2203033570','Mobile Grooming Book','2022-03-03 10:18:06','2022-03-03 10:18:06',NULL),(171,13,0,'Mobile Grooming Booking Rescheduled','Mobile Grooming Booking CP-MG2203033570Rescheduled','2022-03-03','CP-MG2203033570','Mobile Grooming','2022-03-03 10:18:47','2022-03-03 10:18:47',NULL),(172,13,0,'Mobile Grooming In-Progress','Mobile Grooming CP-MG2203033570In-Progress','2022-03-03','CP-MG2203033570','Mobile Grooming','2022-03-03 10:19:10','2022-03-03 10:19:10',NULL),(173,13,0,'Mobile Grooming Booking Rescheduled','Mobile Grooming Booking CP-MG2203033570Rescheduled','2022-03-03','CP-MG2203033570','Mobile Grooming','2022-03-03 10:19:54','2022-03-03 10:19:54',NULL),(174,13,0,'Mobile Grooming Booking Rescheduled','Mobile Grooming Booking CP-MG2203033570Rescheduled','2022-03-03','CP-MG2203033570','Mobile Grooming','2022-03-03 10:19:56','2022-03-03 10:19:56',NULL),(175,13,0,'Mobile Grooming Booking Rescheduled','Mobile Grooming Booking CP-MG2203033570Rescheduled','2022-03-03','CP-MG2203033570','Mobile Grooming','2022-03-03 10:20:00','2022-03-03 10:20:00',NULL),(176,13,0,'Mobile Grooming Approved','Mobile Grooming CP-MG2203033570Approved','2022-03-03','CP-MG2203033570','Mobile Grooming','2022-03-03 10:20:29','2022-03-03 10:20:29',NULL),(177,13,0,'Mobile Grooming Booking Rescheduled','Mobile Grooming Booking CP-MG2203033570Rescheduled','2022-03-03','CP-MG2203033570','Mobile Grooming','2022-03-03 10:20:52','2022-03-03 10:20:52',NULL),(178,6,0,'Booking Completed','Booking CP-BK2203016040Completed','2022-03-03','CP-BK2203016040','Booking','2022-03-03 10:23:26','2022-03-03 10:23:26',NULL),(179,13,0,'Mobile Grooming Cancelled','Mobile Grooming CP-MG2203033570Cancelled','2022-03-03','CP-MG2203033570','Mobile Grooming','2022-03-03 10:27:40','2022-03-03 10:27:40',NULL),(180,13,0,'Mobile Grooming Booking Rescheduled','Mobile Grooming Booking CP-MG2203033570Rescheduled','2022-03-03','CP-MG2203033570','Mobile Grooming','2022-03-03 10:28:00','2022-03-03 10:28:00',NULL),(181,13,0,'Mobile Grooming Booking Rescheduled','Mobile Grooming Booking CP-MG2203033570Rescheduled','2022-03-03','CP-MG2203033570','Mobile Grooming','2022-03-03 10:28:02','2022-03-03 10:28:02',NULL),(182,13,0,'Mobile Grooming Booking Rescheduled','Mobile Grooming Booking CP-MG2203033570Rescheduled','2022-03-03','CP-MG2203033570','Mobile Grooming','2022-03-03 10:28:41','2022-03-03 10:28:41',NULL),(183,13,0,'Mobile Grooming Booking Rescheduled','Mobile Grooming Booking CP-MG2203033570Rescheduled','2022-03-03','CP-MG2203033570','Mobile Grooming','2022-03-03 10:31:23','2022-03-03 10:31:23',NULL),(184,13,0,'Booking Placed','Booking CP-BK2203039590 Placed','2022-03-03','CP-BK2203039590','Booking','2022-03-03 10:34:25','2022-03-03 10:34:25',NULL),(185,13,0,'Booking Placed','Booking CP-AP2203034811 Placed','2022-03-03','CP-AP2203034811','Booking','2022-03-03 10:36:02','2022-03-03 10:36:02',NULL),(186,13,0,'Booking Placed','Booking CP-BK2203031481 Placed','2022-03-03','CP-BK2203031481','Booking','2022-03-03 10:37:33','2022-03-03 10:37:33',NULL),(187,13,0,'Booking In-Progress','Booking CP-BK2203039590 In-Progress','2022-03-03','CP-BK2203039590','Booking','2022-03-03 10:46:36','2022-03-03 10:46:36',NULL),(188,13,0,'Booking Approved','Booking CP-BK2203039590 Approved','2022-03-03','CP-BK2203039590','Booking','2022-03-03 10:47:17','2022-03-03 10:47:17',NULL),(189,17,0,'Booking Placed','Booking CP-BK2203039197 Placed','2022-03-03','CP-BK2203039197','Booking','2022-03-03 10:58:11','2022-03-03 10:58:11',NULL),(190,13,0,'Booking Approved','Booking CP-AP2203034811 Approved','2022-03-03','CP-AP2203034811','Booking','2022-03-03 10:58:21','2022-03-03 10:58:21',NULL),(191,17,0,'Booking Approved','Booking CP-BK2203039197 Approved','2022-03-03','CP-BK2203039197','Booking','2022-03-03 10:58:35','2022-03-03 10:58:35',NULL),(192,13,0,'Booking Cancelled','Booking CP-BK2203031481 Cancelled','2022-03-03','CP-BK2203031481','Booking','2022-03-03 11:04:34','2022-03-03 11:04:34',NULL),(193,17,0,'Booking In-Progress','Booking CP-BK2203039197 In-Progress','2022-03-03','CP-BK2203039197','Booking','2022-03-03 11:05:35','2022-03-03 11:05:35',NULL),(194,13,0,'Booking Placed','Booking CP-BK2203033239 Placed','2022-03-03','CP-BK2203033239','Booking','2022-03-03 11:06:42','2022-03-03 11:06:42',NULL),(195,13,0,'Booking Cancelled','Booking CP-BK2203033239 Cancelled','2022-03-03','CP-BK2203033239','Booking','2022-03-03 11:10:36','2022-03-03 11:10:36',NULL),(196,13,0,'Booking Placed','Booking CP-BK2203037709 Placed','2022-03-03','CP-BK2203037709','Booking','2022-03-03 11:11:43','2022-03-03 11:11:43',NULL),(197,13,0,'Booking Cancelled','Booking CP-AP2203034811 Cancelled','2022-03-03','CP-AP2203034811','Booking','2022-03-03 11:12:28','2022-03-03 11:12:28',NULL),(198,13,0,'Booking Placed','Booking CP-AP2203031349 Placed','2022-03-03','CP-AP2203031349','Booking','2022-03-03 11:13:37','2022-03-03 11:13:37',NULL),(199,17,0,'Booking Completed','Booking CP-BK2203039197Completed','2022-03-03','CP-BK2203039197','Booking','2022-03-03 11:14:57','2022-03-03 11:14:57',NULL),(200,13,0,'Service Booking Rescheduled','Service Booking CP-BK2203037709Rescheduled','2022-03-03','CP-BK2203037709','Booking','2022-03-03 11:26:49','2022-03-03 11:26:49',NULL),(201,17,0,'Booking Placed','Booking CP-BK2203039297 Placed','2022-03-03','CP-BK2203039297','Booking','2022-03-03 11:43:16','2022-03-03 11:43:16',NULL),(202,17,0,'Booking Approved','Booking CP-BK2203039297 Approved','2022-03-03','CP-BK2203039297','Booking','2022-03-03 11:44:05','2022-03-03 11:44:05',NULL),(203,24,0,'Booking Placed','Booking CP-BK2203037754 Placed','2022-03-03','CP-BK2203037754','Booking','2022-03-03 12:00:26','2022-03-03 12:00:26',NULL),(204,24,0,'Booking Placed','Booking CP-AP2203039484 Placed','2022-03-03','CP-AP2203039484','Booking','2022-03-03 12:01:00','2022-03-03 12:01:00',NULL),(205,24,0,'Booking Placed','Booking CP-AP2203035729 Placed','2022-03-03','CP-AP2203035729','Booking','2022-03-03 12:02:54','2022-03-03 12:02:54',NULL),(206,24,0,'Booking Placed','Booking CP-AP2203038051 Placed','2022-03-03','CP-AP2203038051','Booking','2022-03-03 12:04:06','2022-03-03 12:04:06',NULL),(207,24,0,'Booking Placed','Booking CP-BK2203031812 Placed','2022-03-03','CP-BK2203031812','Booking','2022-03-03 12:04:46','2022-03-03 12:04:46',NULL),(208,24,0,'Booking Placed','Booking CP-BK2203039532 Placed','2022-03-03','CP-BK2203039532','Booking','2022-03-03 12:05:13','2022-03-03 12:05:13',NULL),(209,24,0,'Booking In-Progress','Booking CP-BK2203031812 In-Progress','2022-03-03','CP-BK2203031812','Booking','2022-03-03 12:05:46','2022-03-03 12:05:46',NULL),(210,24,0,'Booking Approved','Booking CP-BK2203031812 Approved','2022-03-03','CP-BK2203031812','Booking','2022-03-03 12:07:10','2022-03-03 12:07:10',NULL),(211,24,0,'Booking In-Progress','Booking CP-BK2203039532 In-Progress','2022-03-03','CP-BK2203039532','Booking','2022-03-03 12:08:04','2022-03-03 12:08:04',NULL),(212,24,0,'Booking Cancelled','Booking CP-BK2203039532 Cancelled','2022-03-03','CP-BK2203039532','Booking','2022-03-03 12:08:43','2022-03-03 12:08:43',NULL),(213,24,0,'Booking In-Progress','Booking CP-AP2203035729 In-Progress','2022-03-03','CP-AP2203035729','Booking','2022-03-03 12:09:34','2022-03-03 12:09:34',NULL),(214,17,0,'Booking In-Progress','Booking CP-BK2203039297 In-Progress','2022-03-03','CP-BK2203039297','Booking','2022-03-03 12:11:29','2022-03-03 12:11:29',NULL),(215,17,0,'Booking Completed','Booking CP-BK2203039297Completed','2022-03-03','CP-BK2203039297','Booking','2022-03-03 12:22:41','2022-03-03 12:22:41',NULL),(216,5,0,'Booking Placed','Booking CP-BK2203035698 Placed','2022-03-03','CP-BK2203035698','Booking','2022-03-03 12:30:47','2022-03-03 12:30:47',NULL),(217,5,0,'Service Booking Rescheduled','Service Booking CP-BK2203035698Rescheduled','2022-03-03','CP-BK2203035698','Booking','2022-03-03 12:31:09','2022-03-03 12:31:09',NULL),(218,5,0,'Service Booking Rescheduled','Service Booking CP-BK2203035698Rescheduled','2022-03-03','CP-BK2203035698','Booking','2022-03-03 12:31:11','2022-03-03 12:31:11',NULL),(219,5,0,'Booking Approved','Booking CP-BK2203035698 Approved','2022-03-03','CP-BK2203035698','Booking','2022-03-03 12:34:19','2022-03-03 12:34:19',NULL),(220,24,0,'Booking Placed','Booking CP-BK2203036708 Placed','2022-03-03','CP-BK2203036708','Booking','2022-03-03 12:37:10','2022-03-03 12:37:10',NULL),(221,24,0,'Booking Placed','Booking CP-AP2203038998 Placed','2022-03-03','CP-AP2203038998','Booking','2022-03-03 12:38:08','2022-03-03 12:38:08',NULL),(222,24,0,'Booking Placed','Booking CP-BK2203037308 Placed','2022-03-03','CP-BK2203037308','Booking','2022-03-03 12:38:54','2022-03-03 12:38:54',NULL),(223,5,0,'Booking Placed','Booking CP-BK2203031804 Placed','2022-03-03','CP-BK2203031804','Booking','2022-03-03 12:39:10','2022-03-03 12:39:10',NULL),(224,24,0,'Booking Approved','Booking CP-BK2203037308 Approved','2022-03-03','CP-BK2203037308','Booking','2022-03-03 12:39:28','2022-03-03 12:39:28',NULL),(225,5,0,'Booking Approved','Booking CP-BK2203031804 Approved','2022-03-03','CP-BK2203031804','Booking','2022-03-03 12:54:44','2022-03-03 12:54:44',NULL),(226,5,0,'Service Booking Rescheduled','Service Booking CP-BK2203031804Rescheduled','2022-03-03','CP-BK2203031804','Booking','2022-03-03 12:54:53','2022-03-03 12:54:53',NULL),(227,13,0,'Booking Completed','Booking CP-BK2203039590Completed','2022-03-03','CP-BK2203039590','Booking','2022-03-03 13:07:05','2022-03-03 13:07:05',NULL),(228,24,0,'Booking Completed','Booking CP-BK2203031812Completed','2022-03-03','CP-BK2203031812','Booking','2022-03-03 13:08:34','2022-03-03 13:08:34',NULL),(229,17,0,'Booking Placed','Booking CP-BK2203039681 Placed','2022-03-03','CP-BK2203039681','Booking','2022-03-03 13:14:49','2022-03-03 13:14:49',NULL),(230,17,0,'Booking Approved','Booking CP-BK2203039681 Approved','2022-03-03','CP-BK2203039681','Booking','2022-03-03 13:15:20','2022-03-03 13:15:20',NULL),(231,17,0,'Booking In-Progress','Booking CP-BK2203039681 In-Progress','2022-03-03','CP-BK2203039681','Booking','2022-03-03 13:26:59','2022-03-03 13:26:59',NULL),(232,29,0,'Booking Placed','Booking CP-AP2203035910 Placed','2022-03-03','CP-AP2203035910','Booking','2022-03-03 13:49:09','2022-03-03 13:49:09',NULL),(233,29,0,'Booking Approved','Booking CP-AP2203035910 Approved','2022-03-03','CP-AP2203035910','Booking','2022-03-03 13:51:07','2022-03-03 13:51:07',NULL),(234,29,0,'Service Booking Rescheduled','Service Booking CP-AP2203035910Rescheduled','2022-03-03','CP-AP2203035910','Booking','2022-03-03 13:52:09','2022-03-03 13:52:09',NULL),(235,29,0,'Booking Cancelled','Booking CP-AP2203035910 Cancelled','2022-03-03','CP-AP2203035910','Booking','2022-03-03 13:53:09','2022-03-03 13:53:09',NULL),(236,29,0,'Booking Placed','Booking CP-AP2203037518 Placed','2022-03-03','CP-AP2203037518','Booking','2022-03-03 13:55:09','2022-03-03 13:55:09',NULL),(237,29,0,'Booking In-Progress','Booking CP-AP2203037518 In-Progress','2022-03-03','CP-AP2203037518','Booking','2022-03-03 13:55:38','2022-03-03 13:55:38',NULL),(238,29,0,'Booking Rejected','Booking CP-AP2203037518 Rejected','2022-03-03','CP-AP2203037518','Booking','2022-03-03 13:56:39','2022-03-03 13:56:39',NULL),(239,29,0,'Booking Placed','Booking CP-AP2203034706 Placed','2022-03-03','CP-AP2203034706','Booking','2022-03-03 13:58:57','2022-03-03 13:58:57',NULL),(240,29,0,'Service Booking Rescheduled','Service Booking CP-AP2203034706Rescheduled','2022-03-03','CP-AP2203034706','Booking','2022-03-03 13:59:24','2022-03-03 13:59:24',NULL),(241,29,0,'Booking Approved','Booking CP-AP2203034706 Approved','2022-03-03','CP-AP2203034706','Booking','2022-03-03 13:59:44','2022-03-03 13:59:44',NULL),(242,29,0,'Booking Completed','Booking CP-AP2203034706Completed','2022-03-03','CP-AP2203034706','Booking','2022-03-03 14:00:08','2022-03-03 14:00:08',NULL),(243,29,0,'Booking Placed','Booking CP-BK2203038987 Placed','2022-03-03','CP-BK2203038987','Booking','2022-03-03 14:01:24','2022-03-03 14:01:24',NULL),(244,29,0,'Booking Placed','Booking CP-BK2203037295 Placed','2022-03-03','CP-BK2203037295','Booking','2022-03-03 14:02:10','2022-03-03 14:02:10',NULL),(245,29,0,'Booking Placed','Booking CP-BK2203032151 Placed','2022-03-03','CP-BK2203032151','Booking','2022-03-03 14:03:27','2022-03-03 14:03:27',NULL),(246,29,0,'Booking Approved','Booking CP-BK2203038987 Approved','2022-03-03','CP-BK2203038987','Booking','2022-03-03 14:05:56','2022-03-03 14:05:56',NULL),(247,29,0,'Service Booking Rescheduled','Service Booking CP-BK2203038987Rescheduled','2022-03-03','CP-BK2203038987','Booking','2022-03-03 14:07:02','2022-03-03 14:07:02',NULL),(248,29,0,'Booking In-Progress','Booking CP-BK2203038987 In-Progress','2022-03-03','CP-BK2203038987','Booking','2022-03-03 14:08:21','2022-03-03 14:08:21',NULL),(249,29,0,'Booking Rejected','Booking CP-BK2203038987 Rejected','2022-03-03','CP-BK2203038987','Booking','2022-03-03 14:09:02','2022-03-03 14:09:02',NULL),(250,29,0,'Booking Approved','Booking CP-BK2203037295 Approved','2022-03-03','CP-BK2203037295','Booking','2022-03-03 14:10:36','2022-03-03 14:10:36',NULL),(251,29,0,'Booking Completed','Booking CP-BK2203037295Completed','2022-03-03','CP-BK2203037295','Booking','2022-03-03 14:10:42','2022-03-03 14:10:42',NULL),(252,29,0,'Booking Cancelled','Booking CP-BK2203032151 Cancelled','2022-03-03','CP-BK2203032151','Booking','2022-03-03 14:11:43','2022-03-03 14:11:43',NULL),(253,6,0,'Booking Placed','Booking CP-BK2203037083 Placed','2022-03-03','CP-BK2203037083','Booking','2022-03-03 14:22:40','2022-03-03 14:22:40',NULL),(254,24,0,'Booking Approved','Booking CP-AP2203038051 Approved','2022-03-03','CP-AP2203038051','Booking','2022-03-03 14:33:23','2022-03-03 14:33:23',NULL),(255,24,0,'Service Booking Rescheduled','Service Booking CP-AP2203038051Rescheduled','2022-03-03','CP-AP2203038051','Booking','2022-03-03 14:33:41','2022-03-03 14:33:41',NULL),(256,29,0,'Booking Placed','Booking CP-AP2203039518 Placed','2022-03-03','CP-AP2203039518','Booking','2022-03-03 14:40:59','2022-03-03 14:40:59',NULL),(257,29,0,'Booking Placed','Booking CP-AP2203032613 Placed','2022-03-03','CP-AP2203032613','Booking','2022-03-03 14:42:28','2022-03-03 14:42:28',NULL),(258,29,0,'Booking Placed','Booking CP-BK2203035181 Placed','2022-03-03','CP-BK2203035181','Booking','2022-03-03 14:42:57','2022-03-03 14:42:57',NULL),(259,29,0,'Booking Approved','Booking CP-AP2203039518 Approved','2022-03-03','CP-AP2203039518','Booking','2022-03-03 14:45:13','2022-03-03 14:45:13',NULL),(260,29,0,'Service Booking Rescheduled','Service Booking CP-AP2203039518Rescheduled','2022-03-03','CP-AP2203039518','Booking','2022-03-03 14:46:09','2022-03-03 14:46:09',NULL),(261,29,0,'Booking Approved','Booking CP-BK2203035181 Approved','2022-03-03','CP-BK2203035181','Booking','2022-03-03 14:47:18','2022-03-03 14:47:18',NULL),(262,29,0,'Service Booking Rescheduled','Service Booking CP-BK2203035181Rescheduled','2022-03-03','CP-BK2203035181','Booking','2022-03-03 14:47:37','2022-03-03 14:47:37',NULL),(263,29,0,'Booking Completed','Booking CP-BK2203035181Completed','2022-03-03','CP-BK2203035181','Booking','2022-03-03 14:47:46','2022-03-03 14:47:46',NULL),(264,29,0,'Service Booking Rescheduled','Service Booking CP-AP2203032613Rescheduled','2022-03-03','CP-AP2203032613','Booking','2022-03-03 14:54:04','2022-03-03 14:54:04',NULL),(265,29,0,'Service Booking Rescheduled','Service Booking CP-AP2203032613Rescheduled','2022-03-03','CP-AP2203032613','Booking','2022-03-03 14:54:06','2022-03-03 14:54:06',NULL),(266,29,0,'Booking Placed','Booking CP-AP2203035146 Placed','2022-03-03','CP-AP2203035146','Booking','2022-03-03 15:03:06','2022-03-03 15:03:06',NULL),(267,29,0,'Booking Cancelled','Booking CP-AP2203032613 Cancelled','2022-03-03','CP-AP2203032613','Booking','2022-03-03 15:06:42','2022-03-03 15:06:42',NULL),(268,29,0,'Service Booking Rescheduled','Service Booking CP-AP2203035146Rescheduled','2022-03-03','CP-AP2203035146','Booking','2022-03-03 15:07:14','2022-03-03 15:07:14',NULL),(269,29,0,'Booking Approved','Booking CP-AP2203035146 Approved','2022-03-03','CP-AP2203035146','Booking','2022-03-03 15:09:02','2022-03-03 15:09:02',NULL),(270,29,0,'Service Booking Rescheduled','Service Booking CP-AP2203035146Rescheduled','2022-03-03','CP-AP2203035146','Booking','2022-03-03 15:09:15','2022-03-03 15:09:15',NULL),(271,29,0,'Booking Completed','Booking CP-AP2203035146Completed','2022-03-03','CP-AP2203035146','Booking','2022-03-03 15:09:29','2022-03-03 15:09:29',NULL),(272,29,0,'Booking Placed','Booking CP-BK2203035532 Placed','2022-03-03','CP-BK2203035532','Booking','2022-03-03 15:10:24','2022-03-03 15:10:24',NULL),(273,29,0,'Booking Placed','Booking CP-BK2203036738 Placed','2022-03-03','CP-BK2203036738','Booking','2022-03-03 15:10:58','2022-03-03 15:10:58',NULL),(274,29,0,'Booking In-Progress','Booking CP-BK2203035532 In-Progress','2022-03-03','CP-BK2203035532','Booking','2022-03-03 15:11:16','2022-03-03 15:11:16',NULL),(275,29,0,'Service Booking Rescheduled','Service Booking CP-BK2203036738Rescheduled','2022-03-03','CP-BK2203036738','Booking','2022-03-03 15:14:25','2022-03-03 15:14:25',NULL),(276,29,0,'Service Booking Rescheduled','Service Booking CP-BK2203036738Rescheduled','2022-03-03','CP-BK2203036738','Booking','2022-03-03 15:14:26','2022-03-03 15:14:26',NULL),(277,29,0,'Booking In-Progress','Booking CP-BK2203036738 In-Progress','2022-03-03','CP-BK2203036738','Booking','2022-03-03 15:14:37','2022-03-03 15:14:37',NULL),(278,29,0,'Booking Approved','Booking CP-BK2203036738 Approved','2022-03-03','CP-BK2203036738','Booking','2022-03-03 15:17:57','2022-03-03 15:17:57',NULL),(279,29,0,'Booking Cancelled','Booking CP-BK2203036738 Cancelled','2022-03-03','CP-BK2203036738','Booking','2022-03-03 15:18:27','2022-03-03 15:18:27',NULL),(280,29,0,'Mobile Grooming Booking Placed','Mobile Grooming Booking CP-MG2203038781 Placed','2022-03-03','CP-MG2203038781','Mobile Grooming Book','2022-03-03 15:25:15','2022-03-03 15:25:15',NULL),(281,29,0,'Mobile Grooming Booking Placed','Mobile Grooming Booking CP-MG2203036616 Placed','2022-03-03','CP-MG2203036616','Mobile Grooming Book','2022-03-03 15:28:15','2022-03-03 15:28:15',NULL),(282,29,0,'Mobile Grooming Booking Placed','Mobile Grooming Booking CP-MG2203039366 Placed','2022-03-03','CP-MG2203039366','Mobile Grooming Book','2022-03-03 15:28:45','2022-03-03 15:28:45',NULL),(283,29,0,'Mobile Grooming Booking Rescheduled','Mobile Grooming Booking CP-MG2203038781Rescheduled','2022-03-03','CP-MG2203038781','Mobile Grooming','2022-03-03 15:35:36','2022-03-03 15:35:36',NULL),(284,29,0,'Mobile Grooming In-Progress','Mobile Grooming CP-MG2203038781In-Progress','2022-03-03','CP-MG2203038781','Mobile Grooming','2022-03-03 15:40:34','2022-03-03 15:40:34',NULL),(285,29,0,'Mobile Grooming Booking Rescheduled','Mobile Grooming Booking CP-MG2203038781Rescheduled','2022-03-03','CP-MG2203038781','Mobile Grooming','2022-03-03 15:40:47','2022-03-03 15:40:47',NULL),(286,29,0,'Mobile Grooming Booking Rescheduled','Mobile Grooming Booking CP-MG2203038781Rescheduled','2022-03-03','CP-MG2203038781','Mobile Grooming','2022-03-03 15:41:04','2022-03-03 15:41:04',NULL),(287,29,0,'Mobile Grooming Booking Rescheduled','Mobile Grooming Booking CP-MG2203038781Rescheduled','2022-03-03','CP-MG2203038781','Mobile Grooming','2022-03-03 15:41:05','2022-03-03 15:41:05',NULL),(288,29,0,'Mobile Grooming Booking Rescheduled','Mobile Grooming Booking CP-MG2203038781Rescheduled','2022-03-03','CP-MG2203038781','Mobile Grooming','2022-03-03 15:41:06','2022-03-03 15:41:06',NULL),(289,29,0,'Mobile Grooming Approved','Mobile Grooming CP-MG2203038781Approved','2022-03-03','CP-MG2203038781','Mobile Grooming','2022-03-03 15:41:18','2022-03-03 15:41:18',NULL),(290,29,0,'Mobile Grooming Booking Rescheduled','Mobile Grooming Booking CP-MG2203038781Rescheduled','2022-03-03','CP-MG2203038781','Mobile Grooming','2022-03-03 15:41:32','2022-03-03 15:41:32',NULL),(291,29,0,'Mobile Grooming Completed','Mobile Grooming CP-MG2203038781Completed','2022-03-03','CP-MG2203038781','Mobile Grooming','2022-03-03 15:41:46','2022-03-03 15:41:46',NULL),(292,29,0,'Mobile Grooming In-Progress','Mobile Grooming CP-MG2203036616In-Progress','2022-03-03','CP-MG2203036616','Mobile Grooming','2022-03-03 15:43:00','2022-03-03 15:43:00',NULL),(293,29,0,'Mobile Grooming Rejected','Mobile Grooming CP-MG2203036616Rejected','2022-03-03','CP-MG2203036616','Mobile Grooming','2022-03-03 15:43:55','2022-03-03 15:43:55',NULL),(294,29,0,'Booking Rejected','Booking CP-AP2203039518 Rejected','2022-03-03','CP-AP2203039518','Booking','2022-03-03 15:44:48','2022-03-03 15:44:48',NULL),(295,29,0,'Mobile Grooming In-Progress','Mobile Grooming CP-MG2203039366In-Progress','2022-03-03','CP-MG2203039366','Mobile Grooming','2022-03-03 15:59:08','2022-03-03 15:59:08',NULL),(296,29,0,'Booking Placed','Booking CP-AP2203033380 Placed','2022-03-03','CP-AP2203033380','Booking','2022-03-03 15:59:35','2022-03-03 15:59:35',NULL),(297,29,0,'Mobile Grooming Booking Rescheduled','Mobile Grooming Booking CP-MG2203039366Rescheduled','2022-03-03','CP-MG2203039366','Mobile Grooming','2022-03-03 15:59:50','2022-03-03 15:59:50',NULL),(298,29,0,'Mobile Grooming Rejected','Mobile Grooming CP-MG2203039366Rejected','2022-03-03','CP-MG2203039366','Mobile Grooming','2022-03-03 16:02:49','2022-03-03 16:02:49',NULL),(299,29,0,'Mobile Grooming Booking Placed','Mobile Grooming Booking CP-MG2203039477 Placed','2022-03-03','CP-MG2203039477','Mobile Grooming Book','2022-03-03 16:03:14','2022-03-03 16:03:14',NULL),(300,29,0,'Mobile Grooming Booking Rescheduled','Mobile Grooming Booking CP-MG2203039366Rescheduled','2022-03-03','CP-MG2203039366','Mobile Grooming','2022-03-03 16:03:33','2022-03-03 16:03:33',NULL),(301,29,0,'Mobile Grooming Booking Rescheduled','Mobile Grooming Booking CP-MG2203039366Rescheduled','2022-03-03','CP-MG2203039366','Mobile Grooming','2022-03-03 16:03:35','2022-03-03 16:03:35',NULL),(302,29,0,'Mobile Grooming Approved','Mobile Grooming CP-MG2203039477Approved','2022-03-03','CP-MG2203039477','Mobile Grooming','2022-03-03 16:05:49','2022-03-03 16:05:49',NULL),(303,29,0,'Mobile Grooming Booking Rescheduled','Mobile Grooming Booking CP-MG2203039477Rescheduled','2022-03-03','CP-MG2203039477','Mobile Grooming','2022-03-03 16:06:19','2022-03-03 16:06:19',NULL),(304,29,0,'Mobile Grooming Cancelled','Mobile Grooming CP-MG2203039477Cancelled','2022-03-03','CP-MG2203039477','Mobile Grooming','2022-03-03 16:06:40','2022-03-03 16:06:40',NULL),(305,29,0,'Mobile Grooming Booking Rescheduled','Mobile Grooming Booking CP-MG2203039477Rescheduled','2022-03-03','CP-MG2203039477','Mobile Grooming','2022-03-03 16:07:04','2022-03-03 16:07:04',NULL),(306,29,0,'Booking Placed','Booking CP-BK2203039226 Placed','2022-03-03','CP-BK2203039226','Booking','2022-03-03 16:09:24','2022-03-03 16:09:24',NULL),(307,29,0,'Booking Placed','Booking CP-BK2203037243 Placed','2022-03-03','CP-BK2203037243','Booking','2022-03-03 16:10:56','2022-03-03 16:10:56',NULL),(308,29,0,'Booking Placed','Booking CP-BK2203034609 Placed','2022-03-03','CP-BK2203034609','Booking','2022-03-03 16:11:30','2022-03-03 16:11:30',NULL),(309,29,0,'Booking Placed','Booking CP-AP2203039828 Placed','2022-03-03','CP-AP2203039828','Booking','2022-03-03 16:12:08','2022-03-03 16:12:08',NULL),(310,29,0,'Booking Placed','Booking CP-AP2203035867 Placed','2022-03-03','CP-AP2203035867','Booking','2022-03-03 16:13:08','2022-03-03 16:13:08',NULL),(311,29,0,'Booking Approved','Booking CP-BK2203039226 Approved','2022-03-03','CP-BK2203039226','Booking','2022-03-03 16:13:32','2022-03-03 16:13:32',NULL),(312,29,0,'Service Booking Rescheduled','Service Booking CP-BK2203039226Rescheduled','2022-03-03','CP-BK2203039226','Booking','2022-03-03 16:13:57','2022-03-03 16:13:57',NULL),(313,29,0,'Booking In-Progress','Booking CP-BK2203039226 In-Progress','2022-03-03','CP-BK2203039226','Booking','2022-03-03 16:14:13','2022-03-03 16:14:13',NULL),(314,29,0,'Booking Cancelled','Booking CP-BK2203039226 Cancelled','2022-03-03','CP-BK2203039226','Booking','2022-03-03 16:14:48','2022-03-03 16:14:48',NULL),(315,29,0,'Booking In-Progress','Booking CP-BK2203037243 In-Progress','2022-03-03','CP-BK2203037243','Booking','2022-03-03 16:16:04','2022-03-03 16:16:04',NULL),(316,29,0,'Booking Approved','Booking CP-BK2203034609 Approved','2022-03-03','CP-BK2203034609','Booking','2022-03-03 16:20:28','2022-03-03 16:20:28',NULL),(317,29,0,'Service Booking Rescheduled','Service Booking CP-BK2203034609Rescheduled','2022-03-03','CP-BK2203034609','Booking','2022-03-03 16:20:40','2022-03-03 16:20:40',NULL),(318,29,0,'Service Booking Rescheduled','Service Booking CP-BK2203034609Rescheduled','2022-03-03','CP-BK2203034609','Booking','2022-03-03 16:20:42','2022-03-03 16:20:42',NULL),(319,29,0,'Booking In-Progress','Booking CP-BK2203034609 In-Progress','2022-03-03','CP-BK2203034609','Booking','2022-03-03 16:20:53','2022-03-03 16:20:53',NULL),(320,29,0,'Booking Cancelled','Booking CP-AP2203033380 Cancelled','2022-03-03','CP-AP2203033380','Booking','2022-03-03 16:25:44','2022-03-03 16:25:44',NULL),(321,29,0,'Booking Approved','Booking CP-AP2203039828 Approved','2022-03-03','CP-AP2203039828','Booking','2022-03-03 16:26:14','2022-03-03 16:26:14',NULL),(322,29,0,'Service Booking Rescheduled','Service Booking CP-AP2203039828Rescheduled','2022-03-03','CP-AP2203039828','Booking','2022-03-03 16:26:31','2022-03-03 16:26:31',NULL),(323,29,0,'Service Booking Rescheduled','Service Booking CP-AP2203039828Rescheduled','2022-03-03','CP-AP2203039828','Booking','2022-03-03 16:26:38','2022-03-03 16:26:38',NULL),(324,29,0,'Booking Rejected','Booking CP-AP2203039828 Rejected','2022-03-03','CP-AP2203039828','Booking','2022-03-03 16:26:52','2022-03-03 16:26:52',NULL),(325,29,0,'Booking In-Progress','Booking CP-AP2203035867 In-Progress','2022-03-03','CP-AP2203035867','Booking','2022-03-03 16:27:26','2022-03-03 16:27:26',NULL),(326,29,0,'Hotel Room Booking Placed','Hotel Room Booking CP-HB2203037870 Placed','2022-03-03','CP-HB2203037870','Hotel Room Booking','2022-03-03 16:33:47','2022-03-03 16:33:47',NULL),(327,29,0,'Hotel Room Booking Placed','Hotel Room Booking CP-HB2203039899 Placed','2022-03-03','CP-HB2203039899','Hotel Room Booking','2022-03-03 16:34:32','2022-03-03 16:34:32',NULL),(328,29,0,'Booking Placed','Booking CP-AP2203034187 Placed','2022-03-03','CP-AP2203034187','Booking','2022-03-03 16:35:00','2022-03-03 16:35:00',NULL),(329,29,0,'Booking Placed','Booking CP-BK2203032519 Placed','2022-03-03','CP-BK2203032519','Booking','2022-03-03 16:35:51','2022-03-03 16:35:51',NULL),(330,29,0,'Booking Rejected','Booking CP-BK2203032519 Rejected','2022-03-03','CP-BK2203032519','Booking','2022-03-03 16:36:38','2022-03-03 16:36:38',NULL),(331,29,0,'Booking Placed','Booking CP-BK2203033581 Placed','2022-03-03','CP-BK2203033581','Booking','2022-03-03 16:37:01','2022-03-03 16:37:01',NULL),(332,29,0,'Booking Approved','Booking CP-BK2203033581 Approved','2022-03-03','CP-BK2203033581','Booking','2022-03-03 16:37:22','2022-03-03 16:37:22',NULL),(333,29,0,'Service Booking Rescheduled','Service Booking CP-BK2203033581Rescheduled','2022-03-03','CP-BK2203033581','Booking','2022-03-03 16:37:36','2022-03-03 16:37:36',NULL),(334,29,0,'Service Booking Rescheduled','Service Booking CP-BK2203033581Rescheduled','2022-03-03','CP-BK2203033581','Booking','2022-03-03 16:37:54','2022-03-03 16:37:54',NULL),(335,29,0,'Service Booking Rescheduled','Service Booking CP-BK2203033581Rescheduled','2022-03-03','CP-BK2203033581','Booking','2022-03-03 16:37:56','2022-03-03 16:37:56',NULL),(336,29,0,'Service Booking Rescheduled','Service Booking CP-BK2203033581Rescheduled','2022-03-03','CP-BK2203033581','Booking','2022-03-03 16:37:57','2022-03-03 16:37:57',NULL),(337,29,0,'Booking In-Progress','Booking CP-BK2203033581 In-Progress','2022-03-03','CP-BK2203033581','Booking','2022-03-03 16:39:00','2022-03-03 16:39:00',NULL),(338,29,0,'Booking Approved','Booking CP-AP2203034187 Approved','2022-03-03','CP-AP2203034187','Booking','2022-03-03 16:43:42','2022-03-03 16:43:42',NULL),(339,29,0,'Service Booking Rescheduled','Service Booking CP-AP2203034187Rescheduled','2022-03-03','CP-AP2203034187','Booking','2022-03-03 16:43:55','2022-03-03 16:43:55',NULL),(340,29,0,'Booking In-Progress','Booking CP-AP2203034187 In-Progress','2022-03-03','CP-AP2203034187','Booking','2022-03-03 16:44:11','2022-03-03 16:44:11',NULL),(341,6,0,'Hotel Booking Approved','Hotel Booking CP-HB2203016575Approved','2022-03-03','CP-HB2203016575','Hotel Booking','2022-03-03 16:51:57','2022-03-03 16:51:57',NULL),(342,29,0,'Hotel Booking Approved','Hotel Booking CP-HB2203037870Approved','2022-03-03','CP-HB2203037870','Hotel Booking','2022-03-03 16:56:06','2022-03-03 16:56:06',NULL),(343,29,0,'Mobile Grooming Booking Rescheduled','Mobile Grooming Booking CP-MG2203039366Rescheduled','2022-03-03','CP-MG2203039366','Mobile Grooming','2022-03-03 17:32:50','2022-03-03 17:32:50',NULL),(344,29,0,'Mobile Grooming Booking Rescheduled','Mobile Grooming Booking CP-MG2203039366Rescheduled','2022-03-03','CP-MG2203039366','Mobile Grooming','2022-03-03 17:32:53','2022-03-03 17:32:53',NULL),(345,29,0,'Mobile Grooming Booking Rescheduled','Mobile Grooming Booking CP-MG2203039366Rescheduled','2022-03-03','CP-MG2203039366','Mobile Grooming','2022-03-03 17:33:06','2022-03-03 17:33:06',NULL),(346,29,0,'Booking Placed','Booking CP-AP2203036145 Placed','2022-03-03','CP-AP2203036145','Booking','2022-03-03 17:48:57','2022-03-03 17:48:57',NULL),(347,29,0,'Booking Placed','Booking CP-AP2203038479 Placed','2022-03-03','CP-AP2203038479','Booking','2022-03-03 17:53:20','2022-03-03 17:53:20',NULL),(348,29,0,'Booking Placed','Booking CP-AP2203036474 Placed','2022-03-03','CP-AP2203036474','Booking','2022-03-03 17:57:19','2022-03-03 17:57:19',NULL),(349,29,0,'Hotel Room Booking Placed','Hotel Room Booking CP-HB2203038960 Placed','2022-03-03','CP-HB2203038960','Hotel Room Booking','2022-03-03 18:40:59','2022-03-03 18:40:59',NULL),(350,29,0,'Hotel Room Booking Placed','Hotel Room Booking CP-HB2203037005 Placed','2022-03-03','CP-HB2203037005','Hotel Room Booking','2022-03-03 18:41:26','2022-03-03 18:41:26',NULL),(351,29,0,'Hotel Room Booking Placed','Hotel Room Booking CP-HB2203039533 Placed','2022-03-03','CP-HB2203039533','Hotel Room Booking','2022-03-03 18:41:54','2022-03-03 18:41:54',NULL),(352,29,0,'Hotel Room Booking Placed','Hotel Room Booking CP-HB2203035587 Placed','2022-03-03','CP-HB2203035587','Hotel Room Booking','2022-03-03 18:42:57','2022-03-03 18:42:57',NULL),(353,29,0,'Hotel Booking Rejected','Hotel Booking CP-HB2203038960Rejected','2022-03-03','CP-HB2203038960','Hotel Booking','2022-03-03 18:43:56','2022-03-03 18:43:56',NULL),(354,33,0,'Booking Placed','Booking CP-BK2203037145 Placed','2022-03-03','CP-BK2203037145','Booking','2022-03-03 20:06:23','2022-03-03 20:06:23',NULL),(355,33,0,'Service Booking Rescheduled','Service Booking CP-BK2203037145Rescheduled','2022-03-03','CP-BK2203037145','Booking','2022-03-03 20:14:12','2022-03-03 20:14:12',NULL),(356,33,0,'Booking Approved','Booking CP-BK2203037145 Approved','2022-03-03','CP-BK2203037145','Booking','2022-03-03 20:16:55','2022-03-03 20:16:55',NULL),(357,33,0,'Booking In-Progress','Booking CP-BK2203037145 In-Progress','2022-03-03','CP-BK2203037145','Booking','2022-03-03 20:17:37','2022-03-03 20:17:37',NULL),(358,33,0,'Booking Rejected','Booking CP-BK2203037145 Rejected','2022-03-03','CP-BK2203037145','Booking','2022-03-03 20:20:56','2022-03-03 20:20:56',NULL),(359,1,0,'Booking Reminder','Hi Admin, Your pet 2-Jerry has a booking today for Pet Training onA & A World at 12:00 - 12:30','2022-03-04',NULL,NULL,'2022-03-04 07:00:02','2022-03-04 07:00:02',NULL),(360,2,0,'Booking Reminder','Hi SB PET B.USER, Your pet 2-Jerry has a booking today for Pet Training onA & A World at 12:00 - 12:30','2022-03-04',NULL,NULL,'2022-03-04 07:00:02','2022-03-04 07:00:02',NULL),(361,3,0,'Booking Reminder','Hi SB PET SHOP, Your pet 2-Jerry has a booking today for Pet Training onA & A World at 12:00 - 12:30','2022-03-04',NULL,NULL,'2022-03-04 07:00:02','2022-03-04 07:00:02',NULL),(362,5,0,'Booking Reminder','Hi Maya, Your pet 2-Jerry has a booking today for Pet Training onA & A World at 12:00 - 12:30','2022-03-04',NULL,NULL,'2022-03-04 07:00:02','2022-03-04 07:00:02',NULL),(363,6,0,'Booking Reminder','Hi vishnu, Your pet 2-Jerry has a booking today for Pet Training onA & A World at 12:00 - 12:30','2022-03-04',NULL,NULL,'2022-03-04 07:00:02','2022-03-04 07:00:02',NULL),(364,7,0,'Booking Reminder','Hi Haritha, Your pet 2-Jerry has a booking today for Pet Training onA & A World at 12:00 - 12:30','2022-03-04',NULL,NULL,'2022-03-04 07:00:02','2022-03-04 07:00:02',NULL),(365,8,0,'Booking Reminder','Hi H care centre, Your pet 2-Jerry has a booking today for Pet Training onA & A World at 12:00 - 12:30','2022-03-04',NULL,NULL,'2022-03-04 07:00:03','2022-03-04 07:00:03',NULL),(366,9,0,'Booking Reminder','Hi Care Center, Your pet 2-Jerry has a booking today for Pet Training onA & A World at 12:00 - 12:30','2022-03-04',NULL,NULL,'2022-03-04 07:00:03','2022-03-04 07:00:03',NULL),(367,10,0,'Booking Reminder','Hi Pet Home, Your pet 2-Jerry has a booking today for Pet Training onA & A World at 12:00 - 12:30','2022-03-04',NULL,NULL,'2022-03-04 07:00:03','2022-03-04 07:00:03',NULL),(368,12,0,'Booking Reminder','Hi Animal world, Your pet 2-Jerry has a booking today for Pet Training onA & A World at 12:00 - 12:30','2022-03-04',NULL,NULL,'2022-03-04 07:00:03','2022-03-04 07:00:03',NULL),(369,13,0,'Booking Reminder','Hi Hari, Your pet 2-Jerry has a booking today for Pet Training onA & A World at 12:00 - 12:30','2022-03-04',NULL,NULL,'2022-03-04 07:00:03','2022-03-04 07:00:03',NULL),(370,14,0,'Booking Reminder','Hi Pet & Care, Your pet 2-Jerry has a booking today for Pet Training onA & A World at 12:00 - 12:30','2022-03-04',NULL,NULL,'2022-03-04 07:00:03','2022-03-04 07:00:03',NULL),(371,16,0,'Booking Reminder','Hi vishnu, Your pet 2-Jerry has a booking today for Pet Training onA & A World at 12:00 - 12:30','2022-03-04',NULL,NULL,'2022-03-04 07:00:03','2022-03-04 07:00:03',NULL),(372,17,0,'Booking Reminder','Hi Thrishika, Your pet 2-Jerry has a booking today for Pet Training onA & A World at 12:00 - 12:30','2022-03-04',NULL,NULL,'2022-03-04 07:00:04','2022-03-04 07:00:04',NULL),(373,18,0,'Booking Reminder','Hi Pet Kingdom, Your pet 2-Jerry has a booking today for Pet Training onA & A World at 12:00 - 12:30','2022-03-04',NULL,NULL,'2022-03-04 07:00:04','2022-03-04 07:00:04',NULL),(374,19,0,'Booking Reminder','Hi A & A World, Your pet 2-Jerry has a booking today for Pet Training onA & A World at 12:00 - 12:30','2022-03-04',NULL,NULL,'2022-03-04 07:00:04','2022-03-04 07:00:04',NULL),(375,20,0,'Booking Reminder','Hi Healthy World, Your pet 2-Jerry has a booking today for Pet Training onA & A World at 12:00 - 12:30','2022-03-04',NULL,NULL,'2022-03-04 07:00:04','2022-03-04 07:00:04',NULL),(376,21,0,'Booking Reminder','Hi Healthy World, Your pet 2-Jerry has a booking today for Pet Training onA & A World at 12:00 - 12:30','2022-03-04',NULL,NULL,'2022-03-04 07:00:04','2022-03-04 07:00:04',NULL),(377,22,0,'Booking Reminder','Hi Healthy World, Your pet 2-Jerry has a booking today for Pet Training onA & A World at 12:00 - 12:30','2022-03-04',NULL,NULL,'2022-03-04 07:00:04','2022-03-04 07:00:04',NULL),(378,23,0,'Booking Reminder','Hi HK care, Your pet 2-Jerry has a booking today for Pet Training onA & A World at 12:00 - 12:30','2022-03-04',NULL,NULL,'2022-03-04 07:00:04','2022-03-04 07:00:04',NULL),(379,24,0,'Booking Reminder','Hi Anu, Your pet 2-Jerry has a booking today for Pet Training onA & A World at 12:00 - 12:30','2022-03-04',NULL,NULL,'2022-03-04 07:00:04','2022-03-04 07:00:04',NULL),(380,25,0,'Booking Reminder','Hi Pet Care Center, Your pet 2-Jerry has a booking today for Pet Training onA & A World at 12:00 - 12:30','2022-03-04',NULL,NULL,'2022-03-04 07:00:04','2022-03-04 07:00:04',NULL),(381,26,0,'Booking Reminder','Hi Home care, Your pet 2-Jerry has a booking today for Pet Training onA & A World at 12:00 - 12:30','2022-03-04',NULL,NULL,'2022-03-04 07:00:04','2022-03-04 07:00:04',NULL),(382,27,0,'Booking Reminder','Hi PC clinic, Your pet 2-Jerry has a booking today for Pet Training onA & A World at 12:00 - 12:30','2022-03-04',NULL,NULL,'2022-03-04 07:00:05','2022-03-04 07:00:05',NULL),(383,28,0,'Booking Reminder','Hi Dr.ABCD, Your pet 2-Jerry has a booking today for Pet Training onA & A World at 12:00 - 12:30','2022-03-04',NULL,NULL,'2022-03-04 07:00:05','2022-03-04 07:00:05',NULL),(384,29,0,'Booking Reminder','Hi Harsha, Your pet 2-Jerry has a booking today for Pet Training onA & A World at 12:00 - 12:30','2022-03-04',NULL,NULL,'2022-03-04 07:00:05','2022-03-04 07:00:05',NULL),(385,30,0,'Booking Reminder','Hi Animal care, Your pet 2-Jerry has a booking today for Pet Training onA & A World at 12:00 - 12:30','2022-03-04',NULL,NULL,'2022-03-04 07:00:05','2022-03-04 07:00:05',NULL),(386,6,0,'Hotel Booking Completed','Hotel Booking CP-HB2203016575Completed','2022-03-04','CP-HB2203016575','Hotel Booking','2022-03-04 11:19:35','2022-03-04 11:19:35',NULL),(387,17,0,'Booking Placed','Booking CP-AP2203048383 Placed','2022-03-04','CP-AP2203048383','Booking','2022-03-04 11:28:00','2022-03-04 11:28:00',NULL),(388,17,0,'Booking Placed','Booking CP-AP2203043338 Placed','2022-03-04','CP-AP2203043338','Booking','2022-03-04 11:40:59','2022-03-04 11:40:59',NULL),(389,17,0,'Booking Placed','Booking CP-BK2203048818 Placed','2022-03-04','CP-BK2203048818','Booking','2022-03-04 12:11:22','2022-03-04 12:11:22',NULL),(390,17,0,'Booking Placed','Booking CP-AP2203043782 Placed','2022-03-04','CP-AP2203043782','Booking','2022-03-04 12:15:22','2022-03-04 12:15:22',NULL),(391,33,0,'Hotel Room Booking Placed','Hotel Room Booking CP-HB2203042705 Placed','2022-03-04','CP-HB2203042705','Hotel Room Booking','2022-03-04 13:38:09','2022-03-04 13:38:09',NULL),(392,5,0,'Mobile Grooming Booking Placed','Mobile Grooming Booking CP-MG2203048289 Placed','2022-03-04','CP-MG2203048289','Mobile Grooming Book','2022-03-04 13:46:08','2022-03-04 13:46:08',NULL),(393,6,0,'Mobile Grooming Booking Rescheduled','Mobile Grooming Booking CP-MG2203011690Rescheduled','2022-03-04','CP-MG2203011690','Mobile Grooming','2022-03-04 13:46:25','2022-03-04 13:46:25',NULL),(394,6,0,'Mobile Grooming Approved','Mobile Grooming CP-MG2203011690Approved','2022-03-04','CP-MG2203011690','Mobile Grooming','2022-03-04 13:46:44','2022-03-04 13:46:44',NULL),(395,6,0,'Mobile Grooming Rejected','Mobile Grooming CP-MG2203011690Rejected','2022-03-04','CP-MG2203011690','Mobile Grooming','2022-03-04 13:47:19','2022-03-04 13:47:19',NULL),(396,13,0,'Mobile Grooming In-Progress','Mobile Grooming CP-MG2203037363In-Progress','2022-03-04','CP-MG2203037363','Mobile Grooming','2022-03-04 13:48:32','2022-03-04 13:48:32',NULL),(397,5,0,'Mobile Grooming Booking Placed','Mobile Grooming Booking CP-MG2203041073 Placed','2022-03-04','CP-MG2203041073','Mobile Grooming Book','2022-03-04 13:52:25','2022-03-04 13:52:25',NULL),(398,5,0,'Mobile Grooming Booking Placed','Mobile Grooming Booking CP-MG2203046695 Placed','2022-03-04','CP-MG2203046695','Mobile Grooming Book','2022-03-04 13:55:10','2022-03-04 13:55:10',NULL),(399,5,0,'Mobile Grooming Booking Placed','Mobile Grooming Booking CP-MG2203047897 Placed','2022-03-04','CP-MG2203047897','Mobile Grooming Book','2022-03-04 14:01:08','2022-03-04 14:01:08',NULL),(400,5,0,'Mobile Grooming Booking Placed','Mobile Grooming Booking CP-MG2203047933 Placed','2022-03-04','CP-MG2203047933','Mobile Grooming Book','2022-03-04 14:04:22','2022-03-04 14:04:22',NULL),(401,6,0,'Booking Placed','Booking CP-BK2203041815 Placed','2022-03-04','CP-BK2203041815','Booking','2022-03-04 14:52:15','2022-03-04 14:52:15',NULL),(402,5,0,'Mobile Grooming Booking Placed','Mobile Grooming Booking CP-MG2203047595 Placed','2022-03-04','CP-MG2203047595','Mobile Grooming Book','2022-03-04 15:06:54','2022-03-04 15:06:54',NULL),(403,5,0,'Mobile Grooming Booking Placed','Mobile Grooming Booking CP-MG2203049605 Placed','2022-03-04','CP-MG2203049605','Mobile Grooming Book','2022-03-04 15:08:29','2022-03-04 15:08:29',NULL),(404,5,0,'Mobile Grooming Booking Placed','Mobile Grooming Booking CP-MG2203044287 Placed','2022-03-04','CP-MG2203044287','Mobile Grooming Book','2022-03-04 15:09:21','2022-03-04 15:09:21',NULL),(405,5,0,'Mobile Grooming Booking Placed','Mobile Grooming Booking CP-MG2203049717 Placed','2022-03-04','CP-MG2203049717','Mobile Grooming Book','2022-03-04 15:11:31','2022-03-04 15:11:31',NULL),(406,5,0,'Mobile Grooming Booking Placed','Mobile Grooming Booking CP-MG2203045482 Placed','2022-03-04','CP-MG2203045482','Mobile Grooming Book','2022-03-04 15:13:58','2022-03-04 15:13:58',NULL),(407,5,0,'Mobile Grooming Booking Placed','Mobile Grooming Booking CP-MG2203047535 Placed','2022-03-04','CP-MG2203047535','Mobile Grooming Book','2022-03-04 15:19:34','2022-03-04 15:19:34',NULL),(408,17,0,'Booking Approved','Booking CP-AP2203043782 Approved','2022-03-04','CP-AP2203043782','Booking','2022-03-04 16:20:36','2022-03-04 16:20:36',NULL),(409,17,0,'Booking Rejected','Booking CP-AP2203043782 Rejected','2022-03-04','CP-AP2203043782','Booking','2022-03-04 16:20:53','2022-03-04 16:20:53',NULL),(410,17,0,'Booking Approved','Booking CP-AP2203043338 Approved','2022-03-04','CP-AP2203043338','Booking','2022-03-04 16:27:57','2022-03-04 16:27:57',NULL),(411,17,0,'Booking In-Progress','Booking CP-AP2203043338 In-Progress','2022-03-04','CP-AP2203043338','Booking','2022-03-04 16:28:45','2022-03-04 16:28:45',NULL),(412,6,0,'Service Booking Rescheduled','Service Booking CP-BK2203041815Rescheduled','2022-03-07','CP-BK2203041815','Booking','2022-03-07 17:21:05','2022-03-07 17:21:05',NULL),(413,6,0,'Service Booking Rescheduled','Service Booking CP-BK2203041815Rescheduled','2022-03-07','CP-BK2203041815','Booking','2022-03-07 17:21:06','2022-03-07 17:21:06',NULL),(414,6,0,'Service Booking Rescheduled','Service Booking CP-BK2203041815Rescheduled','2022-03-07','CP-BK2203041815','Booking','2022-03-07 17:21:23','2022-03-07 17:21:23',NULL),(415,6,0,'Service Booking Rescheduled','Service Booking CP-BK2203041815Rescheduled','2022-03-07','CP-BK2203041815','Booking','2022-03-07 17:21:24','2022-03-07 17:21:24',NULL),(416,6,0,'Service Booking Rescheduled','Service Booking CP-BK2203041815Rescheduled','2022-03-07','CP-BK2203041815','Booking','2022-03-07 17:21:25','2022-03-07 17:21:25',NULL),(417,17,0,'Service Booking Rescheduled','Service Booking CP-AP2203048383Rescheduled','2022-03-07','CP-AP2203048383','Booking','2022-03-07 17:28:37','2022-03-07 17:28:37',NULL),(418,5,0,'Booking Placed','Booking CP-BK2203086835 Placed','2022-03-08','CP-BK2203086835','Booking','2022-03-08 08:08:05','2022-03-08 08:08:05',NULL),(419,5,0,'Booking Placed','Booking CP-BK2203088425 Placed','2022-03-08','CP-BK2203088425','Booking','2022-03-08 08:12:13','2022-03-08 08:12:13',NULL),(420,5,0,'Booking Placed','Booking CP-BK2203087843 Placed','2022-03-08','CP-BK2203087843','Booking','2022-03-08 08:12:53','2022-03-08 08:12:53',NULL),(421,5,0,'Service Booking Rescheduled','Service Booking CP-BK2203086835Rescheduled','2022-03-08','CP-BK2203086835','Booking','2022-03-08 08:14:30','2022-03-08 08:14:30',NULL),(422,5,0,'Service Booking Rescheduled','Service Booking CP-BK2203086835Rescheduled','2022-03-08','CP-BK2203086835','Booking','2022-03-08 08:14:32','2022-03-08 08:14:32',NULL),(423,5,0,'Booking Approved','Booking CP-BK2203087843 Approved','2022-03-08','CP-BK2203087843','Booking','2022-03-08 08:39:22','2022-03-08 08:39:22',NULL),(424,5,0,'Booking In-Progress','Booking CP-BK2203087843 In-Progress','2022-03-08','CP-BK2203087843','Booking','2022-03-08 08:47:08','2022-03-08 08:47:08',NULL),(425,5,0,'Booking Completed','Booking CP-BK2203087843Completed','2022-03-08','CP-BK2203087843','Booking','2022-03-08 08:58:10','2022-03-08 08:58:10',NULL),(426,5,0,'Booking Approved','Booking CP-BK2203088425 Approved','2022-03-08','CP-BK2203088425','Booking','2022-03-08 09:00:19','2022-03-08 09:00:19',NULL),(427,5,0,'Booking In-Progress','Booking CP-BK2203088425 In-Progress','2022-03-08','CP-BK2203088425','Booking','2022-03-08 09:02:37','2022-03-08 09:02:37',NULL),(428,5,0,'Booking Completed','Booking CP-BK2203088425Completed','2022-03-08','CP-BK2203088425','Booking','2022-03-08 09:03:05','2022-03-08 09:03:05',NULL),(429,6,0,'Booking Placed','Booking CP-AP2203095108 Placed','2022-03-09','CP-AP2203095108','Booking','2022-03-09 15:01:47','2022-03-09 15:01:47',NULL),(430,6,0,'Booking Placed','Booking CP-AP2203095328 Placed','2022-03-09','CP-AP2203095328','Booking','2022-03-09 15:26:22','2022-03-09 15:26:22',NULL),(431,6,0,'Booking Placed','Booking CP-AP2203091950 Placed','2022-03-09','CP-AP2203091950','Booking','2022-03-09 15:29:38','2022-03-09 15:29:38',NULL),(432,6,0,'Booking Placed','Booking CP-BK2203095526 Placed','2022-03-09','CP-BK2203095526','Booking','2022-03-09 15:36:26','2022-03-09 15:36:26',NULL),(433,6,0,'Booking Placed','Booking CP-BK2203097895 Placed','2022-03-09','CP-BK2203097895','Booking','2022-03-09 15:43:08','2022-03-09 15:43:08',NULL),(434,5,0,'Mobile Grooming Booking Placed','Mobile Grooming Booking CP-MG2203146951 Placed','2022-03-14','CP-MG2203146951','Mobile Grooming Book','2022-03-14 10:35:55','2022-03-14 10:35:55',NULL),(435,8,0,'Booking Placed','Booking CP-BK2203148314 Placed','2022-03-14','CP-BK2203148314','Booking','2022-03-14 11:14:50','2022-03-14 11:14:50',NULL),(436,8,0,'Booking Placed','Booking CP-BK2203149495 Placed','2022-03-14','CP-BK2203149495','Booking','2022-03-14 11:20:02','2022-03-14 11:20:02',NULL),(437,8,0,'Booking Placed','Booking CP-BK2203149150 Placed','2022-03-14','CP-BK2203149150','Booking','2022-03-14 11:27:57','2022-03-14 11:27:57',NULL),(438,5,0,'Booking Placed','Booking CP-BK2203144881 Placed','2022-03-14','CP-BK2203144881','Booking','2022-03-14 12:30:25','2022-03-14 12:30:25',NULL),(439,5,0,'Booking Placed','Booking CP-BK2203146963 Placed','2022-03-14','CP-BK2203146963','Booking','2022-03-14 13:10:39','2022-03-14 13:10:39',NULL),(440,5,0,'Booking Placed','Booking CP-BK2203142266 Placed','2022-03-14','CP-BK2203142266','Booking','2022-03-14 13:18:25','2022-03-14 13:18:25',NULL),(441,5,0,'Booking Placed','Booking CP-BK2203142101 Placed','2022-03-14','CP-BK2203142101','Booking','2022-03-14 13:24:44','2022-03-14 13:24:44',NULL),(442,5,0,'Booking Placed','Booking CP-BK2203147087 Placed','2022-03-14','CP-BK2203147087','Booking','2022-03-14 13:26:37','2022-03-14 13:26:37',NULL),(443,5,0,'Booking Placed','Booking CP-BK2203148727 Placed','2022-03-14','CP-BK2203148727','Booking','2022-03-14 13:56:21','2022-03-14 13:56:21',NULL),(444,5,0,'Booking Placed','Booking CP-BK2203145948 Placed','2022-03-14','CP-BK2203145948','Booking','2022-03-14 14:07:13','2022-03-14 14:07:13',NULL),(445,5,0,'Booking Placed','Booking CP-BK2203146278 Placed','2022-03-14','CP-BK2203146278','Booking','2022-03-14 14:16:52','2022-03-14 14:16:52',NULL),(446,5,0,'Booking Placed','Booking CP-BK2203142309 Placed','2022-03-14','CP-BK2203142309','Booking','2022-03-14 14:19:28','2022-03-14 14:19:28',NULL),(447,5,0,'Booking Placed','Booking CP-BK2203142000 Placed','2022-03-14','CP-BK2203142000','Booking','2022-03-14 14:29:17','2022-03-14 14:29:17',NULL),(448,5,0,'Booking Placed','Booking CP-BK2203141707 Placed','2022-03-14','CP-BK2203141707','Booking','2022-03-14 14:35:30','2022-03-14 14:35:30',NULL),(449,5,0,'Booking Placed','Booking CP-BK2203156001 Placed','2022-03-15','CP-BK2203156001','Booking','2022-03-15 13:45:32','2022-03-15 13:45:32',NULL),(450,5,0,'Booking Placed','Booking CP-BK2203157539 Placed','2022-03-15','CP-BK2203157539','Booking','2022-03-15 13:49:50','2022-03-15 13:49:50',NULL),(451,5,0,'Booking Placed','Booking CP-BK2203153017 Placed','2022-03-15','CP-BK2203153017','Booking','2022-03-15 14:42:25','2022-03-15 14:42:25',NULL),(452,5,0,'Booking Placed','Booking CP-BK2203156531 Placed','2022-03-15','CP-BK2203156531','Booking','2022-03-15 15:21:27','2022-03-15 15:21:27',NULL),(453,5,0,'Booking Placed','Booking CP-BK2203161307 Placed','2022-03-16','CP-BK2203161307','Booking','2022-03-16 08:10:43','2022-03-16 08:10:43',NULL),(454,5,0,'Booking Placed','Booking CP-BK2203168697 Placed','2022-03-16','CP-BK2203168697','Booking','2022-03-16 08:49:16','2022-03-16 08:49:16',NULL),(455,5,0,'Booking Placed','Booking CP-BK2203165542 Placed','2022-03-16','CP-BK2203165542','Booking','2022-03-16 08:53:17','2022-03-16 08:53:17',NULL),(456,5,0,'Booking Placed','Booking CP-BK2203165857 Placed','2022-03-16','CP-BK2203165857','Booking','2022-03-16 09:23:38','2022-03-16 09:23:38',NULL),(457,5,0,'Booking Placed','Booking CP-BK2203164737 Placed','2022-03-16','CP-BK2203164737','Booking','2022-03-16 09:26:40','2022-03-16 09:26:40',NULL),(458,5,0,'Booking Placed','Booking CP-BK2203162930 Placed','2022-03-16','CP-BK2203162930','Booking','2022-03-16 09:37:22','2022-03-16 09:37:22',NULL),(459,5,0,'Booking Placed','Booking CP-BK2203162886 Placed','2022-03-16','CP-BK2203162886','Booking','2022-03-16 09:42:09','2022-03-16 09:42:09',NULL),(460,5,0,'Booking Placed','Booking CP-BK2203168557 Placed','2022-03-16','CP-BK2203168557','Booking','2022-03-16 09:50:13','2022-03-16 09:50:13',NULL),(461,5,0,'Booking Placed','Booking CP-BK2203167273 Placed','2022-03-16','CP-BK2203167273','Booking','2022-03-16 15:29:17','2022-03-16 15:29:17',NULL),(462,5,0,'Hotel Room Booking Placed','Hotel Room Booking CP-HB2203181391 Placed','2022-03-18','CP-HB2203181391','Hotel Room Booking','2022-03-18 09:12:25','2022-03-18 09:12:25',NULL),(463,5,0,'Mobile Grooming Booking Placed','Mobile Grooming Booking CP-MG2203181187 Placed','2022-03-18','CP-MG2203181187','Mobile Grooming Book','2022-03-18 10:07:27','2022-03-18 10:07:27',NULL),(464,5,0,'Booking Placed','Booking CP-BK2203184825 Placed','2022-03-18','CP-BK2203184825','Booking','2022-03-18 13:09:21','2022-03-18 13:09:21',NULL),(465,5,0,'Booking Approved','Booking CP-BK2203184825 Approved','2022-03-19','CP-BK2203184825','Booking','2022-03-19 12:53:14','2022-03-19 12:53:14',NULL),(466,5,0,'Mobile Grooming Approved','Mobile Grooming CP-MG2203181187Approved','2022-03-19','CP-MG2203181187','Mobile Grooming','2022-03-19 12:55:01','2022-03-19 12:55:01',NULL),(467,1,0,'Booking Reminder','Hi Admin, Your pet 2-Billi has a booking today for Happy Service onSB PET SHOP at 7:00 - 7:30','2022-03-20',NULL,NULL,'2022-03-20 07:00:02','2022-03-20 07:00:02',NULL),(468,2,0,'Booking Reminder','Hi SB PET B.USER, Your pet 2-Billi has a booking today for Happy Service onSB PET SHOP at 7:00 - 7:30','2022-03-20',NULL,NULL,'2022-03-20 07:00:02','2022-03-20 07:00:02',NULL),(469,3,0,'Booking Reminder','Hi SB PET SHOP, Your pet 2-Billi has a booking today for Happy Service onSB PET SHOP at 7:00 - 7:30','2022-03-20',NULL,NULL,'2022-03-20 07:00:02','2022-03-20 07:00:02',NULL),(470,5,0,'Booking Reminder','Hi Maya, Your pet 2-Billi has a booking today for Happy Service onSB PET SHOP at 7:00 - 7:30','2022-03-20',NULL,NULL,'2022-03-20 07:00:02','2022-03-20 07:00:02',NULL),(471,6,0,'Booking Reminder','Hi vishnu, Your pet 2-Billi has a booking today for Happy Service onSB PET SHOP at 7:00 - 7:30','2022-03-20',NULL,NULL,'2022-03-20 07:00:02','2022-03-20 07:00:02',NULL),(472,7,0,'Booking Reminder','Hi Haritha, Your pet 2-Billi has a booking today for Happy Service onSB PET SHOP at 7:00 - 7:30','2022-03-20',NULL,NULL,'2022-03-20 07:00:03','2022-03-20 07:00:03',NULL),(473,8,0,'Booking Reminder','Hi H care centre, Your pet 2-Billi has a booking today for Happy Service onSB PET SHOP at 7:00 - 7:30','2022-03-20',NULL,NULL,'2022-03-20 07:00:03','2022-03-20 07:00:03',NULL),(474,9,0,'Booking Reminder','Hi Care Center, Your pet 2-Billi has a booking today for Happy Service onSB PET SHOP at 7:00 - 7:30','2022-03-20',NULL,NULL,'2022-03-20 07:00:03','2022-03-20 07:00:03',NULL),(475,10,0,'Booking Reminder','Hi Pet Home, Your pet 2-Billi has a booking today for Happy Service onSB PET SHOP at 7:00 - 7:30','2022-03-20',NULL,NULL,'2022-03-20 07:00:03','2022-03-20 07:00:03',NULL),(476,12,0,'Booking Reminder','Hi Animal world, Your pet 2-Billi has a booking today for Happy Service onSB PET SHOP at 7:00 - 7:30','2022-03-20',NULL,NULL,'2022-03-20 07:00:03','2022-03-20 07:00:03',NULL),(477,13,0,'Booking Reminder','Hi Hari, Your pet 2-Billi has a booking today for Happy Service onSB PET SHOP at 7:00 - 7:30','2022-03-20',NULL,NULL,'2022-03-20 07:00:03','2022-03-20 07:00:03',NULL),(478,14,0,'Booking Reminder','Hi Pet & Care, Your pet 2-Billi has a booking today for Happy Service onSB PET SHOP at 7:00 - 7:30','2022-03-20',NULL,NULL,'2022-03-20 07:00:04','2022-03-20 07:00:04',NULL),(479,16,0,'Booking Reminder','Hi vishnu, Your pet 2-Billi has a booking today for Happy Service onSB PET SHOP at 7:00 - 7:30','2022-03-20',NULL,NULL,'2022-03-20 07:00:04','2022-03-20 07:00:04',NULL),(480,17,0,'Booking Reminder','Hi Thrishika, Your pet 2-Billi has a booking today for Happy Service onSB PET SHOP at 7:00 - 7:30','2022-03-20',NULL,NULL,'2022-03-20 07:00:04','2022-03-20 07:00:04',NULL),(481,18,0,'Booking Reminder','Hi Pet Kingdom, Your pet 2-Billi has a booking today for Happy Service onSB PET SHOP at 7:00 - 7:30','2022-03-20',NULL,NULL,'2022-03-20 07:00:04','2022-03-20 07:00:04',NULL),(482,19,0,'Booking Reminder','Hi A & A World, Your pet 2-Billi has a booking today for Happy Service onSB PET SHOP at 7:00 - 7:30','2022-03-20',NULL,NULL,'2022-03-20 07:00:04','2022-03-20 07:00:04',NULL),(483,20,0,'Booking Reminder','Hi Healthy World, Your pet 2-Billi has a booking today for Happy Service onSB PET SHOP at 7:00 - 7:30','2022-03-20',NULL,NULL,'2022-03-20 07:00:04','2022-03-20 07:00:04',NULL),(484,21,0,'Booking Reminder','Hi Healthy World, Your pet 2-Billi has a booking today for Happy Service onSB PET SHOP at 7:00 - 7:30','2022-03-20',NULL,NULL,'2022-03-20 07:00:04','2022-03-20 07:00:04',NULL),(485,22,0,'Booking Reminder','Hi Healthy World, Your pet 2-Billi has a booking today for Happy Service onSB PET SHOP at 7:00 - 7:30','2022-03-20',NULL,NULL,'2022-03-20 07:00:04','2022-03-20 07:00:04',NULL),(486,23,0,'Booking Reminder','Hi HK care, Your pet 2-Billi has a booking today for Happy Service onSB PET SHOP at 7:00 - 7:30','2022-03-20',NULL,NULL,'2022-03-20 07:00:04','2022-03-20 07:00:04',NULL),(487,24,0,'Booking Reminder','Hi Anu, Your pet 2-Billi has a booking today for Happy Service onSB PET SHOP at 7:00 - 7:30','2022-03-20',NULL,NULL,'2022-03-20 07:00:05','2022-03-20 07:00:05',NULL),(488,25,0,'Booking Reminder','Hi Pet Care Center, Your pet 2-Billi has a booking today for Happy Service onSB PET SHOP at 7:00 - 7:30','2022-03-20',NULL,NULL,'2022-03-20 07:00:05','2022-03-20 07:00:05',NULL),(489,26,0,'Booking Reminder','Hi Home care, Your pet 2-Billi has a booking today for Happy Service onSB PET SHOP at 7:00 - 7:30','2022-03-20',NULL,NULL,'2022-03-20 07:00:05','2022-03-20 07:00:05',NULL),(490,27,0,'Booking Reminder','Hi PC clinic, Your pet 2-Billi has a booking today for Happy Service onSB PET SHOP at 7:00 - 7:30','2022-03-20',NULL,NULL,'2022-03-20 07:00:05','2022-03-20 07:00:05',NULL),(491,28,0,'Booking Reminder','Hi Dr.ABCD, Your pet 2-Billi has a booking today for Happy Service onSB PET SHOP at 7:00 - 7:30','2022-03-20',NULL,NULL,'2022-03-20 07:00:05','2022-03-20 07:00:05',NULL),(492,29,0,'Booking Reminder','Hi Harsha, Your pet 2-Billi has a booking today for Happy Service onSB PET SHOP at 7:00 - 7:30','2022-03-20',NULL,NULL,'2022-03-20 07:00:05','2022-03-20 07:00:05',NULL),(493,30,0,'Booking Reminder','Hi Animal care, Your pet 2-Billi has a booking today for Happy Service onSB PET SHOP at 7:00 - 7:30','2022-03-20',NULL,NULL,'2022-03-20 07:00:05','2022-03-20 07:00:05',NULL),(494,5,0,'Hotel Room Booking Placed','Hotel Room Booking CP-HB2203215702 Placed','2022-03-21','CP-HB2203215702','Hotel Room Booking','2022-03-21 13:14:59','2022-03-21 13:14:59',NULL),(495,5,0,'Booking Approved','Booking CP-BK2203167273 Approved','2022-03-22','CP-BK2203167273','Booking','2022-03-22 13:26:13','2022-03-22 13:26:13',NULL),(496,6,0,'Booking Approved','Booking CP-AP2203091950 Approved','2022-03-22','CP-AP2203091950','Booking','2022-03-22 13:29:27','2022-03-22 13:29:27',NULL),(497,6,0,'Booking In-Progress','Booking CP-AP2203091950 In-Progress','2022-03-22','CP-AP2203091950','Booking','2022-03-22 13:30:17','2022-03-22 13:30:17',NULL),(498,5,0,'Booking In-Progress','Booking CP-BK2203184825 In-Progress','2022-03-22','CP-BK2203184825','Booking','2022-03-22 13:31:17','2022-03-22 13:31:17',NULL),(499,5,0,'Booking In-Progress','Booking CP-BK2203167273 In-Progress','2022-03-22','CP-BK2203167273','Booking','2022-03-22 13:35:13','2022-03-22 13:35:13',NULL),(500,5,0,'Mobile Grooming In-Progress','Mobile Grooming CP-MG2203146951In-Progress','2022-03-22','CP-MG2203146951','Mobile Grooming','2022-03-22 13:35:43','2022-03-22 13:35:43',NULL),(501,5,0,'Hotel Booking Approved','Hotel Booking CP-HB2203215702Approved','2022-03-22','CP-HB2203215702','Hotel Booking','2022-03-22 13:36:46','2022-03-22 13:36:46',NULL),(502,5,0,'Booking In-Progress','Booking CP-BK2203168557 In-Progress','2022-03-22','CP-BK2203168557','Booking','2022-03-22 16:28:54','2022-03-22 16:28:54',NULL),(503,6,0,'Booking In-Progress','Booking CP-AP2203095328 In-Progress','2022-03-22','CP-AP2203095328','Booking','2022-03-22 17:00:54','2022-03-22 17:00:54',NULL),(504,6,0,'Booking In-Progress','Booking CP-AP2203095108 In-Progress','2022-03-22','CP-AP2203095108','Booking','2022-03-22 17:01:58','2022-03-22 17:01:58',NULL),(505,5,0,'Booking Completed','Booking CP-BK2203184825Completed','2022-03-22','CP-BK2203184825','Booking','2022-03-22 17:18:19','2022-03-22 17:18:19',NULL),(506,5,0,'Booking Completed','Booking CP-BK2203167273Completed','2022-03-22','CP-BK2203167273','Booking','2022-03-22 17:19:35','2022-03-22 17:19:35',NULL),(507,5,0,'Booking Approved','Booking CP-BK2203162886 Approved','2022-03-22','CP-BK2203162886','Booking','2022-03-22 17:21:32','2022-03-22 17:21:32',NULL),(508,5,0,'Booking Completed','Booking CP-BK2203162886Completed','2022-03-22','CP-BK2203162886','Booking','2022-03-22 17:44:48','2022-03-22 17:44:48',NULL),(509,6,0,'Booking Completed','Booking CP-AP2203091950Completed','2022-03-22','CP-AP2203091950','Booking','2022-03-22 17:50:12','2022-03-22 17:50:12',NULL),(510,5,0,'Hotel Booking Completed','Hotel Booking CP-HB2203215702Completed','2022-03-22','CP-HB2203215702','Hotel Booking','2022-03-22 18:01:10','2022-03-22 18:01:10',NULL),(511,5,0,'Mobile Grooming Completed','Mobile Grooming CP-MG2203181187Completed','2022-03-22','CP-MG2203181187','Mobile Grooming','2022-03-22 18:01:40','2022-03-22 18:01:40',NULL),(512,5,0,'Hotel Booking Approved','Hotel Booking CP-HB2203181391Approved','2022-03-22','CP-HB2203181391','Hotel Booking','2022-03-22 18:02:08','2022-03-22 18:02:08',NULL),(513,5,0,'Hotel Booking Completed','Hotel Booking CP-HB2203181391Completed','2022-03-22','CP-HB2203181391','Hotel Booking','2022-03-22 18:02:21','2022-03-22 18:02:21',NULL),(514,5,0,'Service Booking Rescheduled','Service Booking CP-BK2203157539Rescheduled','2022-03-23','CP-BK2203157539','Booking','2022-03-23 09:26:02','2022-03-23 09:26:02',NULL),(515,5,0,'Service Booking Rescheduled','Service Booking CP-BK2203157539Rescheduled','2022-03-23','CP-BK2203157539','Booking','2022-03-23 09:26:06','2022-03-23 09:26:06',NULL),(516,5,0,'Service Booking Rescheduled','Service Booking CP-BK2203157539Rescheduled','2022-03-23','CP-BK2203157539','Booking','2022-03-23 09:26:09','2022-03-23 09:26:09',NULL),(517,5,0,'Booking Approved','Booking CP-BK2203162930 Approved','2022-03-23','CP-BK2203162930','Booking','2022-03-23 09:54:42','2022-03-23 09:54:42',NULL),(518,5,0,'Booking In-Progress','Booking CP-BK2203162930 In-Progress','2022-03-23','CP-BK2203162930','Booking','2022-03-23 09:56:34','2022-03-23 09:56:34',NULL),(519,5,0,'Booking Placed','Booking CP-BK2203238362 Placed','2022-03-23','CP-BK2203238362','Booking','2022-03-23 10:41:58','2022-03-23 10:41:58',NULL),(520,5,0,'Booking Placed','Booking CP-AP2203231215 Placed','2022-03-23','CP-AP2203231215','Booking','2022-03-23 10:43:10','2022-03-23 10:43:10',NULL),(521,5,0,'Mobile Grooming Booking Placed','Mobile Grooming Booking CP-MG2203232335 Placed','2022-03-23','CP-MG2203232335','Mobile Grooming Book','2022-03-23 10:51:33','2022-03-23 10:51:33',NULL),(522,5,0,'Hotel Room Booking Placed','Hotel Room Booking CP-HB2203236020 Placed','2022-03-23','CP-HB2203236020','Hotel Room Booking','2022-03-23 10:56:16','2022-03-23 10:56:16',NULL),(523,5,0,'Booking Approved','Booking CP-BK2203238362 Approved','2022-03-23','CP-BK2203238362','Booking','2022-03-23 11:06:52','2022-03-23 11:06:52',NULL),(524,5,0,'Booking In-Progress','Booking CP-BK2203238362 In-Progress','2022-03-23','CP-BK2203238362','Booking','2022-03-23 11:07:31','2022-03-23 11:07:31',NULL),(525,5,0,'Service Booking Rescheduled','Service Booking CP-BK2203164737Rescheduled','2022-03-23','CP-BK2203164737','Booking','2022-03-23 11:14:46','2022-03-23 11:14:46',NULL),(526,5,0,'Service Booking Rescheduled','Service Booking CP-BK2203164737Rescheduled','2022-03-23','CP-BK2203164737','Booking','2022-03-23 11:14:49','2022-03-23 11:14:49',NULL),(527,5,0,'Booking Approved','Booking CP-BK2203164737 Approved','2022-03-23','CP-BK2203164737','Booking','2022-03-23 16:36:23','2022-03-23 16:36:23',NULL),(528,5,0,'Booking In-Progress','Booking CP-BK2203164737 In-Progress','2022-03-23','CP-BK2203164737','Booking','2022-03-23 16:42:34','2022-03-23 16:42:34',NULL),(529,5,0,'Booking Rejected','Booking CP-BK2203164737 Rejected','2022-03-23','CP-BK2203164737','Booking','2022-03-23 16:44:19','2022-03-23 16:44:19',NULL),(530,17,0,'Booking Approved','Booking CP-AP2203048383 Approved','2022-03-23','CP-AP2203048383','Booking','2022-03-23 16:47:23','2022-03-23 16:47:23',NULL),(531,5,0,'Booking Approved','Booking CP-BK2203165857 Approved','2022-03-23','CP-BK2203165857','Booking','2022-03-23 16:55:43','2022-03-23 16:55:43',NULL),(532,6,0,'Booking Approved','Booking CP-AP2203099641 Approved','2022-03-23','CP-AP2203099641','Booking','2022-03-23 17:00:39','2022-03-23 17:00:39',NULL),(533,5,0,'Mobile Grooming Approved','Mobile Grooming CP-MG2203047535Approved','2022-03-23','CP-MG2203047535','Mobile Grooming','2022-03-23 17:09:58','2022-03-23 17:09:58',NULL),(534,6,0,'Hotel Booking Approved','Hotel Booking CP-HB2203096432Approved','2022-03-23','CP-HB2203096432','Hotel Booking','2022-03-23 17:16:36','2022-03-23 17:16:36',NULL),(535,5,0,'Booking Placed','Booking CP-BK2203245063 Placed','2022-03-24','CP-BK2203245063','Booking','2022-03-24 12:59:47','2022-03-24 12:59:47',NULL),(536,5,0,'Booking Placed','Booking CP-BK2203248307 Placed','2022-03-24','CP-BK2203248307','Booking','2022-03-24 13:12:54','2022-03-24 13:12:54',NULL),(537,5,0,'Booking Placed','Booking CP-BK2203246619 Placed','2022-03-24','CP-BK2203246619','Booking','2022-03-24 15:08:18','2022-03-24 15:08:18',NULL),(538,5,0,'Hotel Room Booking Placed','Hotel Room Booking CP-HB2203245754 Placed','2022-03-24','CP-HB2203245754','Hotel Room Booking','2022-03-24 15:14:05','2022-03-24 15:14:05',NULL),(539,5,0,'Mobile Grooming Booking Placed','Mobile Grooming Booking CP-MG2203245329 Placed','2022-03-24','CP-MG2203245329','Mobile Grooming Book','2022-03-24 15:29:36','2022-03-24 15:29:36',NULL),(540,5,0,'Booking Placed','Booking CP-AP2203247519 Placed','2022-03-24','CP-AP2203247519','Booking','2022-03-24 15:30:41','2022-03-24 15:30:41',NULL),(541,5,0,'Mobile Grooming Booking Placed','Mobile Grooming Booking CP-MG2203247064 Placed','2022-03-24','CP-MG2203247064','Mobile Grooming Book','2022-03-24 15:41:55','2022-03-24 15:41:55',NULL),(542,5,0,'Hotel Room Booking Placed','Hotel Room Booking CP-HB2203245899 Placed','2022-03-24','CP-HB2203245899','Hotel Room Booking','2022-03-24 15:43:22','2022-03-24 15:43:22',NULL),(543,5,0,'Mobile Grooming Booking Placed','Mobile Grooming Booking CP-MG2203245608 Placed','2022-03-24','CP-MG2203245608','Mobile Grooming Book','2022-03-24 15:46:07','2022-03-24 15:46:07',NULL),(544,5,0,'Service Booking Rescheduled','Service Booking CP-BK2203245063Rescheduled','2022-03-24','CP-BK2203245063','Booking','2022-03-24 16:02:47','2022-03-24 16:02:47',NULL),(545,5,0,'Service Booking Rescheduled','Service Booking CP-BK2203245063Rescheduled','2022-03-24','CP-BK2203245063','Booking','2022-03-24 16:02:49','2022-03-24 16:02:49',NULL),(546,5,0,'Service Booking Rescheduled','Service Booking CP-BK2203245063Rescheduled','2022-03-24','CP-BK2203245063','Booking','2022-03-24 16:02:53','2022-03-24 16:02:53',NULL),(547,5,0,'Service Booking Rescheduled','Service Booking CP-BK2203245063Rescheduled','2022-03-24','CP-BK2203245063','Booking','2022-03-24 16:02:56','2022-03-24 16:02:56',NULL),(548,5,0,'Service Booking Rescheduled','Service Booking CP-BK2203245063Rescheduled','2022-03-24','CP-BK2203245063','Booking','2022-03-24 16:03:03','2022-03-24 16:03:03',NULL),(549,5,0,'Service Booking Rescheduled','Service Booking CP-BK2203245063Rescheduled','2022-03-24','CP-BK2203245063','Booking','2022-03-24 16:03:17','2022-03-24 16:03:17',NULL),(550,5,0,'Service Booking Rescheduled','Service Booking CP-BK2203245063Rescheduled','2022-03-24','CP-BK2203245063','Booking','2022-03-24 16:03:23','2022-03-24 16:03:23',NULL),(551,5,0,'Service Booking Rescheduled','Service Booking CP-BK2203245063Rescheduled','2022-03-24','CP-BK2203245063','Booking','2022-03-24 16:03:32','2022-03-24 16:03:32',NULL),(552,5,0,'Service Booking Rescheduled','Service Booking CP-BK2203245063Rescheduled','2022-03-24','CP-BK2203245063','Booking','2022-03-24 16:03:44','2022-03-24 16:03:44',NULL),(553,5,0,'Booking Placed','Booking CP-BK2203249736 Placed','2022-03-24','CP-BK2203249736','Booking','2022-03-24 16:05:01','2022-03-24 16:05:01',NULL),(554,5,0,'Booking Approved','Booking CP-BK2203245063 Approved','2022-03-24','CP-BK2203245063','Booking','2022-03-24 16:08:32','2022-03-24 16:08:32',NULL),(555,5,0,'Booking In-Progress','Booking CP-BK2203245063 In-Progress','2022-03-24','CP-BK2203245063','Booking','2022-03-24 16:09:13','2022-03-24 16:09:13',NULL),(556,5,0,'Booking Cancelled','Booking CP-BK2203245063 Cancelled','2022-03-24','CP-BK2203245063','Booking','2022-03-24 16:10:02','2022-03-24 16:10:02',NULL),(557,5,0,'Booking In-Progress','Booking CP-AP2203247519 In-Progress','2022-03-24','CP-AP2203247519','Booking','2022-03-24 16:33:18','2022-03-24 16:33:18',NULL),(558,5,0,'Hotel Booking Approved','Hotel Booking CP-HB2203245899Approved','2022-03-24','CP-HB2203245899','Hotel Booking','2022-03-24 16:42:17','2022-03-24 16:42:17',NULL),(559,5,0,'Mobile Grooming Cancelled','Mobile Grooming CP-MG2203245608Cancelled','2022-03-24','CP-MG2203245608','Mobile Grooming','2022-03-24 16:44:36','2022-03-24 16:44:36',NULL),(560,42,0,'Booking Placed','Booking CP-BK2203252078 Placed','2022-03-25','CP-BK2203252078','Booking','2022-03-25 14:03:05','2022-03-25 14:03:05',NULL),(561,42,0,'Hotel Room Booking Placed','Hotel Room Booking CP-HB2203253425 Placed','2022-03-25','CP-HB2203253425','Hotel Room Booking','2022-03-25 14:08:10','2022-03-25 14:08:10',NULL),(562,42,0,'Booking Placed','Booking CP-AP2203252509 Placed','2022-03-25','CP-AP2203252509','Booking','2022-03-25 14:17:29','2022-03-25 14:17:29',NULL),(563,42,0,'Mobile Grooming Booking Placed','Mobile Grooming Booking CP-MG2203251719 Placed','2022-03-25','CP-MG2203251719','Mobile Grooming Book','2022-03-25 14:27:19','2022-03-25 14:27:19',NULL),(564,5,0,'Mobile Grooming Cancelled','Mobile Grooming CP-MG2203247064Cancelled','2022-03-25','CP-MG2203247064','Mobile Grooming','2022-03-25 15:41:28','2022-03-25 15:41:28',NULL),(565,42,0,'Mobile Grooming In-Progress','Mobile Grooming CP-MG2203251719In-Progress','2022-03-25','CP-MG2203251719','Mobile Grooming','2022-03-25 16:58:54','2022-03-25 16:58:54',NULL),(566,42,0,'Mobile Grooming Approved','Mobile Grooming CP-MG2203251719Approved','2022-03-25','CP-MG2203251719','Mobile Grooming','2022-03-25 16:59:29','2022-03-25 16:59:29',NULL),(567,42,0,'Mobile Grooming Rejected','Mobile Grooming CP-MG2203251719Rejected','2022-03-25','CP-MG2203251719','Mobile Grooming','2022-03-25 16:59:41','2022-03-25 16:59:41',NULL),(568,5,0,'Booking Placed','Booking CP-BK2203254338 Placed','2022-03-25','CP-BK2203254338','Booking','2022-03-25 17:01:28','2022-03-25 17:01:28',NULL),(569,5,0,'Mobile Grooming Booking Placed','Mobile Grooming Booking CP-MG2203253698 Placed','2022-03-25','CP-MG2203253698','Mobile Grooming Book','2022-03-25 17:10:35','2022-03-25 17:10:35',NULL),(570,5,0,'Mobile Grooming Booking Placed','Mobile Grooming Booking CP-MG2203252870 Placed','2022-03-25','CP-MG2203252870','Mobile Grooming Book','2022-03-25 17:13:42','2022-03-25 17:13:42',NULL),(571,6,0,'Booking In-Progress','Booking CP-AP2203091647 In-Progress','2022-03-28','CP-AP2203091647','Booking','2022-03-28 13:11:40','2022-03-28 13:11:40',NULL),(572,6,0,'Booking In-Progress','Booking CP-BK2203097895 In-Progress','2022-03-28','CP-BK2203097895','Booking','2022-03-28 13:25:51','2022-03-28 13:25:51',NULL),(573,6,0,'Booking Approved','Booking CP-BK2203097895 Approved','2022-03-28','CP-BK2203097895','Booking','2022-03-28 13:52:12','2022-03-28 13:52:12',NULL),(574,6,0,'Booking Completed','Booking CP-BK2203097895Completed','2022-03-28','CP-BK2203097895','Booking','2022-03-28 13:52:35','2022-03-28 13:52:35',NULL),(575,5,0,'Booking Approved','Booking CP-BK2203248307 Approved','2022-03-28','CP-BK2203248307','Booking','2022-03-28 13:53:24','2022-03-28 13:53:24',NULL),(576,5,0,'Booking In-Progress','Booking CP-BK2203248307 In-Progress','2022-03-28','CP-BK2203248307','Booking','2022-03-28 13:53:53','2022-03-28 13:53:53',NULL),(577,5,0,'Booking Approved','Booking CP-BK2203254338 Approved','2022-03-28','CP-BK2203254338','Booking','2022-03-28 13:57:42','2022-03-28 13:57:42',NULL),(578,5,0,'Booking In-Progress','Booking CP-BK2203254338 In-Progress','2022-03-28','CP-BK2203254338','Booking','2022-03-28 13:57:58','2022-03-28 13:57:58',NULL),(579,42,0,'Booking Approved','Booking CP-BK2203252078 Approved','2022-03-28','CP-BK2203252078','Booking','2022-03-28 14:08:00','2022-03-28 14:08:00',NULL),(580,42,0,'Booking In-Progress','Booking CP-BK2203252078 In-Progress','2022-03-28','CP-BK2203252078','Booking','2022-03-28 14:08:17','2022-03-28 14:08:17',NULL),(581,5,0,'Booking Approved','Booking CP-BK2203249736 Approved','2022-03-28','CP-BK2203249736','Booking','2022-03-28 14:25:38','2022-03-28 14:25:38',NULL),(582,5,0,'Booking In-Progress','Booking CP-BK2203249736 In-Progress','2022-03-28','CP-BK2203249736','Booking','2022-03-28 14:25:58','2022-03-28 14:25:58',NULL),(583,5,0,'Booking Completed','Booking CP-BK2203249736Completed','2022-03-28','CP-BK2203249736','Booking','2022-03-28 14:33:38','2022-03-28 14:33:38',NULL),(584,5,0,'Mobile Grooming Approved','Mobile Grooming CP-MG2203252870Approved','2022-03-28','CP-MG2203252870','Mobile Grooming','2022-03-28 15:17:24','2022-03-28 15:17:24',NULL),(585,5,0,'Mobile Grooming In-Progress','Mobile Grooming CP-MG2203252870In-Progress','2022-03-28','CP-MG2203252870','Mobile Grooming','2022-03-28 15:17:43','2022-03-28 15:17:43',NULL),(586,5,0,'Membership Subscription Approved','Membership Subscription 221248 Approved','2022-03-28','221248','Subscription','2022-03-28 17:19:14','2022-03-28 17:19:14',NULL),(587,16,0,'Membership Subscription Approved','Membership Subscription 221579 Approved','2022-03-28','221579','Subscription','2022-03-28 18:19:11','2022-03-28 18:19:11',NULL),(588,1,0,'Offer expiry','A-plan will be expired by tommorow','2022-03-29',NULL,NULL,'2022-03-29 06:00:01','2022-03-29 06:00:01',NULL),(589,2,0,'Offer expiry','A-plan will be expired by tommorow','2022-03-29',NULL,NULL,'2022-03-29 06:00:01','2022-03-29 06:00:01',NULL),(590,3,0,'Offer expiry','A-plan will be expired by tommorow','2022-03-29',NULL,NULL,'2022-03-29 06:00:02','2022-03-29 06:00:02',NULL),(591,5,0,'Offer expiry','A-plan will be expired by tommorow','2022-03-29',NULL,NULL,'2022-03-29 06:00:02','2022-03-29 06:00:02',NULL),(592,6,0,'Offer expiry','A-plan will be expired by tommorow','2022-03-29',NULL,NULL,'2022-03-29 06:00:02','2022-03-29 06:00:02',NULL),(593,7,0,'Offer expiry','A-plan will be expired by tommorow','2022-03-29',NULL,NULL,'2022-03-29 06:00:02','2022-03-29 06:00:02',NULL),(594,8,0,'Offer expiry','A-plan will be expired by tommorow','2022-03-29',NULL,NULL,'2022-03-29 06:00:02','2022-03-29 06:00:02',NULL),(595,9,0,'Offer expiry','A-plan will be expired by tommorow','2022-03-29',NULL,NULL,'2022-03-29 06:00:03','2022-03-29 06:00:03',NULL),(596,10,0,'Offer expiry','A-plan will be expired by tommorow','2022-03-29',NULL,NULL,'2022-03-29 06:00:03','2022-03-29 06:00:03',NULL),(597,12,0,'Offer expiry','A-plan will be expired by tommorow','2022-03-29',NULL,NULL,'2022-03-29 06:00:03','2022-03-29 06:00:03',NULL),(598,13,0,'Offer expiry','A-plan will be expired by tommorow','2022-03-29',NULL,NULL,'2022-03-29 06:00:03','2022-03-29 06:00:03',NULL),(599,14,0,'Offer expiry','A-plan will be expired by tommorow','2022-03-29',NULL,NULL,'2022-03-29 06:00:03','2022-03-29 06:00:03',NULL),(600,16,0,'Offer expiry','A-plan will be expired by tommorow','2022-03-29',NULL,NULL,'2022-03-29 06:00:04','2022-03-29 06:00:04',NULL),(601,17,0,'Offer expiry','A-plan will be expired by tommorow','2022-03-29',NULL,NULL,'2022-03-29 06:00:04','2022-03-29 06:00:04',NULL),(602,18,0,'Offer expiry','A-plan will be expired by tommorow','2022-03-29',NULL,NULL,'2022-03-29 06:00:04','2022-03-29 06:00:04',NULL),(603,19,0,'Offer expiry','A-plan will be expired by tommorow','2022-03-29',NULL,NULL,'2022-03-29 06:00:04','2022-03-29 06:00:04',NULL),(604,20,0,'Offer expiry','A-plan will be expired by tommorow','2022-03-29',NULL,NULL,'2022-03-29 06:00:04','2022-03-29 06:00:04',NULL),(605,21,0,'Offer expiry','A-plan will be expired by tommorow','2022-03-29',NULL,NULL,'2022-03-29 06:00:05','2022-03-29 06:00:05',NULL),(606,22,0,'Offer expiry','A-plan will be expired by tommorow','2022-03-29',NULL,NULL,'2022-03-29 06:00:05','2022-03-29 06:00:05',NULL),(607,23,0,'Offer expiry','A-plan will be expired by tommorow','2022-03-29',NULL,NULL,'2022-03-29 06:00:05','2022-03-29 06:00:05',NULL),(608,24,0,'Offer expiry','A-plan will be expired by tommorow','2022-03-29',NULL,NULL,'2022-03-29 06:00:05','2022-03-29 06:00:05',NULL),(609,25,0,'Offer expiry','A-plan will be expired by tommorow','2022-03-29',NULL,NULL,'2022-03-29 06:00:05','2022-03-29 06:00:05',NULL),(610,26,0,'Offer expiry','A-plan will be expired by tommorow','2022-03-29',NULL,NULL,'2022-03-29 06:00:06','2022-03-29 06:00:06',NULL),(611,27,0,'Offer expiry','A-plan will be expired by tommorow','2022-03-29',NULL,NULL,'2022-03-29 06:00:06','2022-03-29 06:00:06',NULL),(612,28,0,'Offer expiry','A-plan will be expired by tommorow','2022-03-29',NULL,NULL,'2022-03-29 06:00:06','2022-03-29 06:00:06',NULL),(613,29,0,'Offer expiry','A-plan will be expired by tommorow','2022-03-29',NULL,NULL,'2022-03-29 06:00:06','2022-03-29 06:00:06',NULL),(614,30,0,'Offer expiry','A-plan will be expired by tommorow','2022-03-29',NULL,NULL,'2022-03-29 06:00:06','2022-03-29 06:00:06',NULL),(615,5,0,'Membership Subscription Rejected','Membership Subscription 221248 Rejected','2022-03-29','221248','Subscription','2022-03-29 10:17:29','2022-03-29 10:17:29',NULL),(616,46,0,'Booking Placed','Booking CP-BK2203295401 Placed','2022-03-29','CP-BK2203295401','Booking','2022-03-29 13:28:48','2022-03-29 13:28:48',NULL),(617,46,0,'Booking Cancelled','Booking CP-BK2203295401 Cancelled','2022-03-29','CP-BK2203295401','Booking','2022-03-29 13:57:01','2022-03-29 13:57:01',NULL),(618,5,0,'Membership Subscription Approved','Membership Subscription 221248 Approved','2022-03-29','221248','Subscription','2022-03-29 14:23:36','2022-03-29 14:23:36',NULL),(619,16,0,'Membership Subscription Approved','Membership Subscription 221579 Approved','2022-03-29','221579','Subscription','2022-03-29 14:33:43','2022-03-29 14:33:43',NULL),(620,16,0,'Membership Subscription Approved','Membership Subscription 221579 Approved','2022-03-29','221579','Subscription','2022-03-29 17:52:49','2022-03-29 17:52:49',NULL),(621,1,0,'Offer expiry','A-plan will be expired by tommorow','2022-03-30',NULL,NULL,'2022-03-30 06:00:01','2022-03-30 06:00:01',NULL),(622,2,0,'Offer expiry','A-plan will be expired by tommorow','2022-03-30',NULL,NULL,'2022-03-30 06:00:01','2022-03-30 06:00:01',NULL),(623,3,0,'Offer expiry','A-plan will be expired by tommorow','2022-03-30',NULL,NULL,'2022-03-30 06:00:01','2022-03-30 06:00:01',NULL),(624,5,0,'Offer expiry','A-plan will be expired by tommorow','2022-03-30',NULL,NULL,'2022-03-30 06:00:01','2022-03-30 06:00:01',NULL),(625,6,0,'Offer expiry','A-plan will be expired by tommorow','2022-03-30',NULL,NULL,'2022-03-30 06:00:02','2022-03-30 06:00:02',NULL),(626,7,0,'Offer expiry','A-plan will be expired by tommorow','2022-03-30',NULL,NULL,'2022-03-30 06:00:02','2022-03-30 06:00:02',NULL),(627,8,0,'Offer expiry','A-plan will be expired by tommorow','2022-03-30',NULL,NULL,'2022-03-30 06:00:02','2022-03-30 06:00:02',NULL),(628,9,0,'Offer expiry','A-plan will be expired by tommorow','2022-03-30',NULL,NULL,'2022-03-30 06:00:02','2022-03-30 06:00:02',NULL),(629,10,0,'Offer expiry','A-plan will be expired by tommorow','2022-03-30',NULL,NULL,'2022-03-30 06:00:02','2022-03-30 06:00:02',NULL),(630,12,0,'Offer expiry','A-plan will be expired by tommorow','2022-03-30',NULL,NULL,'2022-03-30 06:00:02','2022-03-30 06:00:02',NULL),(631,13,0,'Offer expiry','A-plan will be expired by tommorow','2022-03-30',NULL,NULL,'2022-03-30 06:00:02','2022-03-30 06:00:02',NULL),(632,14,0,'Offer expiry','A-plan will be expired by tommorow','2022-03-30',NULL,NULL,'2022-03-30 06:00:02','2022-03-30 06:00:02',NULL),(633,16,0,'Offer expiry','A-plan will be expired by tommorow','2022-03-30',NULL,NULL,'2022-03-30 06:00:02','2022-03-30 06:00:02',NULL),(634,17,0,'Offer expiry','A-plan will be expired by tommorow','2022-03-30',NULL,NULL,'2022-03-30 06:00:03','2022-03-30 06:00:03',NULL),(635,18,0,'Offer expiry','A-plan will be expired by tommorow','2022-03-30',NULL,NULL,'2022-03-30 06:00:03','2022-03-30 06:00:03',NULL),(636,19,0,'Offer expiry','A-plan will be expired by tommorow','2022-03-30',NULL,NULL,'2022-03-30 06:00:03','2022-03-30 06:00:03',NULL),(637,20,0,'Offer expiry','A-plan will be expired by tommorow','2022-03-30',NULL,NULL,'2022-03-30 06:00:03','2022-03-30 06:00:03',NULL),(638,21,0,'Offer expiry','A-plan will be expired by tommorow','2022-03-30',NULL,NULL,'2022-03-30 06:00:03','2022-03-30 06:00:03',NULL),(639,22,0,'Offer expiry','A-plan will be expired by tommorow','2022-03-30',NULL,NULL,'2022-03-30 06:00:03','2022-03-30 06:00:03',NULL),(640,23,0,'Offer expiry','A-plan will be expired by tommorow','2022-03-30',NULL,NULL,'2022-03-30 06:00:03','2022-03-30 06:00:03',NULL),(641,24,0,'Offer expiry','A-plan will be expired by tommorow','2022-03-30',NULL,NULL,'2022-03-30 06:00:03','2022-03-30 06:00:03',NULL),(642,25,0,'Offer expiry','A-plan will be expired by tommorow','2022-03-30',NULL,NULL,'2022-03-30 06:00:03','2022-03-30 06:00:03',NULL),(643,26,0,'Offer expiry','A-plan will be expired by tommorow','2022-03-30',NULL,NULL,'2022-03-30 06:00:04','2022-03-30 06:00:04',NULL),(644,27,0,'Offer expiry','A-plan will be expired by tommorow','2022-03-30',NULL,NULL,'2022-03-30 06:00:04','2022-03-30 06:00:04',NULL),(645,28,0,'Offer expiry','A-plan will be expired by tommorow','2022-03-30',NULL,NULL,'2022-03-30 06:00:04','2022-03-30 06:00:04',NULL),(646,29,0,'Offer expiry','A-plan will be expired by tommorow','2022-03-30',NULL,NULL,'2022-03-30 06:00:04','2022-03-30 06:00:04',NULL),(647,30,0,'Offer expiry','A-plan will be expired by tommorow','2022-03-30',NULL,NULL,'2022-03-30 06:00:04','2022-03-30 06:00:04',NULL),(648,5,0,'Booking Cancelled','Booking CP-BK2203254338 Cancelled','2022-03-30','CP-BK2203254338','Booking','2022-03-30 09:54:06','2022-03-30 09:54:06',NULL),(649,5,0,'Mobile Grooming Cancelled','Mobile Grooming CP-MG2203252870Cancelled','2022-03-30','CP-MG2203252870','Mobile Grooming','2022-03-30 10:09:08','2022-03-30 10:09:08',NULL),(650,42,0,'Booking Rejected','Booking CP-AP2203252509 Rejected','2022-03-30','CP-AP2203252509','Booking','2022-03-30 10:10:11','2022-03-30 10:10:11',NULL),(651,42,0,'Booking Completed','Booking CP-BK2203252078Completed','2022-03-30','CP-BK2203252078','Booking','2022-03-30 10:13:26','2022-03-30 10:13:26',NULL),(652,5,0,'Booking Placed','Booking CP-BK2203306090 Placed','2022-03-30','CP-BK2203306090','Booking','2022-03-30 10:23:43','2022-03-30 10:23:43',NULL),(653,5,0,'Service Booking Rescheduled','Service Booking CP-BK2203306090Rescheduled','2022-03-30','CP-BK2203306090','Booking','2022-03-30 11:04:15','2022-03-30 11:04:15',NULL),(654,5,0,'Service Booking Rescheduled','Service Booking CP-BK2203306090Rescheduled','2022-03-30','CP-BK2203306090','Booking','2022-03-30 11:04:17','2022-03-30 11:04:17',NULL),(655,5,0,'Service Booking Rescheduled','Service Booking CP-BK2203306090Rescheduled','2022-03-30','CP-BK2203306090','Booking','2022-03-30 11:04:22','2022-03-30 11:04:22',NULL),(656,5,0,'Service Booking Rescheduled','Service Booking CP-BK2203306090Rescheduled','2022-03-30','CP-BK2203306090','Booking','2022-03-30 11:04:25','2022-03-30 11:04:25',NULL),(657,5,0,'Booking Approved','Booking CP-BK2203306090 Approved','2022-03-30','CP-BK2203306090','Booking','2022-03-30 13:13:08','2022-03-30 13:13:08',NULL),(658,5,0,'Booking In-Progress','Booking CP-BK2203306090 In-Progress','2022-03-30','CP-BK2203306090','Booking','2022-03-30 13:15:07','2022-03-30 13:15:07',NULL),(659,5,0,'Booking Cancelled','Booking CP-BK2203306090 Cancelled','2022-03-30','CP-BK2203306090','Booking','2022-03-30 13:22:06','2022-03-30 13:22:06',NULL),(660,5,0,'Booking Approved','Booking CP-BK2203246619 Approved','2022-03-30','CP-BK2203246619','Booking','2022-03-30 13:35:43','2022-03-30 13:35:43',NULL),(661,5,0,'Booking In-Progress','Booking CP-BK2203246619 In-Progress','2022-03-30','CP-BK2203246619','Booking','2022-03-30 13:36:15','2022-03-30 13:36:15',NULL),(662,5,0,'Booking Cancelled','Booking CP-BK2203246619 Cancelled','2022-03-30','CP-BK2203246619','Booking','2022-03-30 13:38:26','2022-03-30 13:38:26',NULL),(663,1,0,'Offer expiry','A-will be expired in two days','2022-03-31',NULL,NULL,'2022-03-31 06:00:02','2022-03-31 06:00:02',NULL),(664,2,0,'Offer expiry','A-will be expired in two days','2022-03-31',NULL,NULL,'2022-03-31 06:00:02','2022-03-31 06:00:02',NULL),(665,3,0,'Offer expiry','A-will be expired in two days','2022-03-31',NULL,NULL,'2022-03-31 06:00:02','2022-03-31 06:00:02',NULL),(666,5,0,'Offer expiry','A-will be expired in two days','2022-03-31',NULL,NULL,'2022-03-31 06:00:02','2022-03-31 06:00:02',NULL),(667,6,0,'Offer expiry','A-will be expired in two days','2022-03-31',NULL,NULL,'2022-03-31 06:00:02','2022-03-31 06:00:02',NULL),(668,7,0,'Offer expiry','A-will be expired in two days','2022-03-31',NULL,NULL,'2022-03-31 06:00:02','2022-03-31 06:00:02',NULL),(669,8,0,'Offer expiry','A-will be expired in two days','2022-03-31',NULL,NULL,'2022-03-31 06:00:03','2022-03-31 06:00:03',NULL),(670,9,0,'Offer expiry','A-will be expired in two days','2022-03-31',NULL,NULL,'2022-03-31 06:00:03','2022-03-31 06:00:03',NULL),(671,10,0,'Offer expiry','A-will be expired in two days','2022-03-31',NULL,NULL,'2022-03-31 06:00:03','2022-03-31 06:00:03',NULL),(672,12,0,'Offer expiry','A-will be expired in two days','2022-03-31',NULL,NULL,'2022-03-31 06:00:03','2022-03-31 06:00:03',NULL),(673,13,0,'Offer expiry','A-will be expired in two days','2022-03-31',NULL,NULL,'2022-03-31 06:00:03','2022-03-31 06:00:03',NULL),(674,14,0,'Offer expiry','A-will be expired in two days','2022-03-31',NULL,NULL,'2022-03-31 06:00:03','2022-03-31 06:00:03',NULL),(675,16,0,'Offer expiry','A-will be expired in two days','2022-03-31',NULL,NULL,'2022-03-31 06:00:03','2022-03-31 06:00:03',NULL),(676,17,0,'Offer expiry','A-will be expired in two days','2022-03-31',NULL,NULL,'2022-03-31 06:00:03','2022-03-31 06:00:03',NULL),(677,18,0,'Offer expiry','A-will be expired in two days','2022-03-31',NULL,NULL,'2022-03-31 06:00:04','2022-03-31 06:00:04',NULL),(678,19,0,'Offer expiry','A-will be expired in two days','2022-03-31',NULL,NULL,'2022-03-31 06:00:04','2022-03-31 06:00:04',NULL),(679,20,0,'Offer expiry','A-will be expired in two days','2022-03-31',NULL,NULL,'2022-03-31 06:00:04','2022-03-31 06:00:04',NULL),(680,21,0,'Offer expiry','A-will be expired in two days','2022-03-31',NULL,NULL,'2022-03-31 06:00:04','2022-03-31 06:00:04',NULL),(681,22,0,'Offer expiry','A-will be expired in two days','2022-03-31',NULL,NULL,'2022-03-31 06:00:04','2022-03-31 06:00:04',NULL),(682,23,0,'Offer expiry','A-will be expired in two days','2022-03-31',NULL,NULL,'2022-03-31 06:00:04','2022-03-31 06:00:04',NULL),(683,24,0,'Offer expiry','A-will be expired in two days','2022-03-31',NULL,NULL,'2022-03-31 06:00:04','2022-03-31 06:00:04',NULL),(684,25,0,'Offer expiry','A-will be expired in two days','2022-03-31',NULL,NULL,'2022-03-31 06:00:04','2022-03-31 06:00:04',NULL),(685,26,0,'Offer expiry','A-will be expired in two days','2022-03-31',NULL,NULL,'2022-03-31 06:00:04','2022-03-31 06:00:04',NULL),(686,27,0,'Offer expiry','A-will be expired in two days','2022-03-31',NULL,NULL,'2022-03-31 06:00:05','2022-03-31 06:00:05',NULL),(687,28,0,'Offer expiry','A-will be expired in two days','2022-03-31',NULL,NULL,'2022-03-31 06:00:05','2022-03-31 06:00:05',NULL),(688,29,0,'Offer expiry','A-will be expired in two days','2022-03-31',NULL,NULL,'2022-03-31 06:00:05','2022-03-31 06:00:05',NULL),(689,30,0,'Offer expiry','A-will be expired in two days','2022-03-31',NULL,NULL,'2022-03-31 06:00:05','2022-03-31 06:00:05',NULL),(690,42,0,'Hotel Booking Approved','Hotel Booking CP-HB2203253425Approved','2022-03-31','CP-HB2203253425','Hotel Booking','2022-03-31 10:51:03','2022-03-31 10:51:03',NULL),(691,5,0,'Membership Subscription Approved','Membership Subscription 221248 Approved','2022-03-31','221248','Subscription','2022-03-31 11:21:35','2022-03-31 11:21:35',NULL),(692,5,0,'Membership Subscription Approved','Membership Subscription 221248 Approved','2022-03-31','221248','Subscription','2022-03-31 14:42:41','2022-03-31 14:42:41',NULL),(693,16,0,'Membership Subscription Approved','Membership Subscription 221579 Approved','2022-03-31','221579','Subscription','2022-03-31 14:43:34','2022-03-31 14:43:34',NULL),(694,16,0,'Membership Subscription Approved','Membership Subscription 221579 Approved','2022-03-31','221579','Subscription','2022-03-31 15:17:10','2022-03-31 15:17:10',NULL),(695,5,0,'Membership Subscription Approved','Membership Subscription 221248 Approved','2022-03-31','221248','Subscription','2022-03-31 15:17:51','2022-03-31 15:17:51',NULL),(696,5,0,'Membership Subscription Rejected','Membership Subscription 221248 Rejected','2022-03-31','221248','Subscription','2022-03-31 16:36:29','2022-03-31 16:36:29',NULL),(697,5,0,'Membership Subscription Rejected','Membership Subscription 221248 Rejected','2022-03-31','221248','Subscription','2022-03-31 17:04:01','2022-03-31 17:04:01',NULL),(698,5,0,'Booking Approved','Booking CP-BK2203165542 Approved','2022-04-01','CP-BK2203165542','Booking','2022-04-01 09:29:21','2022-04-01 09:29:21',NULL),(699,5,0,'Membership Subscription Approved','Membership Subscription 221248 Approved','2022-04-01','221248','Subscription','2022-04-01 09:38:53','2022-04-01 09:38:53',NULL),(700,6,0,'Booking Approved','Booking CP-BK2203095526 Approved','2022-04-01','CP-BK2203095526','Booking','2022-04-01 11:28:36','2022-04-01 11:28:36',NULL),(701,51,0,'Booking Placed','Booking CP-BK2204016019 Placed','2022-04-01','CP-BK2204016019','Booking','2022-04-01 11:41:39','2022-04-01 11:41:39',NULL),(702,51,0,'Booking Approved','Booking CP-BK2204016019 Approved','2022-04-01','CP-BK2204016019','Booking','2022-04-01 12:23:54','2022-04-01 12:23:54',NULL),(703,51,0,'Booking Completed','Booking CP-BK2204016019Completed','2022-04-01','CP-BK2204016019','Booking','2022-04-01 12:24:30','2022-04-01 12:24:30',NULL),(704,51,0,'Membership Subscription Rejected','Membership Subscription 222526 Rejected','2022-04-01','222526','Subscription','2022-04-01 13:03:08','2022-04-01 13:03:08',NULL),(705,51,0,'Membership Subscription Rejected','Membership Subscription 222526 Rejected','2022-04-01','222526','Subscription','2022-04-01 13:04:16','2022-04-01 13:04:16',NULL),(706,5,0,'Membership Subscription Rejected','Membership Subscription 221248 Rejected','2022-04-01','221248','Subscription','2022-04-01 13:07:21','2022-04-01 13:07:21',NULL),(707,5,0,'Membership Subscription Approved','Membership Subscription 221248 Approved','2022-04-01','221248','Subscription','2022-04-01 13:19:53','2022-04-01 13:19:53',NULL),(708,1,0,'Offer expiry','A-will be expired in two days','2022-04-02',NULL,NULL,'2022-04-02 06:00:02','2022-04-02 06:00:02',NULL),(709,2,0,'Offer expiry','A-will be expired in two days','2022-04-02',NULL,NULL,'2022-04-02 06:00:02','2022-04-02 06:00:02',NULL),(710,3,0,'Offer expiry','A-will be expired in two days','2022-04-02',NULL,NULL,'2022-04-02 06:00:02','2022-04-02 06:00:02',NULL),(711,5,0,'Offer expiry','A-will be expired in two days','2022-04-02',NULL,NULL,'2022-04-02 06:00:02','2022-04-02 06:00:02',NULL),(712,6,0,'Offer expiry','A-will be expired in two days','2022-04-02',NULL,NULL,'2022-04-02 06:00:02','2022-04-02 06:00:02',NULL),(713,7,0,'Offer expiry','A-will be expired in two days','2022-04-02',NULL,NULL,'2022-04-02 06:00:02','2022-04-02 06:00:02',NULL),(714,8,0,'Offer expiry','A-will be expired in two days','2022-04-02',NULL,NULL,'2022-04-02 06:00:02','2022-04-02 06:00:02',NULL),(715,9,0,'Offer expiry','A-will be expired in two days','2022-04-02',NULL,NULL,'2022-04-02 06:00:02','2022-04-02 06:00:02',NULL),(716,10,0,'Offer expiry','A-will be expired in two days','2022-04-02',NULL,NULL,'2022-04-02 06:00:02','2022-04-02 06:00:02',NULL),(717,12,0,'Offer expiry','A-will be expired in two days','2022-04-02',NULL,NULL,'2022-04-02 06:00:03','2022-04-02 06:00:03',NULL),(718,13,0,'Offer expiry','A-will be expired in two days','2022-04-02',NULL,NULL,'2022-04-02 06:00:03','2022-04-02 06:00:03',NULL),(719,14,0,'Offer expiry','A-will be expired in two days','2022-04-02',NULL,NULL,'2022-04-02 06:00:03','2022-04-02 06:00:03',NULL),(720,16,0,'Offer expiry','A-will be expired in two days','2022-04-02',NULL,NULL,'2022-04-02 06:00:03','2022-04-02 06:00:03',NULL),(721,17,0,'Offer expiry','A-will be expired in two days','2022-04-02',NULL,NULL,'2022-04-02 06:00:03','2022-04-02 06:00:03',NULL),(722,18,0,'Offer expiry','A-will be expired in two days','2022-04-02',NULL,NULL,'2022-04-02 06:00:03','2022-04-02 06:00:03',NULL),(723,19,0,'Offer expiry','A-will be expired in two days','2022-04-02',NULL,NULL,'2022-04-02 06:00:03','2022-04-02 06:00:03',NULL),(724,20,0,'Offer expiry','A-will be expired in two days','2022-04-02',NULL,NULL,'2022-04-02 06:00:03','2022-04-02 06:00:03',NULL),(725,21,0,'Offer expiry','A-will be expired in two days','2022-04-02',NULL,NULL,'2022-04-02 06:00:03','2022-04-02 06:00:03',NULL),(726,22,0,'Offer expiry','A-will be expired in two days','2022-04-02',NULL,NULL,'2022-04-02 06:00:04','2022-04-02 06:00:04',NULL),(727,23,0,'Offer expiry','A-will be expired in two days','2022-04-02',NULL,NULL,'2022-04-02 06:00:04','2022-04-02 06:00:04',NULL),(728,24,0,'Offer expiry','A-will be expired in two days','2022-04-02',NULL,NULL,'2022-04-02 06:00:04','2022-04-02 06:00:04',NULL),(729,25,0,'Offer expiry','A-will be expired in two days','2022-04-02',NULL,NULL,'2022-04-02 06:00:04','2022-04-02 06:00:04',NULL),(730,26,0,'Offer expiry','A-will be expired in two days','2022-04-02',NULL,NULL,'2022-04-02 06:00:04','2022-04-02 06:00:04',NULL),(731,27,0,'Offer expiry','A-will be expired in two days','2022-04-02',NULL,NULL,'2022-04-02 06:00:04','2022-04-02 06:00:04',NULL),(732,28,0,'Offer expiry','A-will be expired in two days','2022-04-02',NULL,NULL,'2022-04-02 06:00:04','2022-04-02 06:00:04',NULL),(733,29,0,'Offer expiry','A-will be expired in two days','2022-04-02',NULL,NULL,'2022-04-02 06:00:04','2022-04-02 06:00:04',NULL),(734,30,0,'Offer expiry','A-will be expired in two days','2022-04-02',NULL,NULL,'2022-04-02 06:00:04','2022-04-02 06:00:04',NULL),(735,51,0,'Membership Subscription Approved','Membership Subscription 222526 Approved','2022-04-03','222526','Subscription','2022-04-03 21:46:43','2022-04-03 21:46:43',NULL),(736,5,0,'Membership Subscription Rejected','Membership Subscription 221248 Rejected','2022-04-03','221248','Subscription','2022-04-03 21:49:03','2022-04-03 21:49:03',NULL),(737,53,0,'Booking Placed','Booking CP-BK2204038526 Placed','2022-04-03','CP-BK2204038526','Booking','2022-04-03 21:53:46','2022-04-03 21:53:46',NULL),(738,53,0,'Booking Approved','Booking CP-BK2204038526 Approved','2022-04-03','CP-BK2204038526','Booking','2022-04-03 21:55:18','2022-04-03 21:55:18',NULL),(739,53,0,'Booking Completed','Booking CP-BK2204038526Completed','2022-04-03','CP-BK2204038526','Booking','2022-04-03 21:55:37','2022-04-03 21:55:37',NULL),(740,53,0,'Membership Subscription Approved','Membership Subscription 223264 Approved','2022-04-03','223264','Subscription','2022-04-03 22:24:53','2022-04-03 22:24:53',NULL),(741,54,0,'Booking Placed','Booking CP-AP2204047973 Placed','2022-04-04','CP-AP2204047973','Booking','2022-04-04 10:47:42','2022-04-04 10:47:42',NULL),(742,54,0,'Booking Approved','Booking CP-AP2204047973 Approved','2022-04-04','CP-AP2204047973','Booking','2022-04-04 10:49:18','2022-04-04 10:49:18',NULL),(743,54,0,'Booking Completed','Booking CP-AP2204047973Completed','2022-04-04','CP-AP2204047973','Booking','2022-04-04 15:31:11','2022-04-04 15:31:11',NULL),(744,57,0,'Booking Placed','Booking CP-BK2204046012 Placed','2022-04-04','CP-BK2204046012','Booking','2022-04-04 15:53:53','2022-04-04 15:53:53',NULL),(745,57,0,'Booking Approved','Booking CP-BK2204046012 Approved','2022-04-04','CP-BK2204046012','Booking','2022-04-04 15:55:06','2022-04-04 15:55:06',NULL),(746,57,0,'Booking Completed','Booking CP-BK2204046012Completed','2022-04-04','CP-BK2204046012','Booking','2022-04-04 16:30:17','2022-04-04 16:30:17',NULL),(747,54,0,'Membership Subscription Approved','Membership Subscription 223968 Approved','2022-04-04','223968','Subscription','2022-04-04 17:19:40','2022-04-04 17:19:40',NULL),(748,57,0,'Membership Subscription Approved','Membership Subscription 227566 Approved','2022-04-05','227566','Subscription','2022-04-05 16:17:29','2022-04-05 16:17:29',NULL),(749,54,0,'Membership Subscription Approved','Membership Subscription 223968 Approved','2022-04-05','223968','Subscription','2022-04-05 16:26:09','2022-04-05 16:26:09',NULL),(750,57,0,'Membership Subscription Approved','Membership Subscription 227566 Approved','2022-04-05','227566','Subscription','2022-04-05 16:26:22','2022-04-05 16:26:22',NULL),(751,54,0,'Booking Placed','Booking CP-BK2204057534 Placed','2022-04-05','CP-BK2204057534','Booking','2022-04-05 16:32:03','2022-04-05 16:32:03',NULL),(752,54,0,'Membership Subscription Approved','Membership Subscription 223968 Approved','2022-04-05','223968','Subscription','2022-04-05 17:27:43','2022-04-05 17:27:43',NULL),(753,54,0,'Hotel Room Booking Placed','Hotel Room Booking CP-HB2204054534 Placed','2022-04-05','CP-HB2204054534','Hotel Room Booking','2022-04-05 17:41:03','2022-04-05 17:41:03',NULL),(754,16,0,'Membership Subscription Approved','Membership Subscription 221579 Approved','2022-04-05','221579','Subscription','2022-04-05 18:07:49','2022-04-05 18:07:49',NULL),(755,1,0,'Offer expiry','Golden-will be expired in two days','2022-04-06',NULL,NULL,'2022-04-06 06:00:01','2022-04-06 06:00:01',NULL),(756,2,0,'Offer expiry','Golden-will be expired in two days','2022-04-06',NULL,NULL,'2022-04-06 06:00:01','2022-04-06 06:00:01',NULL),(757,3,0,'Offer expiry','Golden-will be expired in two days','2022-04-06',NULL,NULL,'2022-04-06 06:00:01','2022-04-06 06:00:01',NULL),(758,5,0,'Offer expiry','Golden-will be expired in two days','2022-04-06',NULL,NULL,'2022-04-06 06:00:01','2022-04-06 06:00:01',NULL),(759,6,0,'Offer expiry','Golden-will be expired in two days','2022-04-06',NULL,NULL,'2022-04-06 06:00:02','2022-04-06 06:00:02',NULL),(760,7,0,'Offer expiry','Golden-will be expired in two days','2022-04-06',NULL,NULL,'2022-04-06 06:00:02','2022-04-06 06:00:02',NULL),(761,8,0,'Offer expiry','Golden-will be expired in two days','2022-04-06',NULL,NULL,'2022-04-06 06:00:02','2022-04-06 06:00:02',NULL),(762,9,0,'Offer expiry','Golden-will be expired in two days','2022-04-06',NULL,NULL,'2022-04-06 06:00:02','2022-04-06 06:00:02',NULL),(763,10,0,'Offer expiry','Golden-will be expired in two days','2022-04-06',NULL,NULL,'2022-04-06 06:00:02','2022-04-06 06:00:02',NULL),(764,12,0,'Offer expiry','Golden-will be expired in two days','2022-04-06',NULL,NULL,'2022-04-06 06:00:02','2022-04-06 06:00:02',NULL),(765,13,0,'Offer expiry','Golden-will be expired in two days','2022-04-06',NULL,NULL,'2022-04-06 06:00:02','2022-04-06 06:00:02',NULL),(766,14,0,'Offer expiry','Golden-will be expired in two days','2022-04-06',NULL,NULL,'2022-04-06 06:00:02','2022-04-06 06:00:02',NULL),(767,16,0,'Offer expiry','Golden-will be expired in two days','2022-04-06',NULL,NULL,'2022-04-06 06:00:03','2022-04-06 06:00:03',NULL),(768,17,0,'Offer expiry','Golden-will be expired in two days','2022-04-06',NULL,NULL,'2022-04-06 06:00:03','2022-04-06 06:00:03',NULL),(769,18,0,'Offer expiry','Golden-will be expired in two days','2022-04-06',NULL,NULL,'2022-04-06 06:00:03','2022-04-06 06:00:03',NULL),(770,19,0,'Offer expiry','Golden-will be expired in two days','2022-04-06',NULL,NULL,'2022-04-06 06:00:03','2022-04-06 06:00:03',NULL),(771,20,0,'Offer expiry','Golden-will be expired in two days','2022-04-06',NULL,NULL,'2022-04-06 06:00:03','2022-04-06 06:00:03',NULL),(772,21,0,'Offer expiry','Golden-will be expired in two days','2022-04-06',NULL,NULL,'2022-04-06 06:00:03','2022-04-06 06:00:03',NULL),(773,22,0,'Offer expiry','Golden-will be expired in two days','2022-04-06',NULL,NULL,'2022-04-06 06:00:03','2022-04-06 06:00:03',NULL),(774,23,0,'Offer expiry','Golden-will be expired in two days','2022-04-06',NULL,NULL,'2022-04-06 06:00:03','2022-04-06 06:00:03',NULL),(775,24,0,'Offer expiry','Golden-will be expired in two days','2022-04-06',NULL,NULL,'2022-04-06 06:00:03','2022-04-06 06:00:03',NULL),(776,25,0,'Offer expiry','Golden-will be expired in two days','2022-04-06',NULL,NULL,'2022-04-06 06:00:03','2022-04-06 06:00:03',NULL),(777,26,0,'Offer expiry','Golden-will be expired in two days','2022-04-06',NULL,NULL,'2022-04-06 06:00:04','2022-04-06 06:00:04',NULL),(778,27,0,'Offer expiry','Golden-will be expired in two days','2022-04-06',NULL,NULL,'2022-04-06 06:00:04','2022-04-06 06:00:04',NULL),(779,28,0,'Offer expiry','Golden-will be expired in two days','2022-04-06',NULL,NULL,'2022-04-06 06:00:04','2022-04-06 06:00:04',NULL),(780,29,0,'Offer expiry','Golden-will be expired in two days','2022-04-06',NULL,NULL,'2022-04-06 06:00:04','2022-04-06 06:00:04',NULL),(781,30,0,'Offer expiry','Golden-will be expired in two days','2022-04-06',NULL,NULL,'2022-04-06 06:00:04','2022-04-06 06:00:04',NULL),(782,54,0,'Booking Placed','Booking CP-AP2204064792 Placed','2022-04-06','CP-AP2204064792','Booking','2022-04-06 08:26:17','2022-04-06 08:26:17',NULL),(783,54,0,'Membership Subscription Approved','Membership Subscription 223968 Approved','2022-04-06','223968','Subscription','2022-04-06 09:00:51','2022-04-06 09:00:51',NULL),(784,54,0,'Booking Approved','Booking CP-AP2204064792 Approved','2022-04-06','CP-AP2204064792','Booking','2022-04-06 09:01:54','2022-04-06 09:01:54',NULL),(785,54,0,'Booking Completed','Booking CP-AP2204064792Completed','2022-04-06','CP-AP2204064792','Booking','2022-04-06 09:02:06','2022-04-06 09:02:06',NULL),(786,54,0,'Mobile Grooming Booking Placed','Mobile Grooming Booking CP-MG2204062003 Placed','2022-04-06','CP-MG2204062003','Mobile Grooming Book','2022-04-06 09:05:31','2022-04-06 09:05:31',NULL),(787,54,0,'Hotel Booking Approved','Hotel Booking CP-HB2204054534Approved','2022-04-06','CP-HB2204054534','Hotel Booking','2022-04-06 09:33:32','2022-04-06 09:33:32',NULL),(788,5,0,'Hotel Room Booking Placed','Hotel Room Booking CP-HB2204067181 Placed','2022-04-06','CP-HB2204067181','Hotel Room Booking','2022-04-06 09:39:29','2022-04-06 09:39:29',NULL),(789,54,0,'Hotel Room Booking Placed','Hotel Room Booking CP-HB2204064990 Placed','2022-04-06','CP-HB2204064990','Hotel Room Booking','2022-04-06 10:11:33','2022-04-06 10:11:33',NULL),(790,54,0,'Mobile Grooming Booking Placed','Mobile Grooming Booking CP-MG2204065607 Placed','2022-04-06','CP-MG2204065607','Mobile Grooming Book','2022-04-06 12:44:13','2022-04-06 12:44:13',NULL),(791,54,0,'Mobile Grooming Approved','Mobile Grooming CP-MG2204065607Approved','2022-04-06','CP-MG2204065607','Mobile Grooming','2022-04-06 12:45:01','2022-04-06 12:45:01',NULL),(792,54,0,'Mobile Grooming Booking Placed','Mobile Grooming Booking CP-MG2204064454 Placed','2022-04-06','CP-MG2204064454','Mobile Grooming Book','2022-04-06 12:46:39','2022-04-06 12:46:39',NULL),(793,54,0,'Mobile Grooming Booking Placed','Mobile Grooming Booking CP-MG2204067677 Placed','2022-04-06','CP-MG2204067677','Mobile Grooming Book','2022-04-06 12:52:26','2022-04-06 12:52:26',NULL),(794,54,0,'Mobile Grooming Booking Placed','Mobile Grooming Booking CP-MG2204061857 Placed','2022-04-06','CP-MG2204061857','Mobile Grooming Book','2022-04-06 13:00:09','2022-04-06 13:00:09',NULL),(795,54,0,'Mobile Grooming Booking Placed','Mobile Grooming Booking CP-MG2204062777 Placed','2022-04-06','CP-MG2204062777','Mobile Grooming Book','2022-04-06 13:04:22','2022-04-06 13:04:22',NULL),(796,54,0,'Mobile Grooming Booking Placed','Mobile Grooming Booking CP-MG2204061905 Placed','2022-04-06','CP-MG2204061905','Mobile Grooming Book','2022-04-06 13:05:11','2022-04-06 13:05:11',NULL),(797,54,0,'Mobile Grooming Booking Placed','Mobile Grooming Booking CP-MG2204068161 Placed','2022-04-06','CP-MG2204068161','Mobile Grooming Book','2022-04-06 13:40:26','2022-04-06 13:40:26',NULL),(798,54,0,'Mobile Grooming Booking Placed','Mobile Grooming Booking CP-MG2204061641 Placed','2022-04-06','CP-MG2204061641','Mobile Grooming Book','2022-04-06 13:44:08','2022-04-06 13:44:08',NULL),(799,54,0,'Hotel Room Booking Placed','Hotel Room Booking CP-HB2204069282 Placed','2022-04-06','CP-HB2204069282','Hotel Room Booking','2022-04-06 14:17:59','2022-04-06 14:17:59',NULL),(800,61,0,'Booking Placed','Booking CP-AP2204061595 Placed','2022-04-06','CP-AP2204061595','Booking','2022-04-06 16:41:13','2022-04-06 16:41:13',NULL),(801,61,0,'Booking Approved','Booking CP-AP2204061595 Approved','2022-04-06','CP-AP2204061595','Booking','2022-04-06 16:42:15','2022-04-06 16:42:15',NULL),(802,61,0,'Booking Completed','Booking CP-AP2204061595Completed','2022-04-06','CP-AP2204061595','Booking','2022-04-06 16:43:28','2022-04-06 16:43:28',NULL),(803,61,0,'Membership Subscription Approved','Membership Subscription 228334 Approved','2022-04-06','228334','Subscription','2022-04-06 16:49:32','2022-04-06 16:49:32',NULL),(804,61,0,'Mobile Grooming Booking Placed','Mobile Grooming Booking CP-MG2204064757 Placed','2022-04-06','CP-MG2204064757','Mobile Grooming Book','2022-04-06 16:53:09','2022-04-06 16:53:09',NULL),(805,61,0,'Membership Subscription Approved','Membership Subscription 228334 Approved','2022-04-06','228334','Subscription','2022-04-06 16:56:22','2022-04-06 16:56:22',NULL),(806,1,0,'Offer expiry','Golden-plan will be expired by tommorow','2022-04-07',NULL,NULL,'2022-04-07 06:00:01','2022-04-07 06:00:01',NULL),(807,2,0,'Offer expiry','Golden-plan will be expired by tommorow','2022-04-07',NULL,NULL,'2022-04-07 06:00:01','2022-04-07 06:00:01',NULL),(808,3,0,'Offer expiry','Golden-plan will be expired by tommorow','2022-04-07',NULL,NULL,'2022-04-07 06:00:01','2022-04-07 06:00:01',NULL),(809,5,0,'Offer expiry','Golden-plan will be expired by tommorow','2022-04-07',NULL,NULL,'2022-04-07 06:00:01','2022-04-07 06:00:01',NULL),(810,6,0,'Offer expiry','Golden-plan will be expired by tommorow','2022-04-07',NULL,NULL,'2022-04-07 06:00:02','2022-04-07 06:00:02',NULL),(811,7,0,'Offer expiry','Golden-plan will be expired by tommorow','2022-04-07',NULL,NULL,'2022-04-07 06:00:02','2022-04-07 06:00:02',NULL),(812,8,0,'Offer expiry','Golden-plan will be expired by tommorow','2022-04-07',NULL,NULL,'2022-04-07 06:00:02','2022-04-07 06:00:02',NULL),(813,9,0,'Offer expiry','Golden-plan will be expired by tommorow','2022-04-07',NULL,NULL,'2022-04-07 06:00:02','2022-04-07 06:00:02',NULL),(814,10,0,'Offer expiry','Golden-plan will be expired by tommorow','2022-04-07',NULL,NULL,'2022-04-07 06:00:02','2022-04-07 06:00:02',NULL),(815,12,0,'Offer expiry','Golden-plan will be expired by tommorow','2022-04-07',NULL,NULL,'2022-04-07 06:00:02','2022-04-07 06:00:02',NULL),(816,13,0,'Offer expiry','Golden-plan will be expired by tommorow','2022-04-07',NULL,NULL,'2022-04-07 06:00:02','2022-04-07 06:00:02',NULL),(817,14,0,'Offer expiry','Golden-plan will be expired by tommorow','2022-04-07',NULL,NULL,'2022-04-07 06:00:02','2022-04-07 06:00:02',NULL),(818,16,0,'Offer expiry','Golden-plan will be expired by tommorow','2022-04-07',NULL,NULL,'2022-04-07 06:00:02','2022-04-07 06:00:02',NULL),(819,17,0,'Offer expiry','Golden-plan will be expired by tommorow','2022-04-07',NULL,NULL,'2022-04-07 06:00:03','2022-04-07 06:00:03',NULL),(820,18,0,'Offer expiry','Golden-plan will be expired by tommorow','2022-04-07',NULL,NULL,'2022-04-07 06:00:03','2022-04-07 06:00:03',NULL),(821,19,0,'Offer expiry','Golden-plan will be expired by tommorow','2022-04-07',NULL,NULL,'2022-04-07 06:00:03','2022-04-07 06:00:03',NULL),(822,20,0,'Offer expiry','Golden-plan will be expired by tommorow','2022-04-07',NULL,NULL,'2022-04-07 06:00:03','2022-04-07 06:00:03',NULL),(823,21,0,'Offer expiry','Golden-plan will be expired by tommorow','2022-04-07',NULL,NULL,'2022-04-07 06:00:03','2022-04-07 06:00:03',NULL),(824,22,0,'Offer expiry','Golden-plan will be expired by tommorow','2022-04-07',NULL,NULL,'2022-04-07 06:00:03','2022-04-07 06:00:03',NULL),(825,23,0,'Offer expiry','Golden-plan will be expired by tommorow','2022-04-07',NULL,NULL,'2022-04-07 06:00:03','2022-04-07 06:00:03',NULL),(826,24,0,'Offer expiry','Golden-plan will be expired by tommorow','2022-04-07',NULL,NULL,'2022-04-07 06:00:03','2022-04-07 06:00:03',NULL),(827,25,0,'Offer expiry','Golden-plan will be expired by tommorow','2022-04-07',NULL,NULL,'2022-04-07 06:00:03','2022-04-07 06:00:03',NULL),(828,26,0,'Offer expiry','Golden-plan will be expired by tommorow','2022-04-07',NULL,NULL,'2022-04-07 06:00:04','2022-04-07 06:00:04',NULL),(829,27,0,'Offer expiry','Golden-plan will be expired by tommorow','2022-04-07',NULL,NULL,'2022-04-07 06:00:04','2022-04-07 06:00:04',NULL),(830,28,0,'Offer expiry','Golden-plan will be expired by tommorow','2022-04-07',NULL,NULL,'2022-04-07 06:00:04','2022-04-07 06:00:04',NULL),(831,29,0,'Offer expiry','Golden-plan will be expired by tommorow','2022-04-07',NULL,NULL,'2022-04-07 06:00:04','2022-04-07 06:00:04',NULL),(832,30,0,'Offer expiry','Golden-plan will be expired by tommorow','2022-04-07',NULL,NULL,'2022-04-07 06:00:04','2022-04-07 06:00:04',NULL),(833,1,0,'Mobile Grooming Reminder','Hi Admin, Your pet 1-Chk has a Mobile Grooming today for Bird Sitting on at 6:30 - 7:00','2022-04-07',NULL,NULL,'2022-04-07 07:00:01','2022-04-07 07:00:01',NULL),(834,2,0,'Mobile Grooming Reminder','Hi SB PET B.USER, Your pet 1-Chk has a Mobile Grooming today for Bird Sitting on at 6:30 - 7:00','2022-04-07',NULL,NULL,'2022-04-07 07:00:02','2022-04-07 07:00:02',NULL),(835,3,0,'Mobile Grooming Reminder','Hi SB PET SHOP, Your pet 1-Chk has a Mobile Grooming today for Bird Sitting on at 6:30 - 7:00','2022-04-07',NULL,NULL,'2022-04-07 07:00:02','2022-04-07 07:00:02',NULL),(836,5,0,'Mobile Grooming Reminder','Hi Maya, Your pet 1-Chk has a Mobile Grooming today for Bird Sitting on at 6:30 - 7:00','2022-04-07',NULL,NULL,'2022-04-07 07:00:02','2022-04-07 07:00:02',NULL),(837,6,0,'Mobile Grooming Reminder','Hi vishnu, Your pet 1-Chk has a Mobile Grooming today for Bird Sitting on at 6:30 - 7:00','2022-04-07',NULL,NULL,'2022-04-07 07:00:02','2022-04-07 07:00:02',NULL),(838,7,0,'Mobile Grooming Reminder','Hi Haritha, Your pet 1-Chk has a Mobile Grooming today for Bird Sitting on at 6:30 - 7:00','2022-04-07',NULL,NULL,'2022-04-07 07:00:02','2022-04-07 07:00:02',NULL),(839,8,0,'Mobile Grooming Reminder','Hi H care centre, Your pet 1-Chk has a Mobile Grooming today for Bird Sitting on at 6:30 - 7:00','2022-04-07',NULL,NULL,'2022-04-07 07:00:02','2022-04-07 07:00:02',NULL),(840,9,0,'Mobile Grooming Reminder','Hi Care Center, Your pet 1-Chk has a Mobile Grooming today for Bird Sitting on at 6:30 - 7:00','2022-04-07',NULL,NULL,'2022-04-07 07:00:02','2022-04-07 07:00:02',NULL),(841,10,0,'Mobile Grooming Reminder','Hi Pet Home, Your pet 1-Chk has a Mobile Grooming today for Bird Sitting on at 6:30 - 7:00','2022-04-07',NULL,NULL,'2022-04-07 07:00:02','2022-04-07 07:00:02',NULL),(842,12,0,'Mobile Grooming Reminder','Hi Animal world, Your pet 1-Chk has a Mobile Grooming today for Bird Sitting on at 6:30 - 7:00','2022-04-07',NULL,NULL,'2022-04-07 07:00:03','2022-04-07 07:00:03',NULL),(843,13,0,'Mobile Grooming Reminder','Hi Hari, Your pet 1-Chk has a Mobile Grooming today for Bird Sitting on at 6:30 - 7:00','2022-04-07',NULL,NULL,'2022-04-07 07:00:03','2022-04-07 07:00:03',NULL),(844,14,0,'Mobile Grooming Reminder','Hi Pet & Care, Your pet 1-Chk has a Mobile Grooming today for Bird Sitting on at 6:30 - 7:00','2022-04-07',NULL,NULL,'2022-04-07 07:00:03','2022-04-07 07:00:03',NULL),(845,16,0,'Mobile Grooming Reminder','Hi vishnu, Your pet 1-Chk has a Mobile Grooming today for Bird Sitting on at 6:30 - 7:00','2022-04-07',NULL,NULL,'2022-04-07 07:00:03','2022-04-07 07:00:03',NULL),(846,17,0,'Mobile Grooming Reminder','Hi Thrishika, Your pet 1-Chk has a Mobile Grooming today for Bird Sitting on at 6:30 - 7:00','2022-04-07',NULL,NULL,'2022-04-07 07:00:03','2022-04-07 07:00:03',NULL),(847,18,0,'Mobile Grooming Reminder','Hi Pet Kingdom, Your pet 1-Chk has a Mobile Grooming today for Bird Sitting on at 6:30 - 7:00','2022-04-07',NULL,NULL,'2022-04-07 07:00:03','2022-04-07 07:00:03',NULL),(848,19,0,'Mobile Grooming Reminder','Hi A & A World, Your pet 1-Chk has a Mobile Grooming today for Bird Sitting on at 6:30 - 7:00','2022-04-07',NULL,NULL,'2022-04-07 07:00:03','2022-04-07 07:00:03',NULL),(849,20,0,'Mobile Grooming Reminder','Hi Healthy World, Your pet 1-Chk has a Mobile Grooming today for Bird Sitting on at 6:30 - 7:00','2022-04-07',NULL,NULL,'2022-04-07 07:00:03','2022-04-07 07:00:03',NULL),(850,21,0,'Mobile Grooming Reminder','Hi Healthy World, Your pet 1-Chk has a Mobile Grooming today for Bird Sitting on at 6:30 - 7:00','2022-04-07',NULL,NULL,'2022-04-07 07:00:03','2022-04-07 07:00:03',NULL),(851,22,0,'Mobile Grooming Reminder','Hi Healthy World, Your pet 1-Chk has a Mobile Grooming today for Bird Sitting on at 6:30 - 7:00','2022-04-07',NULL,NULL,'2022-04-07 07:00:03','2022-04-07 07:00:03',NULL),(852,23,0,'Mobile Grooming Reminder','Hi HK care, Your pet 1-Chk has a Mobile Grooming today for Bird Sitting on at 6:30 - 7:00','2022-04-07',NULL,NULL,'2022-04-07 07:00:04','2022-04-07 07:00:04',NULL),(853,24,0,'Mobile Grooming Reminder','Hi Anu, Your pet 1-Chk has a Mobile Grooming today for Bird Sitting on at 6:30 - 7:00','2022-04-07',NULL,NULL,'2022-04-07 07:00:04','2022-04-07 07:00:04',NULL),(854,25,0,'Mobile Grooming Reminder','Hi Pet Care Center, Your pet 1-Chk has a Mobile Grooming today for Bird Sitting on at 6:30 - 7:00','2022-04-07',NULL,NULL,'2022-04-07 07:00:04','2022-04-07 07:00:04',NULL),(855,26,0,'Mobile Grooming Reminder','Hi Home care, Your pet 1-Chk has a Mobile Grooming today for Bird Sitting on at 6:30 - 7:00','2022-04-07',NULL,NULL,'2022-04-07 07:00:04','2022-04-07 07:00:04',NULL),(856,27,0,'Mobile Grooming Reminder','Hi PC clinic, Your pet 1-Chk has a Mobile Grooming today for Bird Sitting on at 6:30 - 7:00','2022-04-07',NULL,NULL,'2022-04-07 07:00:04','2022-04-07 07:00:04',NULL),(857,28,0,'Mobile Grooming Reminder','Hi Dr.ABCD, Your pet 1-Chk has a Mobile Grooming today for Bird Sitting on at 6:30 - 7:00','2022-04-07',NULL,NULL,'2022-04-07 07:00:04','2022-04-07 07:00:04',NULL),(858,29,0,'Mobile Grooming Reminder','Hi Harsha, Your pet 1-Chk has a Mobile Grooming today for Bird Sitting on at 6:30 - 7:00','2022-04-07',NULL,NULL,'2022-04-07 07:00:05','2022-04-07 07:00:05',NULL),(859,30,0,'Mobile Grooming Reminder','Hi Animal care, Your pet 1-Chk has a Mobile Grooming today for Bird Sitting on at 6:30 - 7:00','2022-04-07',NULL,NULL,'2022-04-07 07:00:05','2022-04-07 07:00:05',NULL),(860,65,0,'Booking Placed','Booking CP-AP2204076843 Placed','2022-04-07','CP-AP2204076843','Booking','2022-04-07 10:51:44','2022-04-07 10:51:44',NULL),(861,65,0,'Booking Approved','Booking CP-AP2204076843 Approved','2022-04-07','CP-AP2204076843','Booking','2022-04-07 10:52:19','2022-04-07 10:52:19',NULL),(862,65,0,'Booking Completed','Booking CP-AP2204076843Completed','2022-04-07','CP-AP2204076843','Booking','2022-04-07 10:52:29','2022-04-07 10:52:29',NULL),(863,65,0,'Booking Placed','Booking CP-AP2204074915 Placed','2022-04-07','CP-AP2204074915','Booking','2022-04-07 10:59:34','2022-04-07 10:59:34',NULL),(864,65,0,'Booking Approved','Booking CP-AP2204074915 Approved','2022-04-07','CP-AP2204074915','Booking','2022-04-07 11:00:07','2022-04-07 11:00:07',NULL),(865,65,0,'Booking Completed','Booking CP-AP2204074915Completed','2022-04-07','CP-AP2204074915','Booking','2022-04-07 11:00:18','2022-04-07 11:00:18',NULL),(866,54,0,'Booking Approved','Booking CP-BK2204057534 Approved','2022-04-07','CP-BK2204057534','Booking','2022-04-07 11:27:02','2022-04-07 11:27:02',NULL),(867,54,0,'Booking Completed','Booking CP-BK2204057534Completed','2022-04-07','CP-BK2204057534','Booking','2022-04-07 11:27:26','2022-04-07 11:27:26',NULL),(868,5,0,'Booking In-Progress','Booking CP-BK2203165857 In-Progress','2022-04-07','CP-BK2203165857','Booking','2022-04-07 11:30:03','2022-04-07 11:30:03',NULL),(869,5,0,'Booking Completed','Booking CP-BK2203165857Completed','2022-04-07','CP-BK2203165857','Booking','2022-04-07 11:30:25','2022-04-07 11:30:25',NULL),(870,65,0,'Membership Subscription Approved','Membership Subscription 225225 Approved','2022-04-07','225225','Subscription','2022-04-07 11:36:21','2022-04-07 11:36:21',NULL),(871,16,0,'Membership Subscription Approved','Membership Subscription 221579 Approved','2022-04-07','221579','Subscription','2022-04-07 09:41:45','2022-04-07 09:41:45',NULL),(872,61,0,'Mobile Grooming Approved','Mobile Grooming CP-MG2204064757Approved','2022-04-07','CP-MG2204064757','Mobile Grooming','2022-04-07 10:18:50','2022-04-07 10:18:50',NULL),(873,61,0,'Mobile Grooming Completed','Mobile Grooming CP-MG2204064757Completed','2022-04-07','CP-MG2204064757','Mobile Grooming','2022-04-07 10:19:02','2022-04-07 10:19:02',NULL),(874,65,0,'Mobile Grooming Booking Placed','Mobile Grooming Booking CP-MG2204071049 Placed','2022-04-07','CP-MG2204071049','Mobile Grooming Book','2022-04-07 10:24:52','2022-04-07 10:24:52',NULL),(875,65,0,'Mobile Grooming Approved','Mobile Grooming CP-MG2204071049Approved','2022-04-07','CP-MG2204071049','Mobile Grooming','2022-04-07 10:27:44','2022-04-07 10:27:44',NULL),(876,65,0,'Mobile Grooming Completed','Mobile Grooming CP-MG2204071049Completed','2022-04-07','CP-MG2204071049','Mobile Grooming','2022-04-07 10:28:01','2022-04-07 10:28:01',NULL),(877,65,0,'Hotel Room Booking Placed','Hotel Room Booking CP-HB2204076733 Placed','2022-04-07','CP-HB2204076733','Hotel Room Booking','2022-04-07 10:28:59','2022-04-07 10:28:59',NULL),(878,65,0,'Hotel Booking Approved','Hotel Booking CP-HB2204076733Approved','2022-04-07','CP-HB2204076733','Hotel Booking','2022-04-07 10:30:07','2022-04-07 10:30:07',NULL),(879,65,0,'Hotel Booking Completed','Hotel Booking CP-HB2204076733Completed','2022-04-07','CP-HB2204076733','Hotel Booking','2022-04-07 10:30:19','2022-04-07 10:30:19',NULL),(880,6,0,'Mobile Grooming Booking Placed','Mobile Grooming Booking CP-MG2204074327 Placed','2022-04-07','CP-MG2204074327','Mobile Grooming Book','2022-04-07 11:18:25','2022-04-07 11:18:25',NULL),(881,5,0,'Mobile Grooming Booking Placed','Mobile Grooming Booking CP-MG2204078224 Placed','2022-04-07','CP-MG2204078224','Mobile Grooming Book','2022-04-07 12:09:44','2022-04-07 12:09:44',NULL),(882,5,0,'Mobile Grooming Booking Placed','Mobile Grooming Booking CP-MG2204077126 Placed','2022-04-07','CP-MG2204077126','Mobile Grooming Book','2022-04-07 12:19:29','2022-04-07 12:19:29',NULL),(883,65,0,'Booking Placed','Booking CP-BK2204078886 Placed','2022-04-07','CP-BK2204078886','Booking','2022-04-07 12:19:52','2022-04-07 12:19:52',NULL),(884,65,0,'Mobile Grooming Booking Placed','Mobile Grooming Booking CP-MG2204079873 Placed','2022-04-07','CP-MG2204079873','Mobile Grooming Book','2022-04-07 12:30:33','2022-04-07 12:30:33',NULL),(885,65,0,'Mobile Grooming Rejected','Mobile Grooming CP-MG2204079873Rejected','2022-04-07','CP-MG2204079873','Mobile Grooming','2022-04-07 12:31:55','2022-04-07 12:31:55',NULL),(886,65,0,'Mobile Grooming Booking Placed','Mobile Grooming Booking CP-MG2204079295 Placed','2022-04-07','CP-MG2204079295','Mobile Grooming Book','2022-04-07 12:33:41','2022-04-07 12:33:41',NULL),(887,65,0,'Mobile Grooming Approved','Mobile Grooming CP-MG2204079295Approved','2022-04-07','CP-MG2204079295','Mobile Grooming','2022-04-07 12:34:13','2022-04-07 12:34:13',NULL),(888,65,0,'Hotel Room Booking Placed','Hotel Room Booking CP-HB2204075412 Placed','2022-04-07','CP-HB2204075412','Hotel Room Booking','2022-04-07 12:35:15','2022-04-07 12:35:15',NULL),(889,65,0,'Hotel Room Booking Placed','Hotel Room Booking CP-HB2204071315 Placed','2022-04-07','CP-HB2204071315','Hotel Room Booking','2022-04-07 12:40:21','2022-04-07 12:40:21',NULL),(890,65,0,'Hotel Room Booking Placed','Hotel Room Booking CP-HB2204075991 Placed','2022-04-07','CP-HB2204075991','Hotel Room Booking','2022-04-07 12:42:13','2022-04-07 12:42:13',NULL),(891,65,0,'Hotel Booking Approved','Hotel Booking CP-HB2204075991Approved','2022-04-07','CP-HB2204075991','Hotel Booking','2022-04-07 12:47:23','2022-04-07 12:47:23',NULL),(892,65,0,'Hotel Booking Completed','Hotel Booking CP-HB2204075991Completed','2022-04-07','CP-HB2204075991','Hotel Booking','2022-04-07 12:47:39','2022-04-07 12:47:39',NULL),(893,65,0,'Mobile Grooming Rejected','Mobile Grooming CP-MG2204079295Rejected','2022-04-07','CP-MG2204079295','Mobile Grooming','2022-04-07 12:51:34','2022-04-07 12:51:34',NULL),(894,65,0,'Booking Placed','Booking CP-BK2204071444 Placed','2022-04-07','CP-BK2204071444','Booking','2022-04-07 12:55:31','2022-04-07 12:55:31',NULL),(895,65,0,'Booking Rejected','Booking CP-BK2204078886 Rejected','2022-04-07','CP-BK2204078886','Booking','2022-04-07 12:56:21','2022-04-07 12:56:21',NULL),(896,65,0,'Booking In-Progress','Booking CP-BK2204071444 In-Progress','2022-04-07','CP-BK2204071444','Booking','2022-04-07 12:57:16','2022-04-07 12:57:16',NULL),(897,65,0,'Booking Placed','Booking CP-AP2204076339 Placed','2022-04-07','CP-AP2204076339','Booking','2022-04-07 12:58:11','2022-04-07 12:58:11',NULL),(898,65,0,'Booking Placed','Booking CP-AP2204077112 Placed','2022-04-07','CP-AP2204077112','Booking','2022-04-07 12:59:42','2022-04-07 12:59:42',NULL),(899,65,0,'Booking Approved','Booking CP-AP2204077112 Approved','2022-04-07','CP-AP2204077112','Booking','2022-04-07 13:04:08','2022-04-07 13:04:08',NULL),(900,65,0,'Booking Rejected','Booking CP-AP2204077112 Rejected','2022-04-07','CP-AP2204077112','Booking','2022-04-07 13:04:35','2022-04-07 13:04:35',NULL),(901,65,0,'Booking Approved','Booking CP-AP2204076339 Approved','2022-04-07','CP-AP2204076339','Booking','2022-04-07 13:10:55','2022-04-07 13:10:55',NULL),(902,65,0,'Booking Rejected','Booking CP-AP2204076339 Rejected','2022-04-07','CP-AP2204076339','Booking','2022-04-07 13:11:12','2022-04-07 13:11:12',NULL),(903,65,0,'Mobile Grooming Booking Placed','Mobile Grooming Booking CP-MG2204079202 Placed','2022-04-07','CP-MG2204079202','Mobile Grooming Book','2022-04-07 13:26:25','2022-04-07 13:26:25',NULL),(904,5,0,'Booking Approved','Booking CP-AP2203231215 Approved','2022-04-07','CP-AP2203231215','Booking','2022-04-07 13:39:47','2022-04-07 13:39:47',NULL),(905,5,0,'Booking Rejected','Booking CP-AP2203231215 Rejected','2022-04-07','CP-AP2203231215','Booking','2022-04-07 13:40:21','2022-04-07 13:40:21',NULL),(906,6,0,'Hotel Room Booking Placed','Hotel Room Booking CP-HB2204077181 Placed','2022-04-07','CP-HB2204077181','Hotel Room Booking','2022-04-07 14:04:28','2022-04-07 14:04:28',NULL),(907,1,0,'Offer expiry','Golden-plan expired','2022-04-08',NULL,NULL,'2022-04-08 02:00:01','2022-04-08 02:00:01',NULL),(908,2,0,'Offer expiry','Golden-plan expired','2022-04-08',NULL,NULL,'2022-04-08 02:00:01','2022-04-08 02:00:01',NULL),(909,3,0,'Offer expiry','Golden-plan expired','2022-04-08',NULL,NULL,'2022-04-08 02:00:01','2022-04-08 02:00:01',NULL),(910,5,0,'Offer expiry','Golden-plan expired','2022-04-08',NULL,NULL,'2022-04-08 02:00:01','2022-04-08 02:00:01',NULL),(911,6,0,'Offer expiry','Golden-plan expired','2022-04-08',NULL,NULL,'2022-04-08 02:00:02','2022-04-08 02:00:02',NULL),(912,7,0,'Offer expiry','Golden-plan expired','2022-04-08',NULL,NULL,'2022-04-08 02:00:02','2022-04-08 02:00:02',NULL),(913,8,0,'Offer expiry','Golden-plan expired','2022-04-08',NULL,NULL,'2022-04-08 02:00:02','2022-04-08 02:00:02',NULL),(914,9,0,'Offer expiry','Golden-plan expired','2022-04-08',NULL,NULL,'2022-04-08 02:00:02','2022-04-08 02:00:02',NULL),(915,10,0,'Offer expiry','Golden-plan expired','2022-04-08',NULL,NULL,'2022-04-08 02:00:02','2022-04-08 02:00:02',NULL),(916,12,0,'Offer expiry','Golden-plan expired','2022-04-08',NULL,NULL,'2022-04-08 02:00:02','2022-04-08 02:00:02',NULL),(917,13,0,'Offer expiry','Golden-plan expired','2022-04-08',NULL,NULL,'2022-04-08 02:00:02','2022-04-08 02:00:02',NULL),(918,14,0,'Offer expiry','Golden-plan expired','2022-04-08',NULL,NULL,'2022-04-08 02:00:02','2022-04-08 02:00:02',NULL),(919,16,0,'Offer expiry','Golden-plan expired','2022-04-08',NULL,NULL,'2022-04-08 02:00:02','2022-04-08 02:00:02',NULL),(920,17,0,'Offer expiry','Golden-plan expired','2022-04-08',NULL,NULL,'2022-04-08 02:00:02','2022-04-08 02:00:02',NULL),(921,18,0,'Offer expiry','Golden-plan expired','2022-04-08',NULL,NULL,'2022-04-08 02:00:03','2022-04-08 02:00:03',NULL),(922,19,0,'Offer expiry','Golden-plan expired','2022-04-08',NULL,NULL,'2022-04-08 02:00:03','2022-04-08 02:00:03',NULL),(923,20,0,'Offer expiry','Golden-plan expired','2022-04-08',NULL,NULL,'2022-04-08 02:00:03','2022-04-08 02:00:03',NULL),(924,21,0,'Offer expiry','Golden-plan expired','2022-04-08',NULL,NULL,'2022-04-08 02:00:03','2022-04-08 02:00:03',NULL),(925,22,0,'Offer expiry','Golden-plan expired','2022-04-08',NULL,NULL,'2022-04-08 02:00:03','2022-04-08 02:00:03',NULL),(926,23,0,'Offer expiry','Golden-plan expired','2022-04-08',NULL,NULL,'2022-04-08 02:00:03','2022-04-08 02:00:03',NULL),(927,24,0,'Offer expiry','Golden-plan expired','2022-04-08',NULL,NULL,'2022-04-08 02:00:03','2022-04-08 02:00:03',NULL),(928,25,0,'Offer expiry','Golden-plan expired','2022-04-08',NULL,NULL,'2022-04-08 02:00:03','2022-04-08 02:00:03',NULL),(929,26,0,'Offer expiry','Golden-plan expired','2022-04-08',NULL,NULL,'2022-04-08 02:00:03','2022-04-08 02:00:03',NULL),(930,27,0,'Offer expiry','Golden-plan expired','2022-04-08',NULL,NULL,'2022-04-08 02:00:04','2022-04-08 02:00:04',NULL),(931,28,0,'Offer expiry','Golden-plan expired','2022-04-08',NULL,NULL,'2022-04-08 02:00:04','2022-04-08 02:00:04',NULL),(932,29,0,'Offer expiry','Golden-plan expired','2022-04-08',NULL,NULL,'2022-04-08 02:00:04','2022-04-08 02:00:04',NULL),(933,30,0,'Offer expiry','Golden-plan expired','2022-04-08',NULL,NULL,'2022-04-08 02:00:04','2022-04-08 02:00:04',NULL),(934,65,0,'Mobile Grooming Booking Placed','Mobile Grooming Booking CP-MG2204082590 Placed','2022-04-08','CP-MG2204082590','Mobile Grooming Book','2022-04-08 05:37:30','2022-04-08 05:37:30',NULL),(935,65,0,'Mobile Grooming Booking Placed','Mobile Grooming Booking CP-MG2204086433 Placed','2022-04-08','CP-MG2204086433','Mobile Grooming Book','2022-04-08 05:42:35','2022-04-08 05:42:35',NULL),(936,65,0,'Mobile Grooming Booking Placed','Mobile Grooming Booking CP-MG2204083424 Placed','2022-04-08','CP-MG2204083424','Mobile Grooming Book','2022-04-08 06:00:28','2022-04-08 06:00:28',NULL),(937,65,0,'Hotel Room Booking Placed','Hotel Room Booking CP-HB2204086318 Placed','2022-04-08','CP-HB2204086318','Hotel Room Booking','2022-04-08 12:43:14','2022-04-08 12:43:14',NULL),(938,1,0,'Offer expiry','Silver-plan will be expired by tommorow','2022-04-09',NULL,NULL,'2022-04-09 02:00:02','2022-04-09 02:00:02',NULL),(939,2,0,'Offer expiry','Silver-plan will be expired by tommorow','2022-04-09',NULL,NULL,'2022-04-09 02:00:03','2022-04-09 02:00:03',NULL),(940,3,0,'Offer expiry','Silver-plan will be expired by tommorow','2022-04-09',NULL,NULL,'2022-04-09 02:00:04','2022-04-09 02:00:04',NULL),(941,5,0,'Offer expiry','Silver-plan will be expired by tommorow','2022-04-09',NULL,NULL,'2022-04-09 02:00:05','2022-04-09 02:00:05',NULL),(942,6,0,'Offer expiry','Silver-plan will be expired by tommorow','2022-04-09',NULL,NULL,'2022-04-09 02:00:09','2022-04-09 02:00:09',NULL),(943,7,0,'Offer expiry','Silver-plan will be expired by tommorow','2022-04-09',NULL,NULL,'2022-04-09 02:00:14','2022-04-09 02:00:14',NULL),(944,8,0,'Offer expiry','Silver-plan will be expired by tommorow','2022-04-09',NULL,NULL,'2022-04-09 02:00:20','2022-04-09 02:00:20',NULL),(945,9,0,'Offer expiry','Silver-plan will be expired by tommorow','2022-04-09',NULL,NULL,'2022-04-09 02:00:27','2022-04-09 02:00:27',NULL),(946,10,0,'Offer expiry','Silver-plan will be expired by tommorow','2022-04-09',NULL,NULL,'2022-04-09 02:00:28','2022-04-09 02:00:28',NULL),(947,12,0,'Offer expiry','Silver-plan will be expired by tommorow','2022-04-09',NULL,NULL,'2022-04-09 02:00:28','2022-04-09 02:00:28',NULL),(948,13,0,'Offer expiry','Silver-plan will be expired by tommorow','2022-04-09',NULL,NULL,'2022-04-09 02:00:29','2022-04-09 02:00:29',NULL),(949,14,0,'Offer expiry','Silver-plan will be expired by tommorow','2022-04-09',NULL,NULL,'2022-04-09 02:00:32','2022-04-09 02:00:32',NULL),(950,16,0,'Offer expiry','Silver-plan will be expired by tommorow','2022-04-09',NULL,NULL,'2022-04-09 02:00:37','2022-04-09 02:00:37',NULL),(951,17,0,'Offer expiry','Silver-plan will be expired by tommorow','2022-04-09',NULL,NULL,'2022-04-09 02:00:45','2022-04-09 02:00:45',NULL),(952,18,0,'Offer expiry','Silver-plan will be expired by tommorow','2022-04-09',NULL,NULL,'2022-04-09 02:00:46','2022-04-09 02:00:46',NULL),(953,19,0,'Offer expiry','Silver-plan will be expired by tommorow','2022-04-09',NULL,NULL,'2022-04-09 02:00:47','2022-04-09 02:00:47',NULL),(954,20,0,'Offer expiry','Silver-plan will be expired by tommorow','2022-04-09',NULL,NULL,'2022-04-09 02:00:48','2022-04-09 02:00:48',NULL),(955,21,0,'Offer expiry','Silver-plan will be expired by tommorow','2022-04-09',NULL,NULL,'2022-04-09 02:00:48','2022-04-09 02:00:48',NULL),(956,22,0,'Offer expiry','Silver-plan will be expired by tommorow','2022-04-09',NULL,NULL,'2022-04-09 02:00:54','2022-04-09 02:00:54',NULL),(957,23,0,'Offer expiry','Silver-plan will be expired by tommorow','2022-04-09',NULL,NULL,'2022-04-09 02:00:55','2022-04-09 02:00:55',NULL),(958,24,0,'Offer expiry','Silver-plan will be expired by tommorow','2022-04-09',NULL,NULL,'2022-04-09 02:00:56','2022-04-09 02:00:56',NULL),(959,25,0,'Offer expiry','Silver-plan will be expired by tommorow','2022-04-09',NULL,NULL,'2022-04-09 02:00:56','2022-04-09 02:00:56',NULL),(960,26,0,'Offer expiry','Silver-plan will be expired by tommorow','2022-04-09',NULL,NULL,'2022-04-09 02:00:57','2022-04-09 02:00:57',NULL),(961,27,0,'Offer expiry','Silver-plan will be expired by tommorow','2022-04-09',NULL,NULL,'2022-04-09 02:00:58','2022-04-09 02:00:58',NULL),(962,28,0,'Offer expiry','Silver-plan will be expired by tommorow','2022-04-09',NULL,NULL,'2022-04-09 02:00:58','2022-04-09 02:00:58',NULL),(963,29,0,'Offer expiry','Silver-plan will be expired by tommorow','2022-04-09',NULL,NULL,'2022-04-09 02:00:59','2022-04-09 02:00:59',NULL),(964,30,0,'Offer expiry','Silver-plan will be expired by tommorow','2022-04-09',NULL,NULL,'2022-04-09 02:01:00','2022-04-09 02:01:00',NULL),(965,1,0,'Offer expiry','Silver-will be expired in two days','2022-04-10',NULL,NULL,'2022-04-10 02:00:01','2022-04-10 02:00:01',NULL),(966,2,0,'Offer expiry','Silver-will be expired in two days','2022-04-10',NULL,NULL,'2022-04-10 02:00:01','2022-04-10 02:00:01',NULL),(967,3,0,'Offer expiry','Silver-will be expired in two days','2022-04-10',NULL,NULL,'2022-04-10 02:00:02','2022-04-10 02:00:02',NULL),(968,5,0,'Offer expiry','Silver-will be expired in two days','2022-04-10',NULL,NULL,'2022-04-10 02:00:02','2022-04-10 02:00:02',NULL),(969,6,0,'Offer expiry','Silver-will be expired in two days','2022-04-10',NULL,NULL,'2022-04-10 02:00:02','2022-04-10 02:00:02',NULL),(970,7,0,'Offer expiry','Silver-will be expired in two days','2022-04-10',NULL,NULL,'2022-04-10 02:00:02','2022-04-10 02:00:02',NULL),(971,8,0,'Offer expiry','Silver-will be expired in two days','2022-04-10',NULL,NULL,'2022-04-10 02:00:02','2022-04-10 02:00:02',NULL),(972,9,0,'Offer expiry','Silver-will be expired in two days','2022-04-10',NULL,NULL,'2022-04-10 02:00:02','2022-04-10 02:00:02',NULL),(973,10,0,'Offer expiry','Silver-will be expired in two days','2022-04-10',NULL,NULL,'2022-04-10 02:00:02','2022-04-10 02:00:02',NULL),(974,12,0,'Offer expiry','Silver-will be expired in two days','2022-04-10',NULL,NULL,'2022-04-10 02:00:02','2022-04-10 02:00:02',NULL),(975,13,0,'Offer expiry','Silver-will be expired in two days','2022-04-10',NULL,NULL,'2022-04-10 02:00:03','2022-04-10 02:00:03',NULL),(976,14,0,'Offer expiry','Silver-will be expired in two days','2022-04-10',NULL,NULL,'2022-04-10 02:00:03','2022-04-10 02:00:03',NULL),(977,16,0,'Offer expiry','Silver-will be expired in two days','2022-04-10',NULL,NULL,'2022-04-10 02:00:03','2022-04-10 02:00:03',NULL),(978,17,0,'Offer expiry','Silver-will be expired in two days','2022-04-10',NULL,NULL,'2022-04-10 02:00:03','2022-04-10 02:00:03',NULL),(979,18,0,'Offer expiry','Silver-will be expired in two days','2022-04-10',NULL,NULL,'2022-04-10 02:00:03','2022-04-10 02:00:03',NULL),(980,19,0,'Offer expiry','Silver-will be expired in two days','2022-04-10',NULL,NULL,'2022-04-10 02:00:04','2022-04-10 02:00:04',NULL),(981,20,0,'Offer expiry','Silver-will be expired in two days','2022-04-10',NULL,NULL,'2022-04-10 02:00:04','2022-04-10 02:00:04',NULL),(982,21,0,'Offer expiry','Silver-will be expired in two days','2022-04-10',NULL,NULL,'2022-04-10 02:00:04','2022-04-10 02:00:04',NULL),(983,22,0,'Offer expiry','Silver-will be expired in two days','2022-04-10',NULL,NULL,'2022-04-10 02:00:04','2022-04-10 02:00:04',NULL),(984,23,0,'Offer expiry','Silver-will be expired in two days','2022-04-10',NULL,NULL,'2022-04-10 02:00:04','2022-04-10 02:00:04',NULL),(985,24,0,'Offer expiry','Silver-will be expired in two days','2022-04-10',NULL,NULL,'2022-04-10 02:00:04','2022-04-10 02:00:04',NULL),(986,25,0,'Offer expiry','Silver-will be expired in two days','2022-04-10',NULL,NULL,'2022-04-10 02:00:04','2022-04-10 02:00:04',NULL),(987,26,0,'Offer expiry','Silver-will be expired in two days','2022-04-10',NULL,NULL,'2022-04-10 02:00:04','2022-04-10 02:00:04',NULL),(988,27,0,'Offer expiry','Silver-will be expired in two days','2022-04-10',NULL,NULL,'2022-04-10 02:00:04','2022-04-10 02:00:04',NULL),(989,28,0,'Offer expiry','Silver-will be expired in two days','2022-04-10',NULL,NULL,'2022-04-10 02:00:04','2022-04-10 02:00:04',NULL),(990,29,0,'Offer expiry','Silver-will be expired in two days','2022-04-10',NULL,NULL,'2022-04-10 02:00:05','2022-04-10 02:00:05',NULL),(991,30,0,'Offer expiry','Silver-will be expired in two days','2022-04-10',NULL,NULL,'2022-04-10 02:00:05','2022-04-10 02:00:05',NULL),(992,65,0,'Mobile Grooming Booking Placed','Mobile Grooming Booking CP-MG2204117442 Placed','2022-04-11','CP-MG2204117442','Mobile Grooming Book','2022-04-11 04:53:17','2022-04-11 04:53:17',NULL),(993,65,0,'Mobile Grooming Booking Placed','Mobile Grooming Booking CP-MG2204117767 Placed','2022-04-11','CP-MG2204117767','Mobile Grooming Book','2022-04-11 04:56:17','2022-04-11 04:56:17',NULL),(994,65,0,'Booking Approved','Booking CP-BK2204071444 Approved','2022-04-11','CP-BK2204071444','Booking','2022-04-11 05:12:11','2022-04-11 05:12:11',NULL),(995,5,0,'Booking Completed','Booking CP-BK2203162930Completed','2022-04-11','CP-BK2203162930','Booking','2022-04-11 06:44:35','2022-04-11 06:44:35',NULL),(996,5,0,'Booking Approved','Booking CP-BK2203141707 Approved','2022-04-11','CP-BK2203141707','Booking','2022-04-11 13:49:43','2022-04-11 13:49:43',NULL),(997,65,0,'Hotel Room Booking Placed','Hotel Room Booking CP-HB2204128206 Placed','2022-04-12','CP-HB2204128206','Hotel Room Booking','2022-04-12 05:00:09','2022-04-12 05:00:09',NULL),(998,65,0,'Hotel Room Booking Placed','Hotel Room Booking CP-HB2204122784 Placed','2022-04-12','CP-HB2204122784','Hotel Room Booking','2022-04-12 05:01:55','2022-04-12 05:01:55',NULL),(999,65,0,'Mobile Grooming Booking Placed','Mobile Grooming Booking CP-MG2204127201 Placed','2022-04-12','CP-MG2204127201','Mobile Grooming Book','2022-04-12 06:38:36','2022-04-12 06:38:36',NULL),(1000,65,0,'Mobile Grooming Approved','Mobile Grooming CP-MG2204127201Approved','2022-04-12','CP-MG2204127201','Mobile Grooming','2022-04-12 06:41:04','2022-04-12 06:41:04',NULL),(1001,65,0,'Mobile Grooming Rejected','Mobile Grooming CP-MG2204127201Rejected','2022-04-12','CP-MG2204127201','Mobile Grooming','2022-04-12 06:41:26','2022-04-12 06:41:26',NULL),(1002,65,0,'Mobile Grooming Approved','Mobile Grooming CP-MG2204117767Approved','2022-04-12','CP-MG2204117767','Mobile Grooming','2022-04-12 06:43:27','2022-04-12 06:43:27',NULL),(1003,65,0,'Mobile Grooming Completed','Mobile Grooming CP-MG2204117767Completed','2022-04-12','CP-MG2204117767','Mobile Grooming','2022-04-12 06:43:50','2022-04-12 06:43:50',NULL),(1004,90,0,'Booking Placed','Booking CP-BK2204121169 Placed','2022-04-12','CP-BK2204121169','Booking','2022-04-12 09:40:00','2022-04-12 09:40:00',NULL),(1005,90,0,'Booking Approved','Booking CP-BK2204121169 Approved','2022-04-12','CP-BK2204121169','Booking','2022-04-12 09:40:34','2022-04-12 09:40:34',NULL),(1006,90,0,'Booking Completed','Booking CP-BK2204121169Completed','2022-04-12','CP-BK2204121169','Booking','2022-04-12 09:40:42','2022-04-12 09:40:42',NULL),(1007,90,0,'Booking Placed','Booking CP-BK2204124480 Placed','2022-04-12','CP-BK2204124480','Booking','2022-04-12 12:26:45','2022-04-12 12:26:45',NULL),(1008,86,0,'Hotel Room Booking Placed','Hotel Room Booking CP-HB2204131033 Placed','2022-04-13','CP-HB2204131033','Hotel Room Booking','2022-04-13 09:41:07','2022-04-13 09:41:07',NULL),(1009,90,0,'Service Booking Rescheduled','Service Booking CP-BK2204124480Rescheduled','2022-04-13','CP-BK2204124480','Booking','2022-04-13 10:54:13','2022-04-13 10:54:13',NULL),(1010,90,0,'Service Booking Rescheduled','Service Booking CP-BK2204124480Rescheduled','2022-04-13','CP-BK2204124480','Booking','2022-04-13 10:54:16','2022-04-13 10:54:16',NULL),(1011,65,0,'Mobile Grooming Approved','Mobile Grooming CP-MG2204117442Approved','2022-04-13','CP-MG2204117442','Mobile Grooming','2022-04-13 11:45:05','2022-04-13 11:45:05',NULL),(1012,65,0,'Mobile Grooming Approved','Mobile Grooming CP-MG2204083424Approved','2022-04-13','CP-MG2204083424','Mobile Grooming','2022-04-13 11:45:37','2022-04-13 11:45:37',NULL),(1013,86,0,'Mobile Grooming Booking Placed','Mobile Grooming Booking CP-MG2204138881 Placed','2022-04-13','CP-MG2204138881','Mobile Grooming Book','2022-04-13 12:47:18','2022-04-13 12:47:18',NULL),(1014,65,0,'Mobile Grooming Rejected','Mobile Grooming CP-MG2204083424Rejected','2022-04-13','CP-MG2204083424','Mobile Grooming','2022-04-13 12:52:53','2022-04-13 12:52:53',NULL),(1015,86,0,'Booking Placed','Booking CP-AP2204131085 Placed','2022-04-13','CP-AP2204131085','Booking','2022-04-13 13:18:00','2022-04-13 13:18:00',NULL),(1016,86,0,'Booking Placed','Booking CP-BK2204141318 Placed','2022-04-14','CP-BK2204141318','Booking','2022-04-14 05:06:29','2022-04-14 05:06:29',NULL),(1017,86,0,'Booking Approved','Booking CP-BK2204141318 Approved','2022-04-14','CP-BK2204141318','Booking','2022-04-14 05:07:32','2022-04-14 05:07:32',NULL),(1018,86,0,'Booking Completed','Booking CP-BK2204141318Completed','2022-04-14','CP-BK2204141318','Booking','2022-04-14 05:07:45','2022-04-14 05:07:45',NULL),(1019,98,0,'Booking Placed','Booking CP-AP2204143963 Placed','2022-04-14','CP-AP2204143963','Booking','2022-04-14 05:13:32','2022-04-14 05:13:32',NULL),(1020,98,0,'Booking Approved','Booking CP-AP2204143963 Approved','2022-04-14','CP-AP2204143963','Booking','2022-04-14 05:14:38','2022-04-14 05:14:38',NULL),(1021,98,0,'Booking Completed','Booking CP-AP2204143963Completed','2022-04-14','CP-AP2204143963','Booking','2022-04-14 05:15:00','2022-04-14 05:15:00',NULL),(1022,98,0,'Hotel Room Booking Placed','Hotel Room Booking CP-HB2204148446 Placed','2022-04-14','CP-HB2204148446','Hotel Room Booking','2022-04-14 09:07:33','2022-04-14 09:07:33',NULL),(1023,98,0,'Hotel Room Booking Placed','Hotel Room Booking CP-HB2204147936 Placed','2022-04-14','CP-HB2204147936','Hotel Room Booking','2022-04-14 09:08:57','2022-04-14 09:08:57',NULL),(1024,90,0,'Booking Approved','Booking CP-BK2204124480 Approved','2022-04-18','CP-BK2204124480','Booking','2022-04-18 06:08:54','2022-04-18 06:08:54',NULL),(1025,90,0,'Booking Completed','Booking CP-BK2204124480Completed','2022-04-18','CP-BK2204124480','Booking','2022-04-18 06:09:07','2022-04-18 06:09:07',NULL),(1026,5,0,'Booking Approved','Booking CP-BK2203168697 Approved','2022-04-18','CP-BK2203168697','Booking','2022-04-18 06:17:32','2022-04-18 06:17:32',NULL),(1027,5,0,'Booking Completed','Booking CP-BK2203168697Completed','2022-04-18','CP-BK2203168697','Booking','2022-04-18 06:17:46','2022-04-18 06:17:46',NULL),(1028,5,0,'Booking Approved','Booking CP-BK2203161307 Approved','2022-04-18','CP-BK2203161307','Booking','2022-04-18 06:32:55','2022-04-18 06:32:55',NULL),(1029,65,0,'Hotel Room Booking Placed','Hotel Room Booking CP-HB2204189601 Placed','2022-04-18','CP-HB2204189601','Hotel Room Booking','2022-04-18 07:07:37','2022-04-18 07:07:37',NULL),(1030,65,0,'Mobile Grooming Booking Placed','Mobile Grooming Booking CP-MG2204183855 Placed','2022-04-18','CP-MG2204183855','Mobile Grooming Book','2022-04-18 09:23:06','2022-04-18 09:23:06',NULL),(1031,65,0,'Mobile Grooming Booking Placed','Mobile Grooming Booking CP-MG2204183870 Placed','2022-04-18','CP-MG2204183870','Mobile Grooming Book','2022-04-18 09:23:56','2022-04-18 09:23:56',NULL),(1032,65,0,'Mobile Grooming Booking Placed','Mobile Grooming Booking CP-MG2204189275 Placed','2022-04-18','CP-MG2204189275','Mobile Grooming Book','2022-04-18 09:25:12','2022-04-18 09:25:12',NULL),(1033,65,0,'Booking Cancelled','Booking CP-BK2204071444 Cancelled','2022-04-18','CP-BK2204071444','Booking','2022-04-18 10:54:56','2022-04-18 10:54:56',NULL),(1034,65,0,'Booking Placed','Booking CP-AP2204186311 Placed','2022-04-18','CP-AP2204186311','Booking','2022-04-18 11:40:40','2022-04-18 11:40:40',NULL),(1035,65,0,'Booking Placed','Booking CP-AP2204189661 Placed','2022-04-18','CP-AP2204189661','Booking','2022-04-18 12:40:50','2022-04-18 12:40:50',NULL),(1036,65,0,'Booking Approved','Booking CP-AP2204189661 Approved','2022-04-18','CP-AP2204189661','Booking','2022-04-18 12:41:26','2022-04-18 12:41:26',NULL),(1037,65,0,'Booking Completed','Booking CP-AP2204189661Completed','2022-04-18','CP-AP2204189661','Booking','2022-04-18 12:41:36','2022-04-18 12:41:36',NULL),(1038,65,0,'Booking Placed','Booking CP-BK2204183819 Placed','2022-04-18','CP-BK2204183819','Booking','2022-04-18 12:42:17','2022-04-18 12:42:17',NULL),(1039,65,0,'Booking Approved','Booking CP-BK2204183819 Approved','2022-04-18','CP-BK2204183819','Booking','2022-04-18 12:42:52','2022-04-18 12:42:52',NULL),(1040,65,0,'Booking Completed','Booking CP-BK2204183819Completed','2022-04-18','CP-BK2204183819','Booking','2022-04-18 12:43:05','2022-04-18 12:43:05',NULL),(1041,5,0,'Booking Approved','Booking CP-BK2203142000 Approved','2022-04-18','CP-BK2203142000','Booking','2022-04-18 12:43:29','2022-04-18 12:43:29',NULL),(1042,5,0,'Booking Completed','Booking CP-BK2203142000Completed','2022-04-18','CP-BK2203142000','Booking','2022-04-18 12:43:44','2022-04-18 12:43:44',NULL),(1043,5,0,'Booking Approved','Booking CP-BK2203142309 Approved','2022-04-18','CP-BK2203142309','Booking','2022-04-18 13:29:59','2022-04-18 13:29:59',NULL),(1044,5,0,'Booking Completed','Booking CP-BK2203142309Completed','2022-04-18','CP-BK2203142309','Booking','2022-04-18 13:30:13','2022-04-18 13:30:13',NULL),(1045,5,0,'Booking Approved','Booking CP-BK2203156531 Approved','2022-04-18','CP-BK2203156531','Booking','2022-04-18 13:30:42','2022-04-18 13:30:42',NULL),(1046,5,0,'Booking Completed','Booking CP-BK2203156531Completed','2022-04-18','CP-BK2203156531','Booking','2022-04-18 13:30:53','2022-04-18 13:30:53',NULL),(1047,65,0,'Booking Placed','Booking CP-BK2204195486 Placed','2022-04-19','CP-BK2204195486','Booking','2022-04-19 06:30:34','2022-04-19 06:30:34',NULL),(1048,65,0,'Booking Placed','Booking CP-BK2204199506 Placed','2022-04-19','CP-BK2204199506','Booking','2022-04-19 07:16:55','2022-04-19 07:16:55',NULL),(1049,65,0,'Mobile Grooming Booking Placed','Mobile Grooming Booking CP-MG2204194033 Placed','2022-04-19','CP-MG2204194033','Mobile Grooming Book','2022-04-19 10:42:29','2022-04-19 10:42:29',NULL),(1050,65,0,'Mobile Grooming Approved','Mobile Grooming CP-MG2204194033Approved','2022-04-19','CP-MG2204194033','Mobile Grooming','2022-04-19 10:43:23','2022-04-19 10:43:23',NULL),(1051,65,0,'Mobile Grooming Completed','Mobile Grooming CP-MG2204194033Completed','2022-04-19','CP-MG2204194033','Mobile Grooming','2022-04-19 10:43:36','2022-04-19 10:43:36',NULL),(1052,65,0,'Booking Placed','Booking CP-AP2204193569 Placed','2022-04-19','CP-AP2204193569','Booking','2022-04-19 11:56:37','2022-04-19 11:56:37',NULL),(1053,65,0,'Booking Placed','Booking CP-BK2204196187 Placed','2022-04-19','CP-BK2204196187','Booking','2022-04-19 12:49:48','2022-04-19 12:49:48',NULL),(1054,65,0,'Booking Placed','Booking CP-BK2204197892 Placed','2022-04-19','CP-BK2204197892','Booking','2022-04-19 13:33:55','2022-04-19 13:33:55',NULL),(1055,65,0,'Booking Placed','Booking CP-BK2204195820 Placed','2022-04-19','CP-BK2204195820','Booking','2022-04-19 13:35:55','2022-04-19 13:35:55',NULL),(1056,65,0,'Booking Placed','Booking CP-BK2204206858 Placed','2022-04-20','CP-BK2204206858','Booking','2022-04-20 05:36:12','2022-04-20 05:36:12',NULL),(1057,65,0,'Booking Placed','Booking CP-AP2204209241 Placed','2022-04-20','CP-AP2204209241','Booking','2022-04-20 05:37:17','2022-04-20 05:37:17',NULL),(1058,65,0,'Booking Placed','Booking CP-BK2204203877 Placed','2022-04-20','CP-BK2204203877','Booking','2022-04-20 05:54:09','2022-04-20 05:54:09',NULL),(1059,65,0,'Hotel Room Booking Placed','Hotel Room Booking CP-HB2204206369 Placed','2022-04-20','CP-HB2204206369','Hotel Room Booking','2022-04-20 05:55:28','2022-04-20 05:55:28',NULL),(1060,65,0,'Booking Placed','Booking CP-BK2204209770 Placed','2022-04-20','CP-BK2204209770','Booking','2022-04-20 05:57:38','2022-04-20 05:57:38',NULL),(1061,65,0,'Mobile Grooming Booking Placed','Mobile Grooming Booking CP-MG2204208699 Placed','2022-04-20','CP-MG2204208699','Mobile Grooming Book','2022-04-20 06:29:20','2022-04-20 06:29:20',NULL),(1062,65,0,'Booking Approved','Booking CP-BK2204209770 Approved','2022-04-20','CP-BK2204209770','Booking','2022-04-20 06:36:08','2022-04-20 06:36:08',NULL),(1063,108,0,'Mobile Grooming Booking Placed','Mobile Grooming Booking CP-MG2204202611 Placed','2022-04-20','CP-MG2204202611','Mobile Grooming Book','2022-04-20 06:39:10','2022-04-20 06:39:10',NULL),(1064,108,0,'Mobile Grooming Booking Rescheduled','Mobile Grooming Booking CP-MG2204202611Rescheduled','2022-04-20','CP-MG2204202611','Mobile Grooming','2022-04-20 06:40:16','2022-04-20 06:40:16',NULL),(1065,108,0,'Mobile Grooming Booking Rescheduled','Mobile Grooming Booking CP-MG2204202611Rescheduled','2022-04-20','CP-MG2204202611','Mobile Grooming','2022-04-20 06:40:18','2022-04-20 06:40:18',NULL),(1066,108,0,'Mobile Grooming Booking Rescheduled','Mobile Grooming Booking CP-MG2204202611Rescheduled','2022-04-20','CP-MG2204202611','Mobile Grooming','2022-04-20 06:40:20','2022-04-20 06:40:20',NULL),(1067,108,0,'Mobile Grooming Booking Rescheduled','Mobile Grooming Booking CP-MG2204202611Rescheduled','2022-04-20','CP-MG2204202611','Mobile Grooming','2022-04-20 06:40:24','2022-04-20 06:40:24',NULL),(1068,108,0,'Mobile Grooming Approved','Mobile Grooming CP-MG2204202611Approved','2022-04-20','CP-MG2204202611','Mobile Grooming','2022-04-20 06:47:15','2022-04-20 06:47:15',NULL),(1069,108,0,'Mobile Grooming Completed','Mobile Grooming CP-MG2204202611Completed','2022-04-20','CP-MG2204202611','Mobile Grooming','2022-04-20 06:47:28','2022-04-20 06:47:28',NULL),(1070,108,0,'Mobile Grooming Booking Placed','Mobile Grooming Booking CP-MG2204209411 Placed','2022-04-20','CP-MG2204209411','Mobile Grooming Book','2022-04-20 06:50:21','2022-04-20 06:50:21',NULL),(1071,108,0,'Mobile Grooming Cancelled','Mobile Grooming CP-MG2204209411Cancelled','2022-04-20','CP-MG2204209411','Mobile Grooming','2022-04-20 06:50:48','2022-04-20 06:50:48',NULL),(1072,108,0,'Mobile Grooming Booking Placed','Mobile Grooming Booking CP-MG2204206356 Placed','2022-04-20','CP-MG2204206356','Mobile Grooming Book','2022-04-20 06:53:08','2022-04-20 06:53:08',NULL),(1073,108,0,'Hotel Room Booking Placed','Hotel Room Booking CP-HB2204208233 Placed','2022-04-20','CP-HB2204208233','Hotel Room Booking','2022-04-20 06:54:28','2022-04-20 06:54:28',NULL),(1074,108,0,'Hotel Booking Approved','Hotel Booking CP-HB2204208233Approved','2022-04-20','CP-HB2204208233','Hotel Booking','2022-04-20 06:55:27','2022-04-20 06:55:27',NULL),(1075,108,0,'Hotel Booking Rejected','Hotel Booking CP-HB2204208233Rejected','2022-04-20','CP-HB2204208233','Hotel Booking','2022-04-20 06:55:54','2022-04-20 06:55:54',NULL),(1076,108,0,'Booking Placed','Booking CP-AP2204202011 Placed','2022-04-20','CP-AP2204202011','Booking','2022-04-20 07:04:41','2022-04-20 07:04:41',NULL),(1077,108,0,'Booking Placed','Booking CP-BK2204205432 Placed','2022-04-20','CP-BK2204205432','Booking','2022-04-20 07:14:31','2022-04-20 07:14:31',NULL),(1078,108,0,'Booking Placed','Booking CP-BK2204204416 Placed','2022-04-20','CP-BK2204204416','Booking','2022-04-20 07:22:31','2022-04-20 07:22:31',NULL),(1079,65,0,'Mobile Grooming Booking Placed','Mobile Grooming Booking CP-MG2204204673 Placed','2022-04-20','CP-MG2204204673','Mobile Grooming Book','2022-04-20 09:38:34','2022-04-20 09:38:34',NULL),(1080,65,0,'Booking Placed','Booking CP-BK2204208074 Placed','2022-04-20','CP-BK2204208074','Booking','2022-04-20 09:40:03','2022-04-20 09:40:03',NULL),(1081,65,0,'Hotel Room Booking Placed','Hotel Room Booking CP-HB2204214801 Placed','2022-04-21','CP-HB2204214801','Hotel Room Booking','2022-04-21 05:29:59','2022-04-21 05:29:59',NULL),(1082,65,0,'Hotel Room Booking Placed','Hotel Room Booking CP-HB2204211372 Placed','2022-04-21','CP-HB2204211372','Hotel Room Booking','2022-04-21 05:36:03','2022-04-21 05:36:03',NULL),(1083,115,0,'Hotel Room Booking Placed','Hotel Room Booking CP-HB2204214159 Placed','2022-04-21','CP-HB2204214159','Hotel Room Booking','2022-04-21 09:13:20','2022-04-21 09:13:20',NULL),(1084,115,0,'Mobile Grooming Booking Placed','Mobile Grooming Booking CP-MG2204212144 Placed','2022-04-21','CP-MG2204212144','Mobile Grooming Book','2022-04-21 10:14:00','2022-04-21 10:14:00',NULL),(1085,115,0,'Mobile Grooming Rejected','Mobile Grooming CP-MG2204212144Rejected','2022-04-21','CP-MG2204212144','Mobile Grooming','2022-04-21 10:33:10','2022-04-21 10:33:10',NULL),(1086,115,0,'Mobile Grooming Booking Placed','Mobile Grooming Booking CP-MG2204213562 Placed','2022-04-21','CP-MG2204213562','Mobile Grooming Book','2022-04-21 10:35:39','2022-04-21 10:35:39',NULL),(1087,120,0,'Booking Placed','Booking CP-BK2204214724 Placed','2022-04-21','CP-BK2204214724','Booking','2022-04-21 10:59:11','2022-04-21 10:59:11',NULL),(1088,115,0,'Booking Placed','Booking CP-BK2204213996 Placed','2022-04-21','CP-BK2204213996','Booking','2022-04-21 11:40:59','2022-04-21 11:40:59',NULL),(1089,120,0,'Booking Placed','Booking CP-BK2204212399 Placed','2022-04-21','CP-BK2204212399','Booking','2022-04-21 11:41:10','2022-04-21 11:41:10',NULL),(1090,115,0,'Booking Placed','Booking CP-BK2204213479 Placed','2022-04-21','CP-BK2204213479','Booking','2022-04-21 11:42:59','2022-04-21 11:42:59',NULL),(1091,115,0,'Booking Cancelled','Booking CP-BK2204213479 Cancelled','2022-04-21','CP-BK2204213479','Booking','2022-04-21 11:43:45','2022-04-21 11:43:45',NULL),(1092,115,0,'Booking Placed','Booking CP-BK2204217783 Placed','2022-04-21','CP-BK2204217783','Booking','2022-04-21 11:44:37','2022-04-21 11:44:37',NULL),(1093,115,0,'Booking Placed','Booking CP-BK2204211808 Placed','2022-04-21','CP-BK2204211808','Booking','2022-04-21 11:52:06','2022-04-21 11:52:06',NULL),(1094,115,0,'Booking Cancelled','Booking CP-BK2204211808 Cancelled','2022-04-21','CP-BK2204211808','Booking','2022-04-21 11:52:57','2022-04-21 11:52:57',NULL),(1095,115,0,'Booking Placed','Booking CP-AP2204213457 Placed','2022-04-21','CP-AP2204213457','Booking','2022-04-21 11:53:27','2022-04-21 11:53:27',NULL),(1096,115,0,'Booking Rejected','Booking CP-BK2204217783 Rejected','2022-04-22','CP-BK2204217783','Booking','2022-04-22 05:38:00','2022-04-22 05:38:00',NULL),(1097,120,0,'Booking Cancelled','Booking CP-BK2204212399 Cancelled','2022-04-22','CP-BK2204212399','Booking','2022-04-22 05:40:22','2022-04-22 05:40:22',NULL),(1098,121,0,'Booking Placed','Booking CP-AP2204222201 Placed','2022-04-22','CP-AP2204222201','Booking','2022-04-22 06:03:27','2022-04-22 06:03:27',NULL),(1099,121,0,'Booking Approved','Booking CP-AP2204222201 Approved','2022-04-22','CP-AP2204222201','Booking','2022-04-22 06:04:17','2022-04-22 06:04:17',NULL),(1100,121,0,'Booking Completed','Booking CP-AP2204222201Completed','2022-04-22','CP-AP2204222201','Booking','2022-04-22 06:04:30','2022-04-22 06:04:30',NULL),(1101,121,0,'Booking Placed','Booking CP-AP2204224786 Placed','2022-04-22','CP-AP2204224786','Booking','2022-04-22 06:23:34','2022-04-22 06:23:34',NULL),(1102,121,0,'Service Booking Rescheduled','Service Booking CP-AP2204224786Rescheduled','2022-04-22','CP-AP2204224786','Booking','2022-04-22 06:24:19','2022-04-22 06:24:19',NULL),(1103,121,0,'Service Booking Rescheduled','Service Booking CP-AP2204224786Rescheduled','2022-04-22','CP-AP2204224786','Booking','2022-04-22 06:24:20','2022-04-22 06:24:20',NULL),(1104,121,0,'Service Booking Rescheduled','Service Booking CP-AP2204224786Rescheduled','2022-04-22','CP-AP2204224786','Booking','2022-04-22 06:24:24','2022-04-22 06:24:24',NULL),(1105,121,0,'Service Booking Rescheduled','Service Booking CP-AP2204224786Rescheduled','2022-04-22','CP-AP2204224786','Booking','2022-04-22 06:24:53','2022-04-22 06:24:53',NULL),(1106,121,0,'Service Booking Rescheduled','Service Booking CP-AP2204224786Rescheduled','2022-04-22','CP-AP2204224786','Booking','2022-04-22 06:24:56','2022-04-22 06:24:56',NULL),(1107,121,0,'Service Booking Rescheduled','Service Booking CP-AP2204224786Rescheduled','2022-04-22','CP-AP2204224786','Booking','2022-04-22 06:24:58','2022-04-22 06:24:58',NULL),(1108,121,0,'Service Booking Rescheduled','Service Booking CP-AP2204224786Rescheduled','2022-04-22','CP-AP2204224786','Booking','2022-04-22 06:25:22','2022-04-22 06:25:22',NULL),(1109,121,0,'Booking Placed','Booking CP-BK2204228881 Placed','2022-04-22','CP-BK2204228881','Booking','2022-04-22 11:37:17','2022-04-22 11:37:17',NULL),(1110,121,0,'Booking Placed','Booking CP-BK2204223290 Placed','2022-04-22','CP-BK2204223290','Booking','2022-04-22 12:04:14','2022-04-22 12:04:14',NULL),(1111,121,0,'Booking Placed','Booking CP-AP2204252028 Placed','2022-04-25','CP-AP2204252028','Booking','2022-04-25 05:19:25','2022-04-25 05:19:25',NULL),(1112,121,0,'Booking Placed','Booking CP-BK2204259896 Placed','2022-04-25','CP-BK2204259896','Booking','2022-04-25 09:09:02','2022-04-25 09:09:02',NULL),(1113,121,0,'Booking Placed','Booking CP-BK2204253269 Placed','2022-04-25','CP-BK2204253269','Booking','2022-04-25 09:13:14','2022-04-25 09:13:14',NULL),(1114,121,0,'Booking Placed','Booking CP-BK2204259629 Placed','2022-04-25','CP-BK2204259629','Booking','2022-04-25 09:18:48','2022-04-25 09:18:48',NULL),(1115,121,0,'Booking Approved','Booking CP-BK2204259629 Approved','2022-04-25','CP-BK2204259629','Booking','2022-04-25 09:20:12','2022-04-25 09:20:12',NULL),(1116,121,0,'Booking Completed','Booking CP-BK2204259629Completed','2022-04-25','CP-BK2204259629','Booking','2022-04-25 09:20:27','2022-04-25 09:20:27',NULL),(1117,121,0,'Booking Approved','Booking CP-BK2204253269 Approved','2022-04-25','CP-BK2204253269','Booking','2022-04-25 11:22:16','2022-04-25 11:22:16',NULL),(1118,121,0,'Booking Completed','Booking CP-BK2204253269Completed','2022-04-25','CP-BK2204253269','Booking','2022-04-25 11:22:29','2022-04-25 11:22:29',NULL),(1119,115,0,'Mobile Grooming Booking Rescheduled','Mobile Grooming Booking CP-MG2204213562Rescheduled','2022-04-25','CP-MG2204213562','Mobile Grooming','2022-04-25 11:46:33','2022-04-25 11:46:33',NULL),(1120,115,0,'Mobile Grooming Booking Rescheduled','Mobile Grooming Booking CP-MG2204213562Rescheduled','2022-04-25','CP-MG2204213562','Mobile Grooming','2022-04-25 11:46:35','2022-04-25 11:46:35',NULL),(1121,115,0,'Mobile Grooming Booking Rescheduled','Mobile Grooming Booking CP-MG2204213562Rescheduled','2022-04-25','CP-MG2204213562','Mobile Grooming','2022-04-25 11:46:38','2022-04-25 11:46:38',NULL),(1122,115,0,'Mobile Grooming Booking Rescheduled','Mobile Grooming Booking CP-MG2204213562Rescheduled','2022-04-25','CP-MG2204213562','Mobile Grooming','2022-04-25 11:46:39','2022-04-25 11:46:39',NULL),(1123,121,0,'Mobile Grooming Booking Placed','Mobile Grooming Booking CP-MG2204255792 Placed','2022-04-25','CP-MG2204255792','Mobile Grooming Book','2022-04-25 11:55:46','2022-04-25 11:55:46',NULL),(1124,121,0,'Booking Placed','Booking CP-BK2204254280 Placed','2022-04-25','CP-BK2204254280','Booking','2022-04-25 12:18:21','2022-04-25 12:18:21',NULL),(1125,121,0,'Service Booking Rescheduled','Service Booking CP-BK2204254280Rescheduled','2022-04-25','CP-BK2204254280','Booking','2022-04-25 12:19:35','2022-04-25 12:19:35',NULL),(1126,121,0,'Service Booking Rescheduled','Service Booking CP-BK2204254280Rescheduled','2022-04-25','CP-BK2204254280','Booking','2022-04-25 12:48:44','2022-04-25 12:48:44',NULL),(1127,121,0,'Booking Placed','Booking CP-AP2204257663 Placed','2022-04-25','CP-AP2204257663','Booking','2022-04-25 13:14:58','2022-04-25 13:14:58',NULL),(1128,121,0,'Booking Approved','Booking CP-BK2204254280 Approved','2022-04-25','CP-BK2204254280','Booking','2022-04-25 14:28:32','2022-04-25 14:28:32',NULL),(1129,121,0,'Booking Completed','Booking CP-BK2204254280Completed','2022-04-25','CP-BK2204254280','Booking','2022-04-25 14:28:44','2022-04-25 14:28:44',NULL),(1130,121,0,'Booking Placed','Booking CP-BK2204269519 Placed','2022-04-26','CP-BK2204269519','Booking','2022-04-26 03:31:41','2022-04-26 03:31:41',NULL),(1131,121,0,'Booking Placed','Booking CP-BK2204265128 Placed','2022-04-26','CP-BK2204265128','Booking','2022-04-26 03:39:19','2022-04-26 03:39:19',NULL),(1132,120,0,'Booking Placed','Booking CP-BK2204265602 Placed','2022-04-26','CP-BK2204265602','Booking','2022-04-26 08:05:10','2022-04-26 08:05:10',NULL),(1133,6,0,'Booking Placed','Booking CP-BK2204266579 Placed','2022-04-26','CP-BK2204266579','Booking','2022-04-26 08:09:51','2022-04-26 08:09:51',NULL),(1134,120,0,'Booking Placed','Booking CP-BK2204265286 Placed','2022-04-26','CP-BK2204265286','Booking','2022-04-26 08:19:14','2022-04-26 08:19:14',NULL),(1135,120,0,'Booking Placed','Booking CP-BK2204277904 Placed','2022-04-27','CP-BK2204277904','Booking','2022-04-27 11:34:24','2022-04-27 11:34:24',NULL),(1136,6,0,'Booking Placed','Booking CP-BK2204279151 Placed','2022-04-27','CP-BK2204279151','Booking','2022-04-27 11:54:16','2022-04-27 11:54:16',NULL),(1137,120,0,'Booking Placed','Booking CP-BK2204279750 Placed','2022-04-27','CP-BK2204279750','Booking','2022-04-27 11:54:58','2022-04-27 11:54:58',NULL),(1138,6,0,'Booking Placed','Booking CP-BK2204278105 Placed','2022-04-27','CP-BK2204278105','Booking','2022-04-27 11:55:52','2022-04-27 11:55:52',NULL),(1139,6,0,'Booking Placed','Booking CP-BK2204271204 Placed','2022-04-27','CP-BK2204271204','Booking','2022-04-27 11:56:05','2022-04-27 11:56:05',NULL),(1140,6,0,'Booking Placed','Booking CP-BK2204272075 Placed','2022-04-27','CP-BK2204272075','Booking','2022-04-27 12:06:23','2022-04-27 12:06:23',NULL),(1141,6,0,'Booking Placed','Booking CP-BK2204279753 Placed','2022-04-27','CP-BK2204279753','Booking','2022-04-27 12:08:04','2022-04-27 12:08:04',NULL),(1142,6,0,'Booking Placed','Booking CP-BK2204283844 Placed','2022-04-28','CP-BK2204283844','Booking','2022-04-28 05:33:29','2022-04-28 05:33:29',NULL),(1143,6,0,'Booking Placed','Booking CP-BK2204285366 Placed','2022-04-28','CP-BK2204285366','Booking','2022-04-28 05:34:49','2022-04-28 05:34:49',NULL),(1144,6,0,'Booking Placed','Booking CP-BK2204286174 Placed','2022-04-28','CP-BK2204286174','Booking','2022-04-28 05:45:41','2022-04-28 05:45:41',NULL),(1145,6,0,'Booking Placed','Booking CP-BK2204285414 Placed','2022-04-28','CP-BK2204285414','Booking','2022-04-28 05:47:02','2022-04-28 05:47:02',NULL),(1146,6,0,'Booking Placed','Booking CP-BK2204287664 Placed','2022-04-28','CP-BK2204287664','Booking','2022-04-28 05:49:33','2022-04-28 05:49:33',NULL),(1147,6,0,'Booking Placed','Booking CP-BK2204281331 Placed','2022-04-28','CP-BK2204281331','Booking','2022-04-28 05:53:37','2022-04-28 05:53:37',NULL),(1148,120,0,'Booking Placed','Booking CP-BK2204285735 Placed','2022-04-28','CP-BK2204285735','Booking','2022-04-28 06:37:15','2022-04-28 06:37:15',NULL),(1149,6,0,'Booking Placed','Booking CP-BK2204289077 Placed','2022-04-28','CP-BK2204289077','Booking','2022-04-28 06:52:46','2022-04-28 06:52:46',NULL),(1150,6,0,'Booking Approved','Booking CP-BK2204289077 Approved','2022-04-28','CP-BK2204289077','Booking','2022-04-28 06:57:20','2022-04-28 06:57:20',NULL),(1151,6,0,'Booking In-Progress','Booking CP-BK2204289077 In-Progress','2022-04-28','CP-BK2204289077','Booking','2022-04-28 07:00:50','2022-04-28 07:00:50',NULL),(1152,120,0,'Booking Placed','Booking CP-BK2204286602 Placed','2022-04-28','CP-BK2204286602','Booking','2022-04-28 07:07:04','2022-04-28 07:07:04',NULL),(1153,120,0,'Booking Placed','Booking CP-BK2204287049 Placed','2022-04-28','CP-BK2204287049','Booking','2022-04-28 07:17:47','2022-04-28 07:17:47',NULL),(1154,120,0,'Booking Placed','Booking CP-BK2204286646 Placed','2022-04-28','CP-BK2204286646','Booking','2022-04-28 07:39:19','2022-04-28 07:39:19',NULL),(1155,120,0,'Booking Placed','Booking CP-BK2204284322 Placed','2022-04-28','CP-BK2204284322','Booking','2022-04-28 07:44:50','2022-04-28 07:44:50',NULL),(1156,120,0,'Booking Placed','Booking CP-BK2204289505 Placed','2022-04-28','CP-BK2204289505','Booking','2022-04-28 07:54:03','2022-04-28 07:54:03',NULL),(1157,6,0,'Booking Completed','Booking CP-BK2204289077Completed','2022-04-28','CP-BK2204289077','Booking','2022-04-28 10:28:57','2022-04-28 10:28:57',NULL),(1158,6,0,'Booking Placed','Booking CP-BK2204285626 Placed','2022-04-28','CP-BK2204285626','Booking','2022-04-28 10:30:01','2022-04-28 10:30:01',NULL),(1159,120,0,'Booking Placed','Booking CP-BK2204284272 Placed','2022-04-28','CP-BK2204284272','Booking','2022-04-28 10:42:30','2022-04-28 10:42:30',NULL),(1160,120,0,'Booking Placed','Booking CP-BK2204288108 Placed','2022-04-28','CP-BK2204288108','Booking','2022-04-28 10:51:13','2022-04-28 10:51:13',NULL),(1161,120,0,'Booking Placed','Booking CP-BK2204285955 Placed','2022-04-28','CP-BK2204285955','Booking','2022-04-28 11:03:58','2022-04-28 11:03:58',NULL),(1162,120,0,'Booking Placed','Booking CP-BK2204287207 Placed','2022-04-28','CP-BK2204287207','Booking','2022-04-28 11:12:33','2022-04-28 11:12:33',NULL),(1163,120,0,'Booking Placed','Booking CP-BK2204287747 Placed','2022-04-28','CP-BK2204287747','Booking','2022-04-28 11:17:39','2022-04-28 11:17:39',NULL),(1164,120,0,'Booking Placed','Booking CP-BK2204286425 Placed','2022-04-28','CP-BK2204286425','Booking','2022-04-28 11:22:19','2022-04-28 11:22:19',NULL),(1165,120,0,'Booking Placed','Booking CP-BK2204282027 Placed','2022-04-28','CP-BK2204282027','Booking','2022-04-28 11:25:23','2022-04-28 11:25:23',NULL),(1166,120,0,'Booking Placed','Booking CP-BK2204296857 Placed','2022-04-29','CP-BK2204296857','Booking','2022-04-29 04:27:38','2022-04-29 04:27:38',NULL),(1167,120,0,'Booking Placed','Booking CP-BK2204295969 Placed','2022-04-29','CP-BK2204295969','Booking','2022-04-29 04:29:11','2022-04-29 04:29:11',NULL),(1168,120,0,'Booking Placed','Booking CP-BK2204298425 Placed','2022-04-29','CP-BK2204298425','Booking','2022-04-29 04:32:02','2022-04-29 04:32:02',NULL),(1169,120,0,'Mobile Grooming Booking Placed','Mobile Grooming Booking CP-MG2204293944 Placed','2022-04-29','CP-MG2204293944','Mobile Grooming Book','2022-04-29 04:53:05','2022-04-29 04:53:05',NULL),(1170,120,0,'Mobile Grooming Booking Placed','Mobile Grooming Booking CP-MG2204292001 Placed','2022-04-29','CP-MG2204292001','Mobile Grooming Book','2022-04-29 05:17:36','2022-04-29 05:17:36',NULL),(1171,120,0,'Mobile Grooming Booking Placed','Mobile Grooming Booking CP-MG2204295019 Placed','2022-04-29','CP-MG2204295019','Mobile Grooming Book','2022-04-29 05:29:20','2022-04-29 05:29:20',NULL),(1172,120,0,'Hotel Room Booking Placed','Hotel Room Booking CP-HB2204291030 Placed','2022-04-29','CP-HB2204291030','Hotel Room Booking','2022-04-29 05:58:26','2022-04-29 05:58:26',NULL),(1173,120,0,'Hotel Room Booking Placed','Hotel Room Booking CP-HB2204295180 Placed','2022-04-29','CP-HB2204295180','Hotel Room Booking','2022-04-29 06:01:47','2022-04-29 06:01:47',NULL),(1174,120,0,'Booking Placed','Booking CP-BK2204297610 Placed','2022-04-29','CP-BK2204297610','Booking','2022-04-29 06:52:04','2022-04-29 06:52:04',NULL),(1175,120,0,'Booking Placed','Booking CP-BK2204298807 Placed','2022-04-29','CP-BK2204298807','Booking','2022-04-29 06:58:00','2022-04-29 06:58:00',NULL),(1176,120,0,'Booking Placed','Booking CP-BK2204293459 Placed','2022-04-29','CP-BK2204293459','Booking','2022-04-29 08:59:42','2022-04-29 08:59:42',NULL),(1177,120,0,'Booking Placed','Booking CP-BK2204297681 Placed','2022-04-29','CP-BK2204297681','Booking','2022-04-29 09:01:34','2022-04-29 09:01:34',NULL),(1178,120,0,'Booking Placed','Booking CP-BK2204298401 Placed','2022-04-29','CP-BK2204298401','Booking','2022-04-29 09:03:55','2022-04-29 09:03:55',NULL),(1179,120,0,'Mobile Grooming Booking Placed','Mobile Grooming Booking CP-MG2204298253 Placed','2022-04-29','CP-MG2204298253','Mobile Grooming Book','2022-04-29 11:00:54','2022-04-29 11:00:54',NULL),(1180,120,0,'Mobile Grooming Booking Placed','Mobile Grooming Booking CP-MG2204298459 Placed','2022-04-29','CP-MG2204298459','Mobile Grooming Book','2022-04-29 11:02:51','2022-04-29 11:02:51',NULL),(1181,120,0,'Booking Placed','Booking CP-AP2204292027 Placed','2022-04-29','CP-AP2204292027','Booking','2022-04-29 12:56:46','2022-04-29 12:56:46',NULL),(1182,120,0,'Booking Placed','Booking CP-BK2204293389 Placed','2022-04-29','CP-BK2204293389','Booking','2022-04-29 15:23:49','2022-04-29 15:23:49',NULL),(1183,131,0,'Booking Placed','Booking CP-BK2204298913 Placed','2022-04-29','CP-BK2204298913','Booking','2022-04-29 15:57:18','2022-04-29 15:57:18',NULL),(1184,132,0,'Booking Placed','Booking CP-BK2205034145 Placed','2022-05-03','CP-BK2205034145','Booking','2022-05-03 12:06:14','2022-05-03 12:06:14',NULL),(1185,132,0,'Booking Placed','Booking CP-BK2205032535 Placed','2022-05-03','CP-BK2205032535','Booking','2022-05-03 12:08:32','2022-05-03 12:08:32',NULL),(1186,132,0,'Booking Placed','Booking CP-AP2205039169 Placed','2022-05-03','CP-AP2205039169','Booking','2022-05-03 12:19:08','2022-05-03 12:19:08',NULL),(1187,132,0,'Booking Placed','Booking CP-BK2205036352 Placed','2022-05-03','CP-BK2205036352','Booking','2022-05-03 12:20:29','2022-05-03 12:20:29',NULL),(1188,6,0,'Booking Approved','Booking CP-BK2204281331 Approved','2022-05-04','CP-BK2204281331','Booking','2022-05-04 17:10:00','2022-05-04 17:10:00',NULL),(1189,6,0,'Booking In-Progress','Booking CP-BK2204281331 In-Progress','2022-05-04','CP-BK2204281331','Booking','2022-05-04 17:11:02','2022-05-04 17:11:02',NULL),(1190,6,0,'Booking Completed','Booking CP-BK2204281331Completed','2022-05-04','CP-BK2204281331','Booking','2022-05-04 17:11:19','2022-05-04 17:11:19',NULL),(1191,132,0,'Booking Approved','Booking CP-BK2205036352 Approved','2022-06-09','CP-BK2205036352','Booking','2022-06-09 18:07:18','2022-06-09 18:07:18',NULL),(1192,120,0,'Booking Rejected','Booking CP-BK2204298401 Rejected','2022-06-09','CP-BK2204298401','Booking','2022-06-09 18:37:53','2022-06-09 18:37:53',NULL),(1193,120,0,'Booking Placed','Booking CP-BK2206143320 Placed','2022-06-14','CP-BK2206143320','Booking','2022-06-14 10:53:30','2022-06-14 10:53:30',NULL),(1194,120,0,'Booking Approved, You can pay now.','Booking CP-BK2206143320 Approved, You can pay now.','2022-06-14','CP-BK2206143320','Booking','2022-06-14 11:11:23','2022-06-14 11:11:23',NULL),(1195,120,0,'Booking In-Progress','Booking CP-BK2206143320 In-Progress','2022-06-16','CP-BK2206143320','Booking','2022-06-16 10:38:25','2022-06-16 10:38:25',NULL),(1196,120,0,'Booking Completed','Booking CP-BK2206143320Completed','2022-06-16','CP-BK2206143320','Booking','2022-06-16 11:06:25','2022-06-16 11:06:25',NULL),(1197,120,0,'Booking Placed','Booking CP-BK2206162855 Placed','2022-06-16','CP-BK2206162855','Booking','2022-06-16 11:25:35','2022-06-16 11:25:35',NULL),(1198,120,0,'Booking Approved, You can pay now.','Booking CP-BK2206162855 Approved, You can pay now.','2022-06-16','CP-BK2206162855','Booking','2022-06-16 11:37:52','2022-06-16 11:37:52',NULL),(1199,6,0,'Booking Placed','Booking CP-BK2206164189 Placed','2022-06-16','CP-BK2206164189','Booking','2022-06-16 13:52:50','2022-06-16 13:52:50',NULL),(1200,86,0,'Membership Subscription Approved','Membership Subscription 222887 Approved','2022-06-16','222887','Subscription','2022-06-16 17:15:28','2022-06-16 17:15:28',NULL),(1201,86,0,'Membership Subscription Approved','Membership Subscription 224730 Approved','2022-06-16','224730','Subscription','2022-06-16 18:26:01','2022-06-16 18:26:01',NULL),(1202,120,0,'Booking Placed','Booking CP-BK2206167888 Placed','2022-06-16','CP-BK2206167888','Booking','2022-06-16 20:31:44','2022-06-16 20:31:44',NULL),(1203,120,0,'Booking Approved, You can pay now.','Booking CP-BK2206167888 Approved, You can pay now.','2022-06-16','CP-BK2206167888','Booking','2022-06-16 20:55:00','2022-06-16 20:55:00',NULL),(1204,120,0,'Booking Placed','Booking CP-BK2206168811 Placed','2022-06-16','CP-BK2206168811','Booking','2022-06-16 21:06:29','2022-06-16 21:06:29',NULL),(1205,120,0,'Booking Approved, You can pay now.','Booking CP-BK2206168811 Approved, You can pay now.','2022-06-16','CP-BK2206168811','Booking','2022-06-16 21:19:56','2022-06-16 21:19:56',NULL),(1206,120,0,'Mobile Grooming Booking Placed','Mobile Grooming Booking CP-MG2206167816 Placed','2022-06-16','CP-MG2206167816','Mobile Grooming Book','2022-06-16 21:48:36','2022-06-16 21:48:36',NULL),(1207,120,0,'Mobile Grooming Approved, You can pay now.','Mobile Grooming CP-MG2206167816Approved, You can pay now.','2022-06-16','CP-MG2206167816','Mobile Grooming','2022-06-16 21:51:27','2022-06-16 21:51:27',NULL),(1208,1,0,'Offer expiry','Mobile plan-plan expired','2022-06-17',NULL,NULL,'2022-06-17 06:00:01','2022-06-17 06:00:01',NULL),(1209,2,0,'Offer expiry','Mobile plan-plan expired','2022-06-17',NULL,NULL,'2022-06-17 06:00:02','2022-06-17 06:00:02',NULL),(1210,3,0,'Offer expiry','Mobile plan-plan expired','2022-06-17',NULL,NULL,'2022-06-17 06:00:02','2022-06-17 06:00:02',NULL),(1211,5,0,'Offer expiry','Mobile plan-plan expired','2022-06-17',NULL,NULL,'2022-06-17 06:00:02','2022-06-17 06:00:02',NULL),(1212,6,0,'Offer expiry','Mobile plan-plan expired','2022-06-17',NULL,NULL,'2022-06-17 06:00:02','2022-06-17 06:00:02',NULL),(1213,7,0,'Offer expiry','Mobile plan-plan expired','2022-06-17',NULL,NULL,'2022-06-17 06:00:02','2022-06-17 06:00:02',NULL),(1214,8,0,'Offer expiry','Mobile plan-plan expired','2022-06-17',NULL,NULL,'2022-06-17 06:00:02','2022-06-17 06:00:02',NULL),(1215,9,0,'Offer expiry','Mobile plan-plan expired','2022-06-17',NULL,NULL,'2022-06-17 06:00:02','2022-06-17 06:00:02',NULL),(1216,10,0,'Offer expiry','Mobile plan-plan expired','2022-06-17',NULL,NULL,'2022-06-17 06:00:03','2022-06-17 06:00:03',NULL),(1217,12,0,'Offer expiry','Mobile plan-plan expired','2022-06-17',NULL,NULL,'2022-06-17 06:00:03','2022-06-17 06:00:03',NULL),(1218,13,0,'Offer expiry','Mobile plan-plan expired','2022-06-17',NULL,NULL,'2022-06-17 06:00:03','2022-06-17 06:00:03',NULL),(1219,14,0,'Offer expiry','Mobile plan-plan expired','2022-06-17',NULL,NULL,'2022-06-17 06:00:04','2022-06-17 06:00:04',NULL),(1220,16,0,'Offer expiry','Mobile plan-plan expired','2022-06-17',NULL,NULL,'2022-06-17 06:00:04','2022-06-17 06:00:04',NULL),(1221,17,0,'Offer expiry','Mobile plan-plan expired','2022-06-17',NULL,NULL,'2022-06-17 06:00:04','2022-06-17 06:00:04',NULL),(1222,18,0,'Offer expiry','Mobile plan-plan expired','2022-06-17',NULL,NULL,'2022-06-17 06:00:05','2022-06-17 06:00:05',NULL),(1223,19,0,'Offer expiry','Mobile plan-plan expired','2022-06-17',NULL,NULL,'2022-06-17 06:00:05','2022-06-17 06:00:05',NULL),(1224,20,0,'Offer expiry','Mobile plan-plan expired','2022-06-17',NULL,NULL,'2022-06-17 06:00:05','2022-06-17 06:00:05',NULL),(1225,21,0,'Offer expiry','Mobile plan-plan expired','2022-06-17',NULL,NULL,'2022-06-17 06:00:06','2022-06-17 06:00:06',NULL),(1226,22,0,'Offer expiry','Mobile plan-plan expired','2022-06-17',NULL,NULL,'2022-06-17 06:00:06','2022-06-17 06:00:06',NULL),(1227,23,0,'Offer expiry','Mobile plan-plan expired','2022-06-17',NULL,NULL,'2022-06-17 06:00:06','2022-06-17 06:00:06',NULL),(1228,24,0,'Offer expiry','Mobile plan-plan expired','2022-06-17',NULL,NULL,'2022-06-17 06:00:06','2022-06-17 06:00:06',NULL),(1229,25,0,'Offer expiry','Mobile plan-plan expired','2022-06-17',NULL,NULL,'2022-06-17 06:00:06','2022-06-17 06:00:06',NULL),(1230,26,0,'Offer expiry','Mobile plan-plan expired','2022-06-17',NULL,NULL,'2022-06-17 06:00:06','2022-06-17 06:00:06',NULL),(1231,27,0,'Offer expiry','Mobile plan-plan expired','2022-06-17',NULL,NULL,'2022-06-17 06:00:06','2022-06-17 06:00:06',NULL),(1232,28,0,'Offer expiry','Mobile plan-plan expired','2022-06-17',NULL,NULL,'2022-06-17 06:00:07','2022-06-17 06:00:07',NULL),(1233,29,0,'Offer expiry','Mobile plan-plan expired','2022-06-17',NULL,NULL,'2022-06-17 06:00:07','2022-06-17 06:00:07',NULL),(1234,30,0,'Offer expiry','Mobile plan-plan expired','2022-06-17',NULL,NULL,'2022-06-17 06:00:07','2022-06-17 06:00:07',NULL),(1235,1,0,'Mobile Grooming Reminder','Hi Admin, Your pet 11-Dobby has a Mobile Grooming today for Mobile Grooming Service 1 on at 6:00 - 6:30','2022-06-17',NULL,NULL,'2022-06-17 07:00:01','2022-06-17 07:00:01',NULL),(1236,2,0,'Mobile Grooming Reminder','Hi SB PET B.USER, Your pet 11-Dobby has a Mobile Grooming today for Mobile Grooming Service 1 on at 6:00 - 6:30','2022-06-17',NULL,NULL,'2022-06-17 07:00:02','2022-06-17 07:00:02',NULL),(1237,3,0,'Mobile Grooming Reminder','Hi SB PET SHOP, Your pet 11-Dobby has a Mobile Grooming today for Mobile Grooming Service 1 on at 6:00 - 6:30','2022-06-17',NULL,NULL,'2022-06-17 07:00:02','2022-06-17 07:00:02',NULL),(1238,5,0,'Mobile Grooming Reminder','Hi Maya, Your pet 11-Dobby has a Mobile Grooming today for Mobile Grooming Service 1 on at 6:00 - 6:30','2022-06-17',NULL,NULL,'2022-06-17 07:00:02','2022-06-17 07:00:02',NULL),(1239,6,0,'Mobile Grooming Reminder','Hi vishnu, Your pet 11-Dobby has a Mobile Grooming today for Mobile Grooming Service 1 on at 6:00 - 6:30','2022-06-17',NULL,NULL,'2022-06-17 07:00:02','2022-06-17 07:00:02',NULL),(1240,7,0,'Mobile Grooming Reminder','Hi Haritha, Your pet 11-Dobby has a Mobile Grooming today for Mobile Grooming Service 1 on at 6:00 - 6:30','2022-06-17',NULL,NULL,'2022-06-17 07:00:02','2022-06-17 07:00:02',NULL),(1241,8,0,'Mobile Grooming Reminder','Hi H care centre, Your pet 11-Dobby has a Mobile Grooming today for Mobile Grooming Service 1 on at 6:00 - 6:30','2022-06-17',NULL,NULL,'2022-06-17 07:00:02','2022-06-17 07:00:02',NULL),(1242,9,0,'Mobile Grooming Reminder','Hi Care Center, Your pet 11-Dobby has a Mobile Grooming today for Mobile Grooming Service 1 on at 6:00 - 6:30','2022-06-17',NULL,NULL,'2022-06-17 07:00:02','2022-06-17 07:00:02',NULL),(1243,10,0,'Mobile Grooming Reminder','Hi Pet Home, Your pet 11-Dobby has a Mobile Grooming today for Mobile Grooming Service 1 on at 6:00 - 6:30','2022-06-17',NULL,NULL,'2022-06-17 07:00:03','2022-06-17 07:00:03',NULL),(1244,12,0,'Mobile Grooming Reminder','Hi Animal world, Your pet 11-Dobby has a Mobile Grooming today for Mobile Grooming Service 1 on at 6:00 - 6:30','2022-06-17',NULL,NULL,'2022-06-17 07:00:03','2022-06-17 07:00:03',NULL),(1245,13,0,'Mobile Grooming Reminder','Hi Hari, Your pet 11-Dobby has a Mobile Grooming today for Mobile Grooming Service 1 on at 6:00 - 6:30','2022-06-17',NULL,NULL,'2022-06-17 07:00:03','2022-06-17 07:00:03',NULL),(1246,14,0,'Mobile Grooming Reminder','Hi Pet & Care, Your pet 11-Dobby has a Mobile Grooming today for Mobile Grooming Service 1 on at 6:00 - 6:30','2022-06-17',NULL,NULL,'2022-06-17 07:00:03','2022-06-17 07:00:03',NULL),(1247,16,0,'Mobile Grooming Reminder','Hi vishnu, Your pet 11-Dobby has a Mobile Grooming today for Mobile Grooming Service 1 on at 6:00 - 6:30','2022-06-17',NULL,NULL,'2022-06-17 07:00:03','2022-06-17 07:00:03',NULL),(1248,17,0,'Mobile Grooming Reminder','Hi Thrishika, Your pet 11-Dobby has a Mobile Grooming today for Mobile Grooming Service 1 on at 6:00 - 6:30','2022-06-17',NULL,NULL,'2022-06-17 07:00:03','2022-06-17 07:00:03',NULL),(1249,18,0,'Mobile Grooming Reminder','Hi Pet Kingdom, Your pet 11-Dobby has a Mobile Grooming today for Mobile Grooming Service 1 on at 6:00 - 6:30','2022-06-17',NULL,NULL,'2022-06-17 07:00:03','2022-06-17 07:00:03',NULL),(1250,19,0,'Mobile Grooming Reminder','Hi A & A World, Your pet 11-Dobby has a Mobile Grooming today for Mobile Grooming Service 1 on at 6:00 - 6:30','2022-06-17',NULL,NULL,'2022-06-17 07:00:03','2022-06-17 07:00:03',NULL),(1251,20,0,'Mobile Grooming Reminder','Hi Healthy World, Your pet 11-Dobby has a Mobile Grooming today for Mobile Grooming Service 1 on at 6:00 - 6:30','2022-06-17',NULL,NULL,'2022-06-17 07:00:03','2022-06-17 07:00:03',NULL),(1252,21,0,'Mobile Grooming Reminder','Hi Healthy World, Your pet 11-Dobby has a Mobile Grooming today for Mobile Grooming Service 1 on at 6:00 - 6:30','2022-06-17',NULL,NULL,'2022-06-17 07:00:03','2022-06-17 07:00:03',NULL),(1253,22,0,'Mobile Grooming Reminder','Hi Healthy World, Your pet 11-Dobby has a Mobile Grooming today for Mobile Grooming Service 1 on at 6:00 - 6:30','2022-06-17',NULL,NULL,'2022-06-17 07:00:04','2022-06-17 07:00:04',NULL),(1254,23,0,'Mobile Grooming Reminder','Hi HK care, Your pet 11-Dobby has a Mobile Grooming today for Mobile Grooming Service 1 on at 6:00 - 6:30','2022-06-17',NULL,NULL,'2022-06-17 07:00:04','2022-06-17 07:00:04',NULL),(1255,24,0,'Mobile Grooming Reminder','Hi Anu, Your pet 11-Dobby has a Mobile Grooming today for Mobile Grooming Service 1 on at 6:00 - 6:30','2022-06-17',NULL,NULL,'2022-06-17 07:00:04','2022-06-17 07:00:04',NULL),(1256,25,0,'Mobile Grooming Reminder','Hi Pet Care Center, Your pet 11-Dobby has a Mobile Grooming today for Mobile Grooming Service 1 on at 6:00 - 6:30','2022-06-17',NULL,NULL,'2022-06-17 07:00:04','2022-06-17 07:00:04',NULL),(1257,26,0,'Mobile Grooming Reminder','Hi Home care, Your pet 11-Dobby has a Mobile Grooming today for Mobile Grooming Service 1 on at 6:00 - 6:30','2022-06-17',NULL,NULL,'2022-06-17 07:00:04','2022-06-17 07:00:04',NULL),(1258,27,0,'Mobile Grooming Reminder','Hi PC clinic, Your pet 11-Dobby has a Mobile Grooming today for Mobile Grooming Service 1 on at 6:00 - 6:30','2022-06-17',NULL,NULL,'2022-06-17 07:00:04','2022-06-17 07:00:04',NULL),(1259,28,0,'Mobile Grooming Reminder','Hi Dr.ABCD, Your pet 11-Dobby has a Mobile Grooming today for Mobile Grooming Service 1 on at 6:00 - 6:30','2022-06-17',NULL,NULL,'2022-06-17 07:00:04','2022-06-17 07:00:04',NULL),(1260,29,0,'Mobile Grooming Reminder','Hi Harsha, Your pet 11-Dobby has a Mobile Grooming today for Mobile Grooming Service 1 on at 6:00 - 6:30','2022-06-17',NULL,NULL,'2022-06-17 07:00:04','2022-06-17 07:00:04',NULL),(1261,30,0,'Mobile Grooming Reminder','Hi Animal care, Your pet 11-Dobby has a Mobile Grooming today for Mobile Grooming Service 1 on at 6:00 - 6:30','2022-06-17',NULL,NULL,'2022-06-17 07:00:04','2022-06-17 07:00:04',NULL),(1262,120,0,'Mobile Grooming Booking Placed','Mobile Grooming Booking CP-MG2206174049 Placed','2022-06-17','CP-MG2206174049','Mobile Grooming Book','2022-06-17 10:31:26','2022-06-17 10:31:26',NULL),(1263,120,0,'Mobile Grooming Approved, You can pay now.','Mobile Grooming CP-MG2206174049Approved, You can pay now.','2022-06-17','CP-MG2206174049','Mobile Grooming','2022-06-17 10:36:08','2022-06-17 10:36:08',NULL),(1264,120,0,'Mobile Grooming Booking Placed','Mobile Grooming Booking CP-MG2206178894 Placed','2022-06-17','CP-MG2206178894','Mobile Grooming Book','2022-06-17 10:45:11','2022-06-17 10:45:11',NULL),(1265,120,0,'Mobile Grooming Completed','Mobile Grooming CP-MG2206174049Completed','2022-06-17','CP-MG2206174049','Mobile Grooming','2022-06-17 10:45:33','2022-06-17 10:45:33',NULL),(1266,120,0,'Mobile Grooming Approved, You can pay now.','Mobile Grooming CP-MG2206178894Approved, You can pay now.','2022-06-17','CP-MG2206178894','Mobile Grooming','2022-06-17 10:46:01','2022-06-17 10:46:01',NULL),(1267,120,0,'Mobile Grooming Booking Placed','Mobile Grooming Booking CP-MG2206171472 Placed','2022-06-17','CP-MG2206171472','Mobile Grooming Book','2022-06-17 11:04:05','2022-06-17 11:04:05',NULL),(1268,120,0,'Mobile Grooming Approved, You can pay now.','Mobile Grooming CP-MG2206171472Approved, You can pay now.','2022-06-17','CP-MG2206171472','Mobile Grooming','2022-06-17 15:43:35','2022-06-17 15:43:35',NULL),(1269,120,0,'Booking Placed','Booking CP-BK2206177690 Placed','2022-06-17','CP-BK2206177690','Booking','2022-06-17 17:13:58','2022-06-17 17:13:58',NULL),(1270,120,0,'Mobile Grooming Booking Placed','Mobile Grooming Booking CP-MG2206179208 Placed','2022-06-17','CP-MG2206179208','Mobile Grooming Book','2022-06-17 17:14:53','2022-06-17 17:14:53',NULL),(1271,120,0,'Hotel Room Booking Placed','Hotel Room Booking CP-HB2206178971 Placed','2022-06-17','CP-HB2206178971','Hotel Room Booking','2022-06-17 17:16:11','2022-06-17 17:16:11',NULL),(1272,120,0,'Hotel Booking Approved, You can pay now.','Hotel Booking CP-HB2206178971Approved, You can pay now.','2022-06-17','CP-HB2206178971','Hotel Booking','2022-06-17 17:18:50','2022-06-17 17:18:50',NULL),(1273,120,0,'Mobile Grooming Approved, You can pay now.','Mobile Grooming CP-MG2206179208Approved, You can pay now.','2022-06-17','CP-MG2206179208','Mobile Grooming','2022-06-17 17:25:41','2022-06-17 17:25:41',NULL),(1274,120,0,'Booking Approved, You can pay now.','Booking CP-BK2206177690 Approved, You can pay now.','2022-06-17','CP-BK2206177690','Booking','2022-06-17 17:27:35','2022-06-17 17:27:35',NULL),(1275,1,0,'Mobile Grooming Reminder','Hi Admin, Your pet 11-Dobby has a Mobile Grooming today for Mobile Grooming Service 1 on at 6:00 - 6:30','2022-06-18',NULL,NULL,'2022-06-18 07:00:01','2022-06-18 07:00:01',NULL),(1276,2,0,'Mobile Grooming Reminder','Hi SB PET B.USER, Your pet 11-Dobby has a Mobile Grooming today for Mobile Grooming Service 1 on at 6:00 - 6:30','2022-06-18',NULL,NULL,'2022-06-18 07:00:01','2022-06-18 07:00:01',NULL),(1277,3,0,'Mobile Grooming Reminder','Hi SB PET SHOP, Your pet 11-Dobby has a Mobile Grooming today for Mobile Grooming Service 1 on at 6:00 - 6:30','2022-06-18',NULL,NULL,'2022-06-18 07:00:02','2022-06-18 07:00:02',NULL),(1278,5,0,'Mobile Grooming Reminder','Hi Maya, Your pet 11-Dobby has a Mobile Grooming today for Mobile Grooming Service 1 on at 6:00 - 6:30','2022-06-18',NULL,NULL,'2022-06-18 07:00:02','2022-06-18 07:00:02',NULL),(1279,6,0,'Mobile Grooming Reminder','Hi vishnu, Your pet 11-Dobby has a Mobile Grooming today for Mobile Grooming Service 1 on at 6:00 - 6:30','2022-06-18',NULL,NULL,'2022-06-18 07:00:02','2022-06-18 07:00:02',NULL),(1280,7,0,'Mobile Grooming Reminder','Hi Haritha, Your pet 11-Dobby has a Mobile Grooming today for Mobile Grooming Service 1 on at 6:00 - 6:30','2022-06-18',NULL,NULL,'2022-06-18 07:00:02','2022-06-18 07:00:02',NULL),(1281,8,0,'Mobile Grooming Reminder','Hi H care centre, Your pet 11-Dobby has a Mobile Grooming today for Mobile Grooming Service 1 on at 6:00 - 6:30','2022-06-18',NULL,NULL,'2022-06-18 07:00:03','2022-06-18 07:00:03',NULL),(1282,9,0,'Mobile Grooming Reminder','Hi Care Center, Your pet 11-Dobby has a Mobile Grooming today for Mobile Grooming Service 1 on at 6:00 - 6:30','2022-06-18',NULL,NULL,'2022-06-18 07:00:03','2022-06-18 07:00:03',NULL),(1283,10,0,'Mobile Grooming Reminder','Hi Pet Home, Your pet 11-Dobby has a Mobile Grooming today for Mobile Grooming Service 1 on at 6:00 - 6:30','2022-06-18',NULL,NULL,'2022-06-18 07:00:03','2022-06-18 07:00:03',NULL),(1284,12,0,'Mobile Grooming Reminder','Hi Animal world, Your pet 11-Dobby has a Mobile Grooming today for Mobile Grooming Service 1 on at 6:00 - 6:30','2022-06-18',NULL,NULL,'2022-06-18 07:00:03','2022-06-18 07:00:03',NULL),(1285,13,0,'Mobile Grooming Reminder','Hi Hari, Your pet 11-Dobby has a Mobile Grooming today for Mobile Grooming Service 1 on at 6:00 - 6:30','2022-06-18',NULL,NULL,'2022-06-18 07:00:03','2022-06-18 07:00:03',NULL),(1286,14,0,'Mobile Grooming Reminder','Hi Pet & Care, Your pet 11-Dobby has a Mobile Grooming today for Mobile Grooming Service 1 on at 6:00 - 6:30','2022-06-18',NULL,NULL,'2022-06-18 07:00:03','2022-06-18 07:00:03',NULL),(1287,16,0,'Mobile Grooming Reminder','Hi vishnu, Your pet 11-Dobby has a Mobile Grooming today for Mobile Grooming Service 1 on at 6:00 - 6:30','2022-06-18',NULL,NULL,'2022-06-18 07:00:03','2022-06-18 07:00:03',NULL),(1288,17,0,'Mobile Grooming Reminder','Hi Thrishika, Your pet 11-Dobby has a Mobile Grooming today for Mobile Grooming Service 1 on at 6:00 - 6:30','2022-06-18',NULL,NULL,'2022-06-18 07:00:03','2022-06-18 07:00:03',NULL),(1289,18,0,'Mobile Grooming Reminder','Hi Pet Kingdom, Your pet 11-Dobby has a Mobile Grooming today for Mobile Grooming Service 1 on at 6:00 - 6:30','2022-06-18',NULL,NULL,'2022-06-18 07:00:03','2022-06-18 07:00:03',NULL),(1290,19,0,'Mobile Grooming Reminder','Hi A & A World, Your pet 11-Dobby has a Mobile Grooming today for Mobile Grooming Service 1 on at 6:00 - 6:30','2022-06-18',NULL,NULL,'2022-06-18 07:00:04','2022-06-18 07:00:04',NULL),(1291,20,0,'Mobile Grooming Reminder','Hi Healthy World, Your pet 11-Dobby has a Mobile Grooming today for Mobile Grooming Service 1 on at 6:00 - 6:30','2022-06-18',NULL,NULL,'2022-06-18 07:00:04','2022-06-18 07:00:04',NULL),(1292,21,0,'Mobile Grooming Reminder','Hi Healthy World, Your pet 11-Dobby has a Mobile Grooming today for Mobile Grooming Service 1 on at 6:00 - 6:30','2022-06-18',NULL,NULL,'2022-06-18 07:00:04','2022-06-18 07:00:04',NULL),(1293,22,0,'Mobile Grooming Reminder','Hi Healthy World, Your pet 11-Dobby has a Mobile Grooming today for Mobile Grooming Service 1 on at 6:00 - 6:30','2022-06-18',NULL,NULL,'2022-06-18 07:00:04','2022-06-18 07:00:04',NULL),(1294,23,0,'Mobile Grooming Reminder','Hi HK care, Your pet 11-Dobby has a Mobile Grooming today for Mobile Grooming Service 1 on at 6:00 - 6:30','2022-06-18',NULL,NULL,'2022-06-18 07:00:04','2022-06-18 07:00:04',NULL),(1295,24,0,'Mobile Grooming Reminder','Hi Anu, Your pet 11-Dobby has a Mobile Grooming today for Mobile Grooming Service 1 on at 6:00 - 6:30','2022-06-18',NULL,NULL,'2022-06-18 07:00:04','2022-06-18 07:00:04',NULL),(1296,25,0,'Mobile Grooming Reminder','Hi Pet Care Center, Your pet 11-Dobby has a Mobile Grooming today for Mobile Grooming Service 1 on at 6:00 - 6:30','2022-06-18',NULL,NULL,'2022-06-18 07:00:04','2022-06-18 07:00:04',NULL),(1297,26,0,'Mobile Grooming Reminder','Hi Home care, Your pet 11-Dobby has a Mobile Grooming today for Mobile Grooming Service 1 on at 6:00 - 6:30','2022-06-18',NULL,NULL,'2022-06-18 07:00:04','2022-06-18 07:00:04',NULL),(1298,27,0,'Mobile Grooming Reminder','Hi PC clinic, Your pet 11-Dobby has a Mobile Grooming today for Mobile Grooming Service 1 on at 6:00 - 6:30','2022-06-18',NULL,NULL,'2022-06-18 07:00:04','2022-06-18 07:00:04',NULL),(1299,28,0,'Mobile Grooming Reminder','Hi Dr.ABCD, Your pet 11-Dobby has a Mobile Grooming today for Mobile Grooming Service 1 on at 6:00 - 6:30','2022-06-18',NULL,NULL,'2022-06-18 07:00:05','2022-06-18 07:00:05',NULL),(1300,29,0,'Mobile Grooming Reminder','Hi Harsha, Your pet 11-Dobby has a Mobile Grooming today for Mobile Grooming Service 1 on at 6:00 - 6:30','2022-06-18',NULL,NULL,'2022-06-18 07:00:05','2022-06-18 07:00:05',NULL),(1301,30,0,'Mobile Grooming Reminder','Hi Animal care, Your pet 11-Dobby has a Mobile Grooming today for Mobile Grooming Service 1 on at 6:00 - 6:30','2022-06-18',NULL,NULL,'2022-06-18 07:00:05','2022-06-18 07:00:05',NULL),(1302,1,0,'Booking Reminder','Hi Admin, Your pet 11-Dobby has a booking today for Pet Training onA & A World at 8:42 - 8:52','2022-06-19',NULL,NULL,'2022-06-19 07:00:01','2022-06-19 07:00:01',NULL),(1303,2,0,'Booking Reminder','Hi SB PET B.USER, Your pet 11-Dobby has a booking today for Pet Training onA & A World at 8:42 - 8:52','2022-06-19',NULL,NULL,'2022-06-19 07:00:03','2022-06-19 07:00:03',NULL),(1304,3,0,'Booking Reminder','Hi SB PET SHOP, Your pet 11-Dobby has a booking today for Pet Training onA & A World at 8:42 - 8:52','2022-06-19',NULL,NULL,'2022-06-19 07:00:03','2022-06-19 07:00:03',NULL),(1305,5,0,'Booking Reminder','Hi Maya, Your pet 11-Dobby has a booking today for Pet Training onA & A World at 8:42 - 8:52','2022-06-19',NULL,NULL,'2022-06-19 07:00:03','2022-06-19 07:00:03',NULL),(1306,6,0,'Booking Reminder','Hi vishnu, Your pet 11-Dobby has a booking today for Pet Training onA & A World at 8:42 - 8:52','2022-06-19',NULL,NULL,'2022-06-19 07:00:03','2022-06-19 07:00:03',NULL),(1307,7,0,'Booking Reminder','Hi Haritha, Your pet 11-Dobby has a booking today for Pet Training onA & A World at 8:42 - 8:52','2022-06-19',NULL,NULL,'2022-06-19 07:00:03','2022-06-19 07:00:03',NULL),(1308,8,0,'Booking Reminder','Hi H care centre, Your pet 11-Dobby has a booking today for Pet Training onA & A World at 8:42 - 8:52','2022-06-19',NULL,NULL,'2022-06-19 07:00:03','2022-06-19 07:00:03',NULL),(1309,9,0,'Booking Reminder','Hi Care Center, Your pet 11-Dobby has a booking today for Pet Training onA & A World at 8:42 - 8:52','2022-06-19',NULL,NULL,'2022-06-19 07:00:03','2022-06-19 07:00:03',NULL),(1310,10,0,'Booking Reminder','Hi Pet Home, Your pet 11-Dobby has a booking today for Pet Training onA & A World at 8:42 - 8:52','2022-06-19',NULL,NULL,'2022-06-19 07:00:03','2022-06-19 07:00:03',NULL),(1311,12,0,'Booking Reminder','Hi Animal world, Your pet 11-Dobby has a booking today for Pet Training onA & A World at 8:42 - 8:52','2022-06-19',NULL,NULL,'2022-06-19 07:00:03','2022-06-19 07:00:03',NULL),(1312,13,0,'Booking Reminder','Hi Hari, Your pet 11-Dobby has a booking today for Pet Training onA & A World at 8:42 - 8:52','2022-06-19',NULL,NULL,'2022-06-19 07:00:03','2022-06-19 07:00:03',NULL),(1313,14,0,'Booking Reminder','Hi Pet & Care, Your pet 11-Dobby has a booking today for Pet Training onA & A World at 8:42 - 8:52','2022-06-19',NULL,NULL,'2022-06-19 07:00:04','2022-06-19 07:00:04',NULL),(1314,16,0,'Booking Reminder','Hi vishnu, Your pet 11-Dobby has a booking today for Pet Training onA & A World at 8:42 - 8:52','2022-06-19',NULL,NULL,'2022-06-19 07:00:04','2022-06-19 07:00:04',NULL),(1315,17,0,'Booking Reminder','Hi Thrishika, Your pet 11-Dobby has a booking today for Pet Training onA & A World at 8:42 - 8:52','2022-06-19',NULL,NULL,'2022-06-19 07:00:04','2022-06-19 07:00:04',NULL),(1316,18,0,'Booking Reminder','Hi Pet Kingdom, Your pet 11-Dobby has a booking today for Pet Training onA & A World at 8:42 - 8:52','2022-06-19',NULL,NULL,'2022-06-19 07:00:04','2022-06-19 07:00:04',NULL),(1317,19,0,'Booking Reminder','Hi A & A World, Your pet 11-Dobby has a booking today for Pet Training onA & A World at 8:42 - 8:52','2022-06-19',NULL,NULL,'2022-06-19 07:00:04','2022-06-19 07:00:04',NULL),(1318,20,0,'Booking Reminder','Hi Healthy World, Your pet 11-Dobby has a booking today for Pet Training onA & A World at 8:42 - 8:52','2022-06-19',NULL,NULL,'2022-06-19 07:00:04','2022-06-19 07:00:04',NULL),(1319,21,0,'Booking Reminder','Hi Healthy World, Your pet 11-Dobby has a booking today for Pet Training onA & A World at 8:42 - 8:52','2022-06-19',NULL,NULL,'2022-06-19 07:00:04','2022-06-19 07:00:04',NULL),(1320,22,0,'Booking Reminder','Hi Healthy World, Your pet 11-Dobby has a booking today for Pet Training onA & A World at 8:42 - 8:52','2022-06-19',NULL,NULL,'2022-06-19 07:00:04','2022-06-19 07:00:04',NULL),(1321,23,0,'Booking Reminder','Hi HK care, Your pet 11-Dobby has a booking today for Pet Training onA & A World at 8:42 - 8:52','2022-06-19',NULL,NULL,'2022-06-19 07:00:04','2022-06-19 07:00:04',NULL),(1322,24,0,'Booking Reminder','Hi Anu, Your pet 11-Dobby has a booking today for Pet Training onA & A World at 8:42 - 8:52','2022-06-19',NULL,NULL,'2022-06-19 07:00:04','2022-06-19 07:00:04',NULL),(1323,25,0,'Booking Reminder','Hi Pet Care Center, Your pet 11-Dobby has a booking today for Pet Training onA & A World at 8:42 - 8:52','2022-06-19',NULL,NULL,'2022-06-19 07:00:04','2022-06-19 07:00:04',NULL),(1324,26,0,'Booking Reminder','Hi Home care, Your pet 11-Dobby has a booking today for Pet Training onA & A World at 8:42 - 8:52','2022-06-19',NULL,NULL,'2022-06-19 07:00:04','2022-06-19 07:00:04',NULL),(1325,27,0,'Booking Reminder','Hi PC clinic, Your pet 11-Dobby has a booking today for Pet Training onA & A World at 8:42 - 8:52','2022-06-19',NULL,NULL,'2022-06-19 07:00:04','2022-06-19 07:00:04',NULL),(1326,28,0,'Booking Reminder','Hi Dr.ABCD, Your pet 11-Dobby has a booking today for Pet Training onA & A World at 8:42 - 8:52','2022-06-19',NULL,NULL,'2022-06-19 07:00:05','2022-06-19 07:00:05',NULL),(1327,29,0,'Booking Reminder','Hi Harsha, Your pet 11-Dobby has a booking today for Pet Training onA & A World at 8:42 - 8:52','2022-06-19',NULL,NULL,'2022-06-19 07:00:05','2022-06-19 07:00:05',NULL),(1328,30,0,'Booking Reminder','Hi Animal care, Your pet 11-Dobby has a booking today for Pet Training onA & A World at 8:42 - 8:52','2022-06-19',NULL,NULL,'2022-06-19 07:00:05','2022-06-19 07:00:05',NULL),(1329,120,0,'Booking Placed','Booking CP-BK2206201295 Placed','2022-06-20','CP-BK2206201295','Booking','2022-06-20 09:42:04','2022-06-20 09:42:04',NULL),(1330,120,0,'Booking Approved, You can pay now.','Booking CP-BK2206201295 Approved, You can pay now.','2022-06-20','CP-BK2206201295','Booking','2022-06-20 09:42:59','2022-06-20 09:42:59',NULL),(1331,120,0,'Hotel Room Booking Placed','Hotel Room Booking CP-HB2206201475 Placed','2022-06-20','CP-HB2206201475','Hotel Room Booking','2022-06-20 09:48:30','2022-06-20 09:48:30',NULL),(1332,120,0,'Hotel Booking Approved, You can pay now.','Hotel Booking CP-HB2206201475Approved, You can pay now.','2022-06-20','CP-HB2206201475','Hotel Booking','2022-06-20 09:49:35','2022-06-20 09:49:35',NULL),(1333,120,0,'Mobile Grooming Booking Placed','Mobile Grooming Booking CP-MG2206206295 Placed','2022-06-20','CP-MG2206206295','Mobile Grooming Book','2022-06-20 09:59:47','2022-06-20 09:59:47',NULL),(1334,120,0,'Mobile Grooming Approved, You can pay now.','Mobile Grooming CP-MG2206206295Approved, You can pay now.','2022-06-20','CP-MG2206206295','Mobile Grooming','2022-06-20 10:00:20','2022-06-20 10:00:20',NULL),(1335,120,0,'Hotel Room Booking Placed','Hotel Room Booking CP-HB2206202218 Placed','2022-06-20','CP-HB2206202218','Hotel Room Booking','2022-06-20 10:11:11','2022-06-20 10:11:11',NULL),(1336,120,0,'Hotel Room Booking Placed','Hotel Room Booking CP-HB2206204847 Placed','2022-06-20','CP-HB2206204847','Hotel Room Booking','2022-06-20 10:53:22','2022-06-20 10:53:22',NULL),(1337,120,0,'Hotel Booking Approved, You can pay now.','Hotel Booking CP-HB2206204847Approved, You can pay now.','2022-06-20','CP-HB2206204847','Hotel Booking','2022-06-20 10:53:58','2022-06-20 10:53:58',NULL),(1338,120,0,'Booking Placed','Booking CP-BK2206202635 Placed','2022-06-20','CP-BK2206202635','Booking','2022-06-20 12:58:18','2022-06-20 12:58:18',NULL),(1339,120,0,'Booking Approved, You can pay now.','Booking CP-BK2206202635 Approved, You can pay now.','2022-06-20','CP-BK2206202635','Booking','2022-06-20 12:59:15','2022-06-20 12:59:15',NULL),(1340,120,0,'Booking Placed','Booking CP-BK2206204030 Placed','2022-06-20','CP-BK2206204030','Booking','2022-06-20 13:05:30','2022-06-20 13:05:30',NULL),(1341,120,0,'Booking Approved, You can pay now.','Booking CP-BK2206204030 Approved, You can pay now.','2022-06-20','CP-BK2206204030','Booking','2022-06-20 13:05:46','2022-06-20 13:05:46',NULL),(1342,120,0,'Booking Placed','Booking CP-BK2206204282 Placed','2022-06-20','CP-BK2206204282','Booking','2022-06-20 13:09:59','2022-06-20 13:09:59',NULL),(1343,120,0,'Booking Approved, You can pay now.','Booking CP-BK2206204282 Approved, You can pay now.','2022-06-20','CP-BK2206204282','Booking','2022-06-20 13:10:46','2022-06-20 13:10:46',NULL),(1344,120,0,'Booking Placed','Booking CP-BK2206208811 Placed','2022-06-20','CP-BK2206208811','Booking','2022-06-20 13:14:43','2022-06-20 13:14:43',NULL),(1345,120,0,'Booking Approved, You can pay now.','Booking CP-BK2206208811 Approved, You can pay now.','2022-06-20','CP-BK2206208811','Booking','2022-06-20 13:15:07','2022-06-20 13:15:07',NULL),(1346,120,0,'Booking Placed','Booking CP-BK2206207705 Placed','2022-06-20','CP-BK2206207705','Booking','2022-06-20 13:18:26','2022-06-20 13:18:26',NULL),(1347,120,0,'Booking Approved, You can pay now.','Booking CP-BK2206207705 Approved, You can pay now.','2022-06-20','CP-BK2206207705','Booking','2022-06-20 13:20:16','2022-06-20 13:20:16',NULL),(1348,120,0,'Booking Placed','Booking CP-BK2206207350 Placed','2022-06-20','CP-BK2206207350','Booking','2022-06-20 13:22:41','2022-06-20 13:22:41',NULL),(1349,120,0,'Booking Approved, You can pay now.','Booking CP-BK2206207350 Approved, You can pay now.','2022-06-20','CP-BK2206207350','Booking','2022-06-20 13:23:11','2022-06-20 13:23:11',NULL),(1350,120,0,'Booking Placed','Booking CP-BK2206201299 Placed','2022-06-20','CP-BK2206201299','Booking','2022-06-20 13:27:45','2022-06-20 13:27:45',NULL),(1351,120,0,'Booking Approved, You can pay now.','Booking CP-BK2206201299 Approved, You can pay now.','2022-06-20','CP-BK2206201299','Booking','2022-06-20 13:28:21','2022-06-20 13:28:21',NULL),(1352,120,0,'Hotel Room Booking Placed','Hotel Room Booking CP-HB2206205532 Placed','2022-06-20','CP-HB2206205532','Hotel Room Booking','2022-06-20 13:33:16','2022-06-20 13:33:16',NULL),(1353,120,0,'Hotel Booking Approved, You can pay now.','Hotel Booking CP-HB2206205532Approved, You can pay now.','2022-06-20','CP-HB2206205532','Hotel Booking','2022-06-20 13:33:54','2022-06-20 13:33:54',NULL),(1354,120,0,'Hotel Room Booking Placed','Hotel Room Booking CP-HB2206205353 Placed','2022-06-20','CP-HB2206205353','Hotel Room Booking','2022-06-20 13:36:02','2022-06-20 13:36:02',NULL),(1355,120,0,'Hotel Booking Approved, You can pay now.','Hotel Booking CP-HB2206205353Approved, You can pay now.','2022-06-20','CP-HB2206205353','Hotel Booking','2022-06-20 13:36:36','2022-06-20 13:36:36',NULL),(1356,120,0,'Mobile Grooming Booking Placed','Mobile Grooming Booking CP-MG2206202347 Placed','2022-06-20','CP-MG2206202347','Mobile Grooming Book','2022-06-20 13:38:59','2022-06-20 13:38:59',NULL),(1357,120,0,'Mobile Grooming Approved, You can pay now.','Mobile Grooming CP-MG2206202347Approved, You can pay now.','2022-06-20','CP-MG2206202347','Mobile Grooming','2022-06-20 13:39:17','2022-06-20 13:39:17',NULL),(1358,120,0,'Hotel Room Booking Placed','Hotel Room Booking CP-HB2206209052 Placed','2022-06-20','CP-HB2206209052','Hotel Room Booking','2022-06-20 13:49:09','2022-06-20 13:49:09',NULL),(1359,120,0,'Hotel Booking Approved, You can pay now.','Hotel Booking CP-HB2206209052Approved, You can pay now.','2022-06-20','CP-HB2206209052','Hotel Booking','2022-06-20 13:49:34','2022-06-20 13:49:34',NULL),(1360,120,0,'Hotel Room Booking Placed','Hotel Room Booking CP-HB2206209929 Placed','2022-06-20','CP-HB2206209929','Hotel Room Booking','2022-06-20 13:53:42','2022-06-20 13:53:42',NULL),(1361,120,0,'Hotel Booking Approved, You can pay now.','Hotel Booking CP-HB2206209929Approved, You can pay now.','2022-06-20','CP-HB2206209929','Hotel Booking','2022-06-20 13:53:54','2022-06-20 13:53:54',NULL),(1362,120,0,'Hotel Room Booking Placed','Hotel Room Booking CP-HB2206203897 Placed','2022-06-20','CP-HB2206203897','Hotel Room Booking','2022-06-20 13:56:44','2022-06-20 13:56:44',NULL),(1363,120,0,'Hotel Booking Approved, You can pay now.','Hotel Booking CP-HB2206203897Approved, You can pay now.','2022-06-20','CP-HB2206203897','Hotel Booking','2022-06-20 13:57:53','2022-06-20 13:57:53',NULL),(1364,120,0,'Booking Placed','Booking CP-BK2206201732 Placed','2022-06-20','CP-BK2206201732','Booking','2022-06-20 14:01:04','2022-06-20 14:01:04',NULL),(1365,120,0,'Booking Approved, You can pay now.','Booking CP-BK2206201732 Approved, You can pay now.','2022-06-20','CP-BK2206201732','Booking','2022-06-20 14:01:37','2022-06-20 14:01:37',NULL),(1366,120,0,'Mobile Grooming Booking Placed','Mobile Grooming Booking CP-MG2206209162 Placed','2022-06-20','CP-MG2206209162','Mobile Grooming Book','2022-06-20 14:09:53','2022-06-20 14:09:53',NULL),(1367,120,0,'Mobile Grooming Approved, You can pay now.','Mobile Grooming CP-MG2206209162Approved, You can pay now.','2022-06-20','CP-MG2206209162','Mobile Grooming','2022-06-20 14:10:06','2022-06-20 14:10:06',NULL),(1368,120,0,'Mobile Grooming Booking Placed','Mobile Grooming Booking CP-MG2206201266 Placed','2022-06-20','CP-MG2206201266','Mobile Grooming Book','2022-06-20 14:16:05','2022-06-20 14:16:05',NULL),(1369,120,0,'Mobile Grooming Approved, You can pay now.','Mobile Grooming CP-MG2206201266Approved, You can pay now.','2022-06-20','CP-MG2206201266','Mobile Grooming','2022-06-20 14:16:15','2022-06-20 14:16:15',NULL),(1370,120,0,'Hotel Room Booking Placed','Hotel Room Booking CP-HB2206209599 Placed','2022-06-20','CP-HB2206209599','Hotel Room Booking','2022-06-20 14:22:02','2022-06-20 14:22:02',NULL),(1371,120,0,'Hotel Booking Approved, You can pay now.','Hotel Booking CP-HB2206209599Approved, You can pay now.','2022-06-20','CP-HB2206209599','Hotel Booking','2022-06-20 14:23:48','2022-06-20 14:23:48',NULL),(1372,120,0,'Hotel Room Booking Placed','Hotel Room Booking CP-HB2206205892 Placed','2022-06-20','CP-HB2206205892','Hotel Room Booking','2022-06-20 14:26:47','2022-06-20 14:26:47',NULL),(1373,120,0,'Hotel Booking Approved, You can pay now.','Hotel Booking CP-HB2206205892Approved, You can pay now.','2022-06-20','CP-HB2206205892','Hotel Booking','2022-06-20 14:27:27','2022-06-20 14:27:27',NULL),(1374,120,0,'Hotel Room Booking Placed','Hotel Room Booking CP-HB2206205276 Placed','2022-06-20','CP-HB2206205276','Hotel Room Booking','2022-06-20 14:30:04','2022-06-20 14:30:04',NULL),(1375,120,0,'Hotel Booking Approved, You can pay now.','Hotel Booking CP-HB2206205276Approved, You can pay now.','2022-06-20','CP-HB2206205276','Hotel Booking','2022-06-20 14:30:25','2022-06-20 14:30:25',NULL),(1376,120,0,'Booking Placed','Booking CP-BK2206202920 Placed','2022-06-20','CP-BK2206202920','Booking','2022-06-20 15:23:43','2022-06-20 15:23:43',NULL),(1377,120,0,'Hotel Room Booking Placed','Hotel Room Booking CP-HB2206204753 Placed','2022-06-20','CP-HB2206204753','Hotel Room Booking','2022-06-20 15:25:11','2022-06-20 15:25:11',NULL),(1378,120,0,'Mobile Grooming Booking Placed','Mobile Grooming Booking CP-MG2206202712 Placed','2022-06-20','CP-MG2206202712','Mobile Grooming Book','2022-06-20 15:25:54','2022-06-20 15:25:54',NULL),(1379,120,0,'Booking Approved, You can pay now.','Booking CP-BK2206202920 Approved, You can pay now.','2022-06-20','CP-BK2206202920','Booking','2022-06-20 15:26:26','2022-06-20 15:26:26',NULL),(1380,120,0,'Booking Placed','Booking CP-BK2206209735 Placed','2022-06-20','CP-BK2206209735','Booking','2022-06-20 15:38:53','2022-06-20 15:38:53',NULL),(1381,120,0,'Booking Placed','Booking CP-BK2206204317 Placed','2022-06-20','CP-BK2206204317','Booking','2022-06-20 15:46:04','2022-06-20 15:46:04',NULL),(1382,120,0,'Booking Approved, You can pay now.','Booking CP-BK2206204317 Approved, You can pay now.','2022-06-20','CP-BK2206204317','Booking','2022-06-20 15:47:03','2022-06-20 15:47:03',NULL),(1383,120,0,'Booking Approved, You can pay now.','Booking CP-BK2206209735 Approved, You can pay now.','2022-06-20','CP-BK2206209735','Booking','2022-06-20 15:51:03','2022-06-20 15:51:03',NULL),(1384,120,0,'Hotel Room Booking Placed','Hotel Room Booking CP-HB2206203656 Placed','2022-06-20','CP-HB2206203656','Hotel Room Booking','2022-06-20 16:04:13','2022-06-20 16:04:13',NULL),(1385,120,0,'Mobile Grooming Booking Placed','Mobile Grooming Booking CP-MG2206207051 Placed','2022-06-20','CP-MG2206207051','Mobile Grooming Book','2022-06-20 16:08:35','2022-06-20 16:08:35',NULL),(1386,120,0,'Mobile Grooming Approved, You can pay now.','Mobile Grooming CP-MG2206207051Approved, You can pay now.','2022-06-20','CP-MG2206207051','Mobile Grooming','2022-06-20 16:10:05','2022-06-20 16:10:05',NULL),(1387,120,0,'Hotel Booking Approved, You can pay now.','Hotel Booking CP-HB2206203656Approved, You can pay now.','2022-06-20','CP-HB2206203656','Hotel Booking','2022-06-20 16:12:54','2022-06-20 16:12:54',NULL),(1388,120,0,'Hotel Booking Completed','Hotel Booking CP-HB2206203656Completed','2022-06-20','CP-HB2206203656','Hotel Booking','2022-06-20 16:19:39','2022-06-20 16:19:39',NULL),(1389,120,0,'Booking Completed','Booking CP-BK2206209735Completed','2022-06-20','CP-BK2206209735','Booking','2022-06-20 16:20:32','2022-06-20 16:20:32',NULL),(1390,120,0,'Mobile Grooming Booking Placed','Mobile Grooming Booking CP-MG2206203445 Placed','2022-06-20','CP-MG2206203445','Mobile Grooming Book','2022-06-20 16:26:02','2022-06-20 16:26:02',NULL),(1391,120,0,'Hotel Room Booking Placed','Hotel Room Booking CP-HB2206201962 Placed','2022-06-20','CP-HB2206201962','Hotel Room Booking','2022-06-20 16:33:15','2022-06-20 16:33:15',NULL),(1392,120,0,'Hotel Booking Approved, You can pay now.','Hotel Booking CP-HB2206201962Approved, You can pay now.','2022-06-20','CP-HB2206201962','Hotel Booking','2022-06-20 16:33:58','2022-06-20 16:33:58',NULL),(1393,120,0,'Mobile Grooming Booking Placed','Mobile Grooming Booking CP-MG2206209554 Placed','2022-06-20','CP-MG2206209554','Mobile Grooming Book','2022-06-20 16:41:00','2022-06-20 16:41:00',NULL),(1394,120,0,'Mobile Grooming Approved, You can pay now.','Mobile Grooming CP-MG2206209554Approved, You can pay now.','2022-06-20','CP-MG2206209554','Mobile Grooming','2022-06-20 16:41:45','2022-06-20 16:41:45',NULL),(1395,120,0,'Hotel Room Booking Placed','Hotel Room Booking CP-HB2206216529 Placed','2022-06-21','CP-HB2206216529','Hotel Room Booking','2022-06-21 08:58:43','2022-06-21 08:58:43',NULL),(1396,120,0,'Mobile Grooming Booking Placed','Mobile Grooming Booking CP-MG2206212628 Placed','2022-06-21','CP-MG2206212628','Mobile Grooming Book','2022-06-21 10:17:02','2022-06-21 10:17:02',NULL),(1397,120,0,'Mobile Grooming Approved, You can pay now.','Mobile Grooming CP-MG2206212628Approved, You can pay now.','2022-06-21','CP-MG2206212628','Mobile Grooming','2022-06-21 10:19:28','2022-06-21 10:19:28',NULL),(1398,120,0,'Hotel Room Booking Placed','Hotel Room Booking CP-HB2206213350 Placed','2022-06-21','CP-HB2206213350','Hotel Room Booking','2022-06-21 10:21:46','2022-06-21 10:21:46',NULL),(1399,120,0,'Hotel Booking Approved, You can pay now.','Hotel Booking CP-HB2206213350Approved, You can pay now.','2022-06-21','CP-HB2206213350','Hotel Booking','2022-06-21 10:21:59','2022-06-21 10:21:59',NULL),(1400,120,0,'Hotel Room Booking Placed','Hotel Room Booking CP-HB2206211470 Placed','2022-06-21','CP-HB2206211470','Hotel Room Booking','2022-06-21 10:40:35','2022-06-21 10:40:35',NULL),(1401,120,0,'Hotel Booking Approved, You can pay now.','Hotel Booking CP-HB2206211470Approved, You can pay now.','2022-06-21','CP-HB2206211470','Hotel Booking','2022-06-21 10:40:48','2022-06-21 10:40:48',NULL),(1402,120,0,'Mobile Grooming Booking Placed','Mobile Grooming Booking CP-MG2206214605 Placed','2022-06-21','CP-MG2206214605','Mobile Grooming Book','2022-06-21 10:45:01','2022-06-21 10:45:01',NULL),(1403,120,0,'Mobile Grooming Approved, You can pay now.','Mobile Grooming CP-MG2206214605Approved, You can pay now.','2022-06-21','CP-MG2206214605','Mobile Grooming','2022-06-21 10:45:19','2022-06-21 10:45:19',NULL),(1404,120,0,'Hotel Room Booking Placed','Hotel Room Booking CP-HB2206211876 Placed','2022-06-21','CP-HB2206211876','Hotel Room Booking','2022-06-21 10:46:22','2022-06-21 10:46:22',NULL),(1405,120,0,'Hotel Booking Approved, You can pay now.','Hotel Booking CP-HB2206211876Approved, You can pay now.','2022-06-21','CP-HB2206211876','Hotel Booking','2022-06-21 10:47:01','2022-06-21 10:47:01',NULL),(1406,120,0,'Hotel Room Booking Placed','Hotel Room Booking CP-HB2206216731 Placed','2022-06-21','CP-HB2206216731','Hotel Room Booking','2022-06-21 10:50:31','2022-06-21 10:50:31',NULL),(1407,120,0,'Hotel Booking Approved, You can pay now.','Hotel Booking CP-HB2206216731Approved, You can pay now.','2022-06-21','CP-HB2206216731','Hotel Booking','2022-06-21 10:50:53','2022-06-21 10:50:53',NULL),(1408,120,0,'Hotel Room Booking Placed','Hotel Room Booking CP-HB2206213727 Placed','2022-06-21','CP-HB2206213727','Hotel Room Booking','2022-06-21 10:53:10','2022-06-21 10:53:10',NULL),(1409,120,0,'Hotel Booking Approved, You can pay now.','Hotel Booking CP-HB2206213727Approved, You can pay now.','2022-06-21','CP-HB2206213727','Hotel Booking','2022-06-21 10:53:36','2022-06-21 10:53:36',NULL),(1410,120,0,'Hotel Room Booking Placed','Hotel Room Booking CP-HB2206217297 Placed','2022-06-21','CP-HB2206217297','Hotel Room Booking','2022-06-21 10:56:04','2022-06-21 10:56:04',NULL),(1411,120,0,'Hotel Booking Approved, You can pay now.','Hotel Booking CP-HB2206217297Approved, You can pay now.','2022-06-21','CP-HB2206217297','Hotel Booking','2022-06-21 10:56:28','2022-06-21 10:56:28',NULL),(1412,120,0,'Hotel Room Booking Placed','Hotel Room Booking CP-HB2206218852 Placed','2022-06-21','CP-HB2206218852','Hotel Room Booking','2022-06-21 11:04:46','2022-06-21 11:04:46',NULL),(1413,120,0,'Hotel Booking Approved, You can pay now.','Hotel Booking CP-HB2206218852Approved, You can pay now.','2022-06-21','CP-HB2206218852','Hotel Booking','2022-06-21 11:05:12','2022-06-21 11:05:12',NULL),(1414,120,0,'Hotel Room Booking Placed','Hotel Room Booking CP-HB2206213068 Placed','2022-06-21','CP-HB2206213068','Hotel Room Booking','2022-06-21 11:15:45','2022-06-21 11:15:45',NULL),(1415,120,0,'Hotel Booking Approved, You can pay now.','Hotel Booking CP-HB2206213068Approved, You can pay now.','2022-06-21','CP-HB2206213068','Hotel Booking','2022-06-21 11:16:07','2022-06-21 11:16:07',NULL),(1416,120,0,'Hotel Room Booking Placed','Hotel Room Booking CP-HB2206217419 Placed','2022-06-21','CP-HB2206217419','Hotel Room Booking','2022-06-21 11:28:04','2022-06-21 11:28:04',NULL),(1417,120,0,'Hotel Booking Approved, You can pay now.','Hotel Booking CP-HB2206217419Approved, You can pay now.','2022-06-21','CP-HB2206217419','Hotel Booking','2022-06-21 11:28:47','2022-06-21 11:28:47',NULL),(1418,120,0,'Hotel Room Booking Placed','Hotel Room Booking CP-HB2206213786 Placed','2022-06-21','CP-HB2206213786','Hotel Room Booking','2022-06-21 11:32:15','2022-06-21 11:32:15',NULL),(1419,120,0,'Hotel Room Booking Placed','Hotel Room Booking CP-HB2206212793 Placed','2022-06-21','CP-HB2206212793','Hotel Room Booking','2022-06-21 11:33:30','2022-06-21 11:33:30',NULL),(1420,120,0,'Hotel Room Booking Placed','Hotel Room Booking CP-HB2206213988 Placed','2022-06-21','CP-HB2206213988','Hotel Room Booking','2022-06-21 11:34:09','2022-06-21 11:34:09',NULL),(1421,120,0,'Hotel Booking Approved, You can pay now.','Hotel Booking CP-HB2206213786Approved, You can pay now.','2022-06-21','CP-HB2206213786','Hotel Booking','2022-06-21 11:34:44','2022-06-21 11:34:44',NULL),(1422,120,0,'Mobile Grooming Booking Placed','Mobile Grooming Booking CP-MG2206211151 Placed','2022-06-21','CP-MG2206211151','Mobile Grooming Book','2022-06-21 14:27:28','2022-06-21 14:27:28',NULL),(1423,120,0,'Hotel Booking Approved, You can pay now.','Hotel Booking CP-HB2206212793Approved, You can pay now.','2022-06-21','CP-HB2206212793','Hotel Booking','2022-06-21 14:34:38','2022-06-21 14:34:38',NULL),(1424,120,0,'Hotel Booking Approved, You can pay now.','Hotel Booking CP-HB2206213988Approved, You can pay now.','2022-06-21','CP-HB2206213988','Hotel Booking','2022-06-21 14:37:04','2022-06-21 14:37:04',NULL),(1425,120,0,'Hotel Room Booking Placed','Hotel Room Booking CP-HB2206219200 Placed','2022-06-21','CP-HB2206219200','Hotel Room Booking','2022-06-21 14:44:38','2022-06-21 14:44:38',NULL),(1426,120,0,'Hotel Booking Approved, You can pay now.','Hotel Booking CP-HB2206219200Approved, You can pay now.','2022-06-21','CP-HB2206219200','Hotel Booking','2022-06-21 14:44:56','2022-06-21 14:44:56',NULL),(1427,120,0,'Booking Placed','Booking CP-BK2206219571 Placed','2022-06-21','CP-BK2206219571','Booking','2022-06-21 16:39:54','2022-06-21 16:39:54',NULL),(1428,120,0,'Booking Approved, You can pay now.','Booking CP-BK2206219571 Approved, You can pay now.','2022-06-21','CP-BK2206219571','Booking','2022-06-21 16:52:24','2022-06-21 16:52:24',NULL),(1429,120,0,'Mobile Grooming Booking Placed','Mobile Grooming Booking CP-MG2206217674 Placed','2022-06-21','CP-MG2206217674','Mobile Grooming Book','2022-06-21 16:59:52','2022-06-21 16:59:52',NULL),(1430,120,0,'Mobile Grooming Approved, You can pay now.','Mobile Grooming CP-MG2206217674Approved, You can pay now.','2022-06-21','CP-MG2206217674','Mobile Grooming','2022-06-21 17:01:27','2022-06-21 17:01:27',NULL),(1431,120,0,'Mobile Grooming Booking Placed','Mobile Grooming Booking CP-MG2206212394 Placed','2022-06-21','CP-MG2206212394','Mobile Grooming Book','2022-06-21 17:10:16','2022-06-21 17:10:16',NULL),(1432,1,0,'Mobile Grooming Reminder','Hi Admin, Your pet 11-Dobby has a Mobile Grooming today for Healthy Pet on at 6:00 - 6:30','2022-06-22',NULL,NULL,'2022-06-22 07:00:01','2022-06-22 07:00:01',NULL),(1433,2,0,'Mobile Grooming Reminder','Hi SB PET B.USER, Your pet 11-Dobby has a Mobile Grooming today for Healthy Pet on at 6:00 - 6:30','2022-06-22',NULL,NULL,'2022-06-22 07:00:01','2022-06-22 07:00:01',NULL),(1434,3,0,'Mobile Grooming Reminder','Hi SB PET SHOP, Your pet 11-Dobby has a Mobile Grooming today for Healthy Pet on at 6:00 - 6:30','2022-06-22',NULL,NULL,'2022-06-22 07:00:01','2022-06-22 07:00:01',NULL),(1435,5,0,'Mobile Grooming Reminder','Hi Maya, Your pet 11-Dobby has a Mobile Grooming today for Healthy Pet on at 6:00 - 6:30','2022-06-22',NULL,NULL,'2022-06-22 07:00:01','2022-06-22 07:00:01',NULL),(1436,6,0,'Mobile Grooming Reminder','Hi vishnu, Your pet 11-Dobby has a Mobile Grooming today for Healthy Pet on at 6:00 - 6:30','2022-06-22',NULL,NULL,'2022-06-22 07:00:01','2022-06-22 07:00:01',NULL),(1437,7,0,'Mobile Grooming Reminder','Hi Haritha, Your pet 11-Dobby has a Mobile Grooming today for Healthy Pet on at 6:00 - 6:30','2022-06-22',NULL,NULL,'2022-06-22 07:00:02','2022-06-22 07:00:02',NULL),(1438,8,0,'Mobile Grooming Reminder','Hi H care centre, Your pet 11-Dobby has a Mobile Grooming today for Healthy Pet on at 6:00 - 6:30','2022-06-22',NULL,NULL,'2022-06-22 07:00:02','2022-06-22 07:00:02',NULL),(1439,9,0,'Mobile Grooming Reminder','Hi Care Center, Your pet 11-Dobby has a Mobile Grooming today for Healthy Pet on at 6:00 - 6:30','2022-06-22',NULL,NULL,'2022-06-22 07:00:02','2022-06-22 07:00:02',NULL),(1440,10,0,'Mobile Grooming Reminder','Hi Pet Home, Your pet 11-Dobby has a Mobile Grooming today for Healthy Pet on at 6:00 - 6:30','2022-06-22',NULL,NULL,'2022-06-22 07:00:02','2022-06-22 07:00:02',NULL),(1441,12,0,'Mobile Grooming Reminder','Hi Animal world, Your pet 11-Dobby has a Mobile Grooming today for Healthy Pet on at 6:00 - 6:30','2022-06-22',NULL,NULL,'2022-06-22 07:00:02','2022-06-22 07:00:02',NULL),(1442,13,0,'Mobile Grooming Reminder','Hi Hari, Your pet 11-Dobby has a Mobile Grooming today for Healthy Pet on at 6:00 - 6:30','2022-06-22',NULL,NULL,'2022-06-22 07:00:02','2022-06-22 07:00:02',NULL),(1443,14,0,'Mobile Grooming Reminder','Hi Pet & Care, Your pet 11-Dobby has a Mobile Grooming today for Healthy Pet on at 6:00 - 6:30','2022-06-22',NULL,NULL,'2022-06-22 07:00:02','2022-06-22 07:00:02',NULL),(1444,16,0,'Mobile Grooming Reminder','Hi vishnu, Your pet 11-Dobby has a Mobile Grooming today for Healthy Pet on at 6:00 - 6:30','2022-06-22',NULL,NULL,'2022-06-22 07:00:02','2022-06-22 07:00:02',NULL),(1445,17,0,'Mobile Grooming Reminder','Hi Thrishika, Your pet 11-Dobby has a Mobile Grooming today for Healthy Pet on at 6:00 - 6:30','2022-06-22',NULL,NULL,'2022-06-22 07:00:02','2022-06-22 07:00:02',NULL),(1446,18,0,'Mobile Grooming Reminder','Hi Pet Kingdom, Your pet 11-Dobby has a Mobile Grooming today for Healthy Pet on at 6:00 - 6:30','2022-06-22',NULL,NULL,'2022-06-22 07:00:02','2022-06-22 07:00:02',NULL),(1447,19,0,'Mobile Grooming Reminder','Hi A & A World, Your pet 11-Dobby has a Mobile Grooming today for Healthy Pet on at 6:00 - 6:30','2022-06-22',NULL,NULL,'2022-06-22 07:00:02','2022-06-22 07:00:02',NULL),(1448,20,0,'Mobile Grooming Reminder','Hi Healthy World, Your pet 11-Dobby has a Mobile Grooming today for Healthy Pet on at 6:00 - 6:30','2022-06-22',NULL,NULL,'2022-06-22 07:00:02','2022-06-22 07:00:02',NULL),(1449,21,0,'Mobile Grooming Reminder','Hi Healthy World, Your pet 11-Dobby has a Mobile Grooming today for Healthy Pet on at 6:00 - 6:30','2022-06-22',NULL,NULL,'2022-06-22 07:00:02','2022-06-22 07:00:02',NULL),(1450,22,0,'Mobile Grooming Reminder','Hi Healthy World, Your pet 11-Dobby has a Mobile Grooming today for Healthy Pet on at 6:00 - 6:30','2022-06-22',NULL,NULL,'2022-06-22 07:00:03','2022-06-22 07:00:03',NULL),(1451,23,0,'Mobile Grooming Reminder','Hi HK care, Your pet 11-Dobby has a Mobile Grooming today for Healthy Pet on at 6:00 - 6:30','2022-06-22',NULL,NULL,'2022-06-22 07:00:03','2022-06-22 07:00:03',NULL),(1452,24,0,'Mobile Grooming Reminder','Hi Anu, Your pet 11-Dobby has a Mobile Grooming today for Healthy Pet on at 6:00 - 6:30','2022-06-22',NULL,NULL,'2022-06-22 07:00:03','2022-06-22 07:00:03',NULL),(1453,25,0,'Mobile Grooming Reminder','Hi Pet Care Center, Your pet 11-Dobby has a Mobile Grooming today for Healthy Pet on at 6:00 - 6:30','2022-06-22',NULL,NULL,'2022-06-22 07:00:03','2022-06-22 07:00:03',NULL),(1454,26,0,'Mobile Grooming Reminder','Hi Home care, Your pet 11-Dobby has a Mobile Grooming today for Healthy Pet on at 6:00 - 6:30','2022-06-22',NULL,NULL,'2022-06-22 07:00:03','2022-06-22 07:00:03',NULL),(1455,27,0,'Mobile Grooming Reminder','Hi PC clinic, Your pet 11-Dobby has a Mobile Grooming today for Healthy Pet on at 6:00 - 6:30','2022-06-22',NULL,NULL,'2022-06-22 07:00:03','2022-06-22 07:00:03',NULL),(1456,28,0,'Mobile Grooming Reminder','Hi Dr.ABCD, Your pet 11-Dobby has a Mobile Grooming today for Healthy Pet on at 6:00 - 6:30','2022-06-22',NULL,NULL,'2022-06-22 07:00:03','2022-06-22 07:00:03',NULL),(1457,29,0,'Mobile Grooming Reminder','Hi Harsha, Your pet 11-Dobby has a Mobile Grooming today for Healthy Pet on at 6:00 - 6:30','2022-06-22',NULL,NULL,'2022-06-22 07:00:03','2022-06-22 07:00:03',NULL),(1458,30,0,'Mobile Grooming Reminder','Hi Animal care, Your pet 11-Dobby has a Mobile Grooming today for Healthy Pet on at 6:00 - 6:30','2022-06-22',NULL,NULL,'2022-06-22 07:00:03','2022-06-22 07:00:03',NULL),(1459,120,0,'Booking Placed','Booking CP-BK2206222723 Placed','2022-06-22','CP-BK2206222723','Booking','2022-06-22 12:50:56','2022-06-22 12:50:56',NULL),(1460,120,0,'Hotel Room Booking Placed','Hotel Room Booking CP-HB2206221609 Placed','2022-06-22','CP-HB2206221609','Hotel Room Booking','2022-06-22 13:09:43','2022-06-22 13:09:43',NULL),(1461,120,0,'Booking Placed','Booking CP-BK2206233744 Placed','2022-06-23','CP-BK2206233744','Booking','2022-06-23 09:27:50','2022-06-23 09:27:50',NULL),(1462,120,0,'Booking Placed','Booking CP-BK2206231448 Placed','2022-06-23','CP-BK2206231448','Booking','2022-06-23 09:37:14','2022-06-23 09:37:14',NULL),(1463,120,0,'Booking Approved, You can pay now.','Booking CP-BK2206231448 Approved, You can pay now.','2022-06-23','CP-BK2206231448','Booking','2022-06-23 10:09:22','2022-06-23 10:09:22',NULL),(1464,120,0,'Booking Placed','Booking CP-BK2206238870 Placed','2022-06-23','CP-BK2206238870','Booking','2022-06-23 10:10:35','2022-06-23 10:10:35',NULL),(1465,120,0,'Booking Approved, You can pay now.','Booking CP-BK2206238870 Approved, You can pay now.','2022-06-23','CP-BK2206238870','Booking','2022-06-23 10:11:19','2022-06-23 10:11:19',NULL),(1466,120,0,'Booking Placed','Booking CP-BK2206234789 Placed','2022-06-23','CP-BK2206234789','Booking','2022-06-23 11:39:58','2022-06-23 11:39:58',NULL),(1467,120,0,'Service Booking Rescheduled','Service Booking CP-BK2206234789Rescheduled','2022-06-23','CP-BK2206234789','Booking','2022-06-23 11:43:55','2022-06-23 11:43:55',NULL),(1468,120,0,'Service Booking Rescheduled','Service Booking CP-BK2206234789Rescheduled','2022-06-23','CP-BK2206234789','Booking','2022-06-23 11:43:59','2022-06-23 11:43:59',NULL),(1469,120,0,'Service Booking Rescheduled','Service Booking CP-BK2206234789Rescheduled','2022-06-23','CP-BK2206234789','Booking','2022-06-23 11:44:03','2022-06-23 11:44:03',NULL),(1470,120,0,'Booking Approved, You can pay now.','Booking CP-BK2206234789 Approved, You can pay now.','2022-06-23','CP-BK2206234789','Booking','2022-06-23 11:44:59','2022-06-23 11:44:59',NULL),(1471,120,0,'Booking Placed','Booking CP-AP2206233451 Placed','2022-06-23','CP-AP2206233451','Booking','2022-06-23 11:56:08','2022-06-23 11:56:08',NULL),(1472,120,0,'Booking Placed','Booking CP-AP2206239508 Placed','2022-06-23','CP-AP2206239508','Booking','2022-06-23 12:27:19','2022-06-23 12:27:19',NULL),(1473,120,0,'Booking Approved, You can pay now.','Booking CP-BK2206222723 Approved, You can pay now.','2022-06-23','CP-BK2206222723','Booking','2022-06-23 12:30:16','2022-06-23 12:30:16',NULL),(1474,120,0,'Booking Placed','Booking CP-AP2206231382 Placed','2022-06-23','CP-AP2206231382','Booking','2022-06-23 12:36:09','2022-06-23 12:36:09',NULL),(1475,120,0,'Booking Placed','Booking CP-AP2206239409 Placed','2022-06-23','CP-AP2206239409','Booking','2022-06-23 12:46:51','2022-06-23 12:46:51',NULL),(1476,135,0,'Booking Placed','Booking CP-BK2206231239 Placed','2022-06-23','CP-BK2206231239','Booking','2022-06-23 14:15:09','2022-06-23 14:15:09',NULL),(1477,135,0,'Booking Approved, You can pay now.','Booking CP-BK2206231239 Approved, You can pay now.','2022-06-23','CP-BK2206231239','Booking','2022-06-23 14:16:01','2022-06-23 14:16:01',NULL),(1478,135,0,'Booking Placed','Booking CP-AP2206237798 Placed','2022-06-23','CP-AP2206237798','Booking','2022-06-23 15:07:18','2022-06-23 15:07:18',NULL),(1479,135,0,'Booking Approved, You can pay now.','Booking CP-AP2206237798 Approved, You can pay now.','2022-06-23','CP-AP2206237798','Booking','2022-06-23 15:10:43','2022-06-23 15:10:43',NULL),(1480,135,0,'Booking Placed','Booking CP-BK2206232655 Placed','2022-06-23','CP-BK2206232655','Booking','2022-06-23 16:27:06','2022-06-23 16:27:06',NULL),(1481,135,0,'Booking Approved, You can pay now.','Booking CP-BK2206232655 Approved, You can pay now.','2022-06-23','CP-BK2206232655','Booking','2022-06-23 16:28:21','2022-06-23 16:28:21',NULL),(1482,135,0,'Booking Placed','Booking CP-AP2206233078 Placed','2022-06-23','CP-AP2206233078','Booking','2022-06-23 18:53:01','2022-06-23 18:53:01',NULL),(1483,135,0,'Booking Approved, You can pay now.','Booking CP-AP2206233078 Approved, You can pay now.','2022-06-23','CP-AP2206233078','Booking','2022-06-23 18:54:27','2022-06-23 18:54:27',NULL),(1484,1,0,'Booking Reminder','Hi Admin, Your pet 11-Dobby has a booking today for Pet Home onAnimal plannet at 11:30 - 12:00','2022-06-25',NULL,NULL,'2022-06-25 07:00:01','2022-06-25 07:00:01',NULL),(1485,2,0,'Booking Reminder','Hi SB PET B.USER, Your pet 11-Dobby has a booking today for Pet Home onAnimal plannet at 11:30 - 12:00','2022-06-25',NULL,NULL,'2022-06-25 07:00:02','2022-06-25 07:00:02',NULL),(1486,3,0,'Booking Reminder','Hi SB PET SHOP, Your pet 11-Dobby has a booking today for Pet Home onAnimal plannet at 11:30 - 12:00','2022-06-25',NULL,NULL,'2022-06-25 07:00:02','2022-06-25 07:00:02',NULL),(1487,5,0,'Booking Reminder','Hi Maya, Your pet 11-Dobby has a booking today for Pet Home onAnimal plannet at 11:30 - 12:00','2022-06-25',NULL,NULL,'2022-06-25 07:00:02','2022-06-25 07:00:02',NULL),(1488,6,0,'Booking Reminder','Hi vishnu, Your pet 11-Dobby has a booking today for Pet Home onAnimal plannet at 11:30 - 12:00','2022-06-25',NULL,NULL,'2022-06-25 07:00:02','2022-06-25 07:00:02',NULL),(1489,7,0,'Booking Reminder','Hi Haritha, Your pet 11-Dobby has a booking today for Pet Home onAnimal plannet at 11:30 - 12:00','2022-06-25',NULL,NULL,'2022-06-25 07:00:02','2022-06-25 07:00:02',NULL),(1490,8,0,'Booking Reminder','Hi H care centre, Your pet 11-Dobby has a booking today for Pet Home onAnimal plannet at 11:30 - 12:00','2022-06-25',NULL,NULL,'2022-06-25 07:00:02','2022-06-25 07:00:02',NULL),(1491,9,0,'Booking Reminder','Hi Care Center, Your pet 11-Dobby has a booking today for Pet Home onAnimal plannet at 11:30 - 12:00','2022-06-25',NULL,NULL,'2022-06-25 07:00:02','2022-06-25 07:00:02',NULL),(1492,10,0,'Booking Reminder','Hi Pet Home, Your pet 11-Dobby has a booking today for Pet Home onAnimal plannet at 11:30 - 12:00','2022-06-25',NULL,NULL,'2022-06-25 07:00:02','2022-06-25 07:00:02',NULL),(1493,12,0,'Booking Reminder','Hi Animal world, Your pet 11-Dobby has a booking today for Pet Home onAnimal plannet at 11:30 - 12:00','2022-06-25',NULL,NULL,'2022-06-25 07:00:02','2022-06-25 07:00:02',NULL),(1494,13,0,'Booking Reminder','Hi Hari, Your pet 11-Dobby has a booking today for Pet Home onAnimal plannet at 11:30 - 12:00','2022-06-25',NULL,NULL,'2022-06-25 07:00:02','2022-06-25 07:00:02',NULL),(1495,14,0,'Booking Reminder','Hi Pet & Care, Your pet 11-Dobby has a booking today for Pet Home onAnimal plannet at 11:30 - 12:00','2022-06-25',NULL,NULL,'2022-06-25 07:00:02','2022-06-25 07:00:02',NULL),(1496,16,0,'Booking Reminder','Hi vishnu, Your pet 11-Dobby has a booking today for Pet Home onAnimal plannet at 11:30 - 12:00','2022-06-25',NULL,NULL,'2022-06-25 07:00:03','2022-06-25 07:00:03',NULL),(1497,17,0,'Booking Reminder','Hi Thrishika, Your pet 11-Dobby has a booking today for Pet Home onAnimal plannet at 11:30 - 12:00','2022-06-25',NULL,NULL,'2022-06-25 07:00:03','2022-06-25 07:00:03',NULL),(1498,18,0,'Booking Reminder','Hi Pet Kingdom, Your pet 11-Dobby has a booking today for Pet Home onAnimal plannet at 11:30 - 12:00','2022-06-25',NULL,NULL,'2022-06-25 07:00:03','2022-06-25 07:00:03',NULL),(1499,19,0,'Booking Reminder','Hi A & A World, Your pet 11-Dobby has a booking today for Pet Home onAnimal plannet at 11:30 - 12:00','2022-06-25',NULL,NULL,'2022-06-25 07:00:03','2022-06-25 07:00:03',NULL),(1500,20,0,'Booking Reminder','Hi Healthy World, Your pet 11-Dobby has a booking today for Pet Home onAnimal plannet at 11:30 - 12:00','2022-06-25',NULL,NULL,'2022-06-25 07:00:03','2022-06-25 07:00:03',NULL),(1501,21,0,'Booking Reminder','Hi Healthy World, Your pet 11-Dobby has a booking today for Pet Home onAnimal plannet at 11:30 - 12:00','2022-06-25',NULL,NULL,'2022-06-25 07:00:03','2022-06-25 07:00:03',NULL),(1502,22,0,'Booking Reminder','Hi Healthy World, Your pet 11-Dobby has a booking today for Pet Home onAnimal plannet at 11:30 - 12:00','2022-06-25',NULL,NULL,'2022-06-25 07:00:03','2022-06-25 07:00:03',NULL),(1503,23,0,'Booking Reminder','Hi HK care, Your pet 11-Dobby has a booking today for Pet Home onAnimal plannet at 11:30 - 12:00','2022-06-25',NULL,NULL,'2022-06-25 07:00:03','2022-06-25 07:00:03',NULL),(1504,24,0,'Booking Reminder','Hi Anu, Your pet 11-Dobby has a booking today for Pet Home onAnimal plannet at 11:30 - 12:00','2022-06-25',NULL,NULL,'2022-06-25 07:00:03','2022-06-25 07:00:03',NULL),(1505,25,0,'Booking Reminder','Hi Pet Care Center, Your pet 11-Dobby has a booking today for Pet Home onAnimal plannet at 11:30 - 12:00','2022-06-25',NULL,NULL,'2022-06-25 07:00:03','2022-06-25 07:00:03',NULL),(1506,26,0,'Booking Reminder','Hi Home care, Your pet 11-Dobby has a booking today for Pet Home onAnimal plannet at 11:30 - 12:00','2022-06-25',NULL,NULL,'2022-06-25 07:00:03','2022-06-25 07:00:03',NULL),(1507,27,0,'Booking Reminder','Hi PC clinic, Your pet 11-Dobby has a booking today for Pet Home onAnimal plannet at 11:30 - 12:00','2022-06-25',NULL,NULL,'2022-06-25 07:00:03','2022-06-25 07:00:03',NULL),(1508,28,0,'Booking Reminder','Hi Dr.ABCD, Your pet 11-Dobby has a booking today for Pet Home onAnimal plannet at 11:30 - 12:00','2022-06-25',NULL,NULL,'2022-06-25 07:00:04','2022-06-25 07:00:04',NULL),(1509,29,0,'Booking Reminder','Hi Harsha, Your pet 11-Dobby has a booking today for Pet Home onAnimal plannet at 11:30 - 12:00','2022-06-25',NULL,NULL,'2022-06-25 07:00:04','2022-06-25 07:00:04',NULL),(1510,30,0,'Booking Reminder','Hi Animal care, Your pet 11-Dobby has a booking today for Pet Home onAnimal plannet at 11:30 - 12:00','2022-06-25',NULL,NULL,'2022-06-25 07:00:04','2022-06-25 07:00:04',NULL),(1511,1,0,'Booking Reminder','Hi Admin, Your pet 11-Dobby has a booking today for Pet Training onA & A World at 8:42 - 8:52','2022-06-26',NULL,NULL,'2022-06-26 07:00:02','2022-06-26 07:00:02',NULL),(1512,2,0,'Booking Reminder','Hi SB PET B.USER, Your pet 11-Dobby has a booking today for Pet Training onA & A World at 8:42 - 8:52','2022-06-26',NULL,NULL,'2022-06-26 07:00:02','2022-06-26 07:00:02',NULL),(1513,3,0,'Booking Reminder','Hi SB PET SHOP, Your pet 11-Dobby has a booking today for Pet Training onA & A World at 8:42 - 8:52','2022-06-26',NULL,NULL,'2022-06-26 07:00:02','2022-06-26 07:00:02',NULL),(1514,5,0,'Booking Reminder','Hi Maya, Your pet 11-Dobby has a booking today for Pet Training onA & A World at 8:42 - 8:52','2022-06-26',NULL,NULL,'2022-06-26 07:00:02','2022-06-26 07:00:02',NULL),(1515,6,0,'Booking Reminder','Hi vishnu, Your pet 11-Dobby has a booking today for Pet Training onA & A World at 8:42 - 8:52','2022-06-26',NULL,NULL,'2022-06-26 07:00:02','2022-06-26 07:00:02',NULL),(1516,7,0,'Booking Reminder','Hi Haritha, Your pet 11-Dobby has a booking today for Pet Training onA & A World at 8:42 - 8:52','2022-06-26',NULL,NULL,'2022-06-26 07:00:02','2022-06-26 07:00:02',NULL),(1517,8,0,'Booking Reminder','Hi H care centre, Your pet 11-Dobby has a booking today for Pet Training onA & A World at 8:42 - 8:52','2022-06-26',NULL,NULL,'2022-06-26 07:00:02','2022-06-26 07:00:02',NULL),(1518,9,0,'Booking Reminder','Hi Care Center, Your pet 11-Dobby has a booking today for Pet Training onA & A World at 8:42 - 8:52','2022-06-26',NULL,NULL,'2022-06-26 07:00:02','2022-06-26 07:00:02',NULL),(1519,10,0,'Booking Reminder','Hi Pet Home, Your pet 11-Dobby has a booking today for Pet Training onA & A World at 8:42 - 8:52','2022-06-26',NULL,NULL,'2022-06-26 07:00:02','2022-06-26 07:00:02',NULL),(1520,12,0,'Booking Reminder','Hi Animal world, Your pet 11-Dobby has a booking today for Pet Training onA & A World at 8:42 - 8:52','2022-06-26',NULL,NULL,'2022-06-26 07:00:03','2022-06-26 07:00:03',NULL),(1521,13,0,'Booking Reminder','Hi Hari, Your pet 11-Dobby has a booking today for Pet Training onA & A World at 8:42 - 8:52','2022-06-26',NULL,NULL,'2022-06-26 07:00:03','2022-06-26 07:00:03',NULL),(1522,14,0,'Booking Reminder','Hi Pet & Care, Your pet 11-Dobby has a booking today for Pet Training onA & A World at 8:42 - 8:52','2022-06-26',NULL,NULL,'2022-06-26 07:00:03','2022-06-26 07:00:03',NULL),(1523,16,0,'Booking Reminder','Hi vishnu, Your pet 11-Dobby has a booking today for Pet Training onA & A World at 8:42 - 8:52','2022-06-26',NULL,NULL,'2022-06-26 07:00:03','2022-06-26 07:00:03',NULL),(1524,17,0,'Booking Reminder','Hi Thrishika, Your pet 11-Dobby has a booking today for Pet Training onA & A World at 8:42 - 8:52','2022-06-26',NULL,NULL,'2022-06-26 07:00:03','2022-06-26 07:00:03',NULL),(1525,18,0,'Booking Reminder','Hi Pet Kingdom, Your pet 11-Dobby has a booking today for Pet Training onA & A World at 8:42 - 8:52','2022-06-26',NULL,NULL,'2022-06-26 07:00:03','2022-06-26 07:00:03',NULL),(1526,19,0,'Booking Reminder','Hi A & A World, Your pet 11-Dobby has a booking today for Pet Training onA & A World at 8:42 - 8:52','2022-06-26',NULL,NULL,'2022-06-26 07:00:03','2022-06-26 07:00:03',NULL),(1527,20,0,'Booking Reminder','Hi Healthy World, Your pet 11-Dobby has a booking today for Pet Training onA & A World at 8:42 - 8:52','2022-06-26',NULL,NULL,'2022-06-26 07:00:03','2022-06-26 07:00:03',NULL),(1528,21,0,'Booking Reminder','Hi Healthy World, Your pet 11-Dobby has a booking today for Pet Training onA & A World at 8:42 - 8:52','2022-06-26',NULL,NULL,'2022-06-26 07:00:03','2022-06-26 07:00:03',NULL),(1529,22,0,'Booking Reminder','Hi Healthy World, Your pet 11-Dobby has a booking today for Pet Training onA & A World at 8:42 - 8:52','2022-06-26',NULL,NULL,'2022-06-26 07:00:03','2022-06-26 07:00:03',NULL),(1530,23,0,'Booking Reminder','Hi HK care, Your pet 11-Dobby has a booking today for Pet Training onA & A World at 8:42 - 8:52','2022-06-26',NULL,NULL,'2022-06-26 07:00:03','2022-06-26 07:00:03',NULL),(1531,24,0,'Booking Reminder','Hi Anu, Your pet 11-Dobby has a booking today for Pet Training onA & A World at 8:42 - 8:52','2022-06-26',NULL,NULL,'2022-06-26 07:00:03','2022-06-26 07:00:03',NULL),(1532,25,0,'Booking Reminder','Hi Pet Care Center, Your pet 11-Dobby has a booking today for Pet Training onA & A World at 8:42 - 8:52','2022-06-26',NULL,NULL,'2022-06-26 07:00:04','2022-06-26 07:00:04',NULL),(1533,26,0,'Booking Reminder','Hi Home care, Your pet 11-Dobby has a booking today for Pet Training onA & A World at 8:42 - 8:52','2022-06-26',NULL,NULL,'2022-06-26 07:00:04','2022-06-26 07:00:04',NULL),(1534,27,0,'Booking Reminder','Hi PC clinic, Your pet 11-Dobby has a booking today for Pet Training onA & A World at 8:42 - 8:52','2022-06-26',NULL,NULL,'2022-06-26 07:00:04','2022-06-26 07:00:04',NULL),(1535,28,0,'Booking Reminder','Hi Dr.ABCD, Your pet 11-Dobby has a booking today for Pet Training onA & A World at 8:42 - 8:52','2022-06-26',NULL,NULL,'2022-06-26 07:00:04','2022-06-26 07:00:04',NULL),(1536,29,0,'Booking Reminder','Hi Harsha, Your pet 11-Dobby has a booking today for Pet Training onA & A World at 8:42 - 8:52','2022-06-26',NULL,NULL,'2022-06-26 07:00:04','2022-06-26 07:00:04',NULL),(1537,30,0,'Booking Reminder','Hi Animal care, Your pet 11-Dobby has a booking today for Pet Training onA & A World at 8:42 - 8:52','2022-06-26',NULL,NULL,'2022-06-26 07:00:04','2022-06-26 07:00:04',NULL),(1538,135,0,'Booking Placed','Booking CP-AP2206278027 Placed','2022-06-27','CP-AP2206278027','Booking','2022-06-27 12:14:22','2022-06-27 12:14:22',NULL),(1539,135,0,'Booking Approved, You can pay now.','Booking CP-AP2206278027 Approved, You can pay now.','2022-06-27','CP-AP2206278027','Booking','2022-06-27 12:15:41','2022-06-27 12:15:41',NULL),(1540,120,0,'Booking Placed','Booking CP-AP2206298341 Placed','2022-06-29','CP-AP2206298341','Booking','2022-06-29 07:39:01','2022-06-29 07:39:01',NULL),(1541,120,0,'Booking Approved, You can pay now.','Booking CP-AP2206298341 Approved, You can pay now.','2022-06-29','CP-AP2206298341','Booking','2022-06-29 07:40:44','2022-06-29 07:40:44',NULL),(1542,120,0,'Booking Placed','Booking CP-AP2206297933 Placed','2022-06-29','CP-AP2206297933','Booking','2022-06-29 07:51:47','2022-06-29 07:51:47',NULL),(1543,120,0,'Booking Placed','Booking CP-AP2206299265 Placed','2022-06-29','CP-AP2206299265','Booking','2022-06-29 07:57:44','2022-06-29 07:57:44',NULL),(1544,120,0,'Booking Approved, You can pay now.','Booking CP-AP2206297933 Approved, You can pay now.','2022-06-29','CP-AP2206297933','Booking','2022-06-29 07:59:41','2022-06-29 07:59:41',NULL),(1545,120,0,'Booking Approved, You can pay now.','Booking CP-AP2206299265 Approved, You can pay now.','2022-06-29','CP-AP2206299265','Booking','2022-06-29 08:02:37','2022-06-29 08:02:37',NULL),(1546,135,0,'Booking Placed','Booking CP-AP2206295034 Placed','2022-06-29','CP-AP2206295034','Booking','2022-06-29 10:02:17','2022-06-29 10:02:17',NULL),(1547,120,0,'Booking Placed','Booking CP-BK2206302430 Placed','2022-06-30','CP-BK2206302430','Booking','2022-06-30 13:48:55','2022-06-30 13:48:55',NULL),(1548,120,0,'Booking Approved, You can pay now.','Booking CP-BK2206302430 Approved, You can pay now.','2022-06-30','CP-BK2206302430','Booking','2022-06-30 13:50:36','2022-06-30 13:50:36',NULL),(1549,120,0,'Booking Placed','Booking CP-AP2206309895 Placed','2022-06-30','CP-AP2206309895','Booking','2022-06-30 14:00:16','2022-06-30 14:00:16',NULL),(1550,120,0,'Booking Approved, You can pay now.','Booking CP-AP2206309895 Approved, You can pay now.','2022-06-30','CP-AP2206309895','Booking','2022-06-30 14:00:55','2022-06-30 14:00:55',NULL),(1551,135,0,'Booking Placed','Booking CP-AP2206304819 Placed','2022-06-30','CP-AP2206304819','Booking','2022-06-30 16:59:46','2022-06-30 16:59:46',NULL),(1552,120,0,'Booking Placed','Booking CP-BK2207015318 Placed','2022-07-01','CP-BK2207015318','Booking','2022-07-01 10:03:41','2022-07-01 10:03:41',NULL),(1553,120,0,'Booking Approved, You can pay now.','Booking CP-BK2207015318 Approved, You can pay now.','2022-07-01','CP-BK2207015318','Booking','2022-07-01 10:04:31','2022-07-01 10:04:31',NULL),(1554,120,0,'Booking Placed','Booking CP-BK2207012397 Placed','2022-07-01','CP-BK2207012397','Booking','2022-07-01 10:08:56','2022-07-01 10:08:56',NULL),(1555,120,0,'Booking Approved, You can pay now.','Booking CP-BK2207012397 Approved, You can pay now.','2022-07-01','CP-BK2207012397','Booking','2022-07-01 10:09:29','2022-07-01 10:09:29',NULL),(1556,120,0,'Booking Placed','Booking CP-BK2207017321 Placed','2022-07-01','CP-BK2207017321','Booking','2022-07-01 10:13:43','2022-07-01 10:13:43',NULL),(1557,120,0,'Booking Placed','Booking CP-BK2207017153 Placed','2022-07-01','CP-BK2207017153','Booking','2022-07-01 10:15:16','2022-07-01 10:15:16',NULL),(1558,120,0,'Booking Approved, You can pay now.','Booking CP-BK2207017321 Approved, You can pay now.','2022-07-01','CP-BK2207017321','Booking','2022-07-01 11:35:54','2022-07-01 11:35:54',NULL),(1559,120,0,'Booking Approved, You can pay now.','Booking CP-BK2207017153 Approved, You can pay now.','2022-07-01','CP-BK2207017153','Booking','2022-07-01 11:45:05','2022-07-01 11:45:05',NULL),(1560,120,0,'Booking Placed','Booking CP-BK2207016753 Placed','2022-07-01','CP-BK2207016753','Booking','2022-07-01 11:46:27','2022-07-01 11:46:27',NULL),(1561,120,0,'Booking Placed','Booking CP-BK2207015208 Placed','2022-07-01','CP-BK2207015208','Booking','2022-07-01 11:53:33','2022-07-01 11:53:33',NULL),(1562,120,0,'Hotel Room Booking Placed','Hotel Room Booking CP-HB2207016498 Placed','2022-07-01','CP-HB2207016498','Hotel Room Booking','2022-07-01 11:54:30','2022-07-01 11:54:30',NULL),(1563,120,0,'Booking Approved, You can pay now.','Booking CP-BK2207016753 Approved, You can pay now.','2022-07-01','CP-BK2207016753','Booking','2022-07-01 11:55:57','2022-07-01 11:55:57',NULL),(1564,120,0,'Booking Approved, You can pay now.','Booking CP-BK2207015208 Approved, You can pay now.','2022-07-01','CP-BK2207015208','Booking','2022-07-01 11:56:40','2022-07-01 11:56:40',NULL),(1565,120,0,'Hotel Booking Approved, You can pay now.','Hotel Booking CP-HB2207016498Approved, You can pay now.','2022-07-01','CP-HB2207016498','Hotel Booking','2022-07-01 11:58:07','2022-07-01 11:58:07',NULL),(1566,120,0,'Booking Placed','Booking CP-BK2207014540 Placed','2022-07-01','CP-BK2207014540','Booking','2022-07-01 12:00:38','2022-07-01 12:00:38',NULL),(1567,120,0,'Hotel Room Booking Placed','Hotel Room Booking CP-HB2207013252 Placed','2022-07-01','CP-HB2207013252','Hotel Room Booking','2022-07-01 12:01:46','2022-07-01 12:01:46',NULL),(1568,120,0,'Mobile Grooming Booking Placed','Mobile Grooming Booking CP-MG2207018822 Placed','2022-07-01','CP-MG2207018822','Mobile Grooming Book','2022-07-01 12:02:49','2022-07-01 12:02:49',NULL),(1569,120,0,'Booking Approved, You can pay now.','Booking CP-BK2207014540 Approved, You can pay now.','2022-07-01','CP-BK2207014540','Booking','2022-07-01 12:38:33','2022-07-01 12:38:33',NULL),(1570,120,0,'Hotel Booking Approved, You can pay now.','Hotel Booking CP-HB2207013252Approved, You can pay now.','2022-07-01','CP-HB2207013252','Hotel Booking','2022-07-01 12:39:23','2022-07-01 12:39:23',NULL),(1571,120,0,'Booking Placed','Booking CP-BK2207011656 Placed','2022-07-01','CP-BK2207011656','Booking','2022-07-01 12:41:30','2022-07-01 12:41:30',NULL),(1572,120,0,'Booking Approved, You can pay now.','Booking CP-BK2207011656 Approved, You can pay now.','2022-07-01','CP-BK2207011656','Booking','2022-07-01 12:42:14','2022-07-01 12:42:14',NULL),(1573,120,0,'Booking Approved, You can pay now.','Booking CP-BK2204297681 Approved, You can pay now.','2022-07-01','CP-BK2204297681','Booking','2022-07-01 13:01:03','2022-07-01 13:01:03',NULL),(1574,120,0,'Booking Placed','Booking CP-BK2207018484 Placed','2022-07-01','CP-BK2207018484','Booking','2022-07-01 13:50:09','2022-07-01 13:50:09',NULL),(1575,120,0,'Booking Approved, You can pay now.','Booking CP-BK2207018484 Approved, You can pay now.','2022-07-01','CP-BK2207018484','Booking','2022-07-01 13:51:00','2022-07-01 13:51:00',NULL),(1576,120,0,'Booking Placed','Booking CP-BK2207014038 Placed','2022-07-01','CP-BK2207014038','Booking','2022-07-01 14:00:53','2022-07-01 14:00:53',NULL),(1577,120,0,'Booking Approved, You can pay now.','Booking CP-BK2207014038 Approved, You can pay now.','2022-07-01','CP-BK2207014038','Booking','2022-07-01 14:01:44','2022-07-01 14:01:44',NULL),(1578,120,0,'Hotel Room Booking Placed','Hotel Room Booking CP-HB2207012676 Placed','2022-07-01','CP-HB2207012676','Hotel Room Booking','2022-07-01 14:10:57','2022-07-01 14:10:57',NULL),(1579,120,0,'Hotel Booking Approved, You can pay now.','Hotel Booking CP-HB2207012676Approved, You can pay now.','2022-07-01','CP-HB2207012676','Hotel Booking','2022-07-01 14:15:25','2022-07-01 14:15:25',NULL),(1580,120,0,'Hotel Booking Completed','Hotel Booking CP-HB2207012676Completed','2022-07-01','CP-HB2207012676','Hotel Booking','2022-07-01 14:17:15','2022-07-01 14:17:15',NULL),(1581,120,0,'Booking Placed','Booking CP-BK2207017607 Placed','2022-07-01','CP-BK2207017607','Booking','2022-07-01 14:20:45','2022-07-01 14:20:45',NULL),(1582,120,0,'Booking Approved, You can pay now.','Booking CP-BK2207017607 Approved, You can pay now.','2022-07-01','CP-BK2207017607','Booking','2022-07-01 14:23:23','2022-07-01 14:23:23',NULL),(1583,120,0,'Booking Placed','Booking CP-BK2207011608 Placed','2022-07-01','CP-BK2207011608','Booking','2022-07-01 14:34:01','2022-07-01 14:34:01',NULL),(1584,120,0,'Booking In-Progress','Booking CP-BK2207011608 In-Progress','2022-07-01','CP-BK2207011608','Booking','2022-07-01 14:34:43','2022-07-01 14:34:43',NULL),(1585,120,0,'Booking Placed','Booking CP-BK2207011288 Placed','2022-07-01','CP-BK2207011288','Booking','2022-07-01 14:37:40','2022-07-01 14:37:40',NULL),(1586,120,0,'Booking Placed','Booking CP-BK2207015675 Placed','2022-07-01','CP-BK2207015675','Booking','2022-07-01 14:42:32','2022-07-01 14:42:32',NULL),(1587,120,0,'Booking Placed','Booking CP-BK2207017830 Placed','2022-07-01','CP-BK2207017830','Booking','2022-07-01 14:49:19','2022-07-01 14:49:19',NULL),(1588,120,0,'Booking Placed','Booking CP-BK2207014385 Placed','2022-07-01','CP-BK2207014385','Booking','2022-07-01 14:53:36','2022-07-01 14:53:36',NULL),(1589,120,0,'Hotel Room Booking Placed','Hotel Room Booking CP-HB2207011054 Placed','2022-07-01','CP-HB2207011054','Hotel Room Booking','2022-07-01 14:55:47','2022-07-01 14:55:47',NULL),(1590,120,0,'Hotel Booking Approved, You can pay now.','Hotel Booking CP-HB2207011054Approved, You can pay now.','2022-07-01','CP-HB2207011054','Hotel Booking','2022-07-01 14:56:42','2022-07-01 14:56:42',NULL),(1591,120,0,'Booking Placed','Booking CP-BK2207016041 Placed','2022-07-01','CP-BK2207016041','Booking','2022-07-01 15:42:23','2022-07-01 15:42:23',NULL),(1592,1,0,'Mobile Grooming Reminder','Hi Admin, Your pet 11-Dobby has a Mobile Grooming today for Mobile Grooming Service 1 on at 8:00 - 8:30','2022-07-02',NULL,NULL,'2022-07-02 07:00:02','2022-07-02 07:00:02',NULL),(1593,2,0,'Mobile Grooming Reminder','Hi SB PET B.USER, Your pet 11-Dobby has a Mobile Grooming today for Mobile Grooming Service 1 on at 8:00 - 8:30','2022-07-02',NULL,NULL,'2022-07-02 07:00:02','2022-07-02 07:00:02',NULL),(1594,3,0,'Mobile Grooming Reminder','Hi SB PET SHOP, Your pet 11-Dobby has a Mobile Grooming today for Mobile Grooming Service 1 on at 8:00 - 8:30','2022-07-02',NULL,NULL,'2022-07-02 07:00:02','2022-07-02 07:00:02',NULL),(1595,5,0,'Mobile Grooming Reminder','Hi Maya, Your pet 11-Dobby has a Mobile Grooming today for Mobile Grooming Service 1 on at 8:00 - 8:30','2022-07-02',NULL,NULL,'2022-07-02 07:00:02','2022-07-02 07:00:02',NULL),(1596,6,0,'Mobile Grooming Reminder','Hi vishnu, Your pet 11-Dobby has a Mobile Grooming today for Mobile Grooming Service 1 on at 8:00 - 8:30','2022-07-02',NULL,NULL,'2022-07-02 07:00:02','2022-07-02 07:00:02',NULL),(1597,7,0,'Mobile Grooming Reminder','Hi Haritha, Your pet 11-Dobby has a Mobile Grooming today for Mobile Grooming Service 1 on at 8:00 - 8:30','2022-07-02',NULL,NULL,'2022-07-02 07:00:02','2022-07-02 07:00:02',NULL),(1598,8,0,'Mobile Grooming Reminder','Hi H care centre, Your pet 11-Dobby has a Mobile Grooming today for Mobile Grooming Service 1 on at 8:00 - 8:30','2022-07-02',NULL,NULL,'2022-07-02 07:00:02','2022-07-02 07:00:02',NULL),(1599,9,0,'Mobile Grooming Reminder','Hi Care Center, Your pet 11-Dobby has a Mobile Grooming today for Mobile Grooming Service 1 on at 8:00 - 8:30','2022-07-02',NULL,NULL,'2022-07-02 07:00:02','2022-07-02 07:00:02',NULL),(1600,10,0,'Mobile Grooming Reminder','Hi Pet Home, Your pet 11-Dobby has a Mobile Grooming today for Mobile Grooming Service 1 on at 8:00 - 8:30','2022-07-02',NULL,NULL,'2022-07-02 07:00:02','2022-07-02 07:00:02',NULL),(1601,12,0,'Mobile Grooming Reminder','Hi Animal world, Your pet 11-Dobby has a Mobile Grooming today for Mobile Grooming Service 1 on at 8:00 - 8:30','2022-07-02',NULL,NULL,'2022-07-02 07:00:02','2022-07-02 07:00:02',NULL),(1602,13,0,'Mobile Grooming Reminder','Hi Hari, Your pet 11-Dobby has a Mobile Grooming today for Mobile Grooming Service 1 on at 8:00 - 8:30','2022-07-02',NULL,NULL,'2022-07-02 07:00:03','2022-07-02 07:00:03',NULL),(1603,14,0,'Mobile Grooming Reminder','Hi Pet & Care, Your pet 11-Dobby has a Mobile Grooming today for Mobile Grooming Service 1 on at 8:00 - 8:30','2022-07-02',NULL,NULL,'2022-07-02 07:00:03','2022-07-02 07:00:03',NULL),(1604,16,0,'Mobile Grooming Reminder','Hi vishnu, Your pet 11-Dobby has a Mobile Grooming today for Mobile Grooming Service 1 on at 8:00 - 8:30','2022-07-02',NULL,NULL,'2022-07-02 07:00:03','2022-07-02 07:00:03',NULL),(1605,17,0,'Mobile Grooming Reminder','Hi Thrishika, Your pet 11-Dobby has a Mobile Grooming today for Mobile Grooming Service 1 on at 8:00 - 8:30','2022-07-02',NULL,NULL,'2022-07-02 07:00:03','2022-07-02 07:00:03',NULL),(1606,18,0,'Mobile Grooming Reminder','Hi Pet Kingdom, Your pet 11-Dobby has a Mobile Grooming today for Mobile Grooming Service 1 on at 8:00 - 8:30','2022-07-02',NULL,NULL,'2022-07-02 07:00:03','2022-07-02 07:00:03',NULL),(1607,19,0,'Mobile Grooming Reminder','Hi A & A World, Your pet 11-Dobby has a Mobile Grooming today for Mobile Grooming Service 1 on at 8:00 - 8:30','2022-07-02',NULL,NULL,'2022-07-02 07:00:03','2022-07-02 07:00:03',NULL),(1608,20,0,'Mobile Grooming Reminder','Hi Healthy World, Your pet 11-Dobby has a Mobile Grooming today for Mobile Grooming Service 1 on at 8:00 - 8:30','2022-07-02',NULL,NULL,'2022-07-02 07:00:03','2022-07-02 07:00:03',NULL),(1609,21,0,'Mobile Grooming Reminder','Hi Healthy World, Your pet 11-Dobby has a Mobile Grooming today for Mobile Grooming Service 1 on at 8:00 - 8:30','2022-07-02',NULL,NULL,'2022-07-02 07:00:03','2022-07-02 07:00:03',NULL),(1610,22,0,'Mobile Grooming Reminder','Hi Healthy World, Your pet 11-Dobby has a Mobile Grooming today for Mobile Grooming Service 1 on at 8:00 - 8:30','2022-07-02',NULL,NULL,'2022-07-02 07:00:03','2022-07-02 07:00:03',NULL),(1611,23,0,'Mobile Grooming Reminder','Hi HK care, Your pet 11-Dobby has a Mobile Grooming today for Mobile Grooming Service 1 on at 8:00 - 8:30','2022-07-02',NULL,NULL,'2022-07-02 07:00:03','2022-07-02 07:00:03',NULL),(1612,24,0,'Mobile Grooming Reminder','Hi Anu, Your pet 11-Dobby has a Mobile Grooming today for Mobile Grooming Service 1 on at 8:00 - 8:30','2022-07-02',NULL,NULL,'2022-07-02 07:00:03','2022-07-02 07:00:03',NULL),(1613,25,0,'Mobile Grooming Reminder','Hi Pet Care Center, Your pet 11-Dobby has a Mobile Grooming today for Mobile Grooming Service 1 on at 8:00 - 8:30','2022-07-02',NULL,NULL,'2022-07-02 07:00:03','2022-07-02 07:00:03',NULL),(1614,26,0,'Mobile Grooming Reminder','Hi Home care, Your pet 11-Dobby has a Mobile Grooming today for Mobile Grooming Service 1 on at 8:00 - 8:30','2022-07-02',NULL,NULL,'2022-07-02 07:00:04','2022-07-02 07:00:04',NULL),(1615,27,0,'Mobile Grooming Reminder','Hi PC clinic, Your pet 11-Dobby has a Mobile Grooming today for Mobile Grooming Service 1 on at 8:00 - 8:30','2022-07-02',NULL,NULL,'2022-07-02 07:00:04','2022-07-02 07:00:04',NULL),(1616,28,0,'Mobile Grooming Reminder','Hi Dr.ABCD, Your pet 11-Dobby has a Mobile Grooming today for Mobile Grooming Service 1 on at 8:00 - 8:30','2022-07-02',NULL,NULL,'2022-07-02 07:00:04','2022-07-02 07:00:04',NULL),(1617,29,0,'Mobile Grooming Reminder','Hi Harsha, Your pet 11-Dobby has a Mobile Grooming today for Mobile Grooming Service 1 on at 8:00 - 8:30','2022-07-02',NULL,NULL,'2022-07-02 07:00:04','2022-07-02 07:00:04',NULL),(1618,30,0,'Mobile Grooming Reminder','Hi Animal care, Your pet 11-Dobby has a Mobile Grooming today for Mobile Grooming Service 1 on at 8:00 - 8:30','2022-07-02',NULL,NULL,'2022-07-02 07:00:04','2022-07-02 07:00:04',NULL),(1619,1,0,'Appointment Reminder','Hi Admin, Your pet 11-Rubym has a appointment today for Pet Care onA & A World at 8:42 - 8:52','2022-07-03',NULL,NULL,'2022-07-03 07:00:02','2022-07-03 07:00:02',NULL),(1620,2,0,'Appointment Reminder','Hi SB PET B.USER, Your pet 11-Rubym has a appointment today for Pet Care onA & A World at 8:42 - 8:52','2022-07-03',NULL,NULL,'2022-07-03 07:00:02','2022-07-03 07:00:02',NULL),(1621,3,0,'Appointment Reminder','Hi SB PET SHOP, Your pet 11-Rubym has a appointment today for Pet Care onA & A World at 8:42 - 8:52','2022-07-03',NULL,NULL,'2022-07-03 07:00:02','2022-07-03 07:00:02',NULL),(1622,5,0,'Appointment Reminder','Hi Maya, Your pet 11-Rubym has a appointment today for Pet Care onA & A World at 8:42 - 8:52','2022-07-03',NULL,NULL,'2022-07-03 07:00:02','2022-07-03 07:00:02',NULL),(1623,6,0,'Appointment Reminder','Hi vishnu, Your pet 11-Rubym has a appointment today for Pet Care onA & A World at 8:42 - 8:52','2022-07-03',NULL,NULL,'2022-07-03 07:00:02','2022-07-03 07:00:02',NULL),(1624,7,0,'Appointment Reminder','Hi Haritha, Your pet 11-Rubym has a appointment today for Pet Care onA & A World at 8:42 - 8:52','2022-07-03',NULL,NULL,'2022-07-03 07:00:03','2022-07-03 07:00:03',NULL),(1625,8,0,'Appointment Reminder','Hi H care centre, Your pet 11-Rubym has a appointment today for Pet Care onA & A World at 8:42 - 8:52','2022-07-03',NULL,NULL,'2022-07-03 07:00:03','2022-07-03 07:00:03',NULL),(1626,9,0,'Appointment Reminder','Hi Care Center, Your pet 11-Rubym has a appointment today for Pet Care onA & A World at 8:42 - 8:52','2022-07-03',NULL,NULL,'2022-07-03 07:00:03','2022-07-03 07:00:03',NULL),(1627,10,0,'Appointment Reminder','Hi Pet Home, Your pet 11-Rubym has a appointment today for Pet Care onA & A World at 8:42 - 8:52','2022-07-03',NULL,NULL,'2022-07-03 07:00:03','2022-07-03 07:00:03',NULL),(1628,12,0,'Appointment Reminder','Hi Animal world, Your pet 11-Rubym has a appointment today for Pet Care onA & A World at 8:42 - 8:52','2022-07-03',NULL,NULL,'2022-07-03 07:00:03','2022-07-03 07:00:03',NULL),(1629,13,0,'Appointment Reminder','Hi Hari, Your pet 11-Rubym has a appointment today for Pet Care onA & A World at 8:42 - 8:52','2022-07-03',NULL,NULL,'2022-07-03 07:00:03','2022-07-03 07:00:03',NULL),(1630,14,0,'Appointment Reminder','Hi Pet & Care, Your pet 11-Rubym has a appointment today for Pet Care onA & A World at 8:42 - 8:52','2022-07-03',NULL,NULL,'2022-07-03 07:00:03','2022-07-03 07:00:03',NULL),(1631,16,0,'Appointment Reminder','Hi vishnu, Your pet 11-Rubym has a appointment today for Pet Care onA & A World at 8:42 - 8:52','2022-07-03',NULL,NULL,'2022-07-03 07:00:03','2022-07-03 07:00:03',NULL),(1632,17,0,'Appointment Reminder','Hi Thrishika, Your pet 11-Rubym has a appointment today for Pet Care onA & A World at 8:42 - 8:52','2022-07-03',NULL,NULL,'2022-07-03 07:00:03','2022-07-03 07:00:03',NULL),(1633,18,0,'Appointment Reminder','Hi Pet Kingdom, Your pet 11-Rubym has a appointment today for Pet Care onA & A World at 8:42 - 8:52','2022-07-03',NULL,NULL,'2022-07-03 07:00:03','2022-07-03 07:00:03',NULL),(1634,19,0,'Appointment Reminder','Hi A & A World, Your pet 11-Rubym has a appointment today for Pet Care onA & A World at 8:42 - 8:52','2022-07-03',NULL,NULL,'2022-07-03 07:00:03','2022-07-03 07:00:03',NULL),(1635,20,0,'Appointment Reminder','Hi Healthy World, Your pet 11-Rubym has a appointment today for Pet Care onA & A World at 8:42 - 8:52','2022-07-03',NULL,NULL,'2022-07-03 07:00:03','2022-07-03 07:00:03',NULL),(1636,21,0,'Appointment Reminder','Hi Healthy World, Your pet 11-Rubym has a appointment today for Pet Care onA & A World at 8:42 - 8:52','2022-07-03',NULL,NULL,'2022-07-03 07:00:04','2022-07-03 07:00:04',NULL),(1637,22,0,'Appointment Reminder','Hi Healthy World, Your pet 11-Rubym has a appointment today for Pet Care onA & A World at 8:42 - 8:52','2022-07-03',NULL,NULL,'2022-07-03 07:00:04','2022-07-03 07:00:04',NULL),(1638,23,0,'Appointment Reminder','Hi HK care, Your pet 11-Rubym has a appointment today for Pet Care onA & A World at 8:42 - 8:52','2022-07-03',NULL,NULL,'2022-07-03 07:00:04','2022-07-03 07:00:04',NULL),(1639,24,0,'Appointment Reminder','Hi Anu, Your pet 11-Rubym has a appointment today for Pet Care onA & A World at 8:42 - 8:52','2022-07-03',NULL,NULL,'2022-07-03 07:00:04','2022-07-03 07:00:04',NULL),(1640,25,0,'Appointment Reminder','Hi Pet Care Center, Your pet 11-Rubym has a appointment today for Pet Care onA & A World at 8:42 - 8:52','2022-07-03',NULL,NULL,'2022-07-03 07:00:04','2022-07-03 07:00:04',NULL),(1641,26,0,'Appointment Reminder','Hi Home care, Your pet 11-Rubym has a appointment today for Pet Care onA & A World at 8:42 - 8:52','2022-07-03',NULL,NULL,'2022-07-03 07:00:04','2022-07-03 07:00:04',NULL),(1642,27,0,'Appointment Reminder','Hi PC clinic, Your pet 11-Rubym has a appointment today for Pet Care onA & A World at 8:42 - 8:52','2022-07-03',NULL,NULL,'2022-07-03 07:00:04','2022-07-03 07:00:04',NULL),(1643,28,0,'Appointment Reminder','Hi Dr.ABCD, Your pet 11-Rubym has a appointment today for Pet Care onA & A World at 8:42 - 8:52','2022-07-03',NULL,NULL,'2022-07-03 07:00:04','2022-07-03 07:00:04',NULL),(1644,29,0,'Appointment Reminder','Hi Harsha, Your pet 11-Rubym has a appointment today for Pet Care onA & A World at 8:42 - 8:52','2022-07-03',NULL,NULL,'2022-07-03 07:00:04','2022-07-03 07:00:04',NULL),(1645,30,0,'Appointment Reminder','Hi Animal care, Your pet 11-Rubym has a appointment today for Pet Care onA & A World at 8:42 - 8:52','2022-07-03',NULL,NULL,'2022-07-03 07:00:04','2022-07-03 07:00:04',NULL),(1646,120,0,'Booking Placed','Booking CP-BK2207047368 Placed','2022-07-04','CP-BK2207047368','Booking','2022-07-04 08:28:57','2022-07-04 08:28:57',NULL),(1647,120,0,'Booking Placed','Booking CP-BK2207048314 Placed','2022-07-04','CP-BK2207048314','Booking','2022-07-04 08:32:57','2022-07-04 08:32:57',NULL),(1648,120,0,'Booking Approved, You can pay now.','Booking CP-BK2207048314 Approved, You can pay now.','2022-07-04','CP-BK2207048314','Booking','2022-07-04 08:34:34','2022-07-04 08:34:34',NULL),(1649,120,0,'Booking Placed','Booking CP-BK2207044182 Placed','2022-07-04','CP-BK2207044182','Booking','2022-07-04 08:51:34','2022-07-04 08:51:34',NULL),(1650,120,0,'Booking Placed','Booking CP-BK2207041542 Placed','2022-07-04','CP-BK2207041542','Booking','2022-07-04 08:56:12','2022-07-04 08:56:12',NULL),(1651,120,0,'Booking Approved, You can pay now.','Booking CP-BK2207041542 Approved, You can pay now.','2022-07-04','CP-BK2207041542','Booking','2022-07-04 08:57:32','2022-07-04 08:57:32',NULL),(1652,120,0,'Booking Completed','Booking CP-BK2207041542Completed','2022-07-04','CP-BK2207041542','Booking','2022-07-04 09:00:41','2022-07-04 09:00:41',NULL),(1653,120,0,'Hotel Room Booking Placed','Hotel Room Booking CP-HB2207047478 Placed','2022-07-04','CP-HB2207047478','Hotel Room Booking','2022-07-04 09:01:57','2022-07-04 09:01:57',NULL),(1654,120,0,'Hotel Booking Approved, You can pay now.','Hotel Booking CP-HB2207047478Approved, You can pay now.','2022-07-04','CP-HB2207047478','Hotel Booking','2022-07-04 09:02:46','2022-07-04 09:02:46',NULL),(1655,120,0,'Mobile Grooming Booking Placed','Mobile Grooming Booking CP-MG2207047295 Placed','2022-07-04','CP-MG2207047295','Mobile Grooming Book','2022-07-04 09:03:37','2022-07-04 09:03:37',NULL),(1656,120,0,'Mobile Grooming Approved, You can pay now.','Mobile Grooming CP-MG2207047295Approved, You can pay now.','2022-07-04','CP-MG2207047295','Mobile Grooming','2022-07-04 09:04:32','2022-07-04 09:04:32',NULL),(1657,120,0,'Mobile Grooming Completed','Mobile Grooming CP-MG2207047295Completed','2022-07-04','CP-MG2207047295','Mobile Grooming','2022-07-04 09:05:35','2022-07-04 09:05:35',NULL),(1658,120,0,'Mobile Grooming Booking Placed','Mobile Grooming Booking CP-MG2207042030 Placed','2022-07-04','CP-MG2207042030','Mobile Grooming Book','2022-07-04 09:09:56','2022-07-04 09:09:56',NULL),(1659,120,0,'Mobile Grooming Approved, You can pay now.','Mobile Grooming CP-MG2207042030Approved, You can pay now.','2022-07-04','CP-MG2207042030','Mobile Grooming','2022-07-04 09:10:24','2022-07-04 09:10:24',NULL),(1660,120,0,'Booking Approved, You can pay now.','Booking CP-BK2207044182 Approved, You can pay now.','2022-07-04','CP-BK2207044182','Booking','2022-07-04 09:17:22','2022-07-04 09:17:22',NULL),(1661,120,0,'Booking Completed','Booking CP-BK2207044182Completed','2022-07-04','CP-BK2207044182','Booking','2022-07-04 09:17:44','2022-07-04 09:17:44',NULL),(1662,120,0,'Hotel Room Booking Placed','Hotel Room Booking CP-HB2207049248 Placed','2022-07-04','CP-HB2207049248','Hotel Room Booking','2022-07-04 09:20:42','2022-07-04 09:20:42',NULL),(1663,120,0,'Hotel Booking Approved, You can pay now.','Hotel Booking CP-HB2207049248Approved, You can pay now.','2022-07-04','CP-HB2207049248','Hotel Booking','2022-07-04 09:21:18','2022-07-04 09:21:18',NULL),(1664,120,0,'Hotel Room Booking Placed','Hotel Room Booking CP-HB2207047849 Placed','2022-07-04','CP-HB2207047849','Hotel Room Booking','2022-07-04 09:23:15','2022-07-04 09:23:15',NULL),(1665,120,0,'Booking Placed','Booking CP-BK2207045146 Placed','2022-07-04','CP-BK2207045146','Booking','2022-07-04 09:24:24','2022-07-04 09:24:24',NULL),(1666,120,0,'Booking Placed','Booking CP-BK2207043028 Placed','2022-07-04','CP-BK2207043028','Booking','2022-07-04 09:30:29','2022-07-04 09:30:29',NULL),(1667,120,0,'Booking Approved, You can pay now.','Booking CP-BK2207043028 Approved, You can pay now.','2022-07-04','CP-BK2207043028','Booking','2022-07-04 09:34:00','2022-07-04 09:34:00',NULL),(1668,120,0,'Mobile Grooming Booking Placed','Mobile Grooming Booking CP-MG2207049807 Placed','2022-07-04','CP-MG2207049807','Mobile Grooming Book','2022-07-04 09:34:46','2022-07-04 09:34:46',NULL),(1669,120,0,'Mobile Grooming Approved, You can pay now.','Mobile Grooming CP-MG2207049807Approved, You can pay now.','2022-07-04','CP-MG2207049807','Mobile Grooming','2022-07-04 09:35:23','2022-07-04 09:35:23',NULL),(1670,120,0,'Appointment Placed','Appointment CP-AP2207043367 Placed','2022-07-04','CP-AP2207043367','Booking','2022-07-04 09:36:36','2022-07-04 09:36:36',NULL),(1671,120,0,'Appointment Approved, You can pay now.','Appointment CP-AP2207043367 Approved, You can pay now.','2022-07-04','CP-AP2207043367','Booking','2022-07-04 09:37:26','2022-07-04 09:37:26',NULL),(1672,120,0,'Mobile Grooming Approved, You can pay now.','Mobile Grooming CP-MG2207018822Approved, You can pay now.','2022-07-04','CP-MG2207018822','Mobile Grooming','2022-07-04 09:39:23','2022-07-04 09:39:23',NULL),(1673,120,0,'Mobile Grooming Approved, You can pay now.','Mobile Grooming CP-MG2206212394Approved, You can pay now.','2022-07-04','CP-MG2206212394','Mobile Grooming','2022-07-04 09:40:04','2022-07-04 09:40:04',NULL),(1674,120,0,'Hotel Booking Completed','Hotel Booking CP-HB2207049248Completed','2022-07-04','CP-HB2207049248','Hotel Booking','2022-07-04 09:45:59','2022-07-04 09:45:59',NULL),(1675,120,0,'Hotel Booking Completed','Hotel Booking CP-HB2207047478Completed','2022-07-04','CP-HB2207047478','Hotel Booking','2022-07-04 09:46:41','2022-07-04 09:46:41',NULL),(1676,120,0,'Booking Completed','Booking CP-BK2207043028Completed','2022-07-04','CP-BK2207043028','Booking','2022-07-04 09:47:28','2022-07-04 09:47:28',NULL),(1677,120,0,'Booking Approved, You can pay now.','Booking CP-BK2207045146 Approved, You can pay now.','2022-07-04','CP-BK2207045146','Booking','2022-07-04 09:53:46','2022-07-04 09:53:46',NULL),(1678,120,0,'Booking Completed','Booking CP-BK2207045146Completed','2022-07-04','CP-BK2207045146','Booking','2022-07-04 09:55:15','2022-07-04 09:55:15',NULL),(1679,120,0,'Mobile Grooming Completed','Mobile Grooming CP-MG2207049807Completed','2022-07-04','CP-MG2207049807','Mobile Grooming','2022-07-04 09:56:06','2022-07-04 09:56:06',NULL),(1680,120,0,'Booking Approved, You can pay now.','Booking CP-BK2207047368 Approved, You can pay now.','2022-07-04','CP-BK2207047368','Booking','2022-07-04 09:58:50','2022-07-04 09:58:50',NULL),(1681,120,0,'Booking Completed','Booking CP-BK2207047368Completed','2022-07-04','CP-BK2207047368','Booking','2022-07-04 09:59:30','2022-07-04 09:59:30',NULL),(1682,120,0,'Mobile Grooming Completed','Mobile Grooming CP-MG2207042030Completed','2022-07-04','CP-MG2207042030','Mobile Grooming','2022-07-04 10:00:00','2022-07-04 10:00:00',NULL),(1683,120,0,'Hotel Booking Completed','Hotel Booking CP-HB2207011054Completed','2022-07-04','CP-HB2207011054','Hotel Booking','2022-07-04 10:00:21','2022-07-04 10:00:21',NULL),(1684,120,0,'Mobile Grooming Completed','Mobile Grooming CP-MG2207018822Completed','2022-07-04','CP-MG2207018822','Mobile Grooming','2022-07-04 10:01:43','2022-07-04 10:01:43',NULL),(1685,120,0,'Booking Approved, You can pay now.','Booking CP-BK2207016041 Approved, You can pay now.','2022-07-04','CP-BK2207016041','Booking','2022-07-04 10:10:50','2022-07-04 10:10:50',NULL),(1686,120,0,'Booking Completed','Booking CP-BK2207016041Completed','2022-07-04','CP-BK2207016041','Booking','2022-07-04 10:11:34','2022-07-04 10:11:34',NULL),(1687,120,0,'Mobile Grooming Completed','Mobile Grooming CP-MG2206212394Completed','2022-07-04','CP-MG2206212394','Mobile Grooming','2022-07-04 10:12:50','2022-07-04 10:12:50',NULL),(1688,120,0,'Hotel Booking Completed','Hotel Booking CP-HB2207013252Completed','2022-07-04','CP-HB2207013252','Hotel Booking','2022-07-04 10:16:26','2022-07-04 10:16:26',NULL),(1689,120,0,'Hotel Booking Completed','Hotel Booking CP-HB2207016498Completed','2022-07-04','CP-HB2207016498','Hotel Booking','2022-07-04 10:17:03','2022-07-04 10:17:03',NULL),(1690,120,0,'Booking Completed','Booking CP-BK2207048314Completed','2022-07-04','CP-BK2207048314','Booking','2022-07-04 10:17:33','2022-07-04 10:17:33',NULL),(1691,120,0,'Booking Approved, You can pay now.','Booking CP-BK2207014385 Approved, You can pay now.','2022-07-04','CP-BK2207014385','Booking','2022-07-04 10:28:00','2022-07-04 10:28:00',NULL),(1692,120,0,'Booking Completed','Booking CP-BK2207014385Completed','2022-07-04','CP-BK2207014385','Booking','2022-07-04 10:28:37','2022-07-04 10:28:37',NULL),(1693,120,0,'Booking Placed','Booking CP-BK2207041540 Placed','2022-07-04','CP-BK2207041540','Booking','2022-07-04 10:30:27','2022-07-04 10:30:27',NULL),(1694,120,0,'Booking Placed','Booking CP-BK2207049042 Placed','2022-07-04','CP-BK2207049042','Booking','2022-07-04 10:34:36','2022-07-04 10:34:36',NULL),(1695,120,0,'Booking Approved, You can pay now.','Booking CP-BK2207049042 Approved, You can pay now.','2022-07-04','CP-BK2207049042','Booking','2022-07-04 10:55:43','2022-07-04 10:55:43',NULL),(1696,120,0,'Booking Completed','Booking CP-BK2207049042Completed','2022-07-04','CP-BK2207049042','Booking','2022-07-04 10:56:29','2022-07-04 10:56:29',NULL),(1697,120,0,'Booking Approved, You can pay now.','Booking CP-BK2207041540 Approved, You can pay now.','2022-07-04','CP-BK2207041540','Booking','2022-07-04 10:59:39','2022-07-04 10:59:39',NULL),(1698,120,0,'Booking Completed','Booking CP-BK2207041540Completed','2022-07-04','CP-BK2207041540','Booking','2022-07-04 11:03:36','2022-07-04 11:03:36',NULL),(1699,120,0,'Mobile Grooming Completed','Mobile Grooming CP-MG2206217674Completed','2022-07-04','CP-MG2206217674','Mobile Grooming','2022-07-04 11:06:41','2022-07-04 11:06:41',NULL),(1700,120,0,'Hotel Booking Approved, You can pay now.','Hotel Booking CP-HB2207047849Approved, You can pay now.','2022-07-04','CP-HB2207047849','Hotel Booking','2022-07-04 11:14:22','2022-07-04 11:14:22',NULL),(1701,120,0,'Hotel Booking Approved, You can pay now.','Hotel Booking CP-HB2206221609Approved, You can pay now.','2022-07-04','CP-HB2206221609','Hotel Booking','2022-07-04 11:15:17','2022-07-04 11:15:17',NULL),(1702,120,0,'Booking Approved, You can pay now.','Booking CP-BK2207017830 Approved, You can pay now.','2022-07-04','CP-BK2207017830','Booking','2022-07-04 11:15:54','2022-07-04 11:15:54',NULL),(1703,120,0,'Booking Completed','Booking CP-BK2207017830Completed','2022-07-04','CP-BK2207017830','Booking','2022-07-04 11:16:13','2022-07-04 11:16:13',NULL),(1704,120,0,'Mobile Grooming Approved, You can pay now.','Mobile Grooming CP-MG2206211151Approved, You can pay now.','2022-07-04','CP-MG2206211151','Mobile Grooming','2022-07-04 11:16:42','2022-07-04 11:16:42',NULL),(1705,120,0,'Mobile Grooming Completed','Mobile Grooming CP-MG2206211151Completed','2022-07-04','CP-MG2206211151','Mobile Grooming','2022-07-04 11:17:04','2022-07-04 11:17:04',NULL),(1706,120,0,'Booking Placed','Booking CP-BK2207049897 Placed','2022-07-04','CP-BK2207049897','Booking','2022-07-04 11:18:51','2022-07-04 11:18:51',NULL),(1707,120,0,'Booking Approved, You can pay now.','Booking CP-BK2207049897 Approved, You can pay now.','2022-07-04','CP-BK2207049897','Booking','2022-07-04 11:19:31','2022-07-04 11:19:31',NULL),(1708,120,0,'Booking Completed','Booking CP-BK2207049897Completed','2022-07-04','CP-BK2207049897','Booking','2022-07-04 11:20:07','2022-07-04 11:20:07',NULL),(1709,120,0,'Appointment Placed','Appointment CP-AP2207041599 Placed','2022-07-04','CP-AP2207041599','Booking','2022-07-04 11:21:33','2022-07-04 11:21:33',NULL),(1710,120,0,'Appointment Approved, You can pay now.','Appointment CP-AP2207041599 Approved, You can pay now.','2022-07-04','CP-AP2207041599','Booking','2022-07-04 11:23:03','2022-07-04 11:23:03',NULL),(1711,120,0,'Booking Placed','Booking CP-BK2207053154 Placed','2022-07-05','CP-BK2207053154','Booking','2022-07-05 07:54:08','2022-07-05 07:54:08',NULL),(1712,120,0,'Booking Placed','Booking CP-BK2207055549 Placed','2022-07-05','CP-BK2207055549','Booking','2022-07-05 07:55:29','2022-07-05 07:55:29',NULL),(1713,120,0,'Booking Placed','Booking CP-BK2207055547 Placed','2022-07-05','CP-BK2207055547','Booking','2022-07-05 08:28:43','2022-07-05 08:28:43',NULL),(1714,120,0,'Booking Approved, You can pay now.','Booking CP-BK2207055547 Approved, You can pay now.','2022-07-05','CP-BK2207055547','Booking','2022-07-05 08:35:27','2022-07-05 08:35:27',NULL),(1715,120,0,'Booking Placed','Booking CP-BK2207057448 Placed','2022-07-05','CP-BK2207057448','Booking','2022-07-05 08:42:28','2022-07-05 08:42:28',NULL),(1716,120,0,'Hotel Room Booking Placed','Hotel Room Booking CP-HB2207057305 Placed','2022-07-05','CP-HB2207057305','Hotel Room Booking','2022-07-05 08:44:25','2022-07-05 08:44:25',NULL),(1717,120,0,'Mobile Grooming Booking Placed','Mobile Grooming Booking CP-MG2207051297 Placed','2022-07-05','CP-MG2207051297','Mobile Grooming Book','2022-07-05 08:45:32','2022-07-05 08:45:32',NULL),(1718,120,0,'Hotel Booking Approved, You can pay now.','Hotel Booking CP-HB2207057305Approved, You can pay now.','2022-07-05','CP-HB2207057305','Hotel Booking','2022-07-05 08:46:26','2022-07-05 08:46:26',NULL),(1719,120,0,'Booking Placed','Booking CP-BK2207056096 Placed','2022-07-05','CP-BK2207056096','Booking','2022-07-05 10:34:34','2022-07-05 10:34:34',NULL),(1720,120,0,'Booking Placed','Booking CP-BK2207052641 Placed','2022-07-05','CP-BK2207052641','Booking','2022-07-05 11:50:45','2022-07-05 11:50:45',NULL),(1721,120,0,'Appointment Placed','Appointment CP-AP2207054670 Placed','2022-07-05','CP-AP2207054670','Booking','2022-07-05 11:51:50','2022-07-05 11:51:50',NULL),(1722,120,0,'Appointment Approved, You can pay now.','Appointment CP-AP2207054670 Approved, You can pay now.','2022-07-05','CP-AP2207054670','Booking','2022-07-05 11:53:47','2022-07-05 11:53:47',NULL),(1723,120,0,'Appointment Placed','Appointment CP-AP2207057028 Placed','2022-07-05','CP-AP2207057028','Booking','2022-07-05 12:01:10','2022-07-05 12:01:10',NULL),(1724,120,0,'Appointment Approved, You can pay now.','Appointment CP-AP2207057028 Approved, You can pay now.','2022-07-05','CP-AP2207057028','Booking','2022-07-05 12:01:50','2022-07-05 12:01:50',NULL),(1725,120,0,'Booking Placed','Booking CP-BK2207062631 Placed','2022-07-06','CP-BK2207062631','Booking','2022-07-06 08:57:35','2022-07-06 08:57:35',NULL),(1726,120,0,'Booking Approved, You can pay now.','Booking CP-BK2207062631 Approved, You can pay now.','2022-07-06','CP-BK2207062631','Booking','2022-07-06 09:01:05','2022-07-06 09:01:05',NULL),(1727,120,0,'Hotel Booking Completed','Hotel Booking CP-HB2207047849Completed','2022-07-06','CP-HB2207047849','Hotel Booking','2022-07-06 09:02:20','2022-07-06 09:02:20',NULL),(1728,120,0,'Booking Placed','Booking CP-BK2207067954 Placed','2022-07-06','CP-BK2207067954','Booking','2022-07-06 19:11:30','2022-07-06 19:11:30',NULL),(1729,120,0,'Booking Placed','Booking CP-BK2207072962 Placed','2022-07-07','CP-BK2207072962','Booking','2022-07-07 09:44:19','2022-07-07 09:44:19',NULL),(1730,120,0,'Mobile Grooming Booking Placed','Mobile Grooming Booking CP-MG2207076361 Placed','2022-07-07','CP-MG2207076361','Mobile Grooming Book','2022-07-07 09:51:14','2022-07-07 09:51:14',NULL),(1731,120,0,'Hotel Room Booking Placed','Hotel Room Booking CP-HB2207075476 Placed','2022-07-07','CP-HB2207075476','Hotel Room Booking','2022-07-07 10:03:52','2022-07-07 10:03:52',NULL),(1732,120,0,'Hotel Booking Approved, You can pay now.','Hotel Booking CP-HB2207075476Approved, You can pay now.','2022-07-07','CP-HB2207075476','Hotel Booking','2022-07-07 10:04:56','2022-07-07 10:04:56',NULL),(1733,1,0,'Appointment Reminder','Hi Admin, Your pet 11-Dobby has a appointment today for Pet Care onAnimal plannet at 11:30 - 12:00','2022-07-08',NULL,NULL,'2022-07-08 07:00:01','2022-07-08 07:00:01',NULL),(1734,2,0,'Appointment Reminder','Hi SB PET B.USER, Your pet 11-Dobby has a appointment today for Pet Care onAnimal plannet at 11:30 - 12:00','2022-07-08',NULL,NULL,'2022-07-08 07:00:01','2022-07-08 07:00:01',NULL),(1735,3,0,'Appointment Reminder','Hi SB PET SHOP, Your pet 11-Dobby has a appointment today for Pet Care onAnimal plannet at 11:30 - 12:00','2022-07-08',NULL,NULL,'2022-07-08 07:00:01','2022-07-08 07:00:01',NULL),(1736,5,0,'Appointment Reminder','Hi Maya, Your pet 11-Dobby has a appointment today for Pet Care onAnimal plannet at 11:30 - 12:00','2022-07-08',NULL,NULL,'2022-07-08 07:00:02','2022-07-08 07:00:02',NULL),(1737,6,0,'Appointment Reminder','Hi vishnu, Your pet 11-Dobby has a appointment today for Pet Care onAnimal plannet at 11:30 - 12:00','2022-07-08',NULL,NULL,'2022-07-08 07:00:02','2022-07-08 07:00:02',NULL),(1738,7,0,'Appointment Reminder','Hi Haritha, Your pet 11-Dobby has a appointment today for Pet Care onAnimal plannet at 11:30 - 12:00','2022-07-08',NULL,NULL,'2022-07-08 07:00:02','2022-07-08 07:00:02',NULL),(1739,8,0,'Appointment Reminder','Hi H care centre, Your pet 11-Dobby has a appointment today for Pet Care onAnimal plannet at 11:30 - 12:00','2022-07-08',NULL,NULL,'2022-07-08 07:00:02','2022-07-08 07:00:02',NULL),(1740,9,0,'Appointment Reminder','Hi Care Center, Your pet 11-Dobby has a appointment today for Pet Care onAnimal plannet at 11:30 - 12:00','2022-07-08',NULL,NULL,'2022-07-08 07:00:02','2022-07-08 07:00:02',NULL),(1741,10,0,'Appointment Reminder','Hi Pet Home, Your pet 11-Dobby has a appointment today for Pet Care onAnimal plannet at 11:30 - 12:00','2022-07-08',NULL,NULL,'2022-07-08 07:00:02','2022-07-08 07:00:02',NULL),(1742,12,0,'Appointment Reminder','Hi Animal world, Your pet 11-Dobby has a appointment today for Pet Care onAnimal plannet at 11:30 - 12:00','2022-07-08',NULL,NULL,'2022-07-08 07:00:02','2022-07-08 07:00:02',NULL),(1743,13,0,'Appointment Reminder','Hi Hari, Your pet 11-Dobby has a appointment today for Pet Care onAnimal plannet at 11:30 - 12:00','2022-07-08',NULL,NULL,'2022-07-08 07:00:02','2022-07-08 07:00:02',NULL),(1744,14,0,'Appointment Reminder','Hi Pet & Care, Your pet 11-Dobby has a appointment today for Pet Care onAnimal plannet at 11:30 - 12:00','2022-07-08',NULL,NULL,'2022-07-08 07:00:02','2022-07-08 07:00:02',NULL),(1745,16,0,'Appointment Reminder','Hi vishnu, Your pet 11-Dobby has a appointment today for Pet Care onAnimal plannet at 11:30 - 12:00','2022-07-08',NULL,NULL,'2022-07-08 07:00:02','2022-07-08 07:00:02',NULL),(1746,17,0,'Appointment Reminder','Hi Thrishika, Your pet 11-Dobby has a appointment today for Pet Care onAnimal plannet at 11:30 - 12:00','2022-07-08',NULL,NULL,'2022-07-08 07:00:02','2022-07-08 07:00:02',NULL),(1747,18,0,'Appointment Reminder','Hi Pet Kingdom, Your pet 11-Dobby has a appointment today for Pet Care onAnimal plannet at 11:30 - 12:00','2022-07-08',NULL,NULL,'2022-07-08 07:00:02','2022-07-08 07:00:02',NULL),(1748,19,0,'Appointment Reminder','Hi A & A World, Your pet 11-Dobby has a appointment today for Pet Care onAnimal plannet at 11:30 - 12:00','2022-07-08',NULL,NULL,'2022-07-08 07:00:03','2022-07-08 07:00:03',NULL),(1749,20,0,'Appointment Reminder','Hi Healthy World, Your pet 11-Dobby has a appointment today for Pet Care onAnimal plannet at 11:30 - 12:00','2022-07-08',NULL,NULL,'2022-07-08 07:00:03','2022-07-08 07:00:03',NULL),(1750,21,0,'Appointment Reminder','Hi Healthy World, Your pet 11-Dobby has a appointment today for Pet Care onAnimal plannet at 11:30 - 12:00','2022-07-08',NULL,NULL,'2022-07-08 07:00:03','2022-07-08 07:00:03',NULL),(1751,22,0,'Appointment Reminder','Hi Healthy World, Your pet 11-Dobby has a appointment today for Pet Care onAnimal plannet at 11:30 - 12:00','2022-07-08',NULL,NULL,'2022-07-08 07:00:03','2022-07-08 07:00:03',NULL),(1752,23,0,'Appointment Reminder','Hi HK care, Your pet 11-Dobby has a appointment today for Pet Care onAnimal plannet at 11:30 - 12:00','2022-07-08',NULL,NULL,'2022-07-08 07:00:03','2022-07-08 07:00:03',NULL),(1753,24,0,'Appointment Reminder','Hi Anu, Your pet 11-Dobby has a appointment today for Pet Care onAnimal plannet at 11:30 - 12:00','2022-07-08',NULL,NULL,'2022-07-08 07:00:03','2022-07-08 07:00:03',NULL),(1754,25,0,'Appointment Reminder','Hi Pet Care Center, Your pet 11-Dobby has a appointment today for Pet Care onAnimal plannet at 11:30 - 12:00','2022-07-08',NULL,NULL,'2022-07-08 07:00:03','2022-07-08 07:00:03',NULL),(1755,26,0,'Appointment Reminder','Hi Home care, Your pet 11-Dobby has a appointment today for Pet Care onAnimal plannet at 11:30 - 12:00','2022-07-08',NULL,NULL,'2022-07-08 07:00:03','2022-07-08 07:00:03',NULL),(1756,27,0,'Appointment Reminder','Hi PC clinic, Your pet 11-Dobby has a appointment today for Pet Care onAnimal plannet at 11:30 - 12:00','2022-07-08',NULL,NULL,'2022-07-08 07:00:03','2022-07-08 07:00:03',NULL),(1757,28,0,'Appointment Reminder','Hi Dr.ABCD, Your pet 11-Dobby has a appointment today for Pet Care onAnimal plannet at 11:30 - 12:00','2022-07-08',NULL,NULL,'2022-07-08 07:00:03','2022-07-08 07:00:03',NULL),(1758,29,0,'Appointment Reminder','Hi Harsha, Your pet 11-Dobby has a appointment today for Pet Care onAnimal plannet at 11:30 - 12:00','2022-07-08',NULL,NULL,'2022-07-08 07:00:03','2022-07-08 07:00:03',NULL),(1759,30,0,'Appointment Reminder','Hi Animal care, Your pet 11-Dobby has a appointment today for Pet Care onAnimal plannet at 11:30 - 12:00','2022-07-08',NULL,NULL,'2022-07-08 07:00:04','2022-07-08 07:00:04',NULL),(1760,120,0,'Booking Placed','Booking CP-BK2207088806 Placed','2022-07-08','CP-BK2207088806','Booking','2022-07-08 12:37:34','2022-07-08 12:37:34',NULL),(1761,120,0,'Booking Approved, You can pay now.','Booking CP-BK2207088806 Approved, You can pay now.','2022-07-08','CP-BK2207088806','Booking','2022-07-08 12:38:43','2022-07-08 12:38:43',NULL),(1762,120,0,'Booking Placed','Booking CP-BK2207096905 Placed','2022-07-09','CP-BK2207096905','Booking','2022-07-09 12:37:54','2022-07-09 12:37:54',NULL),(1763,120,0,'Booking Approved, You can pay now.','Booking CP-BK2207096905 Approved, You can pay now.','2022-07-09','CP-BK2207096905','Booking','2022-07-09 12:40:10','2022-07-09 12:40:10',NULL),(1764,120,0,'Booking Placed','Booking CP-BK2207098005 Placed','2022-07-09','CP-BK2207098005','Booking','2022-07-09 16:22:35','2022-07-09 16:22:35',NULL),(1765,120,0,'Booking Approved, You can pay now.','Booking CP-BK2207098005 Approved, You can pay now.','2022-07-09','CP-BK2207098005','Booking','2022-07-09 16:23:06','2022-07-09 16:23:06',NULL),(1766,120,0,'Booking Placed','Booking CP-BK2207097111 Placed','2022-07-09','CP-BK2207097111','Booking','2022-07-09 16:29:48','2022-07-09 16:29:48',NULL),(1767,120,0,'Booking Approved, You can pay now.','Booking CP-BK2207097111 Approved, You can pay now.','2022-07-09','CP-BK2207097111','Booking','2022-07-09 16:30:14','2022-07-09 16:30:14',NULL),(1768,120,0,'Booking Placed','Booking CP-BK2207099432 Placed','2022-07-09','CP-BK2207099432','Booking','2022-07-09 18:57:09','2022-07-09 18:57:09',NULL),(1769,120,0,'Booking Approved, You can pay now.','Booking CP-BK2207099432 Approved, You can pay now.','2022-07-09','CP-BK2207099432','Booking','2022-07-09 18:58:46','2022-07-09 18:58:46',NULL),(1770,1,0,'Booking Reminder','Hi Admin, Your pet 11-Dobby has a booking today for Pet Training onA & A World at 9:32 - 9:42','2022-07-10',NULL,NULL,'2022-07-10 07:00:01','2022-07-10 07:00:01',NULL),(1771,2,0,'Booking Reminder','Hi SB PET B.USER, Your pet 11-Dobby has a booking today for Pet Training onA & A World at 9:32 - 9:42','2022-07-10',NULL,NULL,'2022-07-10 07:00:02','2022-07-10 07:00:02',NULL),(1772,3,0,'Booking Reminder','Hi SB PET SHOP, Your pet 11-Dobby has a booking today for Pet Training onA & A World at 9:32 - 9:42','2022-07-10',NULL,NULL,'2022-07-10 07:00:02','2022-07-10 07:00:02',NULL),(1773,5,0,'Booking Reminder','Hi Maya, Your pet 11-Dobby has a booking today for Pet Training onA & A World at 9:32 - 9:42','2022-07-10',NULL,NULL,'2022-07-10 07:00:02','2022-07-10 07:00:02',NULL),(1774,6,0,'Booking Reminder','Hi vishnu, Your pet 11-Dobby has a booking today for Pet Training onA & A World at 9:32 - 9:42','2022-07-10',NULL,NULL,'2022-07-10 07:00:02','2022-07-10 07:00:02',NULL),(1775,7,0,'Booking Reminder','Hi Haritha, Your pet 11-Dobby has a booking today for Pet Training onA & A World at 9:32 - 9:42','2022-07-10',NULL,NULL,'2022-07-10 07:00:02','2022-07-10 07:00:02',NULL),(1776,8,0,'Booking Reminder','Hi H care centre, Your pet 11-Dobby has a booking today for Pet Training onA & A World at 9:32 - 9:42','2022-07-10',NULL,NULL,'2022-07-10 07:00:02','2022-07-10 07:00:02',NULL),(1777,9,0,'Booking Reminder','Hi Care Center, Your pet 11-Dobby has a booking today for Pet Training onA & A World at 9:32 - 9:42','2022-07-10',NULL,NULL,'2022-07-10 07:00:03','2022-07-10 07:00:03',NULL),(1778,10,0,'Booking Reminder','Hi Pet Home, Your pet 11-Dobby has a booking today for Pet Training onA & A World at 9:32 - 9:42','2022-07-10',NULL,NULL,'2022-07-10 07:00:03','2022-07-10 07:00:03',NULL),(1779,12,0,'Booking Reminder','Hi Animal world, Your pet 11-Dobby has a booking today for Pet Training onA & A World at 9:32 - 9:42','2022-07-10',NULL,NULL,'2022-07-10 07:00:03','2022-07-10 07:00:03',NULL),(1780,13,0,'Booking Reminder','Hi Hari, Your pet 11-Dobby has a booking today for Pet Training onA & A World at 9:32 - 9:42','2022-07-10',NULL,NULL,'2022-07-10 07:00:03','2022-07-10 07:00:03',NULL),(1781,14,0,'Booking Reminder','Hi Pet & Care, Your pet 11-Dobby has a booking today for Pet Training onA & A World at 9:32 - 9:42','2022-07-10',NULL,NULL,'2022-07-10 07:00:03','2022-07-10 07:00:03',NULL),(1782,16,0,'Booking Reminder','Hi vishnu, Your pet 11-Dobby has a booking today for Pet Training onA & A World at 9:32 - 9:42','2022-07-10',NULL,NULL,'2022-07-10 07:00:03','2022-07-10 07:00:03',NULL),(1783,17,0,'Booking Reminder','Hi Thrishika, Your pet 11-Dobby has a booking today for Pet Training onA & A World at 9:32 - 9:42','2022-07-10',NULL,NULL,'2022-07-10 07:00:03','2022-07-10 07:00:03',NULL),(1784,18,0,'Booking Reminder','Hi Pet Kingdom, Your pet 11-Dobby has a booking today for Pet Training onA & A World at 9:32 - 9:42','2022-07-10',NULL,NULL,'2022-07-10 07:00:03','2022-07-10 07:00:03',NULL),(1785,19,0,'Booking Reminder','Hi A & A World, Your pet 11-Dobby has a booking today for Pet Training onA & A World at 9:32 - 9:42','2022-07-10',NULL,NULL,'2022-07-10 07:00:03','2022-07-10 07:00:03',NULL),(1786,20,0,'Booking Reminder','Hi Healthy World, Your pet 11-Dobby has a booking today for Pet Training onA & A World at 9:32 - 9:42','2022-07-10',NULL,NULL,'2022-07-10 07:00:03','2022-07-10 07:00:03',NULL),(1787,21,0,'Booking Reminder','Hi Healthy World, Your pet 11-Dobby has a booking today for Pet Training onA & A World at 9:32 - 9:42','2022-07-10',NULL,NULL,'2022-07-10 07:00:03','2022-07-10 07:00:03',NULL),(1788,22,0,'Booking Reminder','Hi Healthy World, Your pet 11-Dobby has a booking today for Pet Training onA & A World at 9:32 - 9:42','2022-07-10',NULL,NULL,'2022-07-10 07:00:04','2022-07-10 07:00:04',NULL),(1789,23,0,'Booking Reminder','Hi HK care, Your pet 11-Dobby has a booking today for Pet Training onA & A World at 9:32 - 9:42','2022-07-10',NULL,NULL,'2022-07-10 07:00:04','2022-07-10 07:00:04',NULL),(1790,24,0,'Booking Reminder','Hi Anu, Your pet 11-Dobby has a booking today for Pet Training onA & A World at 9:32 - 9:42','2022-07-10',NULL,NULL,'2022-07-10 07:00:04','2022-07-10 07:00:04',NULL),(1791,25,0,'Booking Reminder','Hi Pet Care Center, Your pet 11-Dobby has a booking today for Pet Training onA & A World at 9:32 - 9:42','2022-07-10',NULL,NULL,'2022-07-10 07:00:04','2022-07-10 07:00:04',NULL),(1792,26,0,'Booking Reminder','Hi Home care, Your pet 11-Dobby has a booking today for Pet Training onA & A World at 9:32 - 9:42','2022-07-10',NULL,NULL,'2022-07-10 07:00:04','2022-07-10 07:00:04',NULL),(1793,27,0,'Booking Reminder','Hi PC clinic, Your pet 11-Dobby has a booking today for Pet Training onA & A World at 9:32 - 9:42','2022-07-10',NULL,NULL,'2022-07-10 07:00:04','2022-07-10 07:00:04',NULL),(1794,28,0,'Booking Reminder','Hi Dr.ABCD, Your pet 11-Dobby has a booking today for Pet Training onA & A World at 9:32 - 9:42','2022-07-10',NULL,NULL,'2022-07-10 07:00:04','2022-07-10 07:00:04',NULL),(1795,29,0,'Booking Reminder','Hi Harsha, Your pet 11-Dobby has a booking today for Pet Training onA & A World at 9:32 - 9:42','2022-07-10',NULL,NULL,'2022-07-10 07:00:04','2022-07-10 07:00:04',NULL),(1796,30,0,'Booking Reminder','Hi Animal care, Your pet 11-Dobby has a booking today for Pet Training onA & A World at 9:32 - 9:42','2022-07-10',NULL,NULL,'2022-07-10 07:00:04','2022-07-10 07:00:04',NULL),(1797,120,0,'Booking Placed','Booking CP-BK2207136680 Placed','2022-07-13','CP-BK2207136680','Booking','2022-07-13 10:07:00','2022-07-13 10:07:00',NULL),(1798,120,0,'Hotel Room Booking Placed','Hotel Room Booking CP-HB2207137996 Placed','2022-07-13','CP-HB2207137996','Hotel Room Booking','2022-07-13 10:09:15','2022-07-13 10:09:15',NULL),(1799,120,0,'Mobile Grooming Booking Placed','Mobile Grooming Booking CP-MG2207132409 Placed','2022-07-13','CP-MG2207132409','Mobile Grooming Book','2022-07-13 10:10:33','2022-07-13 10:10:33',NULL),(1800,120,0,'Booking Approved, You can pay now.','Booking CP-BK2207136680 Approved, You can pay now.','2022-07-13','CP-BK2207136680','Booking','2022-07-13 10:12:29','2022-07-13 10:12:29',NULL),(1801,120,0,'Mobile Grooming Approved, You can pay now.','Mobile Grooming CP-MG2207132409Approved, You can pay now.','2022-07-13','CP-MG2207132409','Mobile Grooming','2022-07-13 10:13:35','2022-07-13 10:13:35',NULL),(1802,120,0,'Mobile Grooming In-Progress','Mobile Grooming CP-MG2207132409In-Progress','2022-07-13','CP-MG2207132409','Mobile Grooming','2022-07-13 10:14:09','2022-07-13 10:14:09',NULL),(1803,120,0,'Hotel Booking Approved, You can pay now.','Hotel Booking CP-HB2207137996Approved, You can pay now.','2022-07-13','CP-HB2207137996','Hotel Booking','2022-07-13 10:14:33','2022-07-13 10:14:33',NULL),(1804,120,0,'Booking Placed','Booking CP-BK2207131263 Placed','2022-07-13','CP-BK2207131263','Booking','2022-07-13 13:18:10','2022-07-13 13:18:10',NULL),(1805,120,0,'Booking Placed','Booking CP-BK2207132240 Placed','2022-07-13','CP-BK2207132240','Booking','2022-07-13 13:24:29','2022-07-13 13:24:29',NULL),(1806,120,0,'Booking Approved, You can pay now.','Booking CP-BK2207132240 Approved, You can pay now.','2022-07-13','CP-BK2207132240','Booking','2022-07-13 13:27:03','2022-07-13 13:27:03',NULL),(1807,1,0,'Booking Reminder','Hi Admin, Your pet 11-Dobby has a booking today for Pet Grooming onAnimal world at 11:00 - 11:30','2022-07-14',NULL,NULL,'2022-07-14 07:00:02','2022-07-14 07:00:02',NULL),(1808,2,0,'Booking Reminder','Hi SB PET B.USER, Your pet 11-Dobby has a booking today for Pet Grooming onAnimal world at 11:00 - 11:30','2022-07-14',NULL,NULL,'2022-07-14 07:00:02','2022-07-14 07:00:02',NULL),(1809,3,0,'Booking Reminder','Hi SB PET SHOP, Your pet 11-Dobby has a booking today for Pet Grooming onAnimal world at 11:00 - 11:30','2022-07-14',NULL,NULL,'2022-07-14 07:00:02','2022-07-14 07:00:02',NULL),(1810,5,0,'Booking Reminder','Hi Maya, Your pet 11-Dobby has a booking today for Pet Grooming onAnimal world at 11:00 - 11:30','2022-07-14',NULL,NULL,'2022-07-14 07:00:02','2022-07-14 07:00:02',NULL),(1811,6,0,'Booking Reminder','Hi vishnu, Your pet 11-Dobby has a booking today for Pet Grooming onAnimal world at 11:00 - 11:30','2022-07-14',NULL,NULL,'2022-07-14 07:00:02','2022-07-14 07:00:02',NULL),(1812,7,0,'Booking Reminder','Hi Haritha, Your pet 11-Dobby has a booking today for Pet Grooming onAnimal world at 11:00 - 11:30','2022-07-14',NULL,NULL,'2022-07-14 07:00:02','2022-07-14 07:00:02',NULL),(1813,8,0,'Booking Reminder','Hi H care centre, Your pet 11-Dobby has a booking today for Pet Grooming onAnimal world at 11:00 - 11:30','2022-07-14',NULL,NULL,'2022-07-14 07:00:02','2022-07-14 07:00:02',NULL),(1814,9,0,'Booking Reminder','Hi Care Center, Your pet 11-Dobby has a booking today for Pet Grooming onAnimal world at 11:00 - 11:30','2022-07-14',NULL,NULL,'2022-07-14 07:00:03','2022-07-14 07:00:03',NULL),(1815,10,0,'Booking Reminder','Hi Pet Home, Your pet 11-Dobby has a booking today for Pet Grooming onAnimal world at 11:00 - 11:30','2022-07-14',NULL,NULL,'2022-07-14 07:00:03','2022-07-14 07:00:03',NULL),(1816,12,0,'Booking Reminder','Hi Animal world, Your pet 11-Dobby has a booking today for Pet Grooming onAnimal world at 11:00 - 11:30','2022-07-14',NULL,NULL,'2022-07-14 07:00:03','2022-07-14 07:00:03',NULL),(1817,13,0,'Booking Reminder','Hi Hari, Your pet 11-Dobby has a booking today for Pet Grooming onAnimal world at 11:00 - 11:30','2022-07-14',NULL,NULL,'2022-07-14 07:00:03','2022-07-14 07:00:03',NULL),(1818,14,0,'Booking Reminder','Hi Pet & Care, Your pet 11-Dobby has a booking today for Pet Grooming onAnimal world at 11:00 - 11:30','2022-07-14',NULL,NULL,'2022-07-14 07:00:03','2022-07-14 07:00:03',NULL),(1819,16,0,'Booking Reminder','Hi vishnu, Your pet 11-Dobby has a booking today for Pet Grooming onAnimal world at 11:00 - 11:30','2022-07-14',NULL,NULL,'2022-07-14 07:00:03','2022-07-14 07:00:03',NULL),(1820,17,0,'Booking Reminder','Hi Thrishika, Your pet 11-Dobby has a booking today for Pet Grooming onAnimal world at 11:00 - 11:30','2022-07-14',NULL,NULL,'2022-07-14 07:00:03','2022-07-14 07:00:03',NULL),(1821,18,0,'Booking Reminder','Hi Pet Kingdom, Your pet 11-Dobby has a booking today for Pet Grooming onAnimal world at 11:00 - 11:30','2022-07-14',NULL,NULL,'2022-07-14 07:00:03','2022-07-14 07:00:03',NULL),(1822,19,0,'Booking Reminder','Hi A & A World, Your pet 11-Dobby has a booking today for Pet Grooming onAnimal world at 11:00 - 11:30','2022-07-14',NULL,NULL,'2022-07-14 07:00:03','2022-07-14 07:00:03',NULL),(1823,20,0,'Booking Reminder','Hi Healthy World, Your pet 11-Dobby has a booking today for Pet Grooming onAnimal world at 11:00 - 11:30','2022-07-14',NULL,NULL,'2022-07-14 07:00:03','2022-07-14 07:00:03',NULL),(1824,21,0,'Booking Reminder','Hi Healthy World, Your pet 11-Dobby has a booking today for Pet Grooming onAnimal world at 11:00 - 11:30','2022-07-14',NULL,NULL,'2022-07-14 07:00:03','2022-07-14 07:00:03',NULL),(1825,22,0,'Booking Reminder','Hi Healthy World, Your pet 11-Dobby has a booking today for Pet Grooming onAnimal world at 11:00 - 11:30','2022-07-14',NULL,NULL,'2022-07-14 07:00:03','2022-07-14 07:00:03',NULL),(1826,23,0,'Booking Reminder','Hi HK care, Your pet 11-Dobby has a booking today for Pet Grooming onAnimal world at 11:00 - 11:30','2022-07-14',NULL,NULL,'2022-07-14 07:00:04','2022-07-14 07:00:04',NULL),(1827,24,0,'Booking Reminder','Hi Anu, Your pet 11-Dobby has a booking today for Pet Grooming onAnimal world at 11:00 - 11:30','2022-07-14',NULL,NULL,'2022-07-14 07:00:04','2022-07-14 07:00:04',NULL),(1828,25,0,'Booking Reminder','Hi Pet Care Center, Your pet 11-Dobby has a booking today for Pet Grooming onAnimal world at 11:00 - 11:30','2022-07-14',NULL,NULL,'2022-07-14 07:00:04','2022-07-14 07:00:04',NULL),(1829,26,0,'Booking Reminder','Hi Home care, Your pet 11-Dobby has a booking today for Pet Grooming onAnimal world at 11:00 - 11:30','2022-07-14',NULL,NULL,'2022-07-14 07:00:04','2022-07-14 07:00:04',NULL),(1830,27,0,'Booking Reminder','Hi PC clinic, Your pet 11-Dobby has a booking today for Pet Grooming onAnimal world at 11:00 - 11:30','2022-07-14',NULL,NULL,'2022-07-14 07:00:04','2022-07-14 07:00:04',NULL),(1831,28,0,'Booking Reminder','Hi Dr.ABCD, Your pet 11-Dobby has a booking today for Pet Grooming onAnimal world at 11:00 - 11:30','2022-07-14',NULL,NULL,'2022-07-14 07:00:04','2022-07-14 07:00:04',NULL),(1832,29,0,'Booking Reminder','Hi Harsha, Your pet 11-Dobby has a booking today for Pet Grooming onAnimal world at 11:00 - 11:30','2022-07-14',NULL,NULL,'2022-07-14 07:00:04','2022-07-14 07:00:04',NULL),(1833,30,0,'Booking Reminder','Hi Animal care, Your pet 11-Dobby has a booking today for Pet Grooming onAnimal world at 11:00 - 11:30','2022-07-14',NULL,NULL,'2022-07-14 07:00:04','2022-07-14 07:00:04',NULL),(1834,120,0,'Booking Placed','Booking CP-BK2207165771 Placed','2022-07-16','CP-BK2207165771','Booking','2022-07-16 10:12:46','2022-07-16 10:12:46',NULL),(1835,120,0,'Booking Placed','Booking CP-BK2207162141 Placed','2022-07-16','CP-BK2207162141','Booking','2022-07-16 11:01:15','2022-07-16 11:01:15',NULL),(1836,120,0,'Booking Approved, You can pay now.','Booking CP-BK2207165771 Approved, You can pay now.','2022-07-16','CP-BK2207165771','Booking','2022-07-16 11:03:51','2022-07-16 11:03:51',NULL),(1837,120,0,'Booking Placed','Booking CP-BK2207165823 Placed','2022-07-16','CP-BK2207165823','Booking','2022-07-16 11:48:52','2022-07-16 11:48:52',NULL),(1838,120,0,'Booking Placed','Booking CP-BK2207164258 Placed','2022-07-16','CP-BK2207164258','Booking','2022-07-16 15:00:10','2022-07-16 15:00:10',NULL),(1839,1,0,'Booking Reminder','Hi Admin, Your pet 11-Dobby has a booking today for Pet Grooming onAnimal world at 11:30 - 12:00','2022-07-17',NULL,NULL,'2022-07-17 07:00:01','2022-07-17 07:00:01',NULL),(1840,2,0,'Booking Reminder','Hi SB PET B.USER, Your pet 11-Dobby has a booking today for Pet Grooming onAnimal world at 11:30 - 12:00','2022-07-17',NULL,NULL,'2022-07-17 07:00:01','2022-07-17 07:00:01',NULL),(1841,3,0,'Booking Reminder','Hi SB PET SHOP, Your pet 11-Dobby has a booking today for Pet Grooming onAnimal world at 11:30 - 12:00','2022-07-17',NULL,NULL,'2022-07-17 07:00:01','2022-07-17 07:00:01',NULL),(1842,5,0,'Booking Reminder','Hi Maya, Your pet 11-Dobby has a booking today for Pet Grooming onAnimal world at 11:30 - 12:00','2022-07-17',NULL,NULL,'2022-07-17 07:00:01','2022-07-17 07:00:01',NULL),(1843,6,0,'Booking Reminder','Hi vishnu, Your pet 11-Dobby has a booking today for Pet Grooming onAnimal world at 11:30 - 12:00','2022-07-17',NULL,NULL,'2022-07-17 07:00:02','2022-07-17 07:00:02',NULL),(1844,7,0,'Booking Reminder','Hi Haritha, Your pet 11-Dobby has a booking today for Pet Grooming onAnimal world at 11:30 - 12:00','2022-07-17',NULL,NULL,'2022-07-17 07:00:02','2022-07-17 07:00:02',NULL),(1845,8,0,'Booking Reminder','Hi H care centre, Your pet 11-Dobby has a booking today for Pet Grooming onAnimal world at 11:30 - 12:00','2022-07-17',NULL,NULL,'2022-07-17 07:00:02','2022-07-17 07:00:02',NULL),(1846,9,0,'Booking Reminder','Hi Care Center, Your pet 11-Dobby has a booking today for Pet Grooming onAnimal world at 11:30 - 12:00','2022-07-17',NULL,NULL,'2022-07-17 07:00:02','2022-07-17 07:00:02',NULL),(1847,10,0,'Booking Reminder','Hi Pet Home, Your pet 11-Dobby has a booking today for Pet Grooming onAnimal world at 11:30 - 12:00','2022-07-17',NULL,NULL,'2022-07-17 07:00:02','2022-07-17 07:00:02',NULL),(1848,12,0,'Booking Reminder','Hi Animal world, Your pet 11-Dobby has a booking today for Pet Grooming onAnimal world at 11:30 - 12:00','2022-07-17',NULL,NULL,'2022-07-17 07:00:02','2022-07-17 07:00:02',NULL),(1849,13,0,'Booking Reminder','Hi Hari, Your pet 11-Dobby has a booking today for Pet Grooming onAnimal world at 11:30 - 12:00','2022-07-17',NULL,NULL,'2022-07-17 07:00:03','2022-07-17 07:00:03',NULL),(1850,14,0,'Booking Reminder','Hi Pet & Care, Your pet 11-Dobby has a booking today for Pet Grooming onAnimal world at 11:30 - 12:00','2022-07-17',NULL,NULL,'2022-07-17 07:00:03','2022-07-17 07:00:03',NULL),(1851,16,0,'Booking Reminder','Hi vishnu, Your pet 11-Dobby has a booking today for Pet Grooming onAnimal world at 11:30 - 12:00','2022-07-17',NULL,NULL,'2022-07-17 07:00:03','2022-07-17 07:00:03',NULL),(1852,17,0,'Booking Reminder','Hi Thrishika, Your pet 11-Dobby has a booking today for Pet Grooming onAnimal world at 11:30 - 12:00','2022-07-17',NULL,NULL,'2022-07-17 07:00:03','2022-07-17 07:00:03',NULL),(1853,18,0,'Booking Reminder','Hi Pet Kingdom, Your pet 11-Dobby has a booking today for Pet Grooming onAnimal world at 11:30 - 12:00','2022-07-17',NULL,NULL,'2022-07-17 07:00:03','2022-07-17 07:00:03',NULL),(1854,19,0,'Booking Reminder','Hi A & A World, Your pet 11-Dobby has a booking today for Pet Grooming onAnimal world at 11:30 - 12:00','2022-07-17',NULL,NULL,'2022-07-17 07:00:03','2022-07-17 07:00:03',NULL),(1855,20,0,'Booking Reminder','Hi Healthy World, Your pet 11-Dobby has a booking today for Pet Grooming onAnimal world at 11:30 - 12:00','2022-07-17',NULL,NULL,'2022-07-17 07:00:03','2022-07-17 07:00:03',NULL),(1856,21,0,'Booking Reminder','Hi Healthy World, Your pet 11-Dobby has a booking today for Pet Grooming onAnimal world at 11:30 - 12:00','2022-07-17',NULL,NULL,'2022-07-17 07:00:03','2022-07-17 07:00:03',NULL),(1857,22,0,'Booking Reminder','Hi Healthy World, Your pet 11-Dobby has a booking today for Pet Grooming onAnimal world at 11:30 - 12:00','2022-07-17',NULL,NULL,'2022-07-17 07:00:03','2022-07-17 07:00:03',NULL),(1858,23,0,'Booking Reminder','Hi HK care, Your pet 11-Dobby has a booking today for Pet Grooming onAnimal world at 11:30 - 12:00','2022-07-17',NULL,NULL,'2022-07-17 07:00:03','2022-07-17 07:00:03',NULL),(1859,24,0,'Booking Reminder','Hi Anu, Your pet 11-Dobby has a booking today for Pet Grooming onAnimal world at 11:30 - 12:00','2022-07-17',NULL,NULL,'2022-07-17 07:00:03','2022-07-17 07:00:03',NULL),(1860,25,0,'Booking Reminder','Hi Pet Care Center, Your pet 11-Dobby has a booking today for Pet Grooming onAnimal world at 11:30 - 12:00','2022-07-17',NULL,NULL,'2022-07-17 07:00:03','2022-07-17 07:00:03',NULL),(1861,26,0,'Booking Reminder','Hi Home care, Your pet 11-Dobby has a booking today for Pet Grooming onAnimal world at 11:30 - 12:00','2022-07-17',NULL,NULL,'2022-07-17 07:00:04','2022-07-17 07:00:04',NULL),(1862,27,0,'Booking Reminder','Hi PC clinic, Your pet 11-Dobby has a booking today for Pet Grooming onAnimal world at 11:30 - 12:00','2022-07-17',NULL,NULL,'2022-07-17 07:00:04','2022-07-17 07:00:04',NULL),(1863,28,0,'Booking Reminder','Hi Dr.ABCD, Your pet 11-Dobby has a booking today for Pet Grooming onAnimal world at 11:30 - 12:00','2022-07-17',NULL,NULL,'2022-07-17 07:00:04','2022-07-17 07:00:04',NULL),(1864,29,0,'Booking Reminder','Hi Harsha, Your pet 11-Dobby has a booking today for Pet Grooming onAnimal world at 11:30 - 12:00','2022-07-17',NULL,NULL,'2022-07-17 07:00:04','2022-07-17 07:00:04',NULL),(1865,30,0,'Booking Reminder','Hi Animal care, Your pet 11-Dobby has a booking today for Pet Grooming onAnimal world at 11:30 - 12:00','2022-07-17',NULL,NULL,'2022-07-17 07:00:04','2022-07-17 07:00:04',NULL),(1866,120,0,'Booking Approved, You can pay now.','Booking CP-BK2207164258 Approved, You can pay now.','2022-07-18','CP-BK2207164258','Booking','2022-07-18 10:25:47','2022-07-18 10:25:47',NULL),(1867,6,0,'Booking Approved, You can pay now.','Booking CP-BK2204285626 Approved, You can pay now.','2022-07-18','CP-BK2204285626','Booking','2022-07-18 10:35:38','2022-07-18 10:35:38',NULL),(1868,6,0,'Booking In-Progress','Booking CP-BK2204285626 In-Progress','2022-07-18','CP-BK2204285626','Booking','2022-07-18 10:36:56','2022-07-18 10:36:56',NULL),(1869,6,0,'Booking Rejected','Booking CP-BK2204285626 Rejected','2022-07-18','CP-BK2204285626','Booking','2022-07-18 10:52:33','2022-07-18 10:52:33',NULL),(1870,6,0,'Booking Approved, You can pay now.','Booking CP-BK2204287664 Approved, You can pay now.','2022-07-18','CP-BK2204287664','Booking','2022-07-18 10:55:44','2022-07-18 10:55:44',NULL),(1871,6,0,'Booking In-Progress','Booking CP-BK2204287664 In-Progress','2022-07-18','CP-BK2204287664','Booking','2022-07-18 11:00:54','2022-07-18 11:00:54',NULL),(1872,120,0,'Booking In-Progress','Booking CP-BK2207164258 In-Progress','2022-07-18','CP-BK2207164258','Booking','2022-07-18 11:10:15','2022-07-18 11:10:15',NULL),(1873,120,0,'Booking Cancelled','Booking CP-BK2207164258 Cancelled','2022-07-18','CP-BK2207164258','Booking','2022-07-18 19:52:19','2022-07-18 19:52:19',NULL),(1874,120,0,'Booking Approved, You can pay now.','Booking CP-BK2207165823 Approved, You can pay now.','2022-07-18','CP-BK2207165823','Booking','2022-07-18 19:55:35','2022-07-18 19:55:35',NULL),(1875,6,0,'Booking Approved, You can pay now.','Booking CP-BK2203041815 Approved, You can pay now.','2022-07-18','CP-BK2203041815','Booking','2022-07-18 19:57:43','2022-07-18 19:57:43',NULL),(1876,1,0,'Booking Reminder','Hi Admin, Your pet 11-Dobby has a booking today for Pet Grooming onAnimal world at 11:30 - 12:00','2022-07-19',NULL,NULL,'2022-07-19 07:00:01','2022-07-19 07:00:01',NULL),(1877,2,0,'Booking Reminder','Hi SB PET B.USER, Your pet 11-Dobby has a booking today for Pet Grooming onAnimal world at 11:30 - 12:00','2022-07-19',NULL,NULL,'2022-07-19 07:00:02','2022-07-19 07:00:02',NULL),(1878,3,0,'Booking Reminder','Hi SB PET SHOP, Your pet 11-Dobby has a booking today for Pet Grooming onAnimal world at 11:30 - 12:00','2022-07-19',NULL,NULL,'2022-07-19 07:00:02','2022-07-19 07:00:02',NULL),(1879,5,0,'Booking Reminder','Hi Maya, Your pet 11-Dobby has a booking today for Pet Grooming onAnimal world at 11:30 - 12:00','2022-07-19',NULL,NULL,'2022-07-19 07:00:02','2022-07-19 07:00:02',NULL),(1880,6,0,'Booking Reminder','Hi vishnu, Your pet 11-Dobby has a booking today for Pet Grooming onAnimal world at 11:30 - 12:00','2022-07-19',NULL,NULL,'2022-07-19 07:00:02','2022-07-19 07:00:02',NULL),(1881,7,0,'Booking Reminder','Hi Haritha, Your pet 11-Dobby has a booking today for Pet Grooming onAnimal world at 11:30 - 12:00','2022-07-19',NULL,NULL,'2022-07-19 07:00:02','2022-07-19 07:00:02',NULL),(1882,8,0,'Booking Reminder','Hi H care centre, Your pet 11-Dobby has a booking today for Pet Grooming onAnimal world at 11:30 - 12:00','2022-07-19',NULL,NULL,'2022-07-19 07:00:02','2022-07-19 07:00:02',NULL),(1883,9,0,'Booking Reminder','Hi Care Center, Your pet 11-Dobby has a booking today for Pet Grooming onAnimal world at 11:30 - 12:00','2022-07-19',NULL,NULL,'2022-07-19 07:00:02','2022-07-19 07:00:02',NULL),(1884,10,0,'Booking Reminder','Hi Pet Home, Your pet 11-Dobby has a booking today for Pet Grooming onAnimal world at 11:30 - 12:00','2022-07-19',NULL,NULL,'2022-07-19 07:00:02','2022-07-19 07:00:02',NULL),(1885,12,0,'Booking Reminder','Hi Animal world, Your pet 11-Dobby has a booking today for Pet Grooming onAnimal world at 11:30 - 12:00','2022-07-19',NULL,NULL,'2022-07-19 07:00:02','2022-07-19 07:00:02',NULL),(1886,13,0,'Booking Reminder','Hi Hari, Your pet 11-Dobby has a booking today for Pet Grooming onAnimal world at 11:30 - 12:00','2022-07-19',NULL,NULL,'2022-07-19 07:00:02','2022-07-19 07:00:02',NULL),(1887,14,0,'Booking Reminder','Hi Pet & Care, Your pet 11-Dobby has a booking today for Pet Grooming onAnimal world at 11:30 - 12:00','2022-07-19',NULL,NULL,'2022-07-19 07:00:03','2022-07-19 07:00:03',NULL),(1888,16,0,'Booking Reminder','Hi vishnu, Your pet 11-Dobby has a booking today for Pet Grooming onAnimal world at 11:30 - 12:00','2022-07-19',NULL,NULL,'2022-07-19 07:00:03','2022-07-19 07:00:03',NULL),(1889,17,0,'Booking Reminder','Hi Thrishika, Your pet 11-Dobby has a booking today for Pet Grooming onAnimal world at 11:30 - 12:00','2022-07-19',NULL,NULL,'2022-07-19 07:00:03','2022-07-19 07:00:03',NULL),(1890,18,0,'Booking Reminder','Hi Pet Kingdom, Your pet 11-Dobby has a booking today for Pet Grooming onAnimal world at 11:30 - 12:00','2022-07-19',NULL,NULL,'2022-07-19 07:00:03','2022-07-19 07:00:03',NULL),(1891,19,0,'Booking Reminder','Hi A & A World, Your pet 11-Dobby has a booking today for Pet Grooming onAnimal world at 11:30 - 12:00','2022-07-19',NULL,NULL,'2022-07-19 07:00:03','2022-07-19 07:00:03',NULL),(1892,20,0,'Booking Reminder','Hi Healthy World, Your pet 11-Dobby has a booking today for Pet Grooming onAnimal world at 11:30 - 12:00','2022-07-19',NULL,NULL,'2022-07-19 07:00:03','2022-07-19 07:00:03',NULL),(1893,21,0,'Booking Reminder','Hi Healthy World, Your pet 11-Dobby has a booking today for Pet Grooming onAnimal world at 11:30 - 12:00','2022-07-19',NULL,NULL,'2022-07-19 07:00:03','2022-07-19 07:00:03',NULL),(1894,22,0,'Booking Reminder','Hi Healthy World, Your pet 11-Dobby has a booking today for Pet Grooming onAnimal world at 11:30 - 12:00','2022-07-19',NULL,NULL,'2022-07-19 07:00:03','2022-07-19 07:00:03',NULL),(1895,23,0,'Booking Reminder','Hi HK care, Your pet 11-Dobby has a booking today for Pet Grooming onAnimal world at 11:30 - 12:00','2022-07-19',NULL,NULL,'2022-07-19 07:00:03','2022-07-19 07:00:03',NULL),(1896,24,0,'Booking Reminder','Hi Anu, Your pet 11-Dobby has a booking today for Pet Grooming onAnimal world at 11:30 - 12:00','2022-07-19',NULL,NULL,'2022-07-19 07:00:03','2022-07-19 07:00:03',NULL),(1897,25,0,'Booking Reminder','Hi Pet Care Center, Your pet 11-Dobby has a booking today for Pet Grooming onAnimal world at 11:30 - 12:00','2022-07-19',NULL,NULL,'2022-07-19 07:00:04','2022-07-19 07:00:04',NULL),(1898,26,0,'Booking Reminder','Hi Home care, Your pet 11-Dobby has a booking today for Pet Grooming onAnimal world at 11:30 - 12:00','2022-07-19',NULL,NULL,'2022-07-19 07:00:04','2022-07-19 07:00:04',NULL),(1899,27,0,'Booking Reminder','Hi PC clinic, Your pet 11-Dobby has a booking today for Pet Grooming onAnimal world at 11:30 - 12:00','2022-07-19',NULL,NULL,'2022-07-19 07:00:04','2022-07-19 07:00:04',NULL),(1900,28,0,'Booking Reminder','Hi Dr.ABCD, Your pet 11-Dobby has a booking today for Pet Grooming onAnimal world at 11:30 - 12:00','2022-07-19',NULL,NULL,'2022-07-19 07:00:04','2022-07-19 07:00:04',NULL),(1901,29,0,'Booking Reminder','Hi Harsha, Your pet 11-Dobby has a booking today for Pet Grooming onAnimal world at 11:30 - 12:00','2022-07-19',NULL,NULL,'2022-07-19 07:00:04','2022-07-19 07:00:04',NULL),(1902,30,0,'Booking Reminder','Hi Animal care, Your pet 11-Dobby has a booking today for Pet Grooming onAnimal world at 11:30 - 12:00','2022-07-19',NULL,NULL,'2022-07-19 07:00:04','2022-07-19 07:00:04',NULL),(1903,120,0,'Booking In-Progress','Booking CP-BK2207165823 In-Progress','2022-07-19','CP-BK2207165823','Booking','2022-07-19 09:15:53','2022-07-19 09:15:53',NULL),(1904,6,0,'Booking In-Progress','Booking CP-BK2203095526 In-Progress','2022-07-19','CP-BK2203095526','Booking','2022-07-19 09:18:51','2022-07-19 09:18:51',NULL),(1905,6,0,'Booking Cancelled','Booking CP-BK2203095526 Cancelled','2022-07-19','CP-BK2203095526','Booking','2022-07-19 09:20:27','2022-07-19 09:20:27',NULL),(1906,6,0,'Booking Approved, You can pay now.','Booking CP-BK2203037083 Approved, You can pay now.','2022-07-19','CP-BK2203037083','Booking','2022-07-19 09:27:13','2022-07-19 09:27:13',NULL),(1907,5,0,'Booking In-Progress','Booking CP-BK2203161307 In-Progress','2022-07-19','CP-BK2203161307','Booking','2022-07-19 09:40:49','2022-07-19 09:40:49',NULL),(1908,5,0,'Booking Cancelled','Booking CP-BK2203161307 Cancelled','2022-07-19','CP-BK2203161307','Booking','2022-07-19 09:41:26','2022-07-19 09:41:26',NULL),(1909,5,0,'Booking Approved, You can pay now.','Booking CP-BK2203144881 Approved, You can pay now.','2022-07-19','CP-BK2203144881','Booking','2022-07-19 09:42:03','2022-07-19 09:42:03',NULL),(1910,120,0,'Booking Placed','Booking CP-BK2207192911 Placed','2022-07-19','CP-BK2207192911','Booking','2022-07-19 09:48:53','2022-07-19 09:48:53',NULL),(1911,120,0,'Booking Approved, You can pay now.','Booking CP-BK2207192911 Approved, You can pay now.','2022-07-19','CP-BK2207192911','Booking','2022-07-19 09:53:31','2022-07-19 09:53:31',NULL),(1912,120,0,'Booking Placed','Booking CP-BK2207191020 Placed','2022-07-19','CP-BK2207191020','Booking','2022-07-19 10:23:29','2022-07-19 10:23:29',NULL),(1913,120,0,'Booking Approved, You can pay now.','Booking CP-BK2207191020 Approved, You can pay now.','2022-07-19','CP-BK2207191020','Booking','2022-07-19 10:24:27','2022-07-19 10:24:27',NULL),(1914,120,0,'Booking Rejected','Booking CP-BK2207191020 Rejected','2022-07-19','CP-BK2207191020','Booking','2022-07-19 10:24:58','2022-07-19 10:24:58',NULL),(1915,120,0,'Booking In-Progress','Booking CP-BK2207192911 In-Progress','2022-07-19','CP-BK2207192911','Booking','2022-07-19 10:25:48','2022-07-19 10:25:48',NULL),(1916,1,0,'Booking Reminder','Hi Admin, Your pet 11-Dobby has a booking today for Pet Grooming onAnimal world at 11:30 - 12:00','2022-07-20',NULL,NULL,'2022-07-20 07:00:02','2022-07-20 07:00:02',NULL),(1917,2,0,'Booking Reminder','Hi SB PET B.USER, Your pet 11-Dobby has a booking today for Pet Grooming onAnimal world at 11:30 - 12:00','2022-07-20',NULL,NULL,'2022-07-20 07:00:02','2022-07-20 07:00:02',NULL),(1918,3,0,'Booking Reminder','Hi SB PET SHOP, Your pet 11-Dobby has a booking today for Pet Grooming onAnimal world at 11:30 - 12:00','2022-07-20',NULL,NULL,'2022-07-20 07:00:02','2022-07-20 07:00:02',NULL),(1919,5,0,'Booking Reminder','Hi Maya, Your pet 11-Dobby has a booking today for Pet Grooming onAnimal world at 11:30 - 12:00','2022-07-20',NULL,NULL,'2022-07-20 07:00:02','2022-07-20 07:00:02',NULL),(1920,6,0,'Booking Reminder','Hi vishnu, Your pet 11-Dobby has a booking today for Pet Grooming onAnimal world at 11:30 - 12:00','2022-07-20',NULL,NULL,'2022-07-20 07:00:02','2022-07-20 07:00:02',NULL),(1921,7,0,'Booking Reminder','Hi Haritha, Your pet 11-Dobby has a booking today for Pet Grooming onAnimal world at 11:30 - 12:00','2022-07-20',NULL,NULL,'2022-07-20 07:00:02','2022-07-20 07:00:02',NULL),(1922,8,0,'Booking Reminder','Hi H care centre, Your pet 11-Dobby has a booking today for Pet Grooming onAnimal world at 11:30 - 12:00','2022-07-20',NULL,NULL,'2022-07-20 07:00:03','2022-07-20 07:00:03',NULL),(1923,9,0,'Booking Reminder','Hi Care Center, Your pet 11-Dobby has a booking today for Pet Grooming onAnimal world at 11:30 - 12:00','2022-07-20',NULL,NULL,'2022-07-20 07:00:03','2022-07-20 07:00:03',NULL),(1924,10,0,'Booking Reminder','Hi Pet Home, Your pet 11-Dobby has a booking today for Pet Grooming onAnimal world at 11:30 - 12:00','2022-07-20',NULL,NULL,'2022-07-20 07:00:03','2022-07-20 07:00:03',NULL),(1925,12,0,'Booking Reminder','Hi Animal world, Your pet 11-Dobby has a booking today for Pet Grooming onAnimal world at 11:30 - 12:00','2022-07-20',NULL,NULL,'2022-07-20 07:00:03','2022-07-20 07:00:03',NULL),(1926,13,0,'Booking Reminder','Hi Hari, Your pet 11-Dobby has a booking today for Pet Grooming onAnimal world at 11:30 - 12:00','2022-07-20',NULL,NULL,'2022-07-20 07:00:03','2022-07-20 07:00:03',NULL),(1927,14,0,'Booking Reminder','Hi Pet & Care, Your pet 11-Dobby has a booking today for Pet Grooming onAnimal world at 11:30 - 12:00','2022-07-20',NULL,NULL,'2022-07-20 07:00:03','2022-07-20 07:00:03',NULL),(1928,16,0,'Booking Reminder','Hi vishnu, Your pet 11-Dobby has a booking today for Pet Grooming onAnimal world at 11:30 - 12:00','2022-07-20',NULL,NULL,'2022-07-20 07:00:03','2022-07-20 07:00:03',NULL),(1929,17,0,'Booking Reminder','Hi Thrishika, Your pet 11-Dobby has a booking today for Pet Grooming onAnimal world at 11:30 - 12:00','2022-07-20',NULL,NULL,'2022-07-20 07:00:04','2022-07-20 07:00:04',NULL),(1930,18,0,'Booking Reminder','Hi Pet Kingdom, Your pet 11-Dobby has a booking today for Pet Grooming onAnimal world at 11:30 - 12:00','2022-07-20',NULL,NULL,'2022-07-20 07:00:04','2022-07-20 07:00:04',NULL),(1931,19,0,'Booking Reminder','Hi A & A World, Your pet 11-Dobby has a booking today for Pet Grooming onAnimal world at 11:30 - 12:00','2022-07-20',NULL,NULL,'2022-07-20 07:00:04','2022-07-20 07:00:04',NULL),(1932,20,0,'Booking Reminder','Hi Healthy World, Your pet 11-Dobby has a booking today for Pet Grooming onAnimal world at 11:30 - 12:00','2022-07-20',NULL,NULL,'2022-07-20 07:00:04','2022-07-20 07:00:04',NULL),(1933,21,0,'Booking Reminder','Hi Healthy World, Your pet 11-Dobby has a booking today for Pet Grooming onAnimal world at 11:30 - 12:00','2022-07-20',NULL,NULL,'2022-07-20 07:00:04','2022-07-20 07:00:04',NULL),(1934,22,0,'Booking Reminder','Hi Healthy World, Your pet 11-Dobby has a booking today for Pet Grooming onAnimal world at 11:30 - 12:00','2022-07-20',NULL,NULL,'2022-07-20 07:00:04','2022-07-20 07:00:04',NULL),(1935,23,0,'Booking Reminder','Hi HK care, Your pet 11-Dobby has a booking today for Pet Grooming onAnimal world at 11:30 - 12:00','2022-07-20',NULL,NULL,'2022-07-20 07:00:04','2022-07-20 07:00:04',NULL),(1936,24,0,'Booking Reminder','Hi Anu, Your pet 11-Dobby has a booking today for Pet Grooming onAnimal world at 11:30 - 12:00','2022-07-20',NULL,NULL,'2022-07-20 07:00:04','2022-07-20 07:00:04',NULL),(1937,25,0,'Booking Reminder','Hi Pet Care Center, Your pet 11-Dobby has a booking today for Pet Grooming onAnimal world at 11:30 - 12:00','2022-07-20',NULL,NULL,'2022-07-20 07:00:04','2022-07-20 07:00:04',NULL),(1938,26,0,'Booking Reminder','Hi Home care, Your pet 11-Dobby has a booking today for Pet Grooming onAnimal world at 11:30 - 12:00','2022-07-20',NULL,NULL,'2022-07-20 07:00:05','2022-07-20 07:00:05',NULL),(1939,27,0,'Booking Reminder','Hi PC clinic, Your pet 11-Dobby has a booking today for Pet Grooming onAnimal world at 11:30 - 12:00','2022-07-20',NULL,NULL,'2022-07-20 07:00:05','2022-07-20 07:00:05',NULL),(1940,28,0,'Booking Reminder','Hi Dr.ABCD, Your pet 11-Dobby has a booking today for Pet Grooming onAnimal world at 11:30 - 12:00','2022-07-20',NULL,NULL,'2022-07-20 07:00:05','2022-07-20 07:00:05',NULL),(1941,29,0,'Booking Reminder','Hi Harsha, Your pet 11-Dobby has a booking today for Pet Grooming onAnimal world at 11:30 - 12:00','2022-07-20',NULL,NULL,'2022-07-20 07:00:05','2022-07-20 07:00:05',NULL),(1942,30,0,'Booking Reminder','Hi Animal care, Your pet 11-Dobby has a booking today for Pet Grooming onAnimal world at 11:30 - 12:00','2022-07-20',NULL,NULL,'2022-07-20 07:00:05','2022-07-20 07:00:05',NULL),(1943,120,0,'Booking Placed','Booking CP-BK2207205178 Placed','2022-07-20','CP-BK2207205178','Booking','2022-07-20 16:24:45','2022-07-20 16:24:45',NULL),(1944,120,0,'Booking Placed','Booking CP-BK2207205329 Placed','2022-07-20','CP-BK2207205329','Booking','2022-07-20 16:24:59','2022-07-20 16:24:59',NULL),(1945,120,0,'Booking Approved, You can pay now.','Booking CP-BK2207205329 Approved, You can pay now.','2022-07-20','CP-BK2207205329','Booking','2022-07-20 16:26:22','2022-07-20 16:26:22',NULL),(1946,120,0,'Hotel Room Booking Placed','Hotel Room Booking CP-HB2207209340 Placed','2022-07-20','CP-HB2207209340','Hotel Room Booking','2022-07-20 16:27:09','2022-07-20 16:27:09',NULL),(1947,120,0,'Hotel Booking Approved, You can pay now.','Hotel Booking CP-HB2207209340Approved, You can pay now.','2022-07-20','CP-HB2207209340','Hotel Booking','2022-07-20 16:27:44','2022-07-20 16:27:44',NULL),(1948,120,0,'Mobile Grooming Booking Placed','Mobile Grooming Booking CP-MG2207201705 Placed','2022-07-20','CP-MG2207201705','Mobile Grooming Book','2022-07-20 16:28:15','2022-07-20 16:28:15',NULL),(1949,120,0,'Mobile Grooming Approved, You can pay now.','Mobile Grooming CP-MG2207201705Approved, You can pay now.','2022-07-20','CP-MG2207201705','Mobile Grooming','2022-07-20 16:28:36','2022-07-20 16:28:36',NULL),(1950,120,0,'Booking Approved, You can pay now.','Booking CP-BK2207205178 Approved, You can pay now.','2022-07-20','CP-BK2207205178','Booking','2022-07-20 17:01:44','2022-07-20 17:01:44',NULL),(1951,1,0,'Booking Reminder','Hi Admin, Your pet 11-Dobby has a booking today for Pet Care onA & A World at 8:42 - 8:52','2022-07-24',NULL,NULL,'2022-07-24 07:00:02','2022-07-24 07:00:02',NULL),(1952,2,0,'Booking Reminder','Hi SB PET B.USER, Your pet 11-Dobby has a booking today for Pet Care onA & A World at 8:42 - 8:52','2022-07-24',NULL,NULL,'2022-07-24 07:00:02','2022-07-24 07:00:02',NULL),(1953,3,0,'Booking Reminder','Hi SB PET SHOP, Your pet 11-Dobby has a booking today for Pet Care onA & A World at 8:42 - 8:52','2022-07-24',NULL,NULL,'2022-07-24 07:00:02','2022-07-24 07:00:02',NULL),(1954,5,0,'Booking Reminder','Hi Maya, Your pet 11-Dobby has a booking today for Pet Care onA & A World at 8:42 - 8:52','2022-07-24',NULL,NULL,'2022-07-24 07:00:02','2022-07-24 07:00:02',NULL),(1955,6,0,'Booking Reminder','Hi vishnu, Your pet 11-Dobby has a booking today for Pet Care onA & A World at 8:42 - 8:52','2022-07-24',NULL,NULL,'2022-07-24 07:00:02','2022-07-24 07:00:02',NULL),(1956,7,0,'Booking Reminder','Hi Haritha, Your pet 11-Dobby has a booking today for Pet Care onA & A World at 8:42 - 8:52','2022-07-24',NULL,NULL,'2022-07-24 07:00:02','2022-07-24 07:00:02',NULL),(1957,8,0,'Booking Reminder','Hi H care centre, Your pet 11-Dobby has a booking today for Pet Care onA & A World at 8:42 - 8:52','2022-07-24',NULL,NULL,'2022-07-24 07:00:02','2022-07-24 07:00:02',NULL),(1958,9,0,'Booking Reminder','Hi Care Center, Your pet 11-Dobby has a booking today for Pet Care onA & A World at 8:42 - 8:52','2022-07-24',NULL,NULL,'2022-07-24 07:00:03','2022-07-24 07:00:03',NULL),(1959,10,0,'Booking Reminder','Hi Pet Home, Your pet 11-Dobby has a booking today for Pet Care onA & A World at 8:42 - 8:52','2022-07-24',NULL,NULL,'2022-07-24 07:00:03','2022-07-24 07:00:03',NULL),(1960,12,0,'Booking Reminder','Hi Animal world, Your pet 11-Dobby has a booking today for Pet Care onA & A World at 8:42 - 8:52','2022-07-24',NULL,NULL,'2022-07-24 07:00:03','2022-07-24 07:00:03',NULL),(1961,13,0,'Booking Reminder','Hi Hari, Your pet 11-Dobby has a booking today for Pet Care onA & A World at 8:42 - 8:52','2022-07-24',NULL,NULL,'2022-07-24 07:00:03','2022-07-24 07:00:03',NULL),(1962,14,0,'Booking Reminder','Hi Pet & Care, Your pet 11-Dobby has a booking today for Pet Care onA & A World at 8:42 - 8:52','2022-07-24',NULL,NULL,'2022-07-24 07:00:03','2022-07-24 07:00:03',NULL),(1963,16,0,'Booking Reminder','Hi vishnu, Your pet 11-Dobby has a booking today for Pet Care onA & A World at 8:42 - 8:52','2022-07-24',NULL,NULL,'2022-07-24 07:00:03','2022-07-24 07:00:03',NULL),(1964,17,0,'Booking Reminder','Hi Thrishika, Your pet 11-Dobby has a booking today for Pet Care onA & A World at 8:42 - 8:52','2022-07-24',NULL,NULL,'2022-07-24 07:00:03','2022-07-24 07:00:03',NULL),(1965,18,0,'Booking Reminder','Hi Pet Kingdom, Your pet 11-Dobby has a booking today for Pet Care onA & A World at 8:42 - 8:52','2022-07-24',NULL,NULL,'2022-07-24 07:00:03','2022-07-24 07:00:03',NULL),(1966,19,0,'Booking Reminder','Hi A & A World, Your pet 11-Dobby has a booking today for Pet Care onA & A World at 8:42 - 8:52','2022-07-24',NULL,NULL,'2022-07-24 07:00:03','2022-07-24 07:00:03',NULL),(1967,20,0,'Booking Reminder','Hi Healthy World, Your pet 11-Dobby has a booking today for Pet Care onA & A World at 8:42 - 8:52','2022-07-24',NULL,NULL,'2022-07-24 07:00:03','2022-07-24 07:00:03',NULL),(1968,21,0,'Booking Reminder','Hi Healthy World, Your pet 11-Dobby has a booking today for Pet Care onA & A World at 8:42 - 8:52','2022-07-24',NULL,NULL,'2022-07-24 07:00:03','2022-07-24 07:00:03',NULL),(1969,22,0,'Booking Reminder','Hi Healthy World, Your pet 11-Dobby has a booking today for Pet Care onA & A World at 8:42 - 8:52','2022-07-24',NULL,NULL,'2022-07-24 07:00:03','2022-07-24 07:00:03',NULL),(1970,23,0,'Booking Reminder','Hi HK care, Your pet 11-Dobby has a booking today for Pet Care onA & A World at 8:42 - 8:52','2022-07-24',NULL,NULL,'2022-07-24 07:00:04','2022-07-24 07:00:04',NULL),(1971,24,0,'Booking Reminder','Hi Anu, Your pet 11-Dobby has a booking today for Pet Care onA & A World at 8:42 - 8:52','2022-07-24',NULL,NULL,'2022-07-24 07:00:04','2022-07-24 07:00:04',NULL),(1972,25,0,'Booking Reminder','Hi Pet Care Center, Your pet 11-Dobby has a booking today for Pet Care onA & A World at 8:42 - 8:52','2022-07-24',NULL,NULL,'2022-07-24 07:00:04','2022-07-24 07:00:04',NULL),(1973,26,0,'Booking Reminder','Hi Home care, Your pet 11-Dobby has a booking today for Pet Care onA & A World at 8:42 - 8:52','2022-07-24',NULL,NULL,'2022-07-24 07:00:04','2022-07-24 07:00:04',NULL),(1974,27,0,'Booking Reminder','Hi PC clinic, Your pet 11-Dobby has a booking today for Pet Care onA & A World at 8:42 - 8:52','2022-07-24',NULL,NULL,'2022-07-24 07:00:04','2022-07-24 07:00:04',NULL),(1975,28,0,'Booking Reminder','Hi Dr.ABCD, Your pet 11-Dobby has a booking today for Pet Care onA & A World at 8:42 - 8:52','2022-07-24',NULL,NULL,'2022-07-24 07:00:04','2022-07-24 07:00:04',NULL),(1976,29,0,'Booking Reminder','Hi Harsha, Your pet 11-Dobby has a booking today for Pet Care onA & A World at 8:42 - 8:52','2022-07-24',NULL,NULL,'2022-07-24 07:00:04','2022-07-24 07:00:04',NULL),(1977,30,0,'Booking Reminder','Hi Animal care, Your pet 11-Dobby has a booking today for Pet Care onA & A World at 8:42 - 8:52','2022-07-24',NULL,NULL,'2022-07-24 07:00:04','2022-07-24 07:00:04',NULL),(1978,1,0,'Booking Reminder','Hi Admin, Your pet 11-Dobby has a booking today for Pet Grooming onAnimal world at 11:00 - 11:30','2022-07-25',NULL,NULL,'2022-07-25 07:00:01','2022-07-25 07:00:01',NULL),(1979,2,0,'Booking Reminder','Hi SB PET B.USER, Your pet 11-Dobby has a booking today for Pet Grooming onAnimal world at 11:00 - 11:30','2022-07-25',NULL,NULL,'2022-07-25 07:00:03','2022-07-25 07:00:03',NULL),(1980,3,0,'Booking Reminder','Hi SB PET SHOP, Your pet 11-Dobby has a booking today for Pet Grooming onAnimal world at 11:00 - 11:30','2022-07-25',NULL,NULL,'2022-07-25 07:00:03','2022-07-25 07:00:03',NULL),(1981,5,0,'Booking Reminder','Hi Maya, Your pet 11-Dobby has a booking today for Pet Grooming onAnimal world at 11:00 - 11:30','2022-07-25',NULL,NULL,'2022-07-25 07:00:03','2022-07-25 07:00:03',NULL),(1982,6,0,'Booking Reminder','Hi vishnu, Your pet 11-Dobby has a booking today for Pet Grooming onAnimal world at 11:00 - 11:30','2022-07-25',NULL,NULL,'2022-07-25 07:00:03','2022-07-25 07:00:03',NULL),(1983,7,0,'Booking Reminder','Hi Haritha, Your pet 11-Dobby has a booking today for Pet Grooming onAnimal world at 11:00 - 11:30','2022-07-25',NULL,NULL,'2022-07-25 07:00:03','2022-07-25 07:00:03',NULL),(1984,8,0,'Booking Reminder','Hi H care centre, Your pet 11-Dobby has a booking today for Pet Grooming onAnimal world at 11:00 - 11:30','2022-07-25',NULL,NULL,'2022-07-25 07:00:04','2022-07-25 07:00:04',NULL),(1985,9,0,'Booking Reminder','Hi Care Center, Your pet 11-Dobby has a booking today for Pet Grooming onAnimal world at 11:00 - 11:30','2022-07-25',NULL,NULL,'2022-07-25 07:00:04','2022-07-25 07:00:04',NULL),(1986,10,0,'Booking Reminder','Hi Pet Home, Your pet 11-Dobby has a booking today for Pet Grooming onAnimal world at 11:00 - 11:30','2022-07-25',NULL,NULL,'2022-07-25 07:00:07','2022-07-25 07:00:07',NULL),(1987,12,0,'Booking Reminder','Hi Animal world, Your pet 11-Dobby has a booking today for Pet Grooming onAnimal world at 11:00 - 11:30','2022-07-25',NULL,NULL,'2022-07-25 07:00:07','2022-07-25 07:00:07',NULL),(1988,13,0,'Booking Reminder','Hi Hari, Your pet 11-Dobby has a booking today for Pet Grooming onAnimal world at 11:00 - 11:30','2022-07-25',NULL,NULL,'2022-07-25 07:00:07','2022-07-25 07:00:07',NULL),(1989,14,0,'Booking Reminder','Hi Pet & Care, Your pet 11-Dobby has a booking today for Pet Grooming onAnimal world at 11:00 - 11:30','2022-07-25',NULL,NULL,'2022-07-25 07:00:08','2022-07-25 07:00:08',NULL),(1990,16,0,'Booking Reminder','Hi vishnu, Your pet 11-Dobby has a booking today for Pet Grooming onAnimal world at 11:00 - 11:30','2022-07-25',NULL,NULL,'2022-07-25 07:00:08','2022-07-25 07:00:08',NULL),(1991,17,0,'Booking Reminder','Hi Thrishika, Your pet 11-Dobby has a booking today for Pet Grooming onAnimal world at 11:00 - 11:30','2022-07-25',NULL,NULL,'2022-07-25 07:00:08','2022-07-25 07:00:08',NULL),(1992,18,0,'Booking Reminder','Hi Pet Kingdom, Your pet 11-Dobby has a booking today for Pet Grooming onAnimal world at 11:00 - 11:30','2022-07-25',NULL,NULL,'2022-07-25 07:00:08','2022-07-25 07:00:08',NULL),(1993,19,0,'Booking Reminder','Hi A & A World, Your pet 11-Dobby has a booking today for Pet Grooming onAnimal world at 11:00 - 11:30','2022-07-25',NULL,NULL,'2022-07-25 07:00:08','2022-07-25 07:00:08',NULL),(1994,20,0,'Booking Reminder','Hi Healthy World, Your pet 11-Dobby has a booking today for Pet Grooming onAnimal world at 11:00 - 11:30','2022-07-25',NULL,NULL,'2022-07-25 07:00:08','2022-07-25 07:00:08',NULL),(1995,21,0,'Booking Reminder','Hi Healthy World, Your pet 11-Dobby has a booking today for Pet Grooming onAnimal world at 11:00 - 11:30','2022-07-25',NULL,NULL,'2022-07-25 07:00:10','2022-07-25 07:00:10',NULL),(1996,22,0,'Booking Reminder','Hi Healthy World, Your pet 11-Dobby has a booking today for Pet Grooming onAnimal world at 11:00 - 11:30','2022-07-25',NULL,NULL,'2022-07-25 07:00:10','2022-07-25 07:00:10',NULL),(1997,23,0,'Booking Reminder','Hi HK care, Your pet 11-Dobby has a booking today for Pet Grooming onAnimal world at 11:00 - 11:30','2022-07-25',NULL,NULL,'2022-07-25 07:00:13','2022-07-25 07:00:13',NULL),(1998,24,0,'Booking Reminder','Hi Anu, Your pet 11-Dobby has a booking today for Pet Grooming onAnimal world at 11:00 - 11:30','2022-07-25',NULL,NULL,'2022-07-25 07:00:13','2022-07-25 07:00:13',NULL),(1999,25,0,'Booking Reminder','Hi Pet Care Center, Your pet 11-Dobby has a booking today for Pet Grooming onAnimal world at 11:00 - 11:30','2022-07-25',NULL,NULL,'2022-07-25 07:00:14','2022-07-25 07:00:14',NULL),(2000,26,0,'Booking Reminder','Hi Home care, Your pet 11-Dobby has a booking today for Pet Grooming onAnimal world at 11:00 - 11:30','2022-07-25',NULL,NULL,'2022-07-25 07:00:17','2022-07-25 07:00:17',NULL),(2001,27,0,'Booking Reminder','Hi PC clinic, Your pet 11-Dobby has a booking today for Pet Grooming onAnimal world at 11:00 - 11:30','2022-07-25',NULL,NULL,'2022-07-25 07:00:17','2022-07-25 07:00:17',NULL),(2002,28,0,'Booking Reminder','Hi Dr.ABCD, Your pet 11-Dobby has a booking today for Pet Grooming onAnimal world at 11:00 - 11:30','2022-07-25',NULL,NULL,'2022-07-25 07:00:17','2022-07-25 07:00:17',NULL),(2003,29,0,'Booking Reminder','Hi Harsha, Your pet 11-Dobby has a booking today for Pet Grooming onAnimal world at 11:00 - 11:30','2022-07-25',NULL,NULL,'2022-07-25 07:00:18','2022-07-25 07:00:18',NULL),(2004,30,0,'Booking Reminder','Hi Animal care, Your pet 11-Dobby has a booking today for Pet Grooming onAnimal world at 11:00 - 11:30','2022-07-25',NULL,NULL,'2022-07-25 07:00:18','2022-07-25 07:00:18',NULL),(2005,6,0,'Booking Approved, You can pay now.','Booking CP-BK2204279151 Approved, You can pay now.','2022-07-25','CP-BK2204279151','Booking','2022-07-25 13:53:48','2022-07-25 13:53:48',NULL),(2006,1,0,'Booking Reminder','Hi Admin, Your pet 11-Dobby has a booking today for Pet Grooming onAnimal world at 11:30 - 12:00','2022-07-27',NULL,NULL,'2022-07-27 07:00:01','2022-07-27 07:00:01',NULL),(2007,2,0,'Booking Reminder','Hi SB PET B.USER, Your pet 11-Dobby has a booking today for Pet Grooming onAnimal world at 11:30 - 12:00','2022-07-27',NULL,NULL,'2022-07-27 07:00:02','2022-07-27 07:00:02',NULL),(2008,3,0,'Booking Reminder','Hi SB PET SHOP, Your pet 11-Dobby has a booking today for Pet Grooming onAnimal world at 11:30 - 12:00','2022-07-27',NULL,NULL,'2022-07-27 07:00:02','2022-07-27 07:00:02',NULL),(2009,5,0,'Booking Reminder','Hi Maya, Your pet 11-Dobby has a booking today for Pet Grooming onAnimal world at 11:30 - 12:00','2022-07-27',NULL,NULL,'2022-07-27 07:00:02','2022-07-27 07:00:02',NULL),(2010,6,0,'Booking Reminder','Hi vishnu, Your pet 11-Dobby has a booking today for Pet Grooming onAnimal world at 11:30 - 12:00','2022-07-27',NULL,NULL,'2022-07-27 07:00:02','2022-07-27 07:00:02',NULL),(2011,7,0,'Booking Reminder','Hi Haritha, Your pet 11-Dobby has a booking today for Pet Grooming onAnimal world at 11:30 - 12:00','2022-07-27',NULL,NULL,'2022-07-27 07:00:02','2022-07-27 07:00:02',NULL),(2012,8,0,'Booking Reminder','Hi H care centre, Your pet 11-Dobby has a booking today for Pet Grooming onAnimal world at 11:30 - 12:00','2022-07-27',NULL,NULL,'2022-07-27 07:00:02','2022-07-27 07:00:02',NULL),(2013,9,0,'Booking Reminder','Hi Care Center, Your pet 11-Dobby has a booking today for Pet Grooming onAnimal world at 11:30 - 12:00','2022-07-27',NULL,NULL,'2022-07-27 07:00:02','2022-07-27 07:00:02',NULL),(2014,10,0,'Booking Reminder','Hi Pet Home, Your pet 11-Dobby has a booking today for Pet Grooming onAnimal world at 11:30 - 12:00','2022-07-27',NULL,NULL,'2022-07-27 07:00:02','2022-07-27 07:00:02',NULL),(2015,12,0,'Booking Reminder','Hi Animal world, Your pet 11-Dobby has a booking today for Pet Grooming onAnimal world at 11:30 - 12:00','2022-07-27',NULL,NULL,'2022-07-27 07:00:02','2022-07-27 07:00:02',NULL),(2016,13,0,'Booking Reminder','Hi Hari, Your pet 11-Dobby has a booking today for Pet Grooming onAnimal world at 11:30 - 12:00','2022-07-27',NULL,NULL,'2022-07-27 07:00:03','2022-07-27 07:00:03',NULL),(2017,14,0,'Booking Reminder','Hi Pet & Care, Your pet 11-Dobby has a booking today for Pet Grooming onAnimal world at 11:30 - 12:00','2022-07-27',NULL,NULL,'2022-07-27 07:00:03','2022-07-27 07:00:03',NULL),(2018,16,0,'Booking Reminder','Hi vishnu, Your pet 11-Dobby has a booking today for Pet Grooming onAnimal world at 11:30 - 12:00','2022-07-27',NULL,NULL,'2022-07-27 07:00:03','2022-07-27 07:00:03',NULL),(2019,17,0,'Booking Reminder','Hi Thrishika, Your pet 11-Dobby has a booking today for Pet Grooming onAnimal world at 11:30 - 12:00','2022-07-27',NULL,NULL,'2022-07-27 07:00:03','2022-07-27 07:00:03',NULL),(2020,18,0,'Booking Reminder','Hi Pet Kingdom, Your pet 11-Dobby has a booking today for Pet Grooming onAnimal world at 11:30 - 12:00','2022-07-27',NULL,NULL,'2022-07-27 07:00:03','2022-07-27 07:00:03',NULL),(2021,19,0,'Booking Reminder','Hi A & A World, Your pet 11-Dobby has a booking today for Pet Grooming onAnimal world at 11:30 - 12:00','2022-07-27',NULL,NULL,'2022-07-27 07:00:03','2022-07-27 07:00:03',NULL),(2022,20,0,'Booking Reminder','Hi Healthy World, Your pet 11-Dobby has a booking today for Pet Grooming onAnimal world at 11:30 - 12:00','2022-07-27',NULL,NULL,'2022-07-27 07:00:03','2022-07-27 07:00:03',NULL),(2023,21,0,'Booking Reminder','Hi Healthy World, Your pet 11-Dobby has a booking today for Pet Grooming onAnimal world at 11:30 - 12:00','2022-07-27',NULL,NULL,'2022-07-27 07:00:03','2022-07-27 07:00:03',NULL),(2024,22,0,'Booking Reminder','Hi Healthy World, Your pet 11-Dobby has a booking today for Pet Grooming onAnimal world at 11:30 - 12:00','2022-07-27',NULL,NULL,'2022-07-27 07:00:03','2022-07-27 07:00:03',NULL),(2025,23,0,'Booking Reminder','Hi HK care, Your pet 11-Dobby has a booking today for Pet Grooming onAnimal world at 11:30 - 12:00','2022-07-27',NULL,NULL,'2022-07-27 07:00:04','2022-07-27 07:00:04',NULL),(2026,24,0,'Booking Reminder','Hi Anu, Your pet 11-Dobby has a booking today for Pet Grooming onAnimal world at 11:30 - 12:00','2022-07-27',NULL,NULL,'2022-07-27 07:00:04','2022-07-27 07:00:04',NULL),(2027,25,0,'Booking Reminder','Hi Pet Care Center, Your pet 11-Dobby has a booking today for Pet Grooming onAnimal world at 11:30 - 12:00','2022-07-27',NULL,NULL,'2022-07-27 07:00:04','2022-07-27 07:00:04',NULL),(2028,26,0,'Booking Reminder','Hi Home care, Your pet 11-Dobby has a booking today for Pet Grooming onAnimal world at 11:30 - 12:00','2022-07-27',NULL,NULL,'2022-07-27 07:00:04','2022-07-27 07:00:04',NULL),(2029,27,0,'Booking Reminder','Hi PC clinic, Your pet 11-Dobby has a booking today for Pet Grooming onAnimal world at 11:30 - 12:00','2022-07-27',NULL,NULL,'2022-07-27 07:00:04','2022-07-27 07:00:04',NULL),(2030,28,0,'Booking Reminder','Hi Dr.ABCD, Your pet 11-Dobby has a booking today for Pet Grooming onAnimal world at 11:30 - 12:00','2022-07-27',NULL,NULL,'2022-07-27 07:00:04','2022-07-27 07:00:04',NULL),(2031,29,0,'Booking Reminder','Hi Harsha, Your pet 11-Dobby has a booking today for Pet Grooming onAnimal world at 11:30 - 12:00','2022-07-27',NULL,NULL,'2022-07-27 07:00:04','2022-07-27 07:00:04',NULL),(2032,30,0,'Booking Reminder','Hi Animal care, Your pet 11-Dobby has a booking today for Pet Grooming onAnimal world at 11:30 - 12:00','2022-07-27',NULL,NULL,'2022-07-27 07:00:04','2022-07-27 07:00:04',NULL),(2033,1,0,'Booking Reminder','Hi Admin, Your pet 11-Dobby has a booking today for Pet Grooming onAnimal world at 11:30 - 12:00','2022-07-28',NULL,NULL,'2022-07-28 07:00:01','2022-07-28 07:00:01',NULL),(2034,2,0,'Booking Reminder','Hi SB PET B.USER, Your pet 11-Dobby has a booking today for Pet Grooming onAnimal world at 11:30 - 12:00','2022-07-28',NULL,NULL,'2022-07-28 07:00:02','2022-07-28 07:00:02',NULL),(2035,3,0,'Booking Reminder','Hi SB PET SHOP, Your pet 11-Dobby has a booking today for Pet Grooming onAnimal world at 11:30 - 12:00','2022-07-28',NULL,NULL,'2022-07-28 07:00:02','2022-07-28 07:00:02',NULL),(2036,5,0,'Booking Reminder','Hi Maya, Your pet 11-Dobby has a booking today for Pet Grooming onAnimal world at 11:30 - 12:00','2022-07-28',NULL,NULL,'2022-07-28 07:00:02','2022-07-28 07:00:02',NULL),(2037,6,0,'Booking Reminder','Hi vishnu, Your pet 11-Dobby has a booking today for Pet Grooming onAnimal world at 11:30 - 12:00','2022-07-28',NULL,NULL,'2022-07-28 07:00:02','2022-07-28 07:00:02',NULL),(2038,7,0,'Booking Reminder','Hi Haritha, Your pet 11-Dobby has a booking today for Pet Grooming onAnimal world at 11:30 - 12:00','2022-07-28',NULL,NULL,'2022-07-28 07:00:02','2022-07-28 07:00:02',NULL),(2039,8,0,'Booking Reminder','Hi H care centre, Your pet 11-Dobby has a booking today for Pet Grooming onAnimal world at 11:30 - 12:00','2022-07-28',NULL,NULL,'2022-07-28 07:00:02','2022-07-28 07:00:02',NULL),(2040,9,0,'Booking Reminder','Hi Care Center, Your pet 11-Dobby has a booking today for Pet Grooming onAnimal world at 11:30 - 12:00','2022-07-28',NULL,NULL,'2022-07-28 07:00:02','2022-07-28 07:00:02',NULL),(2041,10,0,'Booking Reminder','Hi Pet Home, Your pet 11-Dobby has a booking today for Pet Grooming onAnimal world at 11:30 - 12:00','2022-07-28',NULL,NULL,'2022-07-28 07:00:03','2022-07-28 07:00:03',NULL),(2042,12,0,'Booking Reminder','Hi Animal world, Your pet 11-Dobby has a booking today for Pet Grooming onAnimal world at 11:30 - 12:00','2022-07-28',NULL,NULL,'2022-07-28 07:00:03','2022-07-28 07:00:03',NULL),(2043,13,0,'Booking Reminder','Hi Hari, Your pet 11-Dobby has a booking today for Pet Grooming onAnimal world at 11:30 - 12:00','2022-07-28',NULL,NULL,'2022-07-28 07:00:03','2022-07-28 07:00:03',NULL),(2044,14,0,'Booking Reminder','Hi Pet & Care, Your pet 11-Dobby has a booking today for Pet Grooming onAnimal world at 11:30 - 12:00','2022-07-28',NULL,NULL,'2022-07-28 07:00:03','2022-07-28 07:00:03',NULL),(2045,16,0,'Booking Reminder','Hi vishnu, Your pet 11-Dobby has a booking today for Pet Grooming onAnimal world at 11:30 - 12:00','2022-07-28',NULL,NULL,'2022-07-28 07:00:03','2022-07-28 07:00:03',NULL),(2046,17,0,'Booking Reminder','Hi Thrishika, Your pet 11-Dobby has a booking today for Pet Grooming onAnimal world at 11:30 - 12:00','2022-07-28',NULL,NULL,'2022-07-28 07:00:03','2022-07-28 07:00:03',NULL),(2047,18,0,'Booking Reminder','Hi Pet Kingdom, Your pet 11-Dobby has a booking today for Pet Grooming onAnimal world at 11:30 - 12:00','2022-07-28',NULL,NULL,'2022-07-28 07:00:04','2022-07-28 07:00:04',NULL),(2048,19,0,'Booking Reminder','Hi A & A World, Your pet 11-Dobby has a booking today for Pet Grooming onAnimal world at 11:30 - 12:00','2022-07-28',NULL,NULL,'2022-07-28 07:00:04','2022-07-28 07:00:04',NULL),(2049,20,0,'Booking Reminder','Hi Healthy World, Your pet 11-Dobby has a booking today for Pet Grooming onAnimal world at 11:30 - 12:00','2022-07-28',NULL,NULL,'2022-07-28 07:00:04','2022-07-28 07:00:04',NULL),(2050,21,0,'Booking Reminder','Hi Healthy World, Your pet 11-Dobby has a booking today for Pet Grooming onAnimal world at 11:30 - 12:00','2022-07-28',NULL,NULL,'2022-07-28 07:00:04','2022-07-28 07:00:04',NULL),(2051,22,0,'Booking Reminder','Hi Healthy World, Your pet 11-Dobby has a booking today for Pet Grooming onAnimal world at 11:30 - 12:00','2022-07-28',NULL,NULL,'2022-07-28 07:00:04','2022-07-28 07:00:04',NULL),(2052,23,0,'Booking Reminder','Hi HK care, Your pet 11-Dobby has a booking today for Pet Grooming onAnimal world at 11:30 - 12:00','2022-07-28',NULL,NULL,'2022-07-28 07:00:04','2022-07-28 07:00:04',NULL),(2053,24,0,'Booking Reminder','Hi Anu, Your pet 11-Dobby has a booking today for Pet Grooming onAnimal world at 11:30 - 12:00','2022-07-28',NULL,NULL,'2022-07-28 07:00:04','2022-07-28 07:00:04',NULL),(2054,25,0,'Booking Reminder','Hi Pet Care Center, Your pet 11-Dobby has a booking today for Pet Grooming onAnimal world at 11:30 - 12:00','2022-07-28',NULL,NULL,'2022-07-28 07:00:04','2022-07-28 07:00:04',NULL),(2055,26,0,'Booking Reminder','Hi Home care, Your pet 11-Dobby has a booking today for Pet Grooming onAnimal world at 11:30 - 12:00','2022-07-28',NULL,NULL,'2022-07-28 07:00:05','2022-07-28 07:00:05',NULL),(2056,27,0,'Booking Reminder','Hi PC clinic, Your pet 11-Dobby has a booking today for Pet Grooming onAnimal world at 11:30 - 12:00','2022-07-28',NULL,NULL,'2022-07-28 07:00:05','2022-07-28 07:00:05',NULL),(2057,28,0,'Booking Reminder','Hi Dr.ABCD, Your pet 11-Dobby has a booking today for Pet Grooming onAnimal world at 11:30 - 12:00','2022-07-28',NULL,NULL,'2022-07-28 07:00:05','2022-07-28 07:00:05',NULL),(2058,29,0,'Booking Reminder','Hi Harsha, Your pet 11-Dobby has a booking today for Pet Grooming onAnimal world at 11:30 - 12:00','2022-07-28',NULL,NULL,'2022-07-28 07:00:06','2022-07-28 07:00:06',NULL),(2059,30,0,'Booking Reminder','Hi Animal care, Your pet 11-Dobby has a booking today for Pet Grooming onAnimal world at 11:30 - 12:00','2022-07-28',NULL,NULL,'2022-07-28 07:00:06','2022-07-28 07:00:06',NULL),(2060,1,0,'Booking Reminder','Hi Admin, Your pet 11-Dobby has a booking today for Pet Grooming onAnimal world at 11:30 - 12:00','2022-07-30',NULL,NULL,'2022-07-30 07:00:02','2022-07-30 07:00:02',NULL),(2061,2,0,'Booking Reminder','Hi SB PET B.USER, Your pet 11-Dobby has a booking today for Pet Grooming onAnimal world at 11:30 - 12:00','2022-07-30',NULL,NULL,'2022-07-30 07:00:02','2022-07-30 07:00:02',NULL),(2062,3,0,'Booking Reminder','Hi SB PET SHOP, Your pet 11-Dobby has a booking today for Pet Grooming onAnimal world at 11:30 - 12:00','2022-07-30',NULL,NULL,'2022-07-30 07:00:02','2022-07-30 07:00:02',NULL),(2063,5,0,'Booking Reminder','Hi Maya, Your pet 11-Dobby has a booking today for Pet Grooming onAnimal world at 11:30 - 12:00','2022-07-30',NULL,NULL,'2022-07-30 07:00:02','2022-07-30 07:00:02',NULL),(2064,6,0,'Booking Reminder','Hi vishnu, Your pet 11-Dobby has a booking today for Pet Grooming onAnimal world at 11:30 - 12:00','2022-07-30',NULL,NULL,'2022-07-30 07:00:03','2022-07-30 07:00:03',NULL),(2065,7,0,'Booking Reminder','Hi Haritha, Your pet 11-Dobby has a booking today for Pet Grooming onAnimal world at 11:30 - 12:00','2022-07-30',NULL,NULL,'2022-07-30 07:00:03','2022-07-30 07:00:03',NULL),(2066,8,0,'Booking Reminder','Hi H care centre, Your pet 11-Dobby has a booking today for Pet Grooming onAnimal world at 11:30 - 12:00','2022-07-30',NULL,NULL,'2022-07-30 07:00:03','2022-07-30 07:00:03',NULL),(2067,9,0,'Booking Reminder','Hi Care Center, Your pet 11-Dobby has a booking today for Pet Grooming onAnimal world at 11:30 - 12:00','2022-07-30',NULL,NULL,'2022-07-30 07:00:03','2022-07-30 07:00:03',NULL),(2068,10,0,'Booking Reminder','Hi Pet Home, Your pet 11-Dobby has a booking today for Pet Grooming onAnimal world at 11:30 - 12:00','2022-07-30',NULL,NULL,'2022-07-30 07:00:03','2022-07-30 07:00:03',NULL),(2069,12,0,'Booking Reminder','Hi Animal world, Your pet 11-Dobby has a booking today for Pet Grooming onAnimal world at 11:30 - 12:00','2022-07-30',NULL,NULL,'2022-07-30 07:00:03','2022-07-30 07:00:03',NULL),(2070,13,0,'Booking Reminder','Hi Hari, Your pet 11-Dobby has a booking today for Pet Grooming onAnimal world at 11:30 - 12:00','2022-07-30',NULL,NULL,'2022-07-30 07:00:04','2022-07-30 07:00:04',NULL),(2071,14,0,'Booking Reminder','Hi Pet & Care, Your pet 11-Dobby has a booking today for Pet Grooming onAnimal world at 11:30 - 12:00','2022-07-30',NULL,NULL,'2022-07-30 07:00:04','2022-07-30 07:00:04',NULL),(2072,16,0,'Booking Reminder','Hi vishnu, Your pet 11-Dobby has a booking today for Pet Grooming onAnimal world at 11:30 - 12:00','2022-07-30',NULL,NULL,'2022-07-30 07:00:04','2022-07-30 07:00:04',NULL),(2073,17,0,'Booking Reminder','Hi Thrishika, Your pet 11-Dobby has a booking today for Pet Grooming onAnimal world at 11:30 - 12:00','2022-07-30',NULL,NULL,'2022-07-30 07:00:04','2022-07-30 07:00:04',NULL),(2074,18,0,'Booking Reminder','Hi Pet Kingdom, Your pet 11-Dobby has a booking today for Pet Grooming onAnimal world at 11:30 - 12:00','2022-07-30',NULL,NULL,'2022-07-30 07:00:04','2022-07-30 07:00:04',NULL),(2075,19,0,'Booking Reminder','Hi A & A World, Your pet 11-Dobby has a booking today for Pet Grooming onAnimal world at 11:30 - 12:00','2022-07-30',NULL,NULL,'2022-07-30 07:00:04','2022-07-30 07:00:04',NULL),(2076,20,0,'Booking Reminder','Hi Healthy World, Your pet 11-Dobby has a booking today for Pet Grooming onAnimal world at 11:30 - 12:00','2022-07-30',NULL,NULL,'2022-07-30 07:00:04','2022-07-30 07:00:04',NULL),(2077,21,0,'Booking Reminder','Hi Healthy World, Your pet 11-Dobby has a booking today for Pet Grooming onAnimal world at 11:30 - 12:00','2022-07-30',NULL,NULL,'2022-07-30 07:00:04','2022-07-30 07:00:04',NULL),(2078,22,0,'Booking Reminder','Hi Healthy World, Your pet 11-Dobby has a booking today for Pet Grooming onAnimal world at 11:30 - 12:00','2022-07-30',NULL,NULL,'2022-07-30 07:00:05','2022-07-30 07:00:05',NULL),(2079,23,0,'Booking Reminder','Hi HK care, Your pet 11-Dobby has a booking today for Pet Grooming onAnimal world at 11:30 - 12:00','2022-07-30',NULL,NULL,'2022-07-30 07:00:05','2022-07-30 07:00:05',NULL),(2080,24,0,'Booking Reminder','Hi Anu, Your pet 11-Dobby has a booking today for Pet Grooming onAnimal world at 11:30 - 12:00','2022-07-30',NULL,NULL,'2022-07-30 07:00:05','2022-07-30 07:00:05',NULL),(2081,25,0,'Booking Reminder','Hi Pet Care Center, Your pet 11-Dobby has a booking today for Pet Grooming onAnimal world at 11:30 - 12:00','2022-07-30',NULL,NULL,'2022-07-30 07:00:05','2022-07-30 07:00:05',NULL),(2082,26,0,'Booking Reminder','Hi Home care, Your pet 11-Dobby has a booking today for Pet Grooming onAnimal world at 11:30 - 12:00','2022-07-30',NULL,NULL,'2022-07-30 07:00:05','2022-07-30 07:00:05',NULL),(2083,27,0,'Booking Reminder','Hi PC clinic, Your pet 11-Dobby has a booking today for Pet Grooming onAnimal world at 11:30 - 12:00','2022-07-30',NULL,NULL,'2022-07-30 07:00:05','2022-07-30 07:00:05',NULL),(2084,28,0,'Booking Reminder','Hi Dr.ABCD, Your pet 11-Dobby has a booking today for Pet Grooming onAnimal world at 11:30 - 12:00','2022-07-30',NULL,NULL,'2022-07-30 07:00:05','2022-07-30 07:00:05',NULL),(2085,29,0,'Booking Reminder','Hi Harsha, Your pet 11-Dobby has a booking today for Pet Grooming onAnimal world at 11:30 - 12:00','2022-07-30',NULL,NULL,'2022-07-30 07:00:05','2022-07-30 07:00:05',NULL),(2086,30,0,'Booking Reminder','Hi Animal care, Your pet 11-Dobby has a booking today for Pet Grooming onAnimal world at 11:30 - 12:00','2022-07-30',NULL,NULL,'2022-07-30 07:00:05','2022-07-30 07:00:05',NULL),(2087,1,0,'Booking Reminder','Hi Admin, Your pet 11-Dobby has a booking today for Pet Grooming onAnimal world at 11:30 - 12:00','2022-07-31',NULL,NULL,'2022-07-31 07:00:01','2022-07-31 07:00:01',NULL),(2088,2,0,'Booking Reminder','Hi SB PET B.USER, Your pet 11-Dobby has a booking today for Pet Grooming onAnimal world at 11:30 - 12:00','2022-07-31',NULL,NULL,'2022-07-31 07:00:22','2022-07-31 07:00:22',NULL),(2089,3,0,'Booking Reminder','Hi SB PET SHOP, Your pet 11-Dobby has a booking today for Pet Grooming onAnimal world at 11:30 - 12:00','2022-07-31',NULL,NULL,'2022-07-31 07:00:29','2022-07-31 07:00:29',NULL),(2090,5,0,'Booking Reminder','Hi Maya, Your pet 11-Dobby has a booking today for Pet Grooming onAnimal world at 11:30 - 12:00','2022-07-31',NULL,NULL,'2022-07-31 07:00:32','2022-07-31 07:00:32',NULL),(2091,6,0,'Booking Reminder','Hi vishnu, Your pet 11-Dobby has a booking today for Pet Grooming onAnimal world at 11:30 - 12:00','2022-07-31',NULL,NULL,'2022-07-31 07:00:34','2022-07-31 07:00:34',NULL),(2092,7,0,'Booking Reminder','Hi Haritha, Your pet 11-Dobby has a booking today for Pet Grooming onAnimal world at 11:30 - 12:00','2022-07-31',NULL,NULL,'2022-07-31 07:00:34','2022-07-31 07:00:34',NULL),(2093,8,0,'Booking Reminder','Hi H care centre, Your pet 11-Dobby has a booking today for Pet Grooming onAnimal world at 11:30 - 12:00','2022-07-31',NULL,NULL,'2022-07-31 07:00:35','2022-07-31 07:00:35',NULL),(2094,9,0,'Booking Reminder','Hi Care Center, Your pet 11-Dobby has a booking today for Pet Grooming onAnimal world at 11:30 - 12:00','2022-07-31',NULL,NULL,'2022-07-31 07:00:35','2022-07-31 07:00:35',NULL),(2095,10,0,'Booking Reminder','Hi Pet Home, Your pet 11-Dobby has a booking today for Pet Grooming onAnimal world at 11:30 - 12:00','2022-07-31',NULL,NULL,'2022-07-31 07:00:35','2022-07-31 07:00:35',NULL),(2096,12,0,'Booking Reminder','Hi Animal world, Your pet 11-Dobby has a booking today for Pet Grooming onAnimal world at 11:30 - 12:00','2022-07-31',NULL,NULL,'2022-07-31 07:00:38','2022-07-31 07:00:38',NULL),(2097,13,0,'Booking Reminder','Hi Hari, Your pet 11-Dobby has a booking today for Pet Grooming onAnimal world at 11:30 - 12:00','2022-07-31',NULL,NULL,'2022-07-31 07:00:44','2022-07-31 07:00:44',NULL),(2098,14,0,'Booking Reminder','Hi Pet & Care, Your pet 11-Dobby has a booking today for Pet Grooming onAnimal world at 11:30 - 12:00','2022-07-31',NULL,NULL,'2022-07-31 07:00:45','2022-07-31 07:00:45',NULL),(2099,16,0,'Booking Reminder','Hi vishnu, Your pet 11-Dobby has a booking today for Pet Grooming onAnimal world at 11:30 - 12:00','2022-07-31',NULL,NULL,'2022-07-31 07:00:45','2022-07-31 07:00:45',NULL),(2100,17,0,'Booking Reminder','Hi Thrishika, Your pet 11-Dobby has a booking today for Pet Grooming onAnimal world at 11:30 - 12:00','2022-07-31',NULL,NULL,'2022-07-31 07:00:45','2022-07-31 07:00:45',NULL),(2101,18,0,'Booking Reminder','Hi Pet Kingdom, Your pet 11-Dobby has a booking today for Pet Grooming onAnimal world at 11:30 - 12:00','2022-07-31',NULL,NULL,'2022-07-31 07:00:45','2022-07-31 07:00:45',NULL),(2102,19,0,'Booking Reminder','Hi A & A World, Your pet 11-Dobby has a booking today for Pet Grooming onAnimal world at 11:30 - 12:00','2022-07-31',NULL,NULL,'2022-07-31 07:00:45','2022-07-31 07:00:45',NULL),(2103,20,0,'Booking Reminder','Hi Healthy World, Your pet 11-Dobby has a booking today for Pet Grooming onAnimal world at 11:30 - 12:00','2022-07-31',NULL,NULL,'2022-07-31 07:00:46','2022-07-31 07:00:46',NULL),(2104,21,0,'Booking Reminder','Hi Healthy World, Your pet 11-Dobby has a booking today for Pet Grooming onAnimal world at 11:30 - 12:00','2022-07-31',NULL,NULL,'2022-07-31 07:00:46','2022-07-31 07:00:46',NULL),(2105,22,0,'Booking Reminder','Hi Healthy World, Your pet 11-Dobby has a booking today for Pet Grooming onAnimal world at 11:30 - 12:00','2022-07-31',NULL,NULL,'2022-07-31 07:00:47','2022-07-31 07:00:47',NULL),(2106,23,0,'Booking Reminder','Hi HK care, Your pet 11-Dobby has a booking today for Pet Grooming onAnimal world at 11:30 - 12:00','2022-07-31',NULL,NULL,'2022-07-31 07:00:47','2022-07-31 07:00:47',NULL),(2107,24,0,'Booking Reminder','Hi Anu, Your pet 11-Dobby has a booking today for Pet Grooming onAnimal world at 11:30 - 12:00','2022-07-31',NULL,NULL,'2022-07-31 07:00:48','2022-07-31 07:00:48',NULL),(2108,25,0,'Booking Reminder','Hi Pet Care Center, Your pet 11-Dobby has a booking today for Pet Grooming onAnimal world at 11:30 - 12:00','2022-07-31',NULL,NULL,'2022-07-31 07:00:49','2022-07-31 07:00:49',NULL),(2109,26,0,'Booking Reminder','Hi Home care, Your pet 11-Dobby has a booking today for Pet Grooming onAnimal world at 11:30 - 12:00','2022-07-31',NULL,NULL,'2022-07-31 07:00:49','2022-07-31 07:00:49',NULL),(2110,27,0,'Booking Reminder','Hi PC clinic, Your pet 11-Dobby has a booking today for Pet Grooming onAnimal world at 11:30 - 12:00','2022-07-31',NULL,NULL,'2022-07-31 07:00:49','2022-07-31 07:00:49',NULL),(2111,28,0,'Booking Reminder','Hi Dr.ABCD, Your pet 11-Dobby has a booking today for Pet Grooming onAnimal world at 11:30 - 12:00','2022-07-31',NULL,NULL,'2022-07-31 07:00:49','2022-07-31 07:00:49',NULL),(2112,29,0,'Booking Reminder','Hi Harsha, Your pet 11-Dobby has a booking today for Pet Grooming onAnimal world at 11:30 - 12:00','2022-07-31',NULL,NULL,'2022-07-31 07:00:49','2022-07-31 07:00:49',NULL),(2113,30,0,'Booking Reminder','Hi Animal care, Your pet 11-Dobby has a booking today for Pet Grooming onAnimal world at 11:30 - 12:00','2022-07-31',NULL,NULL,'2022-07-31 07:00:50','2022-07-31 07:00:50',NULL),(2114,1,0,'Booking Reminder','Hi Admin, Your pet 11-Dobby has a booking today for Pet Grooming onAnimal world at 11:00 - 11:30','2022-08-01',NULL,NULL,'2022-08-01 07:00:01','2022-08-01 07:00:01',NULL),(2115,2,0,'Booking Reminder','Hi SB PET B.USER, Your pet 11-Dobby has a booking today for Pet Grooming onAnimal world at 11:00 - 11:30','2022-08-01',NULL,NULL,'2022-08-01 07:00:01','2022-08-01 07:00:01',NULL),(2116,3,0,'Booking Reminder','Hi SB PET SHOP, Your pet 11-Dobby has a booking today for Pet Grooming onAnimal world at 11:00 - 11:30','2022-08-01',NULL,NULL,'2022-08-01 07:00:01','2022-08-01 07:00:01',NULL),(2117,5,0,'Booking Reminder','Hi Maya, Your pet 11-Dobby has a booking today for Pet Grooming onAnimal world at 11:00 - 11:30','2022-08-01',NULL,NULL,'2022-08-01 07:00:01','2022-08-01 07:00:01',NULL),(2118,6,0,'Booking Reminder','Hi vishnu, Your pet 11-Dobby has a booking today for Pet Grooming onAnimal world at 11:00 - 11:30','2022-08-01',NULL,NULL,'2022-08-01 07:00:02','2022-08-01 07:00:02',NULL),(2119,7,0,'Booking Reminder','Hi Haritha, Your pet 11-Dobby has a booking today for Pet Grooming onAnimal world at 11:00 - 11:30','2022-08-01',NULL,NULL,'2022-08-01 07:00:02','2022-08-01 07:00:02',NULL),(2120,8,0,'Booking Reminder','Hi H care centre, Your pet 11-Dobby has a booking today for Pet Grooming onAnimal world at 11:00 - 11:30','2022-08-01',NULL,NULL,'2022-08-01 07:00:02','2022-08-01 07:00:02',NULL),(2121,9,0,'Booking Reminder','Hi Care Center, Your pet 11-Dobby has a booking today for Pet Grooming onAnimal world at 11:00 - 11:30','2022-08-01',NULL,NULL,'2022-08-01 07:00:02','2022-08-01 07:00:02',NULL),(2122,10,0,'Booking Reminder','Hi Pet Home, Your pet 11-Dobby has a booking today for Pet Grooming onAnimal world at 11:00 - 11:30','2022-08-01',NULL,NULL,'2022-08-01 07:00:02','2022-08-01 07:00:02',NULL),(2123,12,0,'Booking Reminder','Hi Animal world, Your pet 11-Dobby has a booking today for Pet Grooming onAnimal world at 11:00 - 11:30','2022-08-01',NULL,NULL,'2022-08-01 07:00:02','2022-08-01 07:00:02',NULL),(2124,13,0,'Booking Reminder','Hi Hari, Your pet 11-Dobby has a booking today for Pet Grooming onAnimal world at 11:00 - 11:30','2022-08-01',NULL,NULL,'2022-08-01 07:00:02','2022-08-01 07:00:02',NULL),(2125,14,0,'Booking Reminder','Hi Pet & Care, Your pet 11-Dobby has a booking today for Pet Grooming onAnimal world at 11:00 - 11:30','2022-08-01',NULL,NULL,'2022-08-01 07:00:02','2022-08-01 07:00:02',NULL),(2126,16,0,'Booking Reminder','Hi vishnu, Your pet 11-Dobby has a booking today for Pet Grooming onAnimal world at 11:00 - 11:30','2022-08-01',NULL,NULL,'2022-08-01 07:00:02','2022-08-01 07:00:02',NULL),(2127,17,0,'Booking Reminder','Hi Thrishika, Your pet 11-Dobby has a booking today for Pet Grooming onAnimal world at 11:00 - 11:30','2022-08-01',NULL,NULL,'2022-08-01 07:00:02','2022-08-01 07:00:02',NULL),(2128,18,0,'Booking Reminder','Hi Pet Kingdom, Your pet 11-Dobby has a booking today for Pet Grooming onAnimal world at 11:00 - 11:30','2022-08-01',NULL,NULL,'2022-08-01 07:00:02','2022-08-01 07:00:02',NULL),(2129,19,0,'Booking Reminder','Hi A & A World, Your pet 11-Dobby has a booking today for Pet Grooming onAnimal world at 11:00 - 11:30','2022-08-01',NULL,NULL,'2022-08-01 07:00:03','2022-08-01 07:00:03',NULL),(2130,20,0,'Booking Reminder','Hi Healthy World, Your pet 11-Dobby has a booking today for Pet Grooming onAnimal world at 11:00 - 11:30','2022-08-01',NULL,NULL,'2022-08-01 07:00:03','2022-08-01 07:00:03',NULL),(2131,21,0,'Booking Reminder','Hi Healthy World, Your pet 11-Dobby has a booking today for Pet Grooming onAnimal world at 11:00 - 11:30','2022-08-01',NULL,NULL,'2022-08-01 07:00:03','2022-08-01 07:00:03',NULL),(2132,22,0,'Booking Reminder','Hi Healthy World, Your pet 11-Dobby has a booking today for Pet Grooming onAnimal world at 11:00 - 11:30','2022-08-01',NULL,NULL,'2022-08-01 07:00:03','2022-08-01 07:00:03',NULL),(2133,23,0,'Booking Reminder','Hi HK care, Your pet 11-Dobby has a booking today for Pet Grooming onAnimal world at 11:00 - 11:30','2022-08-01',NULL,NULL,'2022-08-01 07:00:03','2022-08-01 07:00:03',NULL),(2134,24,0,'Booking Reminder','Hi Anu, Your pet 11-Dobby has a booking today for Pet Grooming onAnimal world at 11:00 - 11:30','2022-08-01',NULL,NULL,'2022-08-01 07:00:03','2022-08-01 07:00:03',NULL),(2135,25,0,'Booking Reminder','Hi Pet Care Center, Your pet 11-Dobby has a booking today for Pet Grooming onAnimal world at 11:00 - 11:30','2022-08-01',NULL,NULL,'2022-08-01 07:00:03','2022-08-01 07:00:03',NULL),(2136,26,0,'Booking Reminder','Hi Home care, Your pet 11-Dobby has a booking today for Pet Grooming onAnimal world at 11:00 - 11:30','2022-08-01',NULL,NULL,'2022-08-01 07:00:03','2022-08-01 07:00:03',NULL),(2137,27,0,'Booking Reminder','Hi PC clinic, Your pet 11-Dobby has a booking today for Pet Grooming onAnimal world at 11:00 - 11:30','2022-08-01',NULL,NULL,'2022-08-01 07:00:03','2022-08-01 07:00:03',NULL),(2138,28,0,'Booking Reminder','Hi Dr.ABCD, Your pet 11-Dobby has a booking today for Pet Grooming onAnimal world at 11:00 - 11:30','2022-08-01',NULL,NULL,'2022-08-01 07:00:03','2022-08-01 07:00:03',NULL),(2139,29,0,'Booking Reminder','Hi Harsha, Your pet 11-Dobby has a booking today for Pet Grooming onAnimal world at 11:00 - 11:30','2022-08-01',NULL,NULL,'2022-08-01 07:00:03','2022-08-01 07:00:03',NULL),(2140,30,0,'Booking Reminder','Hi Animal care, Your pet 11-Dobby has a booking today for Pet Grooming onAnimal world at 11:00 - 11:30','2022-08-01',NULL,NULL,'2022-08-01 07:00:03','2022-08-01 07:00:03',NULL),(2141,17,0,'Booking Completed','Booking CP-BK2203039681Completed','2022-08-03','CP-BK2203039681','Booking','2022-08-03 10:11:47','2022-08-03 10:11:47',NULL),(2142,120,0,'Appointment Placed','Appointment CP-AP2208058305 Placed','2022-08-05','CP-AP2208058305','Booking','2022-08-05 12:17:06','2022-08-05 12:17:06',NULL),(2143,120,0,'Booking Placed','Booking CP-BK2208051995 Placed','2022-08-05','CP-BK2208051995','Booking','2022-08-05 12:37:39','2022-08-05 12:37:39',NULL),(2144,120,0,'Booking Placed','Booking CP-BK2208053902 Placed','2022-08-05','CP-BK2208053902','Booking','2022-08-05 12:41:17','2022-08-05 12:41:17',NULL),(2145,120,0,'Booking Placed','Booking CP-BK2208055288 Placed','2022-08-05','CP-BK2208055288','Booking','2022-08-05 14:34:57','2022-08-05 14:34:57',NULL),(2146,1,0,'Booking Reminder','Hi Admin, Your pet 11-Dobby has a booking today for Pet Grooming onAnimal world at 11:30 - 12:00','2022-08-09',NULL,NULL,'2022-08-09 07:00:02','2022-08-09 07:00:02',NULL),(2147,2,0,'Booking Reminder','Hi SB PET B.USER, Your pet 11-Dobby has a booking today for Pet Grooming onAnimal world at 11:30 - 12:00','2022-08-09',NULL,NULL,'2022-08-09 07:00:02','2022-08-09 07:00:02',NULL),(2148,3,0,'Booking Reminder','Hi SB PET SHOP, Your pet 11-Dobby has a booking today for Pet Grooming onAnimal world at 11:30 - 12:00','2022-08-09',NULL,NULL,'2022-08-09 07:00:03','2022-08-09 07:00:03',NULL),(2149,5,0,'Booking Reminder','Hi Maya, Your pet 11-Dobby has a booking today for Pet Grooming onAnimal world at 11:30 - 12:00','2022-08-09',NULL,NULL,'2022-08-09 07:00:03','2022-08-09 07:00:03',NULL),(2150,6,0,'Booking Reminder','Hi vishnu, Your pet 11-Dobby has a booking today for Pet Grooming onAnimal world at 11:30 - 12:00','2022-08-09',NULL,NULL,'2022-08-09 07:00:03','2022-08-09 07:00:03',NULL),(2151,7,0,'Booking Reminder','Hi Haritha, Your pet 11-Dobby has a booking today for Pet Grooming onAnimal world at 11:30 - 12:00','2022-08-09',NULL,NULL,'2022-08-09 07:00:03','2022-08-09 07:00:03',NULL),(2152,8,0,'Booking Reminder','Hi H care centre, Your pet 11-Dobby has a booking today for Pet Grooming onAnimal world at 11:30 - 12:00','2022-08-09',NULL,NULL,'2022-08-09 07:00:03','2022-08-09 07:00:03',NULL),(2153,9,0,'Booking Reminder','Hi Care Center, Your pet 11-Dobby has a booking today for Pet Grooming onAnimal world at 11:30 - 12:00','2022-08-09',NULL,NULL,'2022-08-09 07:00:03','2022-08-09 07:00:03',NULL),(2154,10,0,'Booking Reminder','Hi Pet Home, Your pet 11-Dobby has a booking today for Pet Grooming onAnimal world at 11:30 - 12:00','2022-08-09',NULL,NULL,'2022-08-09 07:00:05','2022-08-09 07:00:05',NULL),(2155,12,0,'Booking Reminder','Hi Animal world, Your pet 11-Dobby has a booking today for Pet Grooming onAnimal world at 11:30 - 12:00','2022-08-09',NULL,NULL,'2022-08-09 07:00:05','2022-08-09 07:00:05',NULL),(2156,13,0,'Booking Reminder','Hi Hari, Your pet 11-Dobby has a booking today for Pet Grooming onAnimal world at 11:30 - 12:00','2022-08-09',NULL,NULL,'2022-08-09 07:00:05','2022-08-09 07:00:05',NULL),(2157,14,0,'Booking Reminder','Hi Pet & Care, Your pet 11-Dobby has a booking today for Pet Grooming onAnimal world at 11:30 - 12:00','2022-08-09',NULL,NULL,'2022-08-09 07:00:05','2022-08-09 07:00:05',NULL),(2158,16,0,'Booking Reminder','Hi vishnu, Your pet 11-Dobby has a booking today for Pet Grooming onAnimal world at 11:30 - 12:00','2022-08-09',NULL,NULL,'2022-08-09 07:00:05','2022-08-09 07:00:05',NULL),(2159,17,0,'Booking Reminder','Hi Thrishika, Your pet 11-Dobby has a booking today for Pet Grooming onAnimal world at 11:30 - 12:00','2022-08-09',NULL,NULL,'2022-08-09 07:00:05','2022-08-09 07:00:05',NULL),(2160,18,0,'Booking Reminder','Hi Pet Kingdom, Your pet 11-Dobby has a booking today for Pet Grooming onAnimal world at 11:30 - 12:00','2022-08-09',NULL,NULL,'2022-08-09 07:00:05','2022-08-09 07:00:05',NULL),(2161,19,0,'Booking Reminder','Hi A & A World, Your pet 11-Dobby has a booking today for Pet Grooming onAnimal world at 11:30 - 12:00','2022-08-09',NULL,NULL,'2022-08-09 07:00:06','2022-08-09 07:00:06',NULL),(2162,20,0,'Booking Reminder','Hi Healthy World, Your pet 11-Dobby has a booking today for Pet Grooming onAnimal world at 11:30 - 12:00','2022-08-09',NULL,NULL,'2022-08-09 07:00:06','2022-08-09 07:00:06',NULL),(2163,21,0,'Booking Reminder','Hi Healthy World, Your pet 11-Dobby has a booking today for Pet Grooming onAnimal world at 11:30 - 12:00','2022-08-09',NULL,NULL,'2022-08-09 07:00:06','2022-08-09 07:00:06',NULL),(2164,22,0,'Booking Reminder','Hi Healthy World, Your pet 11-Dobby has a booking today for Pet Grooming onAnimal world at 11:30 - 12:00','2022-08-09',NULL,NULL,'2022-08-09 07:00:07','2022-08-09 07:00:07',NULL),(2165,23,0,'Booking Reminder','Hi HK care, Your pet 11-Dobby has a booking today for Pet Grooming onAnimal world at 11:30 - 12:00','2022-08-09',NULL,NULL,'2022-08-09 07:00:07','2022-08-09 07:00:07',NULL),(2166,24,0,'Booking Reminder','Hi Anu, Your pet 11-Dobby has a booking today for Pet Grooming onAnimal world at 11:30 - 12:00','2022-08-09',NULL,NULL,'2022-08-09 07:00:07','2022-08-09 07:00:07',NULL),(2167,25,0,'Booking Reminder','Hi Pet Care Center, Your pet 11-Dobby has a booking today for Pet Grooming onAnimal world at 11:30 - 12:00','2022-08-09',NULL,NULL,'2022-08-09 07:00:07','2022-08-09 07:00:07',NULL),(2168,26,0,'Booking Reminder','Hi Home care, Your pet 11-Dobby has a booking today for Pet Grooming onAnimal world at 11:30 - 12:00','2022-08-09',NULL,NULL,'2022-08-09 07:00:07','2022-08-09 07:00:07',NULL),(2169,27,0,'Booking Reminder','Hi PC clinic, Your pet 11-Dobby has a booking today for Pet Grooming onAnimal world at 11:30 - 12:00','2022-08-09',NULL,NULL,'2022-08-09 07:00:07','2022-08-09 07:00:07',NULL),(2170,28,0,'Booking Reminder','Hi Dr.ABCD, Your pet 11-Dobby has a booking today for Pet Grooming onAnimal world at 11:30 - 12:00','2022-08-09',NULL,NULL,'2022-08-09 07:00:07','2022-08-09 07:00:07',NULL),(2171,29,0,'Booking Reminder','Hi Harsha, Your pet 11-Dobby has a booking today for Pet Grooming onAnimal world at 11:30 - 12:00','2022-08-09',NULL,NULL,'2022-08-09 07:00:07','2022-08-09 07:00:07',NULL),(2172,30,0,'Booking Reminder','Hi Animal care, Your pet 11-Dobby has a booking today for Pet Grooming onAnimal world at 11:30 - 12:00','2022-08-09',NULL,NULL,'2022-08-09 07:00:08','2022-08-09 07:00:08',NULL),(2173,120,0,'Appointment Approved, You can pay now.','Appointment CP-AP2208058305 Approved, You can pay now.','2022-08-09','CP-AP2208058305','Booking','2022-08-09 11:04:32','2022-08-09 11:04:32',NULL),(2174,120,0,'Booking Placed','Booking CP-BK2208113664 Placed','2022-08-11','CP-BK2208113664','Booking','2022-08-11 10:00:17','2022-08-11 10:00:17',NULL),(2175,120,0,'Booking Approved, You can pay now.','Booking CP-BK2208113664 Approved, You can pay now.','2022-08-11','CP-BK2208113664','Booking','2022-08-11 10:01:31','2022-08-11 10:01:31',NULL),(2176,120,0,'Mobile Grooming Booking Placed','Mobile Grooming Booking CP-MG2208116124 Placed','2022-08-11','CP-MG2208116124','Mobile Grooming Book','2022-08-11 10:03:13','2022-08-11 10:03:13',NULL),(2177,120,0,'Mobile Grooming Approved, You can pay now.','Mobile Grooming CP-MG2208116124Approved, You can pay now.','2022-08-11','CP-MG2208116124','Mobile Grooming','2022-08-11 10:04:07','2022-08-11 10:04:07',NULL),(2178,120,0,'Booking Placed','Booking CP-BK2208116456 Placed','2022-08-11','CP-BK2208116456','Booking','2022-08-11 10:45:11','2022-08-11 10:45:11',NULL),(2179,120,0,'Booking Approved, You can pay now.','Booking CP-BK2208116456 Approved, You can pay now.','2022-08-11','CP-BK2208116456','Booking','2022-08-11 10:47:07','2022-08-11 10:47:07',NULL),(2180,120,0,'Hotel Room Booking Placed','Hotel Room Booking CP-HB2208117091 Placed','2022-08-11','CP-HB2208117091','Hotel Room Booking','2022-08-11 10:51:57','2022-08-11 10:51:57',NULL),(2181,120,0,'Hotel Booking Approved, You can pay now.','Hotel Booking CP-HB2208117091Approved, You can pay now.','2022-08-11','CP-HB2208117091','Hotel Booking','2022-08-11 10:53:48','2022-08-11 10:53:48',NULL),(2182,120,0,'Booking Placed','Booking CP-BK2208112276 Placed','2022-08-11','CP-BK2208112276','Booking','2022-08-11 10:55:11','2022-08-11 10:55:11',NULL),(2183,120,0,'Booking Approved, You can pay now.','Booking CP-BK2208112276 Approved, You can pay now.','2022-08-11','CP-BK2208112276','Booking','2022-08-11 10:59:50','2022-08-11 10:59:50',NULL),(2184,120,0,'Booking Rejected','Booking CP-BK2208112276 Rejected','2022-08-11','CP-BK2208112276','Booking','2022-08-11 11:00:41','2022-08-11 11:00:41',NULL),(2185,120,0,'Booking Approved, You can pay now.','Booking CP-BK2208055288 Approved, You can pay now.','2022-08-11','CP-BK2208055288','Booking','2022-08-11 11:02:53','2022-08-11 11:02:53',NULL),(2186,120,0,'Booking Approved, You can pay now.','Booking CP-BK2208053902 Approved, You can pay now.','2022-08-11','CP-BK2208053902','Booking','2022-08-11 11:29:01','2022-08-11 11:29:01',NULL),(2187,120,0,'Booking Placed','Booking CP-BK2208111558 Placed','2022-08-11','CP-BK2208111558','Booking','2022-08-11 11:30:28','2022-08-11 11:30:28',NULL),(2188,120,0,'Booking Approved, You can pay now.','Booking CP-BK2208111558 Approved, You can pay now.','2022-08-11','CP-BK2208111558','Booking','2022-08-11 11:32:59','2022-08-11 11:32:59',NULL),(2189,120,0,'Booking Completed','Booking CP-BK2208111558Completed','2022-08-11','CP-BK2208111558','Booking','2022-08-11 11:38:34','2022-08-11 11:38:34',NULL),(2190,120,0,'Booking Placed','Booking CP-BK2208118776 Placed','2022-08-11','CP-BK2208118776','Booking','2022-08-11 11:39:48','2022-08-11 11:39:48',NULL),(2191,120,0,'Booking Approved, You can pay now.','Booking CP-BK2208118776 Approved, You can pay now.','2022-08-11','CP-BK2208118776','Booking','2022-08-11 11:40:16','2022-08-11 11:40:16',NULL),(2192,120,0,'Booking Placed','Booking CP-BK2208111461 Placed','2022-08-11','CP-BK2208111461','Booking','2022-08-11 11:45:37','2022-08-11 11:45:37',NULL),(2193,120,0,'Booking Approved, You can pay now.','Booking CP-BK2208111461 Approved, You can pay now.','2022-08-11','CP-BK2208111461','Booking','2022-08-11 11:46:11','2022-08-11 11:46:11',NULL),(2194,120,0,'Booking Approved, You can pay now.','Booking CP-BK2208051995 Approved, You can pay now.','2022-08-11','CP-BK2208051995','Booking','2022-08-11 11:47:20','2022-08-11 11:47:20',NULL),(2195,120,0,'Booking Placed','Booking CP-BK2208115372 Placed','2022-08-11','CP-BK2208115372','Booking','2022-08-11 11:50:05','2022-08-11 11:50:05',NULL),